5.9.32.222 - - [24/Apr/2020:17:27:16 -0400] "GET /depository//////////newest_tech/New%20smartphone%20attachment%20can%20detect%20cancer%20_%20Computerworld_files/new-smartphone-attachment-can-detect-cancer_data_008/ HTTP/1.1" 200 648
5.9.32.222 - - [24/Apr/2020:17:27:20 -0400] "GET /depository//////////newest_tech/New%20smartphone%20attachment%20can%20detect%20cancer%20_%20Computerworld_files/new-smartphone-attachment-can-detect-cancer_data_009/ HTTP/1.1" 200 656
5.9.32.222 - - [24/Apr/2020:17:27:24 -0400] "GET /depository//////////newest_tech/New%20smartphone%20attachment%20can%20detect%20cancer%20_%20Computerworld_files/new-smartphone-attachment-can-detect-cancer_data_010/ HTTP/1.1" 200 656
5.9.32.222 - - [24/Apr/2020:17:27:27 -0400] "GET /depository//////////newest_tech/New%20smartphone%20attachment%20can%20detect%20cancer%20_%20Computerworld_files/new-smartphone-attachment-can-detect-cancer_data_011/ HTTP/1.1" 200 656
95.163.255.71 - - [24/Apr/2020:17:27:29 -0400] "GET /4/41/802_11/ HTTP/1.1" 200 1035
5.9.32.222 - - [24/Apr/2020:17:27:32 -0400] "GET /depository//////////newest_tech/New%20smartphone%20attachment%20can%20detect%20cancer%20_%20Computerworld_files/new-smartphone-attachment-can-detect-cancer_data_012/ HTTP/1.1" 200 698
5.9.32.222 - - [24/Apr/2020:17:27:33 -0400] "GET /depository//////////newest_tech/New%20smartphone%20attachment%20can%20detect%20cancer%20_%20Computerworld_files/new-smartphone-attachment-can-detect-cancer_data_013/ HTTP/1.1" 200 656
5.9.32.222 - - [24/Apr/2020:17:27:35 -0400] "GET /depository//////////newest_tech/New%20smartphone%20attachment%20can%20detect%20cancer%20_%20Computerworld_files/new-smartphone-attachment-can-detect-cancer_data_014/ HTTP/1.1" 200 656
5.9.32.222 - - [24/Apr/2020:17:27:38 -0400] "GET /depository//////////newest_tech/New%20smartphone%20attachment%20can%20detect%20cancer%20_%20Computerworld_files/new-smartphone-attachment-can-detect-cancer_data_015/ HTTP/1.1" 200 698
5.9.32.222 - - [24/Apr/2020:17:27:39 -0400] "GET /depository//////////newest_tech/New%20smartphone%20attachment%20can%20detect%20cancer%20_%20Computerworld_files/new-smartphone-attachment-can-detect-cancer_data_016/ HTTP/1.1" 200 648
5.9.32.222 - - [24/Apr/2020:17:27:42 -0400] "GET /depository//////////newest_tech/New%20smartphone%20attachment%20can%20detect%20cancer%20_%20Computerworld_files/new-smartphone-attachment-can-detect-cancer_data_017/ HTTP/1.1" 200 616
66.249.64.46 - - [24/Apr/2020:17:27:42 -0400] "GET /depository/rfcs/8200/rfc8271.txt HTTP/1.1" 200 53407
213.180.203.118 - - [24/Apr/2020:17:27:57 -0400] "GET /depository/russia/Russia-Silicon-Valley-PDF-July-2014.pdf HTTP/1.1" 200 592397
5.9.32.222 - - [24/Apr/2020:17:28:08 -0400] "GET /depository//////////newest_tech/New%20smartphone%20attachment%20can%20detect%20cancer%20_%20Computerworld_files/reload HTTP/1.1" 200 249
109.95.124.4 - - [24/Apr/2020:17:28:10 -0400] "GET /depository/blockchain/blockchain-by-melanie-swan.pdf HTTP/1.1" 200 3392796
5.9.32.222 - - [24/Apr/2020:17:28:22 -0400] "GET /depository//////////newest_tech/New%20smartphone%20attachment%20can%20detect%20cancer%20_%20Computerworld_files/svrGP.aspx HTTP/1.1" 200 79
5.9.32.222 - - [24/Apr/2020:17:28:24 -0400] "GET /depository//////////newest_tech/New%20smartphone%20attachment%20can%20detect%20cancer%20_%20Computerworld_files/t HTTP/1.1" 200 596
109.194.205.109 - - [24/Apr/2020:17:28:27 -0400] "GET /10/ascii.htm HTTP/1.1" 200 36979
5.9.32.222 - - [24/Apr/2020:17:28:27 -0400] "GET /depository//////////newest_tech/New%20smartphone%20attachment%20can%20detect%20cancer%20_%20Computerworld_files/u HTTP/1.1" 200 13
5.9.32.222 - - [24/Apr/2020:17:28:28 -0400] "GET /depository//////////newest_tech/New%20solar%20cell%20turns%20raindrops%20into%20electricity%20_%20ITworld_files/a.htm HTTP/1.1" 200 108
5.9.32.222 - - [24/Apr/2020:17:28:32 -0400] "GET /depository//////////newest_tech/New%20solar%20cell%20turns%20raindrops%20into%20electricity%20_%20ITworld_files/a_002.htm HTTP/1.1" 200 1018
5.9.32.222 - - [24/Apr/2020:17:28:34 -0400] "GET /depository//////////newest_tech/New%20solar%20cell%20turns%20raindrops%20into%20electricity%20_%20ITworld_files/a_003.htm HTTP/1.1" 200 108
5.9.32.222 - - [24/Apr/2020:17:28:36 -0400] "GET /depository//////////newest_tech/New%20solar%20cell%20turns%20raindrops%20into%20electricity%20_%20ITworld_files/a_data_002/ HTTP/1.1" 200 528
5.9.32.222 - - [24/Apr/2020:17:28:39 -0400] "GET /depository//////////newest_tech/New%20solar%20cell%20turns%20raindrops%20into%20electricity%20_%20ITworld_files/challenge HTTP/1.1" 200 8067
95.163.255.182 - - [24/Apr/2020:17:28:52 -0400] "GET /depository/cooling/What%20is%20liquid%20cooling%20%20-%20Definition%20from%20WhatIs.com_files/Dk3V64ZSsEI.htm HTTP/1.1" 304 -
5.9.32.222 - - [24/Apr/2020:17:28:55 -0400] "GET /depository//////////newest_tech/New%20solar%20cell%20turns%20raindrops%20into%20electricity%20_%20ITworld_files/new-solar-cell-turns-raindrops-into-electricity.htm HTTP/1.1" 200 1496
178.140.144.26 - - [24/Apr/2020:17:28:56 -0400] "GET /10/ascii.htm HTTP/1.1" 200 36979
95.163.255.197 - - [24/Apr/2020:17:28:56 -0400] "GET /depository/rfcs/7000/rfc7054.txt HTTP/1.1" 304 -
95.163.255.161 - - [24/Apr/2020:17:29:45 -0400] "GET /depository/rfcs/1400/rfc1499.txt HTTP/1.1" 304 -
185.95.104.230 - - [24/Apr/2020:17:29:48 -0400] "GET /10/ascii.htm HTTP/1.1" 200 36979
5.9.32.222 - - [24/Apr/2020:17:30:00 -0400] "GET /depository//////////newest_tech/New%20solar%20cell%20turns%20raindrops%20into%20electricity%20_%20ITworld_files/svrGP.aspx HTTP/1.1" 200 79
5.9.32.222 - - [24/Apr/2020:17:30:03 -0400] "GET /depository//////////newest_tech/New%20solar%20cell%20turns%20raindrops%20into%20electricity%20_%20ITworld_files/svrGP.htm HTTP/1.1" 200 1001
31.41.68.4 - - [24/Apr/2020:17:30:25 -0400] "GET /10/ascii.htm HTTP/1.1" 200 36979
5.9.32.222 - - [24/Apr/2020:17:30:28 -0400] "GET /depository//////////newest_tech/New%20solar%20cell%20turns%20raindrops%20into%20electricity%20_%20ITworld_files/svrGP_data/ HTTP/1.1" 200 568
5.9.32.222 - - [24/Apr/2020:17:30:30 -0400] "GET /depository//////////newest_tech/New%20solar%20cell%20turns%20raindrops%20into%20electricity%20_%20ITworld_files/t HTTP/1.1" 200 1260
5.9.32.222 - - [24/Apr/2020:17:30:33 -0400] "GET /depository//////////newest_tech/Nokia%20rolls%20out%20its%20first%20'petabit-class'%20router%20%20ITworld_files/svrGP.htm HTTP/1.1" 200 401
5.9.32.222 - - [24/Apr/2020:17:30:37 -0400] "GET /depository//////////newest_tech/Panasonic%20offers%20a%20flexible%20battery%20for%20wearables%20_%20Computerworld_files/acset.json HTTP/1.1" 200 72
5.9.32.222 - - [24/Apr/2020:17:30:41 -0400] "GET /depository//////////newest_tech/Panasonic%20offers%20a%20flexible%20battery%20for%20wearables%20_%20Computerworld_files/adsct HTTP/1.1" 200 31
5.9.32.222 - - [24/Apr/2020:17:30:50 -0400] "GET /depository//////////newest_tech/Panasonic%20offers%20a%20flexible%20battery%20for%20wearables%20_%20Computerworld_files/adsct_002 HTTP/1.1" 200 31
5.9.32.222 - - [24/Apr/2020:17:30:53 -0400] "GET /depository//////////newest_tech/Panasonic%20offers%20a%20flexible%20battery%20for%20wearables%20_%20Computerworld_files/onejs HTTP/1.1" 200 23883
5.9.32.222 - - [24/Apr/2020:17:30:54 -0400] "GET /depository//////////newest_tech/Panasonic%20offers%20a%20flexible%20battery%20for%20wearables%20_%20Computerworld_files/serve.htm HTTP/1.1" 200 18
5.9.32.222 - - [24/Apr/2020:17:30:57 -0400] "GET /depository//////////newest_tech/Panasonic%20offers%20a%20flexible%20battery%20for%20wearables%20_%20Computerworld_files/t HTTP/1.1" 200 83
5.9.32.222 - - [24/Apr/2020:17:30:59 -0400] "GET /depository//////////newest_tech/Panasonic%20offers%20a%20flexible%20battery%20for%20wearables%20_%20Computerworld_files/template.htm HTTP/1.1" 200 284096
109.95.125.90 - - [24/Apr/2020:17:31:03 -0400] "GET /depository/blockchain/blockchain-by-melanie-swan.pdf HTTP/1.1" 200 3392796
5.9.32.222 - - [24/Apr/2020:17:31:07 -0400] "GET /depository//////////newest_tech/Power%20company%20plugs%20data%20center%20directly%20into%20high-voltage%20grid%20%20%20ITworld_files/14347 HTTP/1.1" 200 43
213.180.203.118 - - [24/Apr/2020:17:31:07 -0400] "GET /depository/rfcs/3800/rfc3863.txt HTTP/1.1" 200 58525
5.9.32.222 - - [24/Apr/2020:17:31:09 -0400] "GET /depository//////////newest_tech/Power%20company%20plugs%20data%20center%20directly%20into%20high-voltage%20grid%20%20%20ITworld_files/7r8gQb8MIqE(1).htm HTTP/1.1" 200 27707
5.9.32.222 - - [24/Apr/2020:17:31:11 -0400] "GET /depository//////////newest_tech/Power%20company%20plugs%20data%20center%20directly%20into%20high-voltage%20grid%20%20%20ITworld_files/7r8gQb8MIqE.htm HTTP/1.1" 200 27709
5.9.32.222 - - [24/Apr/2020:17:31:13 -0400] "GET /depository//////////newest_tech/Power%20company%20plugs%20data%20center%20directly%20into%20high-voltage%20grid%20%20%20ITworld_files/button3.htm HTTP/1.1" 200 8470
5.9.32.222 - - [24/Apr/2020:17:31:15 -0400] "GET /depository//////////newest_tech/Power%20company%20plugs%20data%20center%20directly%20into%20high-voltage%20grid%20%20%20ITworld_files/button_info.json HTTP/1.1" 200 1335
213.180.203.118 - - [24/Apr/2020:17:31:18 -0400] "GET /depository/pilotless/Self-driving_18-wheeler_delivers_the_first_shipment_Beer.mht HTTP/1.1" 200 2925037
62.84.61.128 - - [24/Apr/2020:17:31:22 -0400] "GET /10/ascii.htm HTTP/1.1" 200 36979
5.9.32.222 - - [24/Apr/2020:17:31:31 -0400] "GET /depository//////////newest_tech/Power%20company%20plugs%20data%20center%20directly%20into%20high-voltage%20grid%20%20%20ITworld_files/cb=gapi.loaded_0 HTTP/1.1" 200 113171
5.9.32.222 - - [24/Apr/2020:17:31:42 -0400] "GET /depository//////////newest_tech/Power%20company%20plugs%20data%20center%20directly%20into%20high-voltage%20grid%20%20%20ITworld_files/cb=gapi.loaded_1 HTTP/1.1" 200 58846
147.32.31.197 - - [24/Apr/2020:17:31:48 -0400] "GET /4/7/cloud.htm HTTP/1.1" 200 38410
5.9.32.222 - - [24/Apr/2020:17:31:53 -0400] "GET /depository//////////newest_tech/Power%20company%20plugs%20data%20center%20directly%20into%20high-voltage%20grid%20%20%20ITworld_files/challenge HTTP/1.1" 200 9240
5.9.32.222 - - [24/Apr/2020:17:31:56 -0400] "GET /depository//////////newest_tech/Power%20company%20plugs%20data%20center%20directly%20into%20high-voltage%20grid%20%20%20ITworld_files/controltag HTTP/1.1" 200 8384
5.9.32.222 - - [24/Apr/2020:17:32:11 -0400] "GET /depository//////////newest_tech/Power%20company%20plugs%20data%20center%20directly%20into%20high-voltage%20grid%20%20%20ITworld_files/controltag.js.f99670595ccd46c65a517672ea749179 HTTP/1.1" 200 101482
5.9.32.222 - - [24/Apr/2020:17:32:22 -0400] "GET /depository//////////newest_tech/Power%20company%20plugs%20data%20center%20directly%20into%20high-voltage%20grid%20%20%20ITworld_files/fastbutton.htm HTTP/1.1" 200 33130
213.180.203.118 - - [24/Apr/2020:17:32:30 -0400] "GET /depository/blockchain/%C1%EB%EE%EA%F7%E5%E9%ED_%20%EA%F3%E4%E0%20%EF%F0%E8%E2%E5%E4%E5%F2%20%EC%E8%F0%20%ED%EE%E2%E0%FF%20%F2%E5%F5%ED%EE%EB%EE%E3%E8%FF%20_%20%D0%E0%F1%F8%E8%F0%FF%E5%EC%20%EA%F0%F3%E3%EE%E7%EE%F0%20_%20%C4%E8%F1%EA%F3%F1%F1%E8%E8%20_%20Global%20CIO.%20%CE%F4%E8%F6%E8%E0%EB%FC%ED%FB%E9%20%EF%EE%F0%F2%E0%EB%20%C8%D2-%E4%E8%F0%E5%EA%F2%EE%F0%EE%E2_files/button.b9d6f5f9ec28957f82fb3c36aca44c48.js.%E7%E0%E3%F0%F3%E6%E5%ED%EE HTTP/1.1" 200 4293
5.9.32.222 - - [24/Apr/2020:17:32:31 -0400] "GET /depository//////////newest_tech/Power%20company%20plugs%20data%20center%20directly%20into%20high-voltage%20grid%20%20%20ITworld_files/hub.fe4e93d64f1afc988e99833088f71057.htm HTTP/1.1" 200 21671
213.180.203.118 - - [24/Apr/2020:17:32:32 -0400] "GET /depository/rfcs/1400/RFC1446.TXT HTTP/1.1" 200 113102
5.9.32.222 - - [24/Apr/2020:17:32:33 -0400] "GET /depository//////////newest_tech/Power%20company%20plugs%20data%20center%20directly%20into%20high-voltage%20grid%20%20%20ITworld_files/image HTTP/1.1" 200 1675
5.9.32.222 - - [24/Apr/2020:17:32:35 -0400] "GET /depository//////////newest_tech/Power%20company%20plugs%20data%20center%20directly%20into%20high-voltage%20grid%20%20%20ITworld_files/ip.json HTTP/1.1" 200 552
213.193.5.29 - - [24/Apr/2020:17:32:46 -0400] "GET /6/i2p/i2p3B.bmp HTTP/1.1" 200 317070
213.193.5.29 - - [24/Apr/2020:17:32:46 -0400] "GET /6/i2p/i2p3A.bmp HTTP/1.1" 200 251802
178.54.230.144 - - [24/Apr/2020:17:32:46 -0400] "GET /10/ascii.htm HTTP/1.1" 200 36979
213.193.5.29 - - [24/Apr/2020:17:32:46 -0400] "GET /6/i2p.htm HTTP/1.1" 200 103907
213.193.5.29 - - [24/Apr/2020:17:32:46 -0400] "GET /6/i2p/i2p3.bmp HTTP/1.1" 200 445830
213.193.5.29 - - [24/Apr/2020:17:32:47 -0400] "GET /6/i2p/i2p3C.bmp HTTP/1.1" 200 534630
5.9.32.222 - - [24/Apr/2020:17:32:49 -0400] "GET /depository//////////newest_tech/Power%20company%20plugs%20data%20center%20directly%20into%20high-voltage%20grid%20%20%20ITworld_files/like.htm HTTP/1.1" 200 20400
5.9.32.222 - - [24/Apr/2020:17:32:52 -0400] "GET /depository//////////newest_tech/Power%20company%20plugs%20data%20center%20directly%20into%20high-voltage%20grid%20%20%20ITworld_files/optout_check HTTP/1.1" 200 90
5.9.32.222 - - [24/Apr/2020:17:32:55 -0400] "GET /depository//////////newest_tech/Power%20company%20plugs%20data%20center%20directly%20into%20high-voltage%20grid%20%20%20ITworld_files/ping.htm HTTP/1.1" 200 2425
5.9.32.222 - - [24/Apr/2020:17:32:57 -0400] "GET /depository//////////newest_tech/Power%20company%20plugs%20data%20center%20directly%20into%20high-voltage%20grid%20%20%20ITworld_files/postmessageRelay.htm HTTP/1.1" 200 676
5.9.32.222 - - [24/Apr/2020:17:33:02 -0400] "GET /depository//////////newest_tech/Power%20company%20plugs%20data%20center%20directly%20into%20high-voltage%20grid%20%20%20ITworld_files/reload HTTP/1.1" 200 383
5.9.32.222 - - [24/Apr/2020:17:33:03 -0400] "GET /depository//////////newest_tech/Power%20company%20plugs%20data%20center%20directly%20into%20high-voltage%20grid%20%20%20ITworld_files/saved_resource.htm HTTP/1.1" 200 34981
5.9.32.222 - - [24/Apr/2020:17:33:08 -0400] "GET /depository//////////newest_tech/Power%20company%20plugs%20data%20center%20directly%20into%20high-voltage%20grid%20%20%20ITworld_files/secureAnonymousFramework HTTP/1.1" 200 164588
5.9.32.222 - - [24/Apr/2020:17:33:10 -0400] "GET /depository//////////newest_tech/Power%20company%20plugs%20data%20center%20directly%20into%20high-voltage%20grid%20%20%20ITworld_files/sso.htm HTTP/1.1" 200 10477
5.9.32.222 - - [24/Apr/2020:17:33:14 -0400] "GET /depository//////////newest_tech/Power%20company%20plugs%20data%20center%20directly%20into%20high-voltage%20grid%20%20%20ITworld_files/svrGP(1).aspx HTTP/1.1" 200 79
5.9.32.222 - - [24/Apr/2020:17:33:16 -0400] "GET /depository//////////newest_tech/Power%20company%20plugs%20data%20center%20directly%20into%20high-voltage%20grid%20%20%20ITworld_files/svrGP.aspx HTTP/1.1" 200 49
5.9.32.222 - - [24/Apr/2020:17:33:17 -0400] "GET /depository//////////newest_tech/Power%20company%20plugs%20data%20center%20directly%20into%20high-voltage%20grid%20%20%20ITworld_files/svrGP.htm HTTP/1.1" 200 558
85.159.227.163 - - [24/Apr/2020:17:33:19 -0400] "GET /10/ascii.htm HTTP/1.1" 200 36979
5.9.32.222 - - [24/Apr/2020:17:33:20 -0400] "GET /depository//////////newest_tech/Power%20company%20plugs%20data%20center%20directly%20into%20high-voltage%20grid%20%20%20ITworld_files/tweet_button.ff7d9077a26377d36b6a53b1a95be617.en.htm HTTP/1.1" 200 45582
66.249.64.48 - - [24/Apr/2020:17:33:21 -0400] "GET /4/44/smtp4414.htm HTTP/1.1" 304 -
124.64.18.195 - - [24/Apr/2020:17:33:48 -0400] "GET /depository/rfc_4300.htm HTTP/1.1" 200 14996
213.180.203.118 - - [24/Apr/2020:17:35:13 -0400] "GET /depository/rfcs/6300/rfc6309.txt HTTP/1.1" 200 10706
213.180.203.118 - - [24/Apr/2020:17:35:44 -0400] "GET /depository/data_protection/ISM_DataProtect_FINAL.pdf HTTP/1.1" 200 3846326
178.169.87.29 - - [24/Apr/2020:17:35:48 -0400] "GET /10/ascii.htm HTTP/1.1" 200 36979
213.180.203.118 - - [24/Apr/2020:17:35:50 -0400] "GET /depository/rfcs/6900/rfc6935.txt HTTP/1.1" 200 29055
5.9.32.222 - - [24/Apr/2020:17:35:57 -0400] "GET /depository//////////newest_tech/Power%20company%20plugs%20data%20center%20directly%20into%20high-voltage%20grid%20%20%20ITworld_files/tweet_button.ff7d9077a26377d36b6a53b1a95be617.en.htm HTTP/1.1" 200 45582
5.9.32.222 - - [24/Apr/2020:17:35:59 -0400] "GET /depository//////////newest_tech/Review%20%20Samsung's%20business%20card-sized,%202TB%20SSD%20nears%20internal%20drive%20speeds%20_%20Computerworld_files/a.htm HTTP/1.1" 200 107
5.9.32.222 - - [24/Apr/2020:17:36:01 -0400] "GET /depository//////////newest_tech/Review%20%20Samsung's%20business%20card-sized,%202TB%20SSD%20nears%20internal%20drive%20speeds%20_%20Computerworld_files/a_002.htm HTTP/1.1" 200 107
5.9.32.222 - - [24/Apr/2020:17:36:02 -0400] "GET /depository//////////newest_tech/Review%20%20Samsung's%20business%20card-sized,%202TB%20SSD%20nears%20internal%20drive%20speeds%20_%20Computerworld_files/challenge HTTP/1.1" 200 8765
5.9.32.222 - - [24/Apr/2020:17:36:06 -0400] "GET /depository//////////newest_tech/Review%20%20Samsung's%20business%20card-sized,%202TB%20SSD%20nears%20internal%20drive%20speeds%20_%20Computerworld_files/computerworld.com HTTP/1.1" 200 385
5.9.32.222 - - [24/Apr/2020:17:36:09 -0400] "GET /depository//////////newest_tech/Review%20%20Samsung's%20business%20card-sized,%202TB%20SSD%20nears%20internal%20drive%20speeds%20_%20Computerworld_files/controltag HTTP/1.1" 200 8346
5.9.32.222 - - [24/Apr/2020:17:36:10 -0400] "GET /depository//////////newest_tech/Review%20%20Samsung's%20business%20card-sized,%202TB%20SSD%20nears%20internal%20drive%20speeds%20_%20Computerworld_files/controltag.3269b976cac0388f80dbfdb09d96a4e7 HTTP/1.1" 200 147836
5.9.32.222 - - [24/Apr/2020:17:36:14 -0400] "GET /depository//////////newest_tech/Review%20%20Samsung's%20business%20card-sized,%202TB%20SSD%20nears%20internal%20drive%20speeds%20_%20Computerworld_files/get HTTP/1.1" 200 254
5.9.32.222 - - [24/Apr/2020:17:36:15 -0400] "GET /depository//////////newest_tech/Review%20%20Samsung's%20business%20card-sized,%202TB%20SSD%20nears%20internal%20drive%20speeds%20_%20Computerworld_files/optout_check HTTP/1.1" 200 90
5.9.32.222 - - [24/Apr/2020:17:36:20 -0400] "GET /depository//////////newest_tech/Review%20%20Samsung's%20business%20card-sized,%202TB%20SSD%20nears%20internal%20drive%20speeds%20_%20Computerworld_files/reload HTTP/1.1" 200 341
5.9.32.222 - - [24/Apr/2020:17:36:22 -0400] "GET /depository//////////newest_tech/Review%20%20Samsung's%20business%20card-sized,%202TB%20SSD%20nears%20internal%20drive%20speeds%20_%20Computerworld_files/review-samsungs-business-card-sized-ssd-offers-2tb-and-nears.htm HTTP/1.1" 200 1482
109.108.87.142 - - [24/Apr/2020:17:36:32 -0400] "GET /10/at_109.htm HTTP/1.1" 200 15423
5.9.32.222 - - [24/Apr/2020:17:36:34 -0400] "GET /depository//////////newest_tech/Review%20%20Samsung's%20business%20card-sized,%202TB%20SSD%20nears%20internal%20drive%20speeds%20_%20Computerworld_files/svrGP.aspx HTTP/1.1" 200 79
17.58.97.137 - - [24/Apr/2020:17:36:44 -0400] "GET /4/45/nfnd4584.htm HTTP/1.1" 200 14766
5.9.32.222 - - [24/Apr/2020:17:36:48 -0400] "GET /depository//////////newest_tech/Review%20%20Samsung's%20business%20card-sized,%202TB%20SSD%20nears%20internal%20drive%20speeds%20_%20Computerworld_files/t HTTP/1.1" 200 576
5.9.32.222 - - [24/Apr/2020:17:36:49 -0400] "GET /depository//////////newest_tech/Review%20%20Samsung's%20business%20card-sized,%202TB%20SSD%20nears%20internal%20drive%20speeds%20_%20Computerworld_files/template.htm HTTP/1.1" 200 107
5.9.32.222 - - [24/Apr/2020:17:36:52 -0400] "GET /depository//////////newest_tech/Review%20%20The%20Intel%20Compute%20Stick%20--%20the%20ultimate%20mobile%20PC%20%20%20Computerworld_files/14339 HTTP/1.1" 200 43
114.119.162.158 - - [24/Apr/2020:17:36:53 -0400] "GET /depository/quant_comp/University%20of%20Melbourne%20claims%20quantum%20computing%20breakthrough_files/University-of-Melbourne-claims-quantum-computing-breakth_003.htm HTTP/1.1" 200 8974
5.44.170.155 - - [24/Apr/2020:17:36:54 -0400] "GET /3/optic_32.htm HTTP/1.1" 200 48761
5.9.32.222 - - [24/Apr/2020:17:36:56 -0400] "GET /depository//////////newest_tech/Review%20%20The%20Intel%20Compute%20Stick%20--%20the%20ultimate%20mobile%20PC%20%20%20Computerworld_files/KvoNGODIqPG(1).html HTTP/1.1" 200 30063
46.229.168.152 - - [24/Apr/2020:17:36:56 -0400] "GET /depository/3D-print/HP%20begins%20selling%20its%20Jet%20Fusion%203D%20printer;%20says%20it's%2050%25%20cheaper,%2010X%20faster%20than%20others%20_%20ITworld_files/tboptevent.htm HTTP/1.1" 200 4500
5.9.32.222 - - [24/Apr/2020:17:37:00 -0400] "GET /depository//////////newest_tech/Review%20%20The%20Intel%20Compute%20Stick%20--%20the%20ultimate%20mobile%20PC%20%20%20Computerworld_files/KvoNGODIqPG.html HTTP/1.1" 200 30039
5.9.32.222 - - [24/Apr/2020:17:37:02 -0400] "GET /depository//////////newest_tech/Review%20%20The%20Intel%20Compute%20Stick%20--%20the%20ultimate%20mobile%20PC%20%20%20Computerworld_files/button3.html HTTP/1.1" 200 8476
176.118.166.51 - - [24/Apr/2020:17:37:06 -0400] "GET /4/44/tcp_443.htm HTTP/1.1" 200 61723
66.249.64.50 - - [24/Apr/2020:17:37:10 -0400] "GET /depository/rfcs/8200/rfc8239.txt HTTP/1.1" 200 39067
95.52.19.11 - - [24/Apr/2020:17:37:11 -0400] "GET /6/defence.htm HTTP/1.1" 200 193079
5.9.32.222 - - [24/Apr/2020:17:37:15 -0400] "GET /depository//////////newest_tech/Review%20%20The%20Intel%20Compute%20Stick%20--%20the%20ultimate%20mobile%20PC%20%20%20Computerworld_files/button_info.json HTTP/1.1" 200 1365
5.9.32.222 - - [24/Apr/2020:17:37:17 -0400] "GET /depository//////////newest_tech/Review%20%20The%20Intel%20Compute%20Stick%20--%20the%20ultimate%20mobile%20PC%20%20%20Computerworld_files/challenge HTTP/1.1" 200 9182
5.9.32.222 - - [24/Apr/2020:17:37:18 -0400] "GET /depository//////////newest_tech/Review%20%20The%20Intel%20Compute%20Stick%20--%20the%20ultimate%20mobile%20PC%20%20%20Computerworld_files/comments.getComments HTTP/1.1" 200 2132
5.9.32.222 - - [24/Apr/2020:17:37:20 -0400] "GET /depository//////////newest_tech/Review%20%20The%20Intel%20Compute%20Stick%20--%20the%20ultimate%20mobile%20PC%20%20%20Computerworld_files/computerworld.com HTTP/1.1" 200 277
5.9.32.222 - - [24/Apr/2020:17:37:23 -0400] "GET /depository//////////newest_tech/Review%20%20The%20Intel%20Compute%20Stick%20--%20the%20ultimate%20mobile%20PC%20%20%20Computerworld_files/controltag HTTP/1.1" 200 8717
5.9.32.222 - - [24/Apr/2020:17:37:25 -0400] "GET /depository//////////newest_tech/Review%20%20The%20Intel%20Compute%20Stick%20--%20the%20ultimate%20mobile%20PC%20%20%20Computerworld_files/controltag.js.cf94643484cc8654373adf5516beca11 HTTP/1.1" 200 117767
5.9.32.222 - - [24/Apr/2020:17:37:30 -0400] "GET /depository//////////newest_tech/Review%20%20The%20Intel%20Compute%20Stick%20--%20the%20ultimate%20mobile%20PC%20%20%20Computerworld_files/count.json HTTP/1.1" 200 177
5.9.32.222 - - [24/Apr/2020:17:37:33 -0400] "GET /depository//////////newest_tech/Review%20%20The%20Intel%20Compute%20Stick%20--%20the%20ultimate%20mobile%20PC%20%20%20Computerworld_files/gscounters.sendReport HTTP/1.1" 200 189
5.9.32.222 - - [24/Apr/2020:17:37:48 -0400] "GET /depository//////////newest_tech/Review%20%20The%20Intel%20Compute%20Stick%20--%20the%20ultimate%20mobile%20PC%20%20%20Computerworld_files/hub.f15fe2cd70788a40560e69fa17341d5e(1).html HTTP/1.1" 200 19527
5.9.32.222 - - [24/Apr/2020:17:37:51 -0400] "GET /depository//////////newest_tech/Review%20%20The%20Intel%20Compute%20Stick%20--%20the%20ultimate%20mobile%20PC%20%20%20Computerworld_files/hub.f15fe2cd70788a40560e69fa17341d5e.html HTTP/1.1" 200 19526
114.119.161.23 - - [24/Apr/2020:17:38:00 -0400] "GET /depository/AI/AI%20makes%20security%20systems%20more%20flexible%20_%20ITworld_files HTTP/1.1" 301 312
114.119.161.23 - - [24/Apr/2020:17:38:00 -0400] "GET /depository/AI/AI%20makes%20security%20systems%20more%20flexible%20_%20ITworld_files/ HTTP/1.1" 200 6318
207.46.13.74 - - [24/Apr/2020:17:38:15 -0400] "GET /6/des_641.htm HTTP/1.1" 200 10579
5.9.32.222 - - [24/Apr/2020:17:38:28 -0400] "GET /depository//////////newest_tech/Review%20%20The%20Intel%20Compute%20Stick%20--%20the%20ultimate%20mobile%20PC%20%20%20Computerworld_files/image HTTP/1.1" 200 3191
5.9.32.222 - - [24/Apr/2020:17:38:30 -0400] "GET /depository//////////newest_tech/Review%20%20The%20Intel%20Compute%20Stick%20--%20the%20ultimate%20mobile%20PC%20%20%20Computerworld_files/like.html HTTP/1.1" 200 21932
5.9.32.222 - - [24/Apr/2020:17:38:34 -0400] "GET /depository//////////newest_tech/Review%20%20The%20Intel%20Compute%20Stick%20--%20the%20ultimate%20mobile%20PC%20%20%20Computerworld_files/optout_check HTTP/1.1" 200 90
178.169.87.29 - - [24/Apr/2020:17:38:39 -0400] "GET /10/ascii.htm HTTP/1.1" 200 36979
5.9.32.222 - - [24/Apr/2020:17:38:39 -0400] "GET /depository//////////newest_tech/Review%20%20The%20Intel%20Compute%20Stick%20--%20the%20ultimate%20mobile%20PC%20%20%20Computerworld_files/ping.html HTTP/1.1" 200 2482
5.9.32.222 - - [24/Apr/2020:17:38:52 -0400] "GET /depository//////////newest_tech/Review%20%20The%20Intel%20Compute%20Stick%20--%20the%20ultimate%20mobile%20PC%20%20%20Computerworld_files/reload HTTP/1.1" 200 341
5.9.32.222 - - [24/Apr/2020:17:38:53 -0400] "GET /depository//////////newest_tech/Review%20%20The%20Intel%20Compute%20Stick%20--%20the%20ultimate%20mobile%20PC%20%20%20Computerworld_files/saved_resource HTTP/1.1" 200 14
5.9.32.222 - - [24/Apr/2020:17:38:55 -0400] "GET /depository//////////newest_tech/Review%20%20The%20Intel%20Compute%20Stick%20--%20the%20ultimate%20mobile%20PC%20%20%20Computerworld_files/secureAnonymousFramework HTTP/1.1" 200 164154
5.9.32.222 - - [24/Apr/2020:17:38:57 -0400] "GET /depository//////////newest_tech/Review%20%20The%20Intel%20Compute%20Stick%20--%20the%20ultimate%20mobile%20PC%20%20%20Computerworld_files/svrGP(1).aspx HTTP/1.1" 200 79
46.229.168.144 - - [24/Apr/2020:17:39:04 -0400] "GET /depository/analytics/Aeroflot%20puts%20IBM%20analytics%20on%20board%20to%20personalise%20customer%20targeting_files/Aeroflot-puts-IBM-analytics-on-board-to-personalise-cust_004.htm HTTP/1.1" 200 357
5.9.32.222 - - [24/Apr/2020:17:39:10 -0400] "GET /depository//////////newest_tech/Review%20%20The%20Intel%20Compute%20Stick%20--%20the%20ultimate%20mobile%20PC%20%20%20Computerworld_files/svrGP.aspx HTTP/1.1" 200 49
5.9.32.222 - - [24/Apr/2020:17:39:13 -0400] "GET /depository//////////newest_tech/Review%20%20The%20Intel%20Compute%20Stick%20--%20the%20ultimate%20mobile%20PC%20%20%20Computerworld_files/svrGP.html HTTP/1.1" 200 541
5.9.32.222 - - [24/Apr/2020:17:39:14 -0400] "GET /depository//////////newest_tech/Review%20%20The%20Intel%20Compute%20Stick%20--%20the%20ultimate%20mobile%20PC%20%20%20Computerworld_files/tweet_button.46489b28ee1023601b810a443ee8af43.en.html HTTP/1.1" 200 35211
5.9.32.222 - - [24/Apr/2020:17:39:17 -0400] "GET /depository//////////newest_tech/Samsung%20begins%20mass%20production%20of%203-bit%203D%20NAND%20chips%20%20%20ITworld_files/button3.htm HTTP/1.1" 200 8649
5.9.32.222 - - [24/Apr/2020:17:39:30 -0400] "GET /depository//////////newest_tech/Samsung%20begins%20mass%20production%20of%203-bit%203D%20NAND%20chips%20%20%20ITworld_files/challenge HTTP/1.1" 200 12021
5.9.32.222 - - [24/Apr/2020:17:39:32 -0400] "GET /depository//////////newest_tech/Samsung%20begins%20mass%20production%20of%203-bit%203D%20NAND%20chips%20%20%20ITworld_files/image HTTP/1.1" 200 2322
40.77.167.138 - - [24/Apr/2020:17:39:55 -0400] "GET /3/usb.htm HTTP/1.1" 200 8737
5.9.32.222 - - [24/Apr/2020:17:40:02 -0400] "GET /depository//////////newest_tech/Samsung%20begins%20mass%20production%20of%203-bit%203D%20NAND%20chips%20%20%20ITworld_files/ip.json HTTP/1.1" 200 552
5.9.32.222 - - [24/Apr/2020:17:40:06 -0400] "GET /depository//////////newest_tech/Samsung%20begins%20mass%20production%20of%203-bit%203D%20NAND%20chips%20%20%20ITworld_files/saved_resource.htm HTTP/1.1" 200 1327
5.9.32.222 - - [24/Apr/2020:17:40:09 -0400] "GET /depository//////////newest_tech/Samsung%20begins%20mass%20production%20of%203-bit%203D%20NAND%20chips%20%20%20ITworld_files/sso.htm HTTP/1.1" 200 10265
46.229.168.132 - - [24/Apr/2020:17:40:10 -0400] "GET /4/42/nds_4215.htm HTTP/1.1" 200 11452
5.9.32.222 - - [24/Apr/2020:17:40:13 -0400] "GET /depository//////////newest_tech/Samsung%20begins%20mass%20production%20of%203-bit%203D%20NAND%20chips%20%20%20ITworld_files/svrGP(1).aspx HTTP/1.1" 200 79
5.9.32.222 - - [24/Apr/2020:17:40:16 -0400] "GET /depository//////////newest_tech/Samsung%20begins%20mass%20production%20of%203-bit%203D%20NAND%20chips%20%20%20ITworld_files/svrGP.aspx HTTP/1.1" 200 49
5.9.32.222 - - [24/Apr/2020:17:40:22 -0400] "GET /depository//////////newest_tech/Samsung%20begins%20mass%20production%20of%203-bit%203D%20NAND%20chips%20%20%20ITworld_files/svrGP.htm HTTP/1.1" 200 400
5.9.32.222 - - [24/Apr/2020:17:40:28 -0400] "GET /depository//////////newest_tech/Samsung%20jumps%20into%20external%20SSD%20market%20%20%20Computerworld_files/14339 HTTP/1.1" 200 43
5.9.32.222 - - [24/Apr/2020:17:40:31 -0400] "GET /depository//////////newest_tech/Samsung%20jumps%20into%20external%20SSD%20market%20%20%20Computerworld_files/7r8gQb8MIqE(1).htm HTTP/1.1" 200 -
40.77.167.138 - - [24/Apr/2020:17:40:31 -0400] "GET /10/2019.htm HTTP/1.1" 200 227144
5.9.32.222 - - [24/Apr/2020:17:40:37 -0400] "GET /depository//////////newest_tech/Samsung%20jumps%20into%20external%20SSD%20market%20%20%20Computerworld_files/7r8gQb8MIqE.htm HTTP/1.1" 200 -
5.9.32.222 - - [24/Apr/2020:17:40:39 -0400] "GET /depository//////////newest_tech/Samsung%20jumps%20into%20external%20SSD%20market%20%20%20Computerworld_files/button3.htm HTTP/1.1" 200 8555
5.9.32.222 - - [24/Apr/2020:17:40:42 -0400] "GET /depository//////////newest_tech/Samsung%20jumps%20into%20external%20SSD%20market%20%20%20Computerworld_files/button_info.json HTTP/1.1" 200 124
5.9.32.222 - - [24/Apr/2020:17:40:44 -0400] "GET /depository//////////newest_tech/Samsung%20jumps%20into%20external%20SSD%20market%20%20%20Computerworld_files/cb=gapi.loaded_0 HTTP/1.1" 200 113171
5.9.32.222 - - [24/Apr/2020:17:40:46 -0400] "GET /depository//////////newest_tech/Samsung%20jumps%20into%20external%20SSD%20market%20%20%20Computerworld_files/cb=gapi.loaded_1 HTTP/1.1" 200 59495
5.9.32.222 - - [24/Apr/2020:17:40:48 -0400] "GET /depository//////////newest_tech/Samsung%20jumps%20into%20external%20SSD%20market%20%20%20Computerworld_files/challenge HTTP/1.1" 200 9365
5.9.32.222 - - [24/Apr/2020:17:40:50 -0400] "GET /depository//////////newest_tech/Samsung%20jumps%20into%20external%20SSD%20market%20%20%20Computerworld_files/controltag HTTP/1.1" 200 7536
5.9.32.222 - - [24/Apr/2020:17:40:52 -0400] "GET /depository//////////newest_tech/Samsung%20jumps%20into%20external%20SSD%20market%20%20%20Computerworld_files/controltag.js.f99670595ccd46c65a517672ea749179 HTTP/1.1" 200 101482
5.9.32.222 - - [24/Apr/2020:17:40:56 -0400] "GET /depository//////////newest_tech/Samsung%20jumps%20into%20external%20SSD%20market%20%20%20Computerworld_files/count.json HTTP/1.1" 200 141
5.9.32.222 - - [24/Apr/2020:17:41:00 -0400] "GET /depository//////////newest_tech/Samsung%20jumps%20into%20external%20SSD%20market%20%20%20Computerworld_files/fastbutton.htm HTTP/1.1" 200 -
5.9.32.222 - - [24/Apr/2020:17:41:05 -0400] "GET /depository//////////newest_tech/Samsung%20jumps%20into%20external%20SSD%20market%20%20%20Computerworld_files/hub.fe4e93d64f1afc988e99833088f71057(1).htm HTTP/1.1" 200 21672
5.9.32.222 - - [24/Apr/2020:17:41:08 -0400] "GET /depository//////////newest_tech/Samsung%20jumps%20into%20external%20SSD%20market%20%20%20Computerworld_files/hub.fe4e93d64f1afc988e99833088f71057.htm HTTP/1.1" 200 -
5.9.32.222 - - [24/Apr/2020:17:41:10 -0400] "GET /depository//////////newest_tech/Samsung%20jumps%20into%20external%20SSD%20market%20%20%20Computerworld_files/image HTTP/1.1" 200 1938
31.148.130.230 - - [24/Apr/2020:17:41:12 -0400] "GET /depository/dig_tv/DVB-SCENE.pdf HTTP/1.1" 200 1767489
5.9.32.222 - - [24/Apr/2020:17:41:12 -0400] "GET /depository//////////newest_tech/Samsung%20jumps%20into%20external%20SSD%20market%20%20%20Computerworld_files/ip.json HTTP/1.1" 200 552
5.9.32.222 - - [24/Apr/2020:17:41:16 -0400] "GET /depository//////////newest_tech/Samsung%20jumps%20into%20external%20SSD%20market%20%20%20Computerworld_files/like.htm HTTP/1.1" 200 20345
5.9.32.222 - - [24/Apr/2020:17:41:22 -0400] "GET /depository//////////newest_tech/Samsung%20jumps%20into%20external%20SSD%20market%20%20%20Computerworld_files/optout_check HTTP/1.1" 200 90
5.9.32.222 - - [24/Apr/2020:17:41:30 -0400] "GET /depository//////////newest_tech/Samsung%20jumps%20into%20external%20SSD%20market%20%20%20Computerworld_files/ping.htm HTTP/1.1" 200 2442
5.9.32.222 - - [24/Apr/2020:17:41:32 -0400] "GET /depository//////////newest_tech/Samsung%20jumps%20into%20external%20SSD%20market%20%20%20Computerworld_files/postmessageRelay.htm HTTP/1.1" 200 682
5.9.32.222 - - [24/Apr/2020:17:41:34 -0400] "GET /depository//////////newest_tech/Samsung%20jumps%20into%20external%20SSD%20market%20%20%20Computerworld_files/saved_resource HTTP/1.1" 200 14
5.9.32.222 - - [24/Apr/2020:17:41:37 -0400] "GET /depository//////////newest_tech/Samsung%20jumps%20into%20external%20SSD%20market%20%20%20Computerworld_files/secureAnonymousFramework HTTP/1.1" 200 164588
5.9.32.222 - - [24/Apr/2020:17:41:42 -0400] "GET /depository//////////newest_tech/Samsung%20jumps%20into%20external%20SSD%20market%20%20%20Computerworld_files/share HTTP/1.1" 200 170
5.9.32.222 - - [24/Apr/2020:17:41:45 -0400] "GET /depository//////////newest_tech/Samsung%20jumps%20into%20external%20SSD%20market%20%20%20Computerworld_files/sso.htm HTTP/1.1" 200 10483
5.9.32.222 - - [24/Apr/2020:17:41:48 -0400] "GET /depository//////////newest_tech/Samsung%20jumps%20into%20external%20SSD%20market%20%20%20Computerworld_files/svrGP(1).aspx HTTP/1.1" 200 79
5.9.32.222 - - [24/Apr/2020:17:41:50 -0400] "GET /depository//////////newest_tech/Samsung%20jumps%20into%20external%20SSD%20market%20%20%20Computerworld_files/svrGP.aspx HTTP/1.1" 200 49
5.9.32.222 - - [24/Apr/2020:17:41:52 -0400] "GET /depository//////////newest_tech/Samsung%20jumps%20into%20external%20SSD%20market%20%20%20Computerworld_files/svrGP.htm HTTP/1.1" 200 507
5.9.32.222 - - [24/Apr/2020:17:41:56 -0400] "GET /depository//////////newest_tech/Samsung%20jumps%20into%20external%20SSD%20market%20%20%20Computerworld_files/tweet_button.c27d2d163408c0fe087fbfe1c687ce2b.en.htm HTTP/1.1" 200 45182
5.9.32.222 - - [24/Apr/2020:17:41:59 -0400] "GET /depository//////////newest_tech/Samsung%20packs%20more%20speed,%20endurance%20into%20850%20Evo%20consumer%20SSDs%20%20%20ITworld_files/14347 HTTP/1.1" 200 43
5.9.32.222 - - [24/Apr/2020:17:42:02 -0400] "GET /depository//////////newest_tech/Samsung%20packs%20more%20speed,%20endurance%20into%20850%20Evo%20consumer%20SSDs%20%20%20ITworld_files/7r8gQb8MIqE(1).htm HTTP/1.1" 200 27706
5.9.32.222 - - [24/Apr/2020:17:42:04 -0400] "GET /depository//////////newest_tech/Samsung%20packs%20more%20speed,%20endurance%20into%20850%20Evo%20consumer%20SSDs%20%20%20ITworld_files/7r8gQb8MIqE.htm HTTP/1.1" 200 27708
85.140.6.242 - - [24/Apr/2020:17:42:06 -0400] "GET /10/ascii.htm HTTP/1.1" 200 36979
5.9.32.222 - - [24/Apr/2020:17:42:07 -0400] "GET /depository//////////newest_tech/Samsung%20packs%20more%20speed,%20endurance%20into%20850%20Evo%20consumer%20SSDs%20%20%20ITworld_files/button3.htm HTTP/1.1" 200 8635
5.9.32.222 - - [24/Apr/2020:17:42:08 -0400] "GET /depository//////////newest_tech/Samsung%20packs%20more%20speed,%20endurance%20into%20850%20Evo%20consumer%20SSDs%20%20%20ITworld_files/button_info.json HTTP/1.1" 200 124
5.9.32.222 - - [24/Apr/2020:17:42:12 -0400] "GET /depository//////////newest_tech/Samsung%20packs%20more%20speed,%20endurance%20into%20850%20Evo%20consumer%20SSDs%20%20%20ITworld_files/cb=gapi.loaded_0 HTTP/1.1" 200 113171
5.9.32.222 - - [24/Apr/2020:17:42:14 -0400] "GET /depository//////////newest_tech/Samsung%20packs%20more%20speed,%20endurance%20into%20850%20Evo%20consumer%20SSDs%20%20%20ITworld_files/cb=gapi.loaded_1 HTTP/1.1" 200 58846
5.9.32.222 - - [24/Apr/2020:17:42:19 -0400] "GET /depository//////////newest_tech/Samsung%20packs%20more%20speed,%20endurance%20into%20850%20Evo%20consumer%20SSDs%20%20%20ITworld_files/challenge HTTP/1.1" 200 9269
213.180.203.118 - - [24/Apr/2020:17:42:27 -0400] "GET /depository/security/anomaly/Anomaly_Detection_of_Web-based_Attacks.mht HTTP/1.1" 200 219744
5.9.32.222 - - [24/Apr/2020:17:42:31 -0400] "GET /depository//////////newest_tech/Samsung%20packs%20more%20speed,%20endurance%20into%20850%20Evo%20consumer%20SSDs%20%20%20ITworld_files/controltag HTTP/1.1" 200 8384
5.9.32.222 - - [24/Apr/2020:17:42:33 -0400] "GET /depository//////////newest_tech/Samsung%20packs%20more%20speed,%20endurance%20into%20850%20Evo%20consumer%20SSDs%20%20%20ITworld_files/controltag.js.f99670595ccd46c65a517672ea749179 HTTP/1.1" 200 101482
5.9.32.222 - - [24/Apr/2020:17:42:40 -0400] "GET /depository//////////newest_tech/Samsung%20packs%20more%20speed,%20endurance%20into%20850%20Evo%20consumer%20SSDs%20%20%20ITworld_files/fastbutton.htm HTTP/1.1" 200 33109
5.9.32.222 - - [24/Apr/2020:17:42:41 -0400] "GET /depository//////////newest_tech/Samsung%20packs%20more%20speed,%20endurance%20into%20850%20Evo%20consumer%20SSDs%20%20%20ITworld_files/hub.fe4e93d64f1afc988e99833088f71057.htm HTTP/1.1" 200 21671
5.9.32.222 - - [24/Apr/2020:17:42:44 -0400] "GET /depository//////////newest_tech/Samsung%20packs%20more%20speed,%20endurance%20into%20850%20Evo%20consumer%20SSDs%20%20%20ITworld_files/image HTTP/1.1" 200 2585
5.9.32.222 - - [24/Apr/2020:17:42:47 -0400] "GET /depository//////////newest_tech/Samsung%20packs%20more%20speed,%20endurance%20into%20850%20Evo%20consumer%20SSDs%20%20%20ITworld_files/ip.json HTTP/1.1" 200 552
5.9.32.222 - - [24/Apr/2020:17:42:50 -0400] "GET /depository//////////newest_tech/Samsung%20packs%20more%20speed,%20endurance%20into%20850%20Evo%20consumer%20SSDs%20%20%20ITworld_files/like.htm HTTP/1.1" 200 20393
5.9.32.222 - - [24/Apr/2020:17:42:52 -0400] "GET /depository//////////newest_tech/Samsung%20packs%20more%20speed,%20endurance%20into%20850%20Evo%20consumer%20SSDs%20%20%20ITworld_files/optout_check HTTP/1.1" 200 90
5.9.32.222 - - [24/Apr/2020:17:42:54 -0400] "GET /depository//////////newest_tech/Samsung%20packs%20more%20speed,%20endurance%20into%20850%20Evo%20consumer%20SSDs%20%20%20ITworld_files/ping.htm HTTP/1.1" 200 2424
5.9.32.222 - - [24/Apr/2020:17:42:56 -0400] "GET /depository//////////newest_tech/Samsung%20packs%20more%20speed,%20endurance%20into%20850%20Evo%20consumer%20SSDs%20%20%20ITworld_files/postmessageRelay.htm HTTP/1.1" 200 676
5.9.32.222 - - [24/Apr/2020:17:42:58 -0400] "GET /depository//////////newest_tech/Samsung%20packs%20more%20speed,%20endurance%20into%20850%20Evo%20consumer%20SSDs%20%20%20ITworld_files/reload HTTP/1.1" 200 383
5.9.32.222 - - [24/Apr/2020:17:43:00 -0400] "GET /depository//////////newest_tech/Samsung%20packs%20more%20speed,%20endurance%20into%20850%20Evo%20consumer%20SSDs%20%20%20ITworld_files/reload(1) HTTP/1.1" 200 383
5.9.32.222 - - [24/Apr/2020:17:43:03 -0400] "GET /depository//////////newest_tech/Samsung%20packs%20more%20speed,%20endurance%20into%20850%20Evo%20consumer%20SSDs%20%20%20ITworld_files/saved_resource.htm HTTP/1.1" 200 34981
46.229.168.139 - - [24/Apr/2020:17:43:06 -0400] "GET /depository/driverless_car/Self-driving%20cars%20won%20the%20week%20at%20CES%202016,%20with%20AI%20and%20big%20data%20the%20unsung%20heroes%20-%20TechRepublic_files/a_005.htm HTTP/1.1" 200 26369
66.249.64.46 - - [24/Apr/2020:17:43:09 -0400] "GET /depository/newest_tech/Panasonic_offers_a_flexible_battery_for_wearables.htm HTTP/1.1" 304 -
5.9.32.222 - - [24/Apr/2020:17:43:09 -0400] "GET /depository//////////newest_tech/Samsung%20packs%20more%20speed,%20endurance%20into%20850%20Evo%20consumer%20SSDs%20%20%20ITworld_files/secureAnonymousFramework HTTP/1.1" 200 164588
103.254.56.234 - - [24/Apr/2020:17:43:11 -0400] "GET / HTTP/1.1" 200 4805
5.9.32.222 - - [24/Apr/2020:17:43:16 -0400] "GET /depository//////////newest_tech/Samsung%20packs%20more%20speed,%20endurance%20into%20850%20Evo%20consumer%20SSDs%20%20%20ITworld_files/sso.htm HTTP/1.1" 200 10477
5.9.32.222 - - [24/Apr/2020:17:43:19 -0400] "GET /depository//////////newest_tech/Samsung%20packs%20more%20speed,%20endurance%20into%20850%20Evo%20consumer%20SSDs%20%20%20ITworld_files/svrGP(1).aspx HTTP/1.1" 200 79
5.9.32.222 - - [24/Apr/2020:17:43:20 -0400] "GET /depository//////////newest_tech/Samsung%20packs%20more%20speed,%20endurance%20into%20850%20Evo%20consumer%20SSDs%20%20%20ITworld_files/svrGP.aspx HTTP/1.1" 200 49
5.9.32.222 - - [24/Apr/2020:17:43:22 -0400] "GET /depository//////////newest_tech/Samsung%20packs%20more%20speed,%20endurance%20into%20850%20Evo%20consumer%20SSDs%20%20%20ITworld_files/svrGP.htm HTTP/1.1" 200 528
5.9.32.222 - - [24/Apr/2020:17:43:27 -0400] "GET /depository//////////newest_tech/Samsung%20packs%20more%20speed,%20endurance%20into%20850%20Evo%20consumer%20SSDs%20%20%20ITworld_files/tweet_button.ff7d9077a26377d36b6a53b1a95be617.en.htm HTTP/1.1" 200 45538
5.9.32.222 - - [24/Apr/2020:17:43:46 -0400] "GET /depository//////////newest_tech/Samsung%20releases%20the%20world%92s%20fastest%20gumstick%20SSD%20_%20ITworld_files/1 HTTP/1.1" 200 72
5.9.32.222 - - [24/Apr/2020:17:43:49 -0400] "GET /depository//////////newest_tech/Samsung%20releases%20the%20world%92s%20fastest%20gumstick%20SSD%20_%20ITworld_files/14347.htm HTTP/1.1" 200 404
5.9.32.222 - - [24/Apr/2020:17:43:52 -0400] "GET /depository//////////newest_tech/Samsung%20releases%20the%20world%92s%20fastest%20gumstick%20SSD%20_%20ITworld_files/426514.htm HTTP/1.1" 200 695
5.9.32.222 - - [24/Apr/2020:17:43:54 -0400] "GET /depository//////////newest_tech/Samsung%20releases%20the%20world%92s%20fastest%20gumstick%20SSD%20_%20ITworld_files/a.htm HTTP/1.1" 200 107
185.32.135.6 - - [24/Apr/2020:17:43:56 -0400] "GET /10/ascii.htm HTTP/1.1" 200 36979
5.9.32.222 - - [24/Apr/2020:17:43:59 -0400] "GET /depository//////////newest_tech/Samsung%20releases%20the%20world%92s%20fastest%20gumstick%20SSD%20_%20ITworld_files/ad HTTP/1.1" 200 1003
5.9.32.222 - - [24/Apr/2020:17:44:02 -0400] "GET /depository//////////newest_tech/Samsung%20releases%20the%20world%92s%20fastest%20gumstick%20SSD%20_%20ITworld_files/adsct HTTP/1.1" 200 31
5.9.32.222 - - [24/Apr/2020:17:44:08 -0400] "GET /depository//////////newest_tech/Samsung%20releases%20the%20world%92s%20fastest%20gumstick%20SSD%20_%20ITworld_files/adsct_002 HTTP/1.1" 200 31
5.9.32.222 - - [24/Apr/2020:17:44:09 -0400] "GET /depository//////////newest_tech/Samsung%20releases%20the%20world%92s%20fastest%20gumstick%20SSD%20_%20ITworld_files/challenge HTTP/1.1" 200 9116
5.9.32.222 - - [24/Apr/2020:17:44:11 -0400] "GET /depository//////////newest_tech/Samsung%20releases%20the%20world%92s%20fastest%20gumstick%20SSD%20_%20ITworld_files/iframe.htm HTTP/1.1" 200 618
5.9.32.222 - - [24/Apr/2020:17:44:12 -0400] "GET /depository//////////newest_tech/Samsung%20releases%20the%20world%92s%20fastest%20gumstick%20SSD%20_%20ITworld_files/iframe_data/ HTTP/1.1" 200 622
5.9.32.222 - - [24/Apr/2020:17:44:14 -0400] "GET /depository//////////newest_tech/Samsung%20releases%20the%20world%92s%20fastest%20gumstick%20SSD%20_%20ITworld_files/init HTTP/1.1" 200 232
5.9.32.222 - - [24/Apr/2020:17:44:16 -0400] "GET /depository//////////newest_tech/Samsung%20releases%20the%20world%92s%20fastest%20gumstick%20SSD%20_%20ITworld_files/itworld.com HTTP/1.1" 200 365
5.9.32.222 - - [24/Apr/2020:17:44:18 -0400] "GET /depository//////////newest_tech/Samsung%20releases%20the%20world%92s%20fastest%20gumstick%20SSD%20_%20ITworld_files/jpt HTTP/1.1" 200 78
5.9.32.222 - - [24/Apr/2020:17:44:33 -0400] "GET /depository//////////newest_tech/Samsung%20releases%20the%20world%92s%20fastest%20gumstick%20SSD%20_%20ITworld_files/jpt_002 HTTP/1.1" 200 79
5.9.32.222 - - [24/Apr/2020:17:44:34 -0400] "GET /depository//////////newest_tech/Samsung%20releases%20the%20world%92s%20fastest%20gumstick%20SSD%20_%20ITworld_files/jpt_003 HTTP/1.1" 200 79
101.78.117.89 - - [24/Apr/2020:17:44:35 -0400] "GET /10/symantec/ HTTP/1.1" 200 13023
101.78.117.89 - - [24/Apr/2020:17:44:35 -0400] "GET /depository/security/ HTTP/1.1" 200 34371
89.179.247.103 - - [24/Apr/2020:17:45:13 -0400] "GET /10/ascii.htm HTTP/1.1" 200 36979
213.180.203.118 - - [24/Apr/2020:17:45:20 -0400] "GET /4/41/dqdb/ HTTP/1.1" 200 501
213.180.203.253 - - [24/Apr/2020:17:45:22 -0400] "GET /4/41/dqdb/ HTTP/1.1" 200 501
213.180.203.118 - - [24/Apr/2020:17:45:59 -0400] "GET /depository/rfcs/2400/rfc2401.txt HTTP/1.1" 200 171861
46.229.168.133 - - [24/Apr/2020:17:46:00 -0400] "GET /depository/quant_comp/Prepare%20now%20for%20quantum%20computers,%20QKD%20and%20post-quantum%20encryption_files/Prepare-now-for-quantum-computers-QKD-and-post-quantum-encry_002/Prepare-now-for-quantum-computers-QKD-and-post-quantum-encry.htm HTTP/1.1" 200 8078
5.9.32.222 - - [24/Apr/2020:17:46:13 -0400] "GET /depository//////////newest_tech/Samsung%20releases%20the%20world%92s%20fastest%20gumstick%20SSD%20_%20ITworld_files/jpt_004 HTTP/1.1" 200 79
5.9.32.222 - - [24/Apr/2020:17:46:22 -0400] "GET /depository//////////newest_tech/Samsung%20releases%20the%20world%92s%20fastest%20gumstick%20SSD%20_%20ITworld_files/jpt_005 HTTP/1.1" 200 78
5.9.32.222 - - [24/Apr/2020:17:46:25 -0400] "GET /depository//////////newest_tech/Samsung%20releases%20the%20world%92s%20fastest%20gumstick%20SSD%20_%20ITworld_files/jpt_006 HTTP/1.1" 200 79
5.9.32.222 - - [24/Apr/2020:17:46:33 -0400] "GET /depository//////////newest_tech/Samsung%20releases%20the%20world%92s%20fastest%20gumstick%20SSD%20_%20ITworld_files/jpt_007 HTTP/1.1" 200 78
5.9.32.222 - - [24/Apr/2020:17:46:35 -0400] "GET /depository//////////newest_tech/Samsung%20releases%20the%20world%92s%20fastest%20gumstick%20SSD%20_%20ITworld_files/jpt_008 HTTP/1.1" 200 1973
66.249.64.50 - - [24/Apr/2020:17:46:38 -0400] "GET /depository/rfcs/8200/rfc8202.txt HTTP/1.1" 200 35115
5.9.32.222 - - [24/Apr/2020:17:46:40 -0400] "GET /depository//////////newest_tech/Samsung%20releases%20the%20world%92s%20fastest%20gumstick%20SSD%20_%20ITworld_files/jpt_009 HTTP/1.1" 200 78
5.9.32.222 - - [24/Apr/2020:17:46:43 -0400] "GET /depository//////////newest_tech/Samsung%20releases%20the%20world%92s%20fastest%20gumstick%20SSD%20_%20ITworld_files/jpt_010 HTTP/1.1" 200 80
5.9.32.222 - - [24/Apr/2020:17:46:45 -0400] "GET /depository//////////newest_tech/Samsung%20releases%20the%20world%92s%20fastest%20gumstick%20SSD%20_%20ITworld_files/md5.htm HTTP/1.1" 200 1596
5.9.32.222 - - [24/Apr/2020:17:46:48 -0400] "GET /depository//////////newest_tech/Samsung%20releases%20the%20world%92s%20fastest%20gumstick%20SSD%20_%20ITworld_files/reload HTTP/1.1" 200 335
5.9.32.222 - - [24/Apr/2020:17:46:50 -0400] "GET /depository//////////newest_tech/Samsung%20releases%20the%20world%92s%20fastest%20gumstick%20SSD%20_%20ITworld_files/samsung-releases-the-worlds-fastest-gumstick-ssd.htm HTTP/1.1" 200 345
5.9.32.222 - - [24/Apr/2020:17:46:52 -0400] "GET /depository//////////newest_tech/Samsung%20releases%20the%20world%92s%20fastest%20gumstick%20SSD%20_%20ITworld_files/samsung-releases-the-worlds-fastest-gumstick-ssd_002.htm HTTP/1.1" 200 349
5.9.32.222 - - [24/Apr/2020:17:47:01 -0400] "GET /depository//////////newest_tech/Samsung%20releases%20the%20world%92s%20fastest%20gumstick%20SSD%20_%20ITworld_files/samsung-releases-the-worlds-fastest-gumstick-ssd_003.htm HTTP/1.1" 200 1832
185.163.240.6 - - [24/Apr/2020:17:47:11 -0400] "GET /4/41/pon.htm HTTP/1.1" 200 52444
5.9.32.222 - - [24/Apr/2020:17:47:28 -0400] "GET /depository//////////newest_tech/Samsung%20releases%20the%20world%92s%20fastest%20gumstick%20SSD%20_%20ITworld_files/samsung-releases-the-worlds-fastest-gumstick-ssd_004.htm HTTP/1.1" 200 3081
5.9.32.222 - - [24/Apr/2020:17:47:33 -0400] "GET /depository//////////newest_tech/Samsung%20releases%20the%20world%92s%20fastest%20gumstick%20SSD%20_%20ITworld_files/samsung-releases-the-worlds-fastest-gumstick-ssd_005.htm HTTP/1.1" 200 367
5.9.32.222 - - [24/Apr/2020:17:47:36 -0400] "GET /depository//////////newest_tech/Samsung%20releases%20the%20world%92s%20fastest%20gumstick%20SSD%20_%20ITworld_files/samsung-releases-the-worlds-fastest-gumstick-ssd_006.htm HTTP/1.1" 200 24458
5.9.32.222 - - [24/Apr/2020:17:47:38 -0400] "GET /depository//////////newest_tech/Samsung%20releases%20the%20world%92s%20fastest%20gumstick%20SSD%20_%20ITworld_files/samsung-releases-the-worlds-fastest-gumstick-ssd_007.htm HTTP/1.1" 200 349
89.38.98.46 - - [24/Apr/2020:17:47:45 -0400] "GET /depository/forecasts/future_of_tech.pdf HTTP/1.0" 200 8750215
5.9.32.222 - - [24/Apr/2020:17:48:12 -0400] "GET /depository//////////newest_tech/Samsung%20releases%20the%20world%92s%20fastest%20gumstick%20SSD%20_%20ITworld_files/samsung-releases-the-worlds-fastest-gumstick-ssd_008.htm HTTP/1.1" 200 349
5.9.32.222 - - [24/Apr/2020:17:48:35 -0400] "GET /depository//////////newest_tech/Samsung%20releases%20the%20world%92s%20fastest%20gumstick%20SSD%20_%20ITworld_files/samsung-releases-the-worlds-fastest-gumstick-ssd_009.htm HTTP/1.1" 200 349
5.9.32.222 - - [24/Apr/2020:17:48:38 -0400] "GET /depository//////////newest_tech/Samsung%20releases%20the%20world%92s%20fastest%20gumstick%20SSD%20_%20ITworld_files/samsung-releases-the-worlds-fastest-gumstick-ssd_010.htm HTTP/1.1" 200 349
213.180.203.118 - - [24/Apr/2020:17:48:50 -0400] "GET /depository/rfcs/2800/rfc2813.txt HTTP/1.1" 200 58140
47.247.63.29 - - [24/Apr/2020:17:48:56 -0400] "GET /3/serial/ HTTP/1.1" 200 264
178.140.138.70 - - [24/Apr/2020:17:49:05 -0400] "GET /6/ipsec.htm HTTP/1.1" 200 45318
5.9.32.222 - - [24/Apr/2020:17:49:51 -0400] "GET /depository//////////newest_tech/Samsung%20releases%20the%20world%92s%20fastest%20gumstick%20SSD%20_%20ITworld_files/samsung-releases-the-worlds-fastest-gumstick-ssd_011.htm HTTP/1.1" 200 349
