5.9.32.222 - - [24/Apr/2020:12:53:52 -0400] "GET /depository//////////newest_tech/Artificial%20intelligence%20system%20can%20predict%20data%20theft%20by%20scanning%20email%20%20%20Computerworld_files/saved_resource.htm HTTP/1.1" 200 1618
5.9.32.222 - - [24/Apr/2020:12:53:55 -0400] "GET /depository//////////newest_tech/Artificial%20intelligence%20system%20can%20predict%20data%20theft%20by%20scanning%20email%20%20%20Computerworld_files/secureAnonymousFramework HTTP/1.1" 200 164551
46.229.168.136 - - [24/Apr/2020:12:53:55 -0400] "GET /depository/open_flow/HP%20switches%20fortify%20campus%20SDNs%20%20%20Computerwrld_files/button3.html HTTP/1.1" 200 8524
5.9.32.222 - - [24/Apr/2020:12:54:02 -0400] "GET /depository//////////newest_tech/Artificial%20intelligence%20system%20can%20predict%20data%20theft%20by%20scanning%20email%20%20%20Computerworld_files/sso.htm HTTP/1.1" 200 10271
5.9.32.222 - - [24/Apr/2020:12:54:04 -0400] "GET /depository//////////newest_tech/Artificial%20intelligence%20system%20can%20predict%20data%20theft%20by%20scanning%20email%20%20%20Computerworld_files/svrGP(1).aspx HTTP/1.1" 200 79
5.9.32.222 - - [24/Apr/2020:12:54:06 -0400] "GET /depository//////////newest_tech/Artificial%20intelligence%20system%20can%20predict%20data%20theft%20by%20scanning%20email%20%20%20Computerworld_files/svrGP.aspx HTTP/1.1" 200 49
54.36.150.63 - - [24/Apr/2020:12:54:09 -0400] "GET /depository/newest_tech/Microsoft%20launches%20undersea,%20free-cooling%20data%20center%20%20%20Network%20World_files/microsoft-launches-undersea-free-cooling-data-center_data_009/ HTTP/1.1" 200 943
5.9.32.222 - - [24/Apr/2020:12:54:15 -0400] "GET /depository//////////newest_tech/Artificial%20intelligence%20system%20can%20predict%20data%20theft%20by%20scanning%20email%20%20%20Computerworld_files/template.htm HTTP/1.1" 200 181
213.180.203.118 - - [24/Apr/2020:12:54:19 -0400] "GET /depository/rfcs/1400/RFC1454.TXT HTTP/1.1" 200 36164
5.9.32.222 - - [24/Apr/2020:12:54:19 -0400] "GET /depository//////////newest_tech/Artificial%20intelligence%20system%20can%20predict%20data%20theft%20by%20scanning%20email%20%20%20Computerworld_files/tweet_button.2df3b13213b70e6d91180bf64c17db20.en.htm HTTP/1.1" 200 45119
5.9.32.222 - - [24/Apr/2020:12:54:22 -0400] "GET /depository//////////newest_tech/Autonomous%20boats%20--%20yes,%20boats%20--%20to%20hit%20the%20water%20in%202017%20_%20ITworld_files/adsct HTTP/1.1" 200 31
5.9.32.222 - - [24/Apr/2020:12:54:26 -0400] "GET /depository//////////newest_tech/Autonomous%20boats%20--%20yes,%20boats%20--%20to%20hit%20the%20water%20in%202017%20_%20ITworld_files/adsct_002 HTTP/1.1" 200 31
114.119.165.29 - - [24/Apr/2020:12:54:33 -0400] "GET /depository/ethernet/Ethernet%27s%20400-Gigabit%20challenge%20is%20a%20good%20problem%20to%20have%20_%20PCWorld_files/postmessageRelay.htm HTTP/1.1" 200 594
213.180.203.118 - - [24/Apr/2020:12:54:44 -0400] "GET /depository/rfcs/1400/RFC1457.TXT HTTP/1.1" 200 23007
209.97.190.223 - - [24/Apr/2020:12:54:53 -0400] "GET / HTTP/1.0" 200 4805
5.9.32.222 - - [24/Apr/2020:12:55:18 -0400] "GET /depository//////////newest_tech/Autonomous%20boats%20--%20yes,%20boats%20--%20to%20hit%20the%20water%20in%202017%20_%20ITworld_files/challenge HTTP/1.1" 200 9022
5.9.32.222 - - [24/Apr/2020:12:55:21 -0400] "GET /depository//////////newest_tech/Autonomous%20boats%20--%20yes,%20boats%20--%20to%20hit%20the%20water%20in%202017%20_%20ITworld_files/itworld.com HTTP/1.1" 200 365
5.9.32.222 - - [24/Apr/2020:12:55:23 -0400] "GET /depository//////////newest_tech/Autonomous%20boats%20--%20yes,%20boats%20--%20to%20hit%20the%20water%20in%202017%20_%20ITworld_files/md5.htm HTTP/1.1" 200 1596
95.163.255.183 - - [24/Apr/2020:12:55:24 -0400] "GET /depository/rfcs/4000/rfc4032.txt HTTP/1.1" 304 -
213.180.203.118 - - [24/Apr/2020:12:55:25 -0400] "GET /depository/rfcs/1400/RFC1472.TXT HTTP/1.1" 200 27898
95.163.255.182 - - [24/Apr/2020:12:55:28 -0400] "GET /depository/rfcs/4000/rfc4093.txt HTTP/1.1" 304 -
95.53.16.185 - - [24/Apr/2020:12:55:48 -0400] "GET /4/44/rut_4411.htm HTTP/1.1" 200 50775
5.9.32.222 - - [24/Apr/2020:12:56:09 -0400] "GET /depository//////////newest_tech/Autonomous%20boats%20--%20yes,%20boats%20--%20to%20hit%20the%20water%20in%202017%20_%20ITworld_files/reload HTTP/1.1" 200 249
5.9.32.222 - - [24/Apr/2020:12:56:12 -0400] "GET /depository//////////newest_tech/Autonomous%20boats%20--%20yes,%20boats%20--%20to%20hit%20the%20water%20in%202017%20_%20ITworld_files/svrGP.aspx HTTP/1.1" 200 79
5.9.32.222 - - [24/Apr/2020:12:56:15 -0400] "GET /depository//////////newest_tech/Autonomous%20boats%20--%20yes,%20boats%20--%20to%20hit%20the%20water%20in%202017%20_%20ITworld_files/t HTTP/1.1" 200 1282
66.249.64.48 - - [24/Apr/2020:12:56:21 -0400] "GET /4/44/rip44111.php HTTP/1.1" 404 215
5.9.32.222 - - [24/Apr/2020:12:56:44 -0400] "GET /depository//////////newest_tech/Autonomous%20boats%20--%20yes,%20boats%20--%20to%20hit%20the%20water%20in%202017%20_%20ITworld_files/template.htm HTTP/1.1" 200 108
5.9.32.222 - - [24/Apr/2020:12:56:47 -0400] "GET /depository//////////newest_tech/Chemistry-based%20data%20storage%20would%20blow%20Moore%92s%20Law%20out%20of%20the%20water%20_%20Network%20World_files/628093423999127 HTTP/1.1" 200 190406
5.9.32.222 - - [24/Apr/2020:12:56:52 -0400] "GET /depository//////////newest_tech/Chemistry-based%20data%20storage%20would%20blow%20Moore%92s%20Law%20out%20of%20the%20water%20_%20Network%20World_files/a HTTP/1.1" 200 66
213.180.203.118 - - [24/Apr/2020:12:56:54 -0400] "GET /depository/wireless/80211n_End-of-Ethernet_eng.pdf HTTP/1.1" 200 975874
5.9.32.222 - - [24/Apr/2020:12:56:57 -0400] "GET /depository//////////newest_tech/Chemistry-based%20data%20storage%20would%20blow%20Moore%92s%20Law%20out%20of%20the%20water%20_%20Network%20World_files/a.htm HTTP/1.1" 200 108
5.9.32.222 - - [24/Apr/2020:12:56:58 -0400] "GET /depository//////////newest_tech/Chemistry-based%20data%20storage%20would%20blow%20Moore%92s%20Law%20out%20of%20the%20water%20_%20Network%20World_files/adsct HTTP/1.1" 200 -
79.164.176.11 - - [24/Apr/2020:12:57:04 -0400] "GET /10/ascii.htm HTTP/1.1" 200 36979
5.9.32.222 - - [24/Apr/2020:12:57:13 -0400] "GET /depository//////////newest_tech/Chemistry-based%20data%20storage%20would%20blow%20Moore%92s%20Law%20out%20of%20the%20water%20_%20Network%20World_files/adsct(1) HTTP/1.1" 200 -
5.9.32.222 - - [24/Apr/2020:12:57:15 -0400] "GET /depository//////////newest_tech/Chemistry-based%20data%20storage%20would%20blow%20Moore%92s%20Law%20out%20of%20the%20water%20_%20Network%20World_files/adsct_002 HTTP/1.1" 200 31
5.9.32.222 - - [24/Apr/2020:12:57:17 -0400] "GET /depository//////////newest_tech/Chemistry-based%20data%20storage%20would%20blow%20Moore%92s%20Law%20out%20of%20the%20water%20_%20Network%20World_files/anchor.htm HTTP/1.1" 200 28724
5.9.32.222 - - [24/Apr/2020:12:57:19 -0400] "GET /depository//////////newest_tech/Chemistry-based%20data%20storage%20would%20blow%20Moore%92s%20Law%20out%20of%20the%20water%20_%20Network%20World_files/anchor.html HTTP/1.1" 200 27991
5.9.32.222 - - [24/Apr/2020:12:57:20 -0400] "GET /depository//////////newest_tech/Chemistry-based%20data%20storage%20would%20blow%20Moore%92s%20Law%20out%20of%20the%20water%20_%20Network%20World_files/anchor_data/ HTTP/1.1" 200 741
5.9.32.222 - - [24/Apr/2020:12:57:24 -0400] "GET /depository//////////newest_tech/Chemistry-based%20data%20storage%20would%20blow%20Moore%92s%20Law%20out%20of%20the%20water%20_%20Network%20World_files/bframe.htm HTTP/1.1" 200 7814
213.180.203.118 - - [24/Apr/2020:12:57:24 -0400] "GET /4/4/rsvp_te/rsvp_te12.cdr HTTP/1.1" 200 14188
5.9.32.222 - - [24/Apr/2020:12:57:26 -0400] "GET /depository//////////newest_tech/Chemistry-based%20data%20storage%20would%20blow%20Moore%92s%20Law%20out%20of%20the%20water%20_%20Network%20World_files/bframe.html HTTP/1.1" 200 7695
5.9.32.222 - - [24/Apr/2020:12:57:28 -0400] "GET /depository//////////newest_tech/Chemistry-based%20data%20storage%20would%20blow%20Moore%92s%20Law%20out%20of%20the%20water%20_%20Network%20World_files/bframe_data/ HTTP/1.1" 200 719
95.53.16.185 - - [24/Apr/2020:12:57:45 -0400] "GET /4/4/mimo.htm HTTP/1.1" 200 121500
213.180.203.118 - - [24/Apr/2020:12:58:32 -0400] "GET /depository/rfcs/6900/rfc6967.txt HTTP/1.1" 200 53498
165.225.60.68 - - [24/Apr/2020:12:59:22 -0400] "GET /depository/backup/Data-Domain-Symantec-NetBackup-Best-Practices.pdf HTTP/1.1" 200 1856306
213.180.203.118 - - [24/Apr/2020:12:59:36 -0400] "GET /depository/rfcs/3900/rfc3940.txt HTTP/1.1" 200 225030
114.119.163.196 - - [24/Apr/2020:12:59:38 -0400] "GET /depository/quant_comp/How%20NIST%20is%20preparing%20to%20defend%20against%20quantum%20attacks.htm HTTP/1.1" 200 130829
46.118.126.39 - - [24/Apr/2020:13:00:00 -0400] "GET /4/45/xmpp.htm HTTP/1.0" 200 169807
95.173.156.25 - - [24/Apr/2020:13:00:31 -0400] "GET /4/41/openflow.htm HTTP/1.1" 200 142822
114.119.166.158 - - [24/Apr/2020:13:00:46 -0400] "GET /depository/AI/IdeaFestival%202017_%20Algorithms,%20AI%20and%20other%20Frankenstein-like%20technologies%20-%20TechRepublic_files/container.html HTTP/1.1" 200 51742
23.100.232.233 - - [24/Apr/2020:13:00:48 -0400] "GET /4/44/mptcp.htm HTTP/1.1" 200 130577
5.44.168.161 - - [24/Apr/2020:13:01:25 -0400] "GET /10/ascii.htm HTTP/1.1" 200 36979
213.180.203.118 - - [24/Apr/2020:13:01:30 -0400] "GET /depository/i2p/SSU%20Transport%20-%20I2P.mht HTTP/1.1" 200 106999
213.180.203.118 - - [24/Apr/2020:13:01:31 -0400] "GET /depository/quant_comp/Building%20logical%20qubits%20in%20a%20superconducting%20quantum%20computing%20system%20_%20npj%20Quantum%20Information_files/f(4).txt HTTP/1.1" 200 2333
114.119.160.250 - - [24/Apr/2020:13:01:54 -0400] "GET /depository/quant_comp/How%20quantum%20computing%20could%20unpick%20encryption%20to%20reveal%20decades%20of%20online%20secrets%20-%20TechRepublic_files/dest5.htm HTTP/1.1" 200 8948
79.142.82.26 - - [24/Apr/2020:13:02:20 -0400] "GET /1/intro1.htm HTTP/1.1" 200 77738
79.142.82.26 - - [24/Apr/2020:13:02:36 -0400] "GET /3/ppp_35.htm HTTP/1.1" 200 22561
66.249.64.48 - - [24/Apr/2020:13:02:39 -0400] "GET /depository/soft_errors/Coverity.ProtectedEntry.pdf HTTP/1.1" 200 191277
95.72.17.120 - - [24/Apr/2020:13:03:17 -0400] "GET /4/44/rut_4411.htm HTTP/1.1" 200 50775
95.72.17.120 - - [24/Apr/2020:13:03:17 -0400] "GET /1/intr_1.htm HTTP/1.1" 200 112611
95.72.17.120 - - [24/Apr/2020:13:03:19 -0400] "GET //gainsboro HTTP/1.1" 404 207
46.229.168.132 - - [24/Apr/2020:13:03:29 -0400] "GET /depository/cyberwar/Flame_cyberwarfare.htm HTTP/1.1" 200 69285
2.60.77.190 - - [24/Apr/2020:13:03:37 -0400] "GET /4/44/xtp_445.htm HTTP/1.1" 200 28801
185.170.1.102 - - [24/Apr/2020:13:03:49 -0400] "GET /10/ascii.htm HTTP/1.1" 200 36979
213.180.203.118 - - [24/Apr/2020:13:03:58 -0400] "GET /4/44/arp_446.htm HTTP/1.1" 200 12677
213.180.203.118 - - [24/Apr/2020:13:04:18 -0400] "GET /4/44/xtp_445.htm HTTP/1.1" 200 28801
81.25.229.232 - - [24/Apr/2020:13:04:25 -0400] "GET /10/ascii.htm HTTP/1.1" 200 36979
5.9.32.222 - - [24/Apr/2020:13:04:39 -0400] "GET /depository//////////newest_tech/Chemistry-based%20data%20storage%20would%20blow%20Moore%92s%20Law%20out%20of%20the%20water%20_%20Network%20World_files/css HTTP/1.1" 200 10459
5.9.32.222 - - [24/Apr/2020:13:04:42 -0400] "GET /depository//////////newest_tech/Chemistry-based%20data%20storage%20would%20blow%20Moore%92s%20Law%20out%20of%20the%20water%20_%20Network%20World_files/dqv0ur5V4Cs-sdDE9H9bsP3WgC1LlBx8HZFjFi_JvbuKw3CM9LpqFxmZt5HhSWsA HTTP/1.1" 200 80799
5.9.32.222 - - [24/Apr/2020:13:04:50 -0400] "GET /depository//////////newest_tech/Chemistry-based%20data%20storage%20would%20blow%20Moore%92s%20Law%20out%20of%20the%20water%20_%20Network%20World_files/dqv0ur5V4Cs-sdDE9H9bsP3WgC1LlBx8HZFjFi_JvbuKw3CM9LpqFxmZt5HhSWsA2Uldg HTTP/1.1" 200 68210
17.58.97.137 - - [24/Apr/2020:13:04:52 -0400] "GET /4/41/fddi_416.htm HTTP/1.1" 200 20523
5.9.32.222 - - [24/Apr/2020:13:04:55 -0400] "GET /depository//////////newest_tech/Chemistry-based%20data%20storage%20would%20blow%20Moore%92s%20Law%20out%20of%20the%20water%20_%20Network%20World_files/dupKQdG_hTwlCw0EkI3klUFznxMg_OrjEMz0pPN1a8wfv5V5ZRri-av76SCgFm8Gfs1G8tcN_Uz HTTP/1.1" 200 115620
5.9.32.222 - - [24/Apr/2020:13:05:02 -0400] "GET /depository//////////newest_tech/Chemistry-based%20data%20storage%20would%20blow%20Moore%92s%20Law%20out%20of%20the%20water%20_%20Network%20World_files/front.asp HTTP/1.1" 200 -
5.9.32.222 - - [24/Apr/2020:13:05:10 -0400] "GET /depository//////////newest_tech/Chemistry-based%20data%20storage%20would%20blow%20Moore%92s%20Law%20out%20of%20the%20water%20_%20Network%20World_files/new-chemistry-based-data-storage-would-blow-moores-law-out-o.htm HTTP/1.1" 200 446
46.229.168.142 - - [24/Apr/2020:13:05:30 -0400] "GET /depository/3D-print/This%203D%20printer%20can%20rival%20standard%20manufacturing%20on%20the%20factory%20floor%20_%20ITworld_files/ HTTP/1.1" 200 8446
66.102.9.30 - - [24/Apr/2020:13:05:45 -0400] "GET /1/intro1.htm HTTP/1.1" 200 77738
5.9.32.222 - - [24/Apr/2020:13:05:51 -0400] "GET /depository//////////newest_tech/Chemistry-based%20data%20storage%20would%20blow%20Moore%92s%20Law%20out%20of%20the%20water%20_%20Network%20World_files/new-chemistry-based-data-storage-would-blow-moores-law-out-of-th/ HTTP/1.1" 200 777
5.9.32.222 - - [24/Apr/2020:13:05:54 -0400] "GET /depository//////////newest_tech/Chemistry-based%20data%20storage%20would%20blow%20Moore%92s%20Law%20out%20of%20the%20water%20_%20Network%20World_files/portal.htm HTTP/1.1" 200 1516
5.9.32.222 - - [24/Apr/2020:13:05:56 -0400] "GET /depository//////////newest_tech/Chemistry-based%20data%20storage%20would%20blow%20Moore%92s%20Law%20out%20of%20the%20water%20_%20Network%20World_files/portal.html HTTP/1.1" 200 1548
5.9.32.222 - - [24/Apr/2020:13:05:59 -0400] "GET /depository//////////newest_tech/Chemistry-based%20data%20storage%20would%20blow%20Moore%92s%20Law%20out%20of%20the%20water%20_%20Network%20World_files/saved_resource HTTP/1.1" 200 67
5.9.32.222 - - [24/Apr/2020:13:06:01 -0400] "GET /depository//////////newest_tech/Chemistry-based%20data%20storage%20would%20blow%20Moore%92s%20Law%20out%20of%20the%20water%20_%20Network%20World_files/serving HTTP/1.1" 200 161
5.9.32.222 - - [24/Apr/2020:13:06:04 -0400] "GET /depository//////////newest_tech/Chemistry-based%20data%20storage%20would%20blow%20Moore%92s%20Law%20out%20of%20the%20water%20_%20Network%20World_files/sponsored-links.htm HTTP/1.1" 200 6484
5.9.32.222 - - [24/Apr/2020:13:06:06 -0400] "GET /depository//////////newest_tech/Chemistry-based%20data%20storage%20would%20blow%20Moore%92s%20Law%20out%20of%20the%20water%20_%20Network%20World_files/t HTTP/1.1" 200 97
5.9.32.222 - - [24/Apr/2020:13:06:11 -0400] "GET /depository//////////newest_tech/Chemistry-based%20data%20storage%20would%20blow%20Moore%92s%20Law%20out%20of%20the%20water%20_%20Network%20World_files/tag.aspx HTTP/1.1" 200 26171
5.9.32.222 - - [24/Apr/2020:13:06:12 -0400] "GET /depository//////////newest_tech/Chemistry-based%20data%20storage%20would%20blow%20Moore%92s%20Law%20out%20of%20the%20water%20_%20Network%20World_files/u HTTP/1.1" 200 13
5.9.32.222 - - [24/Apr/2020:13:06:15 -0400] "GET /depository//////////newest_tech/Chemistry-based%20data%20storage%20would%20blow%20Moore%92s%20Law%20out%20of%20the%20water%20_%20Network%20World_files/v1 HTTP/1.1" 200 177
5.9.32.222 - - [24/Apr/2020:13:06:17 -0400] "GET /depository//////////newest_tech/Chemistry-based%20data%20storage%20would%20blow%20Moore%92s%20Law%20out%20of%20the%20water%20_%20Network%20World_files/vdrp58zwedffwfa9gf87sr3sedykdkfx HTTP/1.1" 200 14284
157.55.39.139 - - [24/Apr/2020:13:06:23 -0400] "GET /depository/cod_check.htm HTTP/1.1" 200 4496
213.180.203.118 - - [24/Apr/2020:13:06:30 -0400] "GET /depository/super_comp/China%92s%20policing%20robot%20%20Cattle%20prod%20meets%20supercomputer%20_%20ITworld_files/googleplus.svg HTTP/1.1" 200 1456
5.9.32.222 - - [24/Apr/2020:13:06:36 -0400] "GET /depository//////////newest_tech/Chemistry-based%20data%20storage%20would%20blow%20Moore%92s%20Law%20out%20of%20the%20water%20_%20Network%20World_files/vdrp58zwedffwfa9gf87sr3sedykdkfx.htm HTTP/1.1" 200 53307
5.9.32.222 - - [24/Apr/2020:13:07:08 -0400] "GET /depository//////////newest_tech/Chemistry-based%20data%20storage%20would%20blow%20Moore%92s%20Law%20out%20of%20the%20water%20_%20Network%20World_files/widget_init HTTP/1.1" 200 315
5.9.32.222 - - [24/Apr/2020:13:07:11 -0400] "GET /depository//////////newest_tech/Chemistry-based%20data%20storage%20would%20blow%20Moore%92s%20Law%20out%20of%20the%20water%20_%20Network%20World_files/yilMYM3WFqaOGIcupFuWa4M6GkpGJoXYHI106kmO_RGuzh7e5ey6pXqkGghgqnAn HTTP/1.1" 200 178126
37.29.88.32 - - [24/Apr/2020:13:07:14 -0400] "GET /4/45/html4562.htm HTTP/1.1" 200 431918
213.87.163.181 - - [24/Apr/2020:13:07:22 -0400] "GET /10/ascii.htm HTTP/1.1" 200 36979
5.9.32.222 - - [24/Apr/2020:13:07:23 -0400] "GET /depository//////////newest_tech/Chips%20coming%20by%20June%20will%20herald%20the%20next%20generation%20of%20Wi-Fi%20%20Computerworld_files/svrGP.htm HTTP/1.1" 200 401
5.9.32.222 - - [24/Apr/2020:13:07:25 -0400] "GET /depository//////////newest_tech/Computers%20could%20soon%20run%20cold,%20no%20heat%20generated%20%20%20Network%20World_files/1 HTTP/1.1" 200 72
5.9.32.222 - - [24/Apr/2020:13:07:32 -0400] "GET /depository//////////newest_tech/Computers%20could%20soon%20run%20cold,%20no%20heat%20generated%20%20%20Network%20World_files/14339.htm HTTP/1.1" 200 1113
5.9.32.222 - - [24/Apr/2020:13:07:34 -0400] "GET /depository//////////newest_tech/Computers%20could%20soon%20run%20cold,%20no%20heat%20generated%20%20%20Network%20World_files/14339_data/ HTTP/1.1" 200 593
5.9.32.222 - - [24/Apr/2020:13:07:37 -0400] "GET /depository//////////newest_tech/Computers%20could%20soon%20run%20cold,%20no%20heat%20generated%20%20%20Network%20World_files/1_002 HTTP/1.1" 200 72
5.9.32.222 - - [24/Apr/2020:13:07:39 -0400] "GET /depository//////////newest_tech/Computers%20could%20soon%20run%20cold,%20no%20heat%20generated%20%20%20Network%20World_files/1_003 HTTP/1.1" 200 72
5.9.32.222 - - [24/Apr/2020:13:07:41 -0400] "GET /depository//////////newest_tech/Computers%20could%20soon%20run%20cold,%20no%20heat%20generated%20%20%20Network%20World_files/1_004 HTTP/1.1" 200 72
5.9.32.222 - - [24/Apr/2020:13:07:43 -0400] "GET /depository//////////newest_tech/Computers%20could%20soon%20run%20cold,%20no%20heat%20generated%20%20%20Network%20World_files/ADTECH HTTP/1.1" 200 65
5.9.32.222 - - [24/Apr/2020:13:07:45 -0400] "GET /depository//////////newest_tech/Computers%20could%20soon%20run%20cold,%20no%20heat%20generated%20%20%20Network%20World_files/ADTECH_002 HTTP/1.1" 200 66
5.9.32.222 - - [24/Apr/2020:13:07:52 -0400] "GET /depository//////////newest_tech/Computers%20could%20soon%20run%20cold,%20no%20heat%20generated%20%20%20Network%20World_files/a HTTP/1.1" 200 66
5.9.32.222 - - [24/Apr/2020:13:07:54 -0400] "GET /depository//////////newest_tech/Computers%20could%20soon%20run%20cold,%20no%20heat%20generated%20%20%20Network%20World_files/a.htm HTTP/1.1" 200 108
5.9.32.222 - - [24/Apr/2020:13:08:00 -0400] "GET /depository//////////newest_tech/Computers%20could%20soon%20run%20cold,%20no%20heat%20generated%20%20%20Network%20World_files/a_002 HTTP/1.1" 200 275
5.9.32.222 - - [24/Apr/2020:13:08:03 -0400] "GET /depository//////////newest_tech/Computers%20could%20soon%20run%20cold,%20no%20heat%20generated%20%20%20Network%20World_files/a_002.htm HTTP/1.1" 200 108
5.9.32.222 - - [24/Apr/2020:13:08:11 -0400] "GET /depository//////////newest_tech/Computers%20could%20soon%20run%20cold,%20no%20heat%20generated%20%20%20Network%20World_files/a_003.htm HTTP/1.1" 200 108
37.115.194.222 - - [24/Apr/2020:13:08:16 -0400] "GET /10/2014.htm HTTP/1.0" 200 232322
5.9.32.222 - - [24/Apr/2020:13:08:44 -0400] "GET /depository//////////newest_tech/Computers%20could%20soon%20run%20cold,%20no%20heat%20generated%20%20%20Network%20World_files/a_004.htm HTTP/1.1" 200 108
46.229.168.131 - - [24/Apr/2020:13:08:46 -0400] "GET /depository/security/APT/Traces%20of%20Regin%20malware%20may%20date%20back%20to%202006%20%20%20ITworld_files/7r8gQb8MIqE.htm HTTP/1.1" 200 27708
91.205.189.129 - - [24/Apr/2020:13:08:47 -0400] "GET /10/ascii.htm HTTP/1.1" 200 36979
121.32.151.178 - - [24/Apr/2020:13:08:55 -0400] "POST /cgi-bin/mainfunction.cgi HTTP/1.1" 404 222
66.249.64.50 - - [24/Apr/2020:13:09:00 -0400] "GET /depository/backup/Why%20disk%20beat%20tape%20in%20the%20backup%20wars%20_%20Network%20World_files/elqCfg.js.%C1%E5%E7%20%ED%E0%E7%E2%E0%ED%E8%FF HTTP/1.1" 200 2489
5.9.32.222 - - [24/Apr/2020:13:09:06 -0400] "GET /depository//////////newest_tech/Computers%20could%20soon%20run%20cold,%20no%20heat%20generated%20%20%20Network%20World_files/a_005.htm HTTP/1.1" 200 108
213.180.203.118 - - [24/Apr/2020:13:09:32 -0400] "GET /depository/forecasts/11_predictions_for_enterprise_software_in_2013.mht HTTP/1.1" 200 802416
5.9.32.222 - - [24/Apr/2020:13:09:44 -0400] "GET /depository//////////newest_tech/Computers%20could%20soon%20run%20cold,%20no%20heat%20generated%20%20%20Network%20World_files/a_006.htm HTTP/1.1" 200 108
213.180.203.118 - - [24/Apr/2020:13:10:02 -0400] "GET /depository/p2p/Monitoring_P2P_activity_by_tracking_corporate_IP_addresses.mht HTTP/1.1" 200 696195
176.59.149.234 - - [24/Apr/2020:13:10:04 -0400] "GET /3/optic_32.htm HTTP/1.1" 200 48761
46.242.9.136 - - [24/Apr/2020:13:10:04 -0400] "GET /4/44/rut_4411.htm HTTP/1.1" 200 50775
5.9.32.222 - - [24/Apr/2020:13:10:23 -0400] "GET /depository//////////newest_tech/Computers%20could%20soon%20run%20cold,%20no%20heat%20generated%20%20%20Network%20World_files/anchor.htm HTTP/1.1" 200 28805
5.9.32.222 - - [24/Apr/2020:13:10:28 -0400] "GET /depository//////////newest_tech/Computers%20could%20soon%20run%20cold,%20no%20heat%20generated%20%20%20Network%20World_files/anchor_data/ HTTP/1.1" 200 675
5.9.32.222 - - [24/Apr/2020:13:10:31 -0400] "GET /depository//////////newest_tech/Computers%20could%20soon%20run%20cold,%20no%20heat%20generated%20%20%20Network%20World_files/arj.json HTTP/1.1" 200 191
5.9.32.222 - - [24/Apr/2020:13:10:38 -0400] "GET /depository//////////newest_tech/Computers%20could%20soon%20run%20cold,%20no%20heat%20generated%20%20%20Network%20World_files/arj_002.json HTTP/1.1" 200 190
5.9.32.222 - - [24/Apr/2020:13:10:42 -0400] "GET /depository//////////newest_tech/Computers%20could%20soon%20run%20cold,%20no%20heat%20generated%20%20%20Network%20World_files/bframe.htm HTTP/1.1" 200 7718
213.156.205.201 - - [24/Apr/2020:13:10:43 -0400] "GET /4/44/dns_4412.htm HTTP/1.1" 200 49805
213.156.205.201 - - [24/Apr/2020:13:10:43 -0400] "GET /4/44/btp_4410.htm HTTP/1.1" 200 11341
213.156.205.201 - - [24/Apr/2020:13:10:43 -0400] "GET /4/4/dhcp.htm HTTP/1.1" 200 105914
5.9.32.222 - - [24/Apr/2020:13:10:44 -0400] "GET /depository//////////newest_tech/Computers%20could%20soon%20run%20cold,%20no%20heat%20generated%20%20%20Network%20World_files/bframe_data/ HTTP/1.1" 200 613
176.117.2.128 - - [24/Apr/2020:13:10:45 -0400] "GET /10/ascii.htm HTTP/1.1" 200 36979
106.210.14.109 - - [24/Apr/2020:13:10:45 -0400] "GET /3/serial/ HTTP/1.1" 200 264
46.229.168.143 - - [24/Apr/2020:13:10:48 -0400] "GET /depository/analytics/IBM%20promises%20a%20one-stop%20analytics%20shop%20with%20AI-powered%20big%20data%20platform%20_%20Computerworld_files/ibm-promises-a-one-stop-analytics-shop-with-ai-powered-big-d_005/ HTTP/1.1" 200 744
46.229.168.129 - - [24/Apr/2020:13:10:52 -0400] "GET /2/28/corec_28.htm HTTP/1.1" 200 46718
5.9.32.222 - - [24/Apr/2020:13:10:55 -0400] "GET /depository//////////newest_tech/Computers%20could%20soon%20run%20cold,%20no%20heat%20generated%20%20%20Network%20World_files/callbackcc_auds HTTP/1.1" 200 964
5.9.32.222 - - [24/Apr/2020:13:10:57 -0400] "GET /depository//////////newest_tech/Computers%20could%20soon%20run%20cold,%20no%20heat%20generated%20%20%20Network%20World_files/computers-could-soon-run-cold-no-heat-generated.htm HTTP/1.1" 200 594
5.9.32.222 - - [24/Apr/2020:13:11:02 -0400] "GET /depository//////////newest_tech/Computers%20could%20soon%20run%20cold,%20no%20heat%20generated%20%20%20Network%20World_files/computers-could-soon-run-cold-no-heat-generated_002.htm HTTP/1.1" 200 438
5.9.32.222 - - [24/Apr/2020:13:11:06 -0400] "GET /depository//////////newest_tech/Computers%20could%20soon%20run%20cold,%20no%20heat%20generated%20%20%20Network%20World_files/computers-could-soon-run-cold-no-heat-generated_003.htm HTTP/1.1" 200 57801
5.9.32.222 - - [24/Apr/2020:13:11:22 -0400] "GET /depository//////////newest_tech/Computers%20could%20soon%20run%20cold,%20no%20heat%20generated%20%20%20Network%20World_files/computers-could-soon-run-cold-no-heat-generated_004.htm HTTP/1.1" 200 7483
5.9.32.222 - - [24/Apr/2020:13:11:24 -0400] "GET /depository//////////newest_tech/Computers%20could%20soon%20run%20cold,%20no%20heat%20generated%20%20%20Network%20World_files/computers-could-soon-run-cold-no-heat-generated_005.htm HTTP/1.1" 200 571607
5.9.32.222 - - [24/Apr/2020:13:11:32 -0400] "GET /depository//////////newest_tech/Computers%20could%20soon%20run%20cold,%20no%20heat%20generated%20%20%20Network%20World_files/computers-could-soon-run-cold-no-heat-generated_006.htm HTTP/1.1" 200 54219
5.9.32.222 - - [24/Apr/2020:13:11:34 -0400] "GET /depository//////////newest_tech/Computers%20could%20soon%20run%20cold,%20no%20heat%20generated%20%20%20Network%20World_files/computers-could-soon-run-cold-no-heat-generated_007.htm HTTP/1.1" 200 380
5.9.32.222 - - [24/Apr/2020:13:11:39 -0400] "GET /depository//////////newest_tech/Computers%20could%20soon%20run%20cold,%20no%20heat%20generated%20%20%20Network%20World_files/computers-could-soon-run-cold-no-heat-generated_008.htm HTTP/1.1" 200 45284
5.9.32.222 - - [24/Apr/2020:13:11:42 -0400] "GET /depository//////////newest_tech/Computers%20could%20soon%20run%20cold,%20no%20heat%20generated%20%20%20Network%20World_files/computers-could-soon-run-cold-no-heat-generated_009.htm HTTP/1.1" 200 380
213.180.203.118 - - [24/Apr/2020:13:11:55 -0400] "GET /depository/wan/WAN%20aggregation,%20SDN%20the%20best%20next%20steps%20for%20network%20optimization_files/saved_resource(1) HTTP/1.1" 200 85
66.249.64.50 - - [24/Apr/2020:13:12:06 -0400] "GET /BurstingPipe/BurstingDataCapturePipe.asp HTTP/1.1" 404 238
5.9.32.222 - - [24/Apr/2020:13:12:16 -0400] "GET /depository//////////newest_tech/Computers%20could%20soon%20run%20cold,%20no%20heat%20generated%20%20%20Network%20World_files/computers-could-soon-run-cold-no-heat-generated_010.htm HTTP/1.1" 200 10025
54.36.148.156 - - [24/Apr/2020:13:12:18 -0400] "GET /4/44/bgp44114.htm HTTP/1.1" 200 38044
5.9.32.222 - - [24/Apr/2020:13:12:19 -0400] "GET /depository//////////newest_tech/Computers%20could%20soon%20run%20cold,%20no%20heat%20generated%20%20%20Network%20World_files/computers-could-soon-run-cold-no-heat-generated_011.htm HTTP/1.1" 200 6320
5.9.32.222 - - [24/Apr/2020:13:12:22 -0400] "GET /depository//////////newest_tech/Computers%20could%20soon%20run%20cold,%20no%20heat%20generated%20%20%20Network%20World_files/computers-could-soon-run-cold-no-heat-generated_data/ HTTP/1.1" 200 963
5.9.32.222 - - [24/Apr/2020:13:12:24 -0400] "GET /depository//////////newest_tech/Computers%20could%20soon%20run%20cold,%20no%20heat%20generated%20%20%20Network%20World_files/computers-could-soon-run-cold-no-heat-generated_data_002/ HTTP/1.1" 200 695
45.139.48.21 - - [24/Apr/2020:13:12:25 -0400] "GET /depository/terabit/400GbE_Terabit_Ethernet.mht HTTP/1.0" 200 876822
5.9.32.222 - - [24/Apr/2020:13:12:26 -0400] "GET /depository//////////newest_tech/Computers%20could%20soon%20run%20cold,%20no%20heat%20generated%20%20%20Network%20World_files/computers-could-soon-run-cold-no-heat-generated_data_003/ HTTP/1.1" 200 817
45.139.48.21 - - [24/Apr/2020:13:12:26 -0400] "POST /depository/terabit/400GbE_Terabit_Ethernet.mht HTTP/1.0" 200 876822
148.70.8.222 - - [24/Apr/2020:13:12:55 -0400] "GET /TP/public/index.php HTTP/1.1" 404 217
148.70.8.222 - - [24/Apr/2020:13:12:55 -0400] "GET /TP/index.php HTTP/1.1" 404 210
148.70.8.222 - - [24/Apr/2020:13:12:56 -0400] "GET /thinkphp/html/public/index.php HTTP/1.1" 404 228
148.70.8.222 - - [24/Apr/2020:13:12:57 -0400] "GET /public/index.php HTTP/1.1" 404 214
148.70.8.222 - - [24/Apr/2020:13:12:57 -0400] "GET /html/public/index.php HTTP/1.1" 404 219
5.9.32.222 - - [24/Apr/2020:13:12:59 -0400] "GET /depository//////////newest_tech/Computers%20could%20soon%20run%20cold,%20no%20heat%20generated%20%20%20Network%20World_files/computers-could-soon-run-cold-no-heat-generated_data_004/ HTTP/1.1" 200 1171
148.70.8.222 - - [24/Apr/2020:13:12:59 -0400] "GET /elrekt.php HTTP/1.1" 404 208
148.70.8.222 - - [24/Apr/2020:13:12:59 -0400] "GET /TP/html/public/index.php HTTP/1.1" 404 222
148.70.8.222 - - [24/Apr/2020:13:13:01 -0400] "GET /index.php HTTP/1.1" 404 207
46.229.168.162 - - [24/Apr/2020:13:13:01 -0400] "GET /depository/quant_comp/D-Wave's%202000Q%20variant%20reduces%20noise%20for%20cloud-based%20quantum%20computing%20-%20TechRepublic_files/vglnk.htm HTTP/1.1" 200 53167
5.9.32.222 - - [24/Apr/2020:13:13:02 -0400] "GET /depository//////////newest_tech/Computers%20could%20soon%20run%20cold,%20no%20heat%20generated%20%20%20Network%20World_files/computers-could-soon-run-cold-no-heat-generated_data_005/ HTTP/1.1" 200 687
5.9.32.222 - - [24/Apr/2020:13:13:05 -0400] "GET /depository//////////newest_tech/Computers%20could%20soon%20run%20cold,%20no%20heat%20generated%20%20%20Network%20World_files/computers-could-soon-run-cold-no-heat-generated_data_006/ HTTP/1.1" 200 687
5.9.32.222 - - [24/Apr/2020:13:13:15 -0400] "GET /depository//////////newest_tech/Computers%20could%20soon%20run%20cold,%20no%20heat%20generated%20%20%20Network%20World_files/computers-could-soon-run-cold-no-heat-generated_data_007/ HTTP/1.1" 200 685
5.9.32.222 - - [24/Apr/2020:13:13:48 -0400] "GET /depository//////////newest_tech/Computers%20could%20soon%20run%20cold,%20no%20heat%20generated%20%20%20Network%20World_files/computers-could-soon-run-cold-no-heat-generated_data_008/ HTTP/1.1" 200 1027
5.9.32.222 - - [24/Apr/2020:13:13:52 -0400] "GET /depository//////////newest_tech/Computers%20could%20soon%20run%20cold,%20no%20heat%20generated%20%20%20Network%20World_files/computers-could-soon-run-cold-no-heat-generated_data_009/ HTTP/1.1" 200 685
78.37.18.35 - - [24/Apr/2020:13:13:54 -0400] "GET /4/43/wan_43.htm HTTP/1.1" 200 7212
17.58.97.137 - - [24/Apr/2020:13:14:05 -0400] "GET /10/abbr/e.htm HTTP/1.1" 200 55570
40.77.167.138 - - [24/Apr/2020:13:14:09 -0400] "GET /6/n_s_p_k.htm HTTP/1.1" 200 18308
193.203.125.222 - - [24/Apr/2020:13:14:13 -0400] "GET /3/optic_32.htm HTTP/1.1" 200 48761
31.13.144.46 - - [24/Apr/2020:13:14:14 -0400] "GET /10/ascii.htm HTTP/1.1" 200 36979
213.180.203.118 - - [24/Apr/2020:13:14:26 -0400] "GET /depository/rfcs/2400/rfc2496.txt HTTP/1.1" 200 127614
213.180.203.118 - - [24/Apr/2020:13:14:44 -0400] "GET /depository/rfcs/8500/rfc8589.txt HTTP/1.1" 200 18685
188.244.32.141 - - [24/Apr/2020:13:14:48 -0400] "GET /10/ascii.htm HTTP/1.1" 200 36979
176.59.103.99 - - [24/Apr/2020:13:15:15 -0400] "GET /10/ascii.htm HTTP/1.1" 200 36979
207.46.13.74 - - [24/Apr/2020:13:15:15 -0400] "GET /10/grap1021.htm HTTP/1.1" 200 14883
46.53.252.54 - - [24/Apr/2020:13:15:20 -0400] "GET /10/ascii.htm HTTP/1.1" 200 36979
54.36.150.62 - - [24/Apr/2020:13:15:26 -0400] "GET /depository/super_comp/Supercomputing%20is%20becoming%20super-efficient,%20Top500%20list%20shows%20_%20ITworld_files/third-party-iframes_data/liveramp_data/liveramp.js HTTP/1.1" 200 615
5.9.32.222 - - [24/Apr/2020:13:15:36 -0400] "GET /depository//////////newest_tech/Computers%20could%20soon%20run%20cold,%20no%20heat%20generated%20%20%20Network%20World_files/computers-could-soon-run-cold-no-heat-generated_data_010/ HTTP/1.1" 200 1417
5.9.32.222 - - [24/Apr/2020:13:15:39 -0400] "GET /depository//////////newest_tech/Computers%20could%20soon%20run%20cold,%20no%20heat%20generated%20%20%20Network%20World_files/computers-could-soon-run-cold-no-heat-generated_data_011/ HTTP/1.1" 200 1371
213.180.203.118 - - [24/Apr/2020:13:15:41 -0400] "GET /4/44/icmp_444.htm HTTP/1.1" 200 22694
5.9.32.222 - - [24/Apr/2020:13:15:42 -0400] "GET /depository//////////newest_tech/Computers%20could%20soon%20run%20cold,%20no%20heat%20generated%20%20%20Network%20World_files/dqv0ur5V4Cs-sdDE9H9bsP3WgC1LlBx8HZFjFi_JvbuKw3CM9LpqFxmZt5HhSWsA HTTP/1.1" 200 81768
5.9.32.222 - - [24/Apr/2020:13:15:50 -0400] "GET /depository//////////newest_tech/Computers%20could%20soon%20run%20cold,%20no%20heat%20generated%20%20%20Network%20World_files/front.asp HTTP/1.1" 200 2214
5.9.32.222 - - [24/Apr/2020:13:15:53 -0400] "GET /depository//////////newest_tech/Computers%20could%20soon%20run%20cold,%20no%20heat%20generated%20%20%20Network%20World_files/get HTTP/1.1" 200 29757
92.47.43.19 - - [24/Apr/2020:13:16:10 -0400] "GET /4/4/mime.htm HTTP/1.1" 200 218948
94.244.132.32 - - [24/Apr/2020:13:16:27 -0400] "GET /10/ascii.htm HTTP/1.1" 200 36979
213.180.203.118 - - [24/Apr/2020:13:16:32 -0400] "GET /depository/comp_sci_edu/The%20IT%20skills%20crisis%20-%20UK%20Computer%20Science%20Education%20in%20the%2021st%20century%20%96%20Restoring%20Turing%92s%20Legacy.mht HTTP/1.1" 200 1155037
213.180.203.118 - - [24/Apr/2020:13:17:17 -0400] "GET /depository/rfcs/8500/rfc8563.txt HTTP/1.1" 200 43917
178.154.200.190 - - [24/Apr/2020:13:17:18 -0400] "GET /depository/rfcs/8500/rfc8560.txt HTTP/1.1" 200 34654
5.9.32.222 - - [24/Apr/2020:13:17:22 -0400] "GET /depository//////////newest_tech/Computers%20could%20soon%20run%20cold,%20no%20heat%20generated%20%20%20Network%20World_files/iframe.htm HTTP/1.1" 200 232
213.180.203.118 - - [24/Apr/2020:13:17:30 -0400] "GET /depository/rfc-index.txt.2 HTTP/1.1" 200 1736048
54.36.148.72 - - [24/Apr/2020:13:18:03 -0400] "GET /4/4/dhcp.htm HTTP/1.1" 200 105914
212.112.96.6 - - [24/Apr/2020:13:18:51 -0400] "GET /4/41/eth_4111.htm HTTP/1.1" 200 34903
213.180.203.118 - - [24/Apr/2020:13:18:58 -0400] "GET /depository/rfcs/6300/rfc6348.txt HTTP/1.1" 200 38902
5.9.32.222 - - [24/Apr/2020:13:19:02 -0400] "GET /depository//////////newest_tech/Computers%20could%20soon%20run%20cold,%20no%20heat%20generated%20%20%20Network%20World_files/init HTTP/1.1" 200 144
5.9.32.222 - - [24/Apr/2020:13:19:14 -0400] "GET /depository//////////newest_tech/Computers%20could%20soon%20run%20cold,%20no%20heat%20generated%20%20%20Network%20World_files/init_002 HTTP/1.1" 200 144
5.9.32.222 - - [24/Apr/2020:13:19:16 -0400] "GET /depository//////////newest_tech/Computers%20could%20soon%20run%20cold,%20no%20heat%20generated%20%20%20Network%20World_files/obUserSync.htm HTTP/1.1" 200 7431
5.9.32.222 - - [24/Apr/2020:13:19:21 -0400] "GET /depository//////////newest_tech/Computers%20could%20soon%20run%20cold,%20no%20heat%20generated%20%20%20Network%20World_files/portal.htm HTTP/1.1" 200 1516
188.213.49.210 - - [24/Apr/2020:13:19:23 -0400] "GET /wp-login.php HTTP/1.1" 404 210
94.73.252.53 - - [24/Apr/2020:13:19:27 -0400] "GET /4/44/ip_441.htm HTTP/1.1" 200 35968
46.229.168.153 - - [24/Apr/2020:13:19:36 -0400] "GET /depository/robotics/The%20next%20big%20job%20in%20tech%20%20Robot%20programmer%20-%20TechRepublic_files/a_023.htm HTTP/1.1" 200 17318
5.9.32.222 - - [24/Apr/2020:13:19:42 -0400] "GET /depository//////////newest_tech/Computers%20could%20soon%20run%20cold,%20no%20heat%20generated%20%20%20Network%20World_files/serving HTTP/1.1" 200 160
176.213.55.37 - - [24/Apr/2020:13:19:43 -0400] "GET /10/ascii.htm HTTP/1.1" 200 36979
5.9.32.222 - - [24/Apr/2020:13:20:09 -0400] "GET /depository//////////newest_tech/Computers%20could%20soon%20run%20cold,%20no%20heat%20generated%20%20%20Network%20World_files/sjtW6kOM4sq1fOUUL_cquPj5VrpIj7k7FwzhpvST7sBuYMQ6Dt0ILuKPD7mvQEo4 HTTP/1.1" 200 177674
5.9.32.222 - - [24/Apr/2020:13:20:22 -0400] "GET /depository//////////newest_tech/Computers%20could%20soon%20run%20cold,%20no%20heat%20generated%20%20%20Network%20World_files/sponsored-links.htm HTTP/1.1" 200 6336
46.229.168.154 - - [24/Apr/2020:13:20:30 -0400] "GET /depository/3D-print/This%20is%20the%20first%203D-printed%20drug%20to%20win%20FDA%20approval%20_%20Computerworld_files/ads.html HTTP/1.1" 200 133725
5.9.32.222 - - [24/Apr/2020:13:20:41 -0400] "GET /depository//////////newest_tech/Computers%20could%20soon%20run%20cold,%20no%20heat%20generated%20%20%20Network%20World_files/svrGP.aspx HTTP/1.1" 200 79
5.9.32.222 - - [24/Apr/2020:13:20:45 -0400] "GET /depository//////////newest_tech/Computers%20could%20soon%20run%20cold,%20no%20heat%20generated%20%20%20Network%20World_files/svrGP.htm HTTP/1.1" 200 130
114.119.163.55 - - [24/Apr/2020:13:20:58 -0400] "GET /depository/quant_comp/quant_comp/10%20hot%20quantum-computing%20startups%20to%20watch%20%20%20Network%20World_files/api_002.js HTTP/1.1" 200 4760
5.9.32.222 - - [24/Apr/2020:13:21:05 -0400] "GET /depository//////////newest_tech/Computers%20could%20soon%20run%20cold,%20no%20heat%20generated%20%20%20Network%20World_files/t HTTP/1.1" 200 1582
5.9.32.222 - - [24/Apr/2020:13:21:08 -0400] "GET /depository//////////newest_tech/Computers%20could%20soon%20run%20cold,%20no%20heat%20generated%20%20%20Network%20World_files/tag.aspx HTTP/1.1" 200 26140
213.180.203.118 - - [24/Apr/2020:13:21:08 -0400] "GET /depository/rfcs/8500/rfc8532.txt HTTP/1.1" 200 107655
46.165.60.86 - - [24/Apr/2020:13:21:14 -0400] "GET /3/optic_32.htm HTTP/1.1" 200 48761
66.249.64.50 - - [24/Apr/2020:13:21:34 -0400] "GET /depository/rfcs/6200/rfc6201.txt HTTP/1.1" 200 34695
5.9.32.222 - - [24/Apr/2020:13:21:42 -0400] "GET /depository//////////newest_tech/Computers%20could%20soon%20run%20cold,%20no%20heat%20generated%20%20%20Network%20World_files/third-party-iframes.htm HTTP/1.1" 200 1046
5.9.32.222 - - [24/Apr/2020:13:21:45 -0400] "GET /depository//////////newest_tech/Computers%20could%20soon%20run%20cold,%20no%20heat%20generated%20%20%20Network%20World_files/third-party-iframes_data/ HTTP/1.1" 200 1121
5.9.32.222 - - [24/Apr/2020:13:21:47 -0400] "GET /depository//////////newest_tech/Computers%20could%20soon%20run%20cold,%20no%20heat%20generated%20%20%20Network%20World_files/u HTTP/1.1" 200 13
110.229.220.36 - - [24/Apr/2020:13:21:53 -0400] "GET /index.php?s=Home/%5Cthink%5Capp/invokefunction&function=call_user_func_array&vars%5B0%5D=phpinfo&vars%5B1%5D%5B%5D=1 HTTP/1.1" 404 207
5.9.32.222 - - [24/Apr/2020:13:21:53 -0400] "GET /depository//////////newest_tech/Computers%20could%20soon%20run%20cold,%20no%20heat%20generated%20%20%20Network%20World_files/widgetGlobalEvent.json HTTP/1.1" 200 4
84.255.187.6 - - [24/Apr/2020:13:21:56 -0400] "GET /depository/fib_chan/fcoe-bchb32-33110.pdf HTTP/1.1" 200 602869
110.229.220.36 - - [24/Apr/2020:13:21:56 -0400] "GET /index.php?s=index/%5Cthink%5Capp/invokefunction&function=call_user_func_array&vars%5B0%5D=phpinfo&vars%5B1%5D%5B%5D=1 HTTP/1.1" 404 207
138.68.65.168 - - [24/Apr/2020:13:21:56 -0400] "GET /depository/fib_chan/fcoe-bchb32-33110.pdf HTTP/1.1" 200 602869
5.9.32.222 - - [24/Apr/2020:13:21:57 -0400] "GET /depository//////////newest_tech/Computers%20could%20soon%20run%20cold,%20no%20heat%20generated%20%20%20Network%20World_files/widgetGlobalEvent_002.json HTTP/1.1" 200 4
84.255.187.6 - - [24/Apr/2020:13:21:57 -0400] "GET /depository/fib_chan/fcoe-bchb32-33110.pdf HTTP/1.1" 206 13045
84.255.187.6 - - [24/Apr/2020:13:21:57 -0400] "GET /depository/fib_chan/fcoe-bchb32-33110.pdf HTTP/1.1" 206 65536
5.9.32.222 - - [24/Apr/2020:13:21:59 -0400] "GET /depository//////////newest_tech/Computers%20could%20soon%20run%20cold,%20no%20heat%20generated%20%20%20Network%20World_files/widgetGlobalEvent_003.json HTTP/1.1" 200 4
5.9.32.222 - - [24/Apr/2020:13:22:01 -0400] "GET /depository//////////newest_tech/Computers%20could%20soon%20run%20cold,%20no%20heat%20generated%20%20%20Network%20World_files/widgetGlobalEvent_004.json HTTP/1.1" 200 4
5.9.32.222 - - [24/Apr/2020:13:22:03 -0400] "GET /depository//////////newest_tech/Computers%20could%20soon%20run%20cold,%20no%20heat%20generated%20%20%20Network%20World_files/widgetGlobalEvent_005.json HTTP/1.1" 200 4
5.9.32.222 - - [24/Apr/2020:13:22:07 -0400] "GET /depository//////////newest_tech/Computers%20could%20soon%20run%20cold,%20no%20heat%20generated%20%20%20Network%20World_files/widgetGlobalEvent_006.json HTTP/1.1" 200 4
91.193.177.213 - - [24/Apr/2020:13:22:09 -0400] "GET /4/7/parallel.htm HTTP/1.1" 200 18192
5.9.32.222 - - [24/Apr/2020:13:22:10 -0400] "GET /depository//////////newest_tech/Computers%20could%20soon%20run%20cold,%20no%20heat%20generated%20%20%20Network%20World_files/widgetGlobalEvent_007.json HTTP/1.1" 200 4
77.47.199.186 - - [24/Apr/2020:13:22:11 -0400] "GET /2/21/trans_21.htm HTTP/1.1" 200 25778
5.9.32.222 - - [24/Apr/2020:13:22:12 -0400] "GET /depository//////////newest_tech/Computers%20could%20soon%20run%20cold,%20no%20heat%20generated%20%20%20Network%20World_files/widgetGlobalEvent_008.json HTTP/1.1" 200 4
5.9.32.222 - - [24/Apr/2020:13:22:20 -0400] "GET /depository//////////newest_tech/Computers%20could%20soon%20run%20cold,%20no%20heat%20generated%20%20%20Network%20World_files/widgetGlobalEvent_009.json HTTP/1.1" 200 4
5.9.32.222 - - [24/Apr/2020:13:22:23 -0400] "GET /depository//////////newest_tech/Computers%20could%20soon%20run%20cold,%20no%20heat%20generated%20%20%20Network%20World_files/widgetGlobalEvent_010.json HTTP/1.1" 200 4
5.9.32.222 - - [24/Apr/2020:13:22:29 -0400] "GET /depository//////////newest_tech/Computers%20could%20soon%20run%20cold,%20no%20heat%20generated%20%20%20Network%20World_files/widgetGlobalEvent_011.json HTTP/1.1" 200 4
5.9.32.222 - - [24/Apr/2020:13:22:31 -0400] "GET /depository//////////newest_tech/Computers%20could%20soon%20run%20cold,%20no%20heat%20generated%20%20%20Network%20World_files/widgetGlobalEvent_012.json HTTP/1.1" 200 4
5.9.32.222 - - [24/Apr/2020:13:22:35 -0400] "GET /depository//////////newest_tech/Computers%20could%20soon%20run%20cold,%20no%20heat%20generated%20%20%20Network%20World_files/widgetGlobalEvent_013.json HTTP/1.1" 200 4
213.180.203.118 - - [24/Apr/2020:13:22:36 -0400] "GET /depository/rfc_4300.htm HTTP/1.1" 200 14996
5.9.32.222 - - [24/Apr/2020:13:22:37 -0400] "GET /depository//////////newest_tech/Computers%20could%20soon%20run%20cold,%20no%20heat%20generated%20%20%20Network%20World_files/widgetGlobalEvent_014.json HTTP/1.1" 200 4
5.9.32.222 - - [24/Apr/2020:13:22:40 -0400] "GET /depository//////////newest_tech/Computers%20could%20soon%20run%20cold,%20no%20heat%20generated%20%20%20Network%20World_files/widgetGlobalEvent_015.json HTTP/1.1" 200 4
5.9.32.222 - - [24/Apr/2020:13:22:42 -0400] "GET /depository//////////newest_tech/Computers%20could%20soon%20run%20cold,%20no%20heat%20generated%20%20%20Network%20World_files/widgetGlobalEvent_016.json HTTP/1.1" 200 4
5.9.32.222 - - [24/Apr/2020:13:22:45 -0400] "GET /depository//////////newest_tech/Computers%20could%20soon%20run%20cold,%20no%20heat%20generated%20%20%20Network%20World_files/widgetGlobalEvent_017.json HTTP/1.1" 200 4
213.180.203.118 - - [24/Apr/2020:13:22:45 -0400] "GET /4/7/parallel.htm HTTP/1.1" 200 18192
5.9.32.222 - - [24/Apr/2020:13:22:47 -0400] "GET /depository//////////newest_tech/Computers%20could%20soon%20run%20cold,%20no%20heat%20generated%20%20%20Network%20World_files/widgetGlobalEvent_018.json HTTP/1.1" 200 4
5.9.32.222 - - [24/Apr/2020:13:22:52 -0400] "GET /depository//////////newest_tech/Computers%20could%20soon%20run%20cold,%20no%20heat%20generated%20%20%20Network%20World_files/widgetGlobalEvent_019.json HTTP/1.1" 200 4
5.9.32.222 - - [24/Apr/2020:13:22:55 -0400] "GET /depository//////////newest_tech/Computers%20could%20soon%20run%20cold,%20no%20heat%20generated%20%20%20Network%20World_files/widgetGlobalEvent_020.json HTTP/1.1" 200 4
5.9.32.222 - - [24/Apr/2020:13:22:58 -0400] "GET /depository//////////newest_tech/Computers%20could%20soon%20run%20cold,%20no%20heat%20generated%20%20%20Network%20World_files/widgetGlobalEvent_021.json HTTP/1.1" 200 4
213.180.203.118 - - [24/Apr/2020:13:23:01 -0400] "GET /depository/usb/Intel_on_speed_improve_for_Thunderbolt.mht HTTP/1.1" 200 1043608
217.66.145.46 - - [24/Apr/2020:13:23:04 -0400] "GET /4/44/rut_4411.htm HTTP/1.1" 200 50775
213.180.203.118 - - [24/Apr/2020:13:23:12 -0400] "GET /depository/rfcs/800/RFC872.TXT HTTP/1.1" 200 22994
5.9.32.222 - - [24/Apr/2020:13:23:37 -0400] "GET /depository//////////newest_tech/Computing%20should%20be%20based%20on%20light,%20not%20electricity,%20scientists%20say%20_%20Network%20World_files/WMVM8Q3R.htm HTTP/1.1" 200 77570
5.9.32.222 - - [24/Apr/2020:13:23:45 -0400] "GET /depository//////////newest_tech/Computing%20should%20be%20based%20on%20light,%20not%20electricity,%20scientists%20say%20_%20Network%20World_files/a HTTP/1.1" 200 66
5.9.32.222 - - [24/Apr/2020:13:23:47 -0400] "GET /depository//////////newest_tech/Computing%20should%20be%20based%20on%20light,%20not%20electricity,%20scientists%20say%20_%20Network%20World_files/a.htm HTTP/1.1" 200 108
5.9.32.222 - - [24/Apr/2020:13:23:48 -0400] "GET /depository//////////newest_tech/Computing%20should%20be%20based%20on%20light,%20not%20electricity,%20scientists%20say%20_%20Network%20World_files/a.xhtml HTTP/1.1" 200 36650
5.9.32.222 - - [24/Apr/2020:13:23:51 -0400] "GET /depository//////////newest_tech/Computing%20should%20be%20based%20on%20light,%20not%20electricity,%20scientists%20say%20_%20Network%20World_files/a_002.htm HTTP/1.1" 200 108
5.9.32.222 - - [24/Apr/2020:13:23:53 -0400] "GET /depository//////////newest_tech/Computing%20should%20be%20based%20on%20light,%20not%20electricity,%20scientists%20say%20_%20Network%20World_files/a_003.htm HTTP/1.1" 200 108
213.180.203.118 - - [24/Apr/2020:13:24:24 -0400] "GET /depository/cyberwar/Israeli_start-up_working_with_GE_out_to_detect_Stuxnet-like_attacks.mht HTTP/1.1" 200 2445651
5.9.32.222 - - [24/Apr/2020:13:24:26 -0400] "GET /depository//////////newest_tech/Computing%20should%20be%20based%20on%20light,%20not%20electricity,%20scientists%20say%20_%20Network%20World_files/a_004.htm HTTP/1.1" 200 108
5.9.32.222 - - [24/Apr/2020:13:24:41 -0400] "GET /depository//////////newest_tech/Computing%20should%20be%20based%20on%20light,%20not%20electricity,%20scientists%20say%20_%20Network%20World_files/a_005.htm HTTP/1.1" 200 108
194.44.177.146 - - [24/Apr/2020:13:24:56 -0400] "GET /10/ascii.htm HTTP/1.1" 200 36979
213.180.203.118 - - [24/Apr/2020:13:25:10 -0400] "GET /depository/rfcs/2000/rfc2067.txt HTTP/1.1" 200 68385
178.154.200.190 - - [24/Apr/2020:13:25:11 -0400] "GET /depository/rfcs/2400/rfc2461.txt HTTP/1.1" 200 227727
5.9.32.222 - - [24/Apr/2020:13:25:22 -0400] "GET /depository//////////newest_tech/Computing%20should%20be%20based%20on%20light,%20not%20electricity,%20scientists%20say%20_%20Network%20World_files/a_006.htm HTTP/1.1" 200 108
5.9.32.222 - - [24/Apr/2020:13:25:25 -0400] "GET /depository//////////newest_tech/Computing%20should%20be%20based%20on%20light,%20not%20electricity,%20scientists%20say%20_%20Network%20World_files/a_007.htm HTTP/1.1" 200 108
114.119.163.92 - - [24/Apr/2020:13:25:26 -0400] "GET /depository/security/trends/Endpoint%20security%20trends%20for%202015%20%20What%20can%20we%20expect%20%20%20%20ITworld_files/global.js HTTP/1.1" 200 17658
213.180.203.118 - - [24/Apr/2020:13:25:30 -0400] "GET /10/html1019.htm HTTP/1.1" 200 176411
141.154.115.103 - - [24/Apr/2020:13:25:46 -0400] "GET /depository/iot/ HTTP/1.1" 200 15075
217.66.145.46 - - [24/Apr/2020:13:26:04 -0400] "GET /4/44/rut_4411.htm HTTP/1.1" 200 50775
213.180.203.118 - - [24/Apr/2020:13:26:08 -0400] "GET /4/44/nd/ipv6_ndet2.cdr HTTP/1.1" 200 16874
5.9.32.222 - - [24/Apr/2020:13:26:13 -0400] "GET /depository//////////newest_tech/Computing%20should%20be%20based%20on%20light,%20not%20electricity,%20scientists%20say%20_%20Network%20World_files/a_008.htm HTTP/1.1" 200 108
5.9.32.222 - - [24/Apr/2020:13:26:16 -0400] "GET /depository//////////newest_tech/Computing%20should%20be%20based%20on%20light,%20not%20electricity,%20scientists%20say%20_%20Network%20World_files/a_data_008/ HTTP/1.1" 200 674
5.9.32.222 - - [24/Apr/2020:13:26:20 -0400] "GET /depository//////////newest_tech/Computing%20should%20be%20based%20on%20light,%20not%20electricity,%20scientists%20say%20_%20Network%20World_files/ads HTTP/1.1" 200 2109
91.244.183.5 - - [24/Apr/2020:13:26:44 -0400] "GET /10/ascii.htm HTTP/1.1" 200 36979
91.244.183.5 - - [24/Apr/2020:13:26:49 -0400] "GET /10/keys.htm HTTP/1.1" 200 14304
91.244.183.5 - - [24/Apr/2020:13:26:53 -0400] "GET /10/iec8859.htm HTTP/1.1" 200 25943
91.244.183.5 - - [24/Apr/2020:13:26:57 -0400] "GET /10/html1019.htm HTTP/1.1" 200 176411
91.244.183.5 - - [24/Apr/2020:13:27:00 -0400] "GET /10/mat_1020.htm HTTP/1.1" 200 26542
91.244.183.5 - - [24/Apr/2020:13:27:01 -0400] "GET /10/grap1021.htm HTTP/1.1" 200 14883
91.244.183.5 - - [24/Apr/2020:13:27:03 -0400] "GET /10/time1022.htm HTTP/1.1" 200 3267
5.9.32.222 - - [24/Apr/2020:13:27:43 -0400] "GET /depository//////////newest_tech/Computing%20should%20be%20based%20on%20light,%20not%20electricity,%20scientists%20say%20_%20Network%20World_files/ads_002 HTTP/1.1" 200 324
5.9.32.222 - - [24/Apr/2020:13:27:45 -0400] "GET /depository//////////newest_tech/Computing%20should%20be%20based%20on%20light,%20not%20electricity,%20scientists%20say%20_%20Network%20World_files/adsct HTTP/1.1" 200 31
213.180.203.118 - - [24/Apr/2020:13:28:04 -0400] "GET /depository/security/Heartbleed/Protect%20vulnerable%20routers%20from%20the%20wireless%20Heartbleed%20flaw_files/saved_resource(3) HTTP/1.1" 200 43
5.9.32.222 - - [24/Apr/2020:13:28:26 -0400] "GET /depository//////////newest_tech/Computing%20should%20be%20based%20on%20light,%20not%20electricity,%20scientists%20say%20_%20Network%20World_files/adsct_002 HTTP/1.1" 200 31
109.194.78.41 - - [24/Apr/2020:13:28:53 -0400] "GET /10/ascii.htm HTTP/1.1" 200 36979
213.180.203.118 - - [24/Apr/2020:13:28:55 -0400] "GET /depository/rfcs/2400/rfc2458.txt HTTP/1.1" 200 142517
5.9.32.222 - - [24/Apr/2020:13:29:21 -0400] "GET /depository//////////newest_tech/Computing%20should%20be%20based%20on%20light,%20not%20electricity,%20scientists%20say%20_%20Network%20World_files/anchor.htm HTTP/1.1" 200 27649
