5.9.32.222 - - [24/Apr/2020:09:43:27 -0400] "GET /depository//////////iot/Three%20security%20practices%20that%20IoT%20will%20disrupt%20%20%20ITworld_files/secureAnonymousFramework HTTP/1.1" 200 164551
5.9.32.222 - - [24/Apr/2020:09:43:34 -0400] "GET /depository//////////iot/Three%20security%20practices%20that%20IoT%20will%20disrupt%20%20%20ITworld_files/svrGP.aspx HTTP/1.1" 200 49
5.9.32.222 - - [24/Apr/2020:09:43:36 -0400] "GET /depository//////////iot/What%20is%20Internet%20of%20Things%20(IoT)%20-%20Definition%20from%20WhatIs_com.files/CAIN4TT9 HTTP/1.1" 200 9448
5.9.32.222 - - [24/Apr/2020:09:43:38 -0400] "GET /depository//////////iot/What%20is%20Internet%20of%20Things%20(IoT)%20-%20Definition%20from%20WhatIs_com.files/W2xi4Tmu0YA.htm HTTP/1.1" 200 27319
5.9.32.222 - - [24/Apr/2020:09:43:41 -0400] "GET /depository//////////iot/What_is_Internet_of_Things.com_files/1068cf12f6 HTTP/1.1" 200 21
69.30.210.242 - - [24/Apr/2020:09:43:43 -0400] "GET /depository/Firewall/?C=D;O=D HTTP/1.1" 200 1785
158.69.243.138 - - [24/Apr/2020:09:44:02 -0400] "GET /depository/V_real/?C=D;O=A HTTP/1.1" 200 1129
69.30.210.242 - - [24/Apr/2020:09:44:05 -0400] "GET /depository/HDD/?C=M;O=A HTTP/1.1" 200 381
69.30.210.242 - - [24/Apr/2020:09:44:24 -0400] "GET /depository/HDD/?C=M;O=D HTTP/1.1" 200 381
158.69.243.138 - - [24/Apr/2020:09:44:31 -0400] "GET /depository/analytics/8%20big%20trends%20in%20big%20data%20analytics%20_%20Computerworld_files/a.htm HTTP/1.1" 200 1077
213.180.203.118 - - [24/Apr/2020:09:44:36 -0400] "GET /depository/newest_tech/Helium-filled_hard_drives_bump_capacity_to_6TB_Storage.mht HTTP/1.1" 200 726048
69.30.210.242 - - [24/Apr/2020:09:44:50 -0400] "GET /depository/HDD/?C=N;O=A HTTP/1.1" 200 381
158.69.243.138 - - [24/Apr/2020:09:44:51 -0400] "GET /depository/analytics/8%20big%20trends%20in%20big%20data%20analytics%20_%20Computerworld_files/container.htm HTTP/1.1" 200 2311
158.69.243.138 - - [24/Apr/2020:09:45:04 -0400] "GET /depository/analytics/8%20big%20trends%20in%20big%20data%20analytics%20_%20Computerworld_files/elqBlank.htm HTTP/1.1" 200 129
192.99.13.186 - - [24/Apr/2020:09:45:10 -0400] "GET /depository/V_real/?C=D;O=A HTTP/1.1" 200 1129
69.30.210.242 - - [24/Apr/2020:09:45:15 -0400] "GET /depository/HDD/?C=N;O=D HTTP/1.1" 200 381
5.9.32.222 - - [24/Apr/2020:09:45:17 -0400] "GET /depository//////////iot/What_is_Internet_of_Things.com_files/QaTIt1C5R-M.htm HTTP/1.1" 200 27343
5.34.28.140 - - [24/Apr/2020:09:45:23 -0400] "GET /2/28/corec_28.htm HTTP/1.1" 200 46718
158.69.243.138 - - [24/Apr/2020:09:45:25 -0400] "GET /depository/analytics/8%20big%20trends%20in%20big%20data%20analytics%20_%20Computerworld_files/fastbutton.htm HTTP/1.1" 200 30179
69.30.210.242 - - [24/Apr/2020:09:45:42 -0400] "GET /depository/HDD/?C=S;O=A HTTP/1.1" 200 381
158.69.243.138 - - [24/Apr/2020:09:45:44 -0400] "GET /depository/analytics/8%20big%20trends%20in%20big%20data%20analytics%20_%20Computerworld_files/hub_002.htm HTTP/1.1" 200 21148
192.99.13.186 - - [24/Apr/2020:09:45:52 -0400] "GET /depository/analytics/8%20big%20trends%20in%20big%20data%20analytics%20_%20Computerworld_files/a.htm HTTP/1.1" 200 1077
213.180.203.118 - - [24/Apr/2020:09:45:52 -0400] "GET /depository/rfcs/2400/rfc2429.txt HTTP/1.1" 200 44121
213.180.203.118 - - [24/Apr/2020:09:46:00 -0400] "GET /depository/surveys/IDG%20Connect%20%96%20Internet%20more%20valuable%20to%20human%20life%20than%20medicine_files/count.json HTTP/1.1" 200 136
158.69.243.138 - - [24/Apr/2020:09:46:04 -0400] "GET /depository/analytics/8%20big%20trends%20in%20big%20data%20analytics%20_%20Computerworld_files/like.htm HTTP/1.1" 200 19129
69.30.210.242 - - [24/Apr/2020:09:46:10 -0400] "GET /depository/HDD/?C=S;O=D HTTP/1.1" 200 381
192.99.13.186 - - [24/Apr/2020:09:46:13 -0400] "GET /depository/analytics/8%20big%20trends%20in%20big%20data%20analytics%20_%20Computerworld_files/container.htm HTTP/1.1" 200 2311
5.9.32.222 - - [24/Apr/2020:09:46:15 -0400] "GET /depository//////////iot/What_is_Internet_of_Things.com_files/QaTIt1C5R-M_data/ HTTP/1.1" 200 815
5.9.32.222 - - [24/Apr/2020:09:46:18 -0400] "GET /depository//////////iot/What_is_Internet_of_Things.com_files/W2xi4Tmu0YA.htm HTTP/1.1" 200 27072
213.180.203.118 - - [24/Apr/2020:09:46:20 -0400] "GET /depository/rfcs/2400/rfc2479.txt HTTP/1.1" 200 159993
158.69.243.138 - - [24/Apr/2020:09:46:21 -0400] "GET /depository/analytics/8%20big%20trends%20in%20big%20data%20analytics%20_%20Computerworld_files/sso.htm HTTP/1.1" 200 10141
213.180.203.118 - - [24/Apr/2020:09:46:27 -0400] "GET /depository/rfcs/3100/rfc3199.txt HTTP/1.1" 200 47288
69.30.210.242 - - [24/Apr/2020:09:46:30 -0400] "GET /depository/Hadoop/?C=D;O=A HTTP/1.1" 200 799
5.9.32.222 - - [24/Apr/2020:09:46:37 -0400] "GET /depository//////////iot/What_is_Internet_of_Things.com_files/W2xi4Tmu0YA_002.htm HTTP/1.1" 200 27067
213.180.203.118 - - [24/Apr/2020:09:46:42 -0400] "GET /depository/security/surveys/%AB%CB%E0%E1%EE%F0%E0%F2%EE%F0%E8%FF%20%CA%E0%F1%EF%E5%F0%F1%EA%EE%E3%EE%BB%20%F0%E0%F1%EA%F0%FB%EB%E0%20%E0%EC%E5%F0%E8%EA%E0%ED%F1%EA%E8%E9%20%F8%EF%E8%EE%ED%F1%EA%E8%E9%20%E2%E8%F0%F3%F1%20%20%20Hi-Tech.Mail.Ru_files/pic(6) HTTP/1.1" 200 2738
158.69.243.138 - - [24/Apr/2020:09:46:46 -0400] "GET /depository/analytics/The%20promise%20of%20big%20data%20%20Analytics%20for%20all%20_%20ITworld_files/container_data_002/push.htm HTTP/1.1" 200 145
192.99.13.186 - - [24/Apr/2020:09:46:48 -0400] "GET /depository/analytics/8%20big%20trends%20in%20big%20data%20analytics%20_%20Computerworld_files/elqBlank.htm HTTP/1.1" 200 129
69.30.210.242 - - [24/Apr/2020:09:46:51 -0400] "GET /depository/Hadoop/?C=D;O=D HTTP/1.1" 200 799
158.69.243.138 - - [24/Apr/2020:09:47:00 -0400] "GET /depository/analytics/analyticsaction.htm HTTP/1.1" 200 2767
86.57.253.6 - - [24/Apr/2020:09:47:10 -0400] "GET /4/41/feth4112.htm HTTP/1.1" 200 77825
158.69.243.138 - - [24/Apr/2020:09:47:20 -0400] "GET /depository/annuals/?C=D;O=A HTTP/1.1" 200 5361
114.119.166.3 - - [24/Apr/2020:09:47:21 -0400] "GET /depository/iot/2020_vision_The_triumph_of_cognitive_IoT.htm HTTP/1.1" 200 361854
192.99.13.186 - - [24/Apr/2020:09:47:22 -0400] "GET /depository/analytics/8%20big%20trends%20in%20big%20data%20analytics%20_%20Computerworld_files/fastbutton.htm HTTP/1.1" 200 30179
69.30.210.242 - - [24/Apr/2020:09:47:28 -0400] "GET /depository/Hadoop/?C=M;O=A HTTP/1.1" 200 799
66.249.64.46 - - [24/Apr/2020:09:47:35 -0400] "GET /depository//rfcs/5700/rfc5721.txt HTTP/1.1" 200 26981
158.69.243.138 - - [24/Apr/2020:09:47:40 -0400] "GET /depository/annuals/?C=D;O=D HTTP/1.1" 200 5361
5.9.32.222 - - [24/Apr/2020:09:47:40 -0400] "GET /depository//////////iot/What_is_Internet_of_Things.com_files/a HTTP/1.1" 200 1231
192.99.13.186 - - [24/Apr/2020:09:47:41 -0400] "GET /depository/analytics/8%20big%20trends%20in%20big%20data%20analytics%20_%20Computerworld_files/hub_002.htm HTTP/1.1" 200 21148
69.30.210.242 - - [24/Apr/2020:09:47:52 -0400] "GET /depository/Hadoop/?C=M;O=D HTTP/1.1" 200 799
158.69.243.138 - - [24/Apr/2020:09:47:55 -0400] "GET /depository/annuals/?C=M;O=A HTTP/1.1" 200 5361
157.55.39.139 - - [24/Apr/2020:09:47:59 -0400] "GET /3/chan_3.htm HTTP/1.1" 200 7823
158.69.243.138 - - [24/Apr/2020:09:48:03 -0400] "GET /depository/annuals/?C=M;O=D HTTP/1.1" 200 5361
192.99.13.186 - - [24/Apr/2020:09:48:10 -0400] "GET /depository/analytics/8%20big%20trends%20in%20big%20data%20analytics%20_%20Computerworld_files/like.htm HTTP/1.1" 200 19129
69.30.210.242 - - [24/Apr/2020:09:48:15 -0400] "GET /depository/Hadoop/?C=N;O=A HTTP/1.1" 200 799
158.69.243.138 - - [24/Apr/2020:09:48:19 -0400] "GET /depository/annuals/?C=N;O=A HTTP/1.1" 200 5361
5.9.32.222 - - [24/Apr/2020:09:48:23 -0400] "GET /depository//////////iot/What_is_Internet_of_Things.com_files/a.htm HTTP/1.1" 200 145
5.9.32.222 - - [24/Apr/2020:09:48:26 -0400] "GET /depository//////////iot/What_is_Internet_of_Things.com_files/a_002.htm HTTP/1.1" 200 63
69.30.210.242 - - [24/Apr/2020:09:48:28 -0400] "GET /depository/Hadoop/Apache%20Hadoop_%20The%20smart%20person's%20guide%20-%20TechRepublic_files/BannerServer.html HTTP/1.1" 200 8146
158.69.243.138 - - [24/Apr/2020:09:48:33 -0400] "GET /depository/annuals/?C=N;O=D HTTP/1.1" 200 5361
192.99.13.186 - - [24/Apr/2020:09:48:35 -0400] "GET /depository/analytics/8%20big%20trends%20in%20big%20data%20analytics%20_%20Computerworld_files/sso.htm HTTP/1.1" 200 10141
5.9.32.222 - - [24/Apr/2020:09:48:43 -0400] "GET /depository//////////iot/What_is_Internet_of_Things.com_files/cbgapi.loaded_0 HTTP/1.1" 200 113078
158.69.243.138 - - [24/Apr/2020:09:48:43 -0400] "GET /depository/annuals/?C=S;O=A HTTP/1.1" 200 5361
5.9.32.222 - - [24/Apr/2020:09:48:51 -0400] "GET /depository//////////iot/What_is_Internet_of_Things.com_files/cbgapi.loaded_1 HTTP/1.1" 200 54263
5.9.32.222 - - [24/Apr/2020:09:48:53 -0400] "GET /depository//////////iot/What_is_Internet_of_Things.com_files/fastbutton.htm HTTP/1.1" 200 29769
158.69.243.138 - - [24/Apr/2020:09:48:55 -0400] "GET /depository/annuals/?C=S;O=D HTTP/1.1" 200 5361
5.9.32.222 - - [24/Apr/2020:09:48:55 -0400] "GET /depository//////////iot/What_is_Internet_of_Things.com_files/fastbutton_002.htm HTTP/1.1" 200 36749
193.84.77.77 - - [24/Apr/2020:09:48:59 -0400] "GET /10/ascii.htm HTTP/1.1" 200 36979
192.99.13.186 - - [24/Apr/2020:09:49:03 -0400] "GET /depository/analytics/The%20promise%20of%20big%20data%20%20Analytics%20for%20all%20_%20ITworld_files/container_data_002/push.htm HTTP/1.1" 200 145
69.30.210.242 - - [24/Apr/2020:09:49:04 -0400] "GET /depository/Hadoop/Apache%20Hadoop_%20The%20smart%20person's%20guide%20-%20TechRepublic_files/saved_resource(18).html HTTP/1.1" 200 5938
5.9.32.222 - - [24/Apr/2020:09:49:08 -0400] "GET /depository//////////iot/What_is_Internet_of_Things.com_files/fastbutton_data/ HTTP/1.1" 200 523
5.9.32.222 - - [24/Apr/2020:09:49:11 -0400] "GET /depository//////////iot/What_is_Internet_of_Things.com_files/like.htm HTTP/1.1" 200 20048
5.9.32.222 - - [24/Apr/2020:09:49:15 -0400] "GET /depository//////////iot/What_is_Internet_of_Things.com_files/like_002.htm HTTP/1.1" 200 20022
157.55.39.139 - - [24/Apr/2020:09:49:16 -0400] "GET /1/problems.htm HTTP/1.1" 200 15936
158.69.243.138 - - [24/Apr/2020:09:49:17 -0400] "GET /depository/annuals/Cybersecurity%20in%202016%20%20Real%20change%20or%20more%20of%20the%20same%20%20--%20GCN_files/fastbutton.htm HTTP/1.1" 200 36283
92.244.247.156 - - [24/Apr/2020:09:49:24 -0400] "GET /10/ascii.htm HTTP/1.1" 200 36979
5.9.32.222 - - [24/Apr/2020:09:49:26 -0400] "GET /depository//////////iot/What_is_Internet_of_Things.com_files/like_data/ HTTP/1.1" 200 459
5.9.32.222 - - [24/Apr/2020:09:49:30 -0400] "GET /depository//////////iot/What_is_Internet_of_Things.com_files/linkedin025.htm HTTP/1.1" 200 5330
158.69.243.138 - - [24/Apr/2020:09:49:31 -0400] "GET /depository/annuals/Cybersecurity%20in%202016%20%20Real%20change%20or%20more%20of%20the%20same%20%20--%20GCN_files/ping.htm HTTP/1.1" 200 2078
69.30.210.242 - - [24/Apr/2020:09:49:32 -0400] "GET /depository/Hadoop/Apache%20Hadoop_%20The%20smart%20person's%20guide%20-%20TechRepublic_files/saved_resource(2).html HTTP/1.1" 200 604
192.99.13.186 - - [24/Apr/2020:09:49:35 -0400] "GET /depository/analytics/analyticsaction.htm HTTP/1.1" 200 2767
5.9.32.222 - - [24/Apr/2020:09:49:48 -0400] "GET /depository//////////iot/What_is_Internet_of_Things.com_files/linkedin025_data/ HTTP/1.1" 200 617
5.9.32.222 - - [24/Apr/2020:09:49:49 -0400] "GET /depository//////////iot/What_is_Internet_of_Things.com_files/partner.htm HTTP/1.1" 200 1344
5.9.32.222 - - [24/Apr/2020:09:49:51 -0400] "GET /depository//////////iot/What_is_Internet_of_Things.com_files/partner_data/ HTTP/1.1" 200 539
158.69.243.138 - - [24/Apr/2020:09:49:52 -0400] "GET /depository/annuals/Cybersecurity%20in%202016%20%20Real%20change%20or%20more%20of%20the%20same%20%20--%20GCN_files/postmessageRelay.htm HTTP/1.1" 200 569
5.9.32.222 - - [24/Apr/2020:09:49:53 -0400] "GET /depository//////////iot/What_is_Internet_of_Things.com_files/postmessageRelay.htm HTTP/1.1" 200 593
5.9.32.222 - - [24/Apr/2020:09:49:55 -0400] "GET /depository//////////iot/What_is_Internet_of_Things.com_files/postmessageRelay_data/ HTTP/1.1" 200 611
5.9.32.222 - - [24/Apr/2020:09:49:58 -0400] "GET /depository//////////iot/What_is_Internet_of_Things.com_files/secureAnonymousFramework HTTP/1.1" 200 164551
148.72.155.87 - - [24/Apr/2020:09:50:06 -0400] "GET /10/ascii.htm HTTP/1.1" 200 36979
158.69.243.138 - - [24/Apr/2020:09:50:07 -0400] "GET /depository/security/APT/Report_Double_Dragon_APT41_a_Dual_Espionage_and_Cyber_Crime_Operation.htm HTTP/1.1" 200 587262
192.99.13.186 - - [24/Apr/2020:09:50:18 -0400] "GET /depository/annuals/?C=D;O=A HTTP/1.1" 200 5361
158.69.243.138 - - [24/Apr/2020:09:50:35 -0400] "GET /depository/security/APT/Stuxnet-like%20malware%20highlights%20need%20for%20skills%20and%20vigilance_files/InlineRegister(1).page HTTP/1.1" 200 6953
213.180.203.118 - - [24/Apr/2020:09:50:38 -0400] "GET /depository/rfc-index.txt.7 HTTP/1.1" 200 1832826
207.46.13.74 - - [24/Apr/2020:09:50:38 -0400] "GET /4/41/802_16.htm HTTP/1.1" 200 199315
158.69.243.138 - - [24/Apr/2020:09:50:42 -0400] "GET /depository/security/APT/Stuxnet-like%20malware%20highlights%20need%20for%20skills%20and%20vigilance_files/InlineRegister.page HTTP/1.1" 200 7968
69.30.210.242 - - [24/Apr/2020:09:50:45 -0400] "GET /depository/Hoare_Logic/?C=M;O=D HTTP/1.1" 200 303
95.163.255.166 - - [24/Apr/2020:09:50:48 -0400] "GET /depository/quant_comp/quant_comp/IBM's%20quantum%20processor%20comes%20out%20of%20hiding%20_%20ITworld_files/p.js HTTP/1.1" 304 -
66.249.64.48 - - [24/Apr/2020:09:50:50 -0400] "GET /4/41/bluetooth.htm HTTP/1.1" 200 46276
192.99.13.186 - - [24/Apr/2020:09:50:54 -0400] "GET /depository/annuals/?C=D;O=D HTTP/1.1" 200 5361
158.69.243.138 - - [24/Apr/2020:09:50:56 -0400] "GET /depository/security/APT/Traces%20of%20Regin%20malware%20may%20date%20back%20to%202006%20%20%20ITworld_files/7r8gQb8MIqE(1).htm HTTP/1.1" 200 27706
213.180.203.118 - - [24/Apr/2020:09:51:08 -0400] "GET /depository/quant_comp/Inside%20Microsoft%92s%20quantum%20computing%20world%20_%20InfoWorld_files/beacon_data/iframe.htm HTTP/1.1" 200 5326
158.69.243.138 - - [24/Apr/2020:09:51:11 -0400] "GET /depository/security/APT/Traces%20of%20Regin%20malware%20may%20date%20back%20to%202006%20%20%20ITworld_files/7r8gQb8MIqE.htm HTTP/1.1" 200 27708
69.30.210.242 - - [24/Apr/2020:09:51:20 -0400] "GET /depository/IT_busines/CW500%20%20IT%20infrastructure%20for%20data%20protection_files/InlineRegister(1).page HTTP/1.1" 200 6771
40.77.167.138 - - [24/Apr/2020:09:51:26 -0400] "GET / HTTP/1.1" 200 31818
158.69.243.138 - - [24/Apr/2020:09:51:33 -0400] "GET /depository/security/APT/Traces%20of%20Regin%20malware%20may%20date%20back%20to%202006%20%20%20ITworld_files/button3.htm HTTP/1.1" 200 8559
192.99.13.186 - - [24/Apr/2020:09:51:35 -0400] "GET /depository/annuals/?C=M;O=A HTTP/1.1" 200 5361
213.180.203.118 - - [24/Apr/2020:09:51:46 -0400] "GET /depository/v2v/Feds%20want%20cars%20to%20talk%20to%20each%20other%20to%20avoid%20crashes%20_%20ITworld_files/facebook.svg HTTP/1.1" 200 817
69.30.210.242 - - [24/Apr/2020:09:51:47 -0400] "GET /depository/IT_busines/CW500%20%20IT%20infrastructure%20for%20data%20protection_files/InlineRegister.page HTTP/1.1" 200 7562
114.119.163.55 - - [24/Apr/2020:09:51:49 -0400] "GET /depository/quant_comp/How%20quantum%20computing%20could%20create%20unbreakable%20encryption%20and%20save%20the%20future%20of%20cybersecurity%20-%20TechRepublic_files/sticky-mpu-bfa648b0c2-rev.js HTTP/1.1" 200 996
158.69.243.138 - - [24/Apr/2020:09:51:51 -0400] "GET /depository/security/APT/Traces%20of%20Regin%20malware%20may%20date%20back%20to%202006%20%20%20ITworld_files/tweet_button.2dbfc52aff624254c17d0ae518d60e15.en.htm HTTP/1.1" 200 45372
158.69.243.138 - - [24/Apr/2020:09:52:03 -0400] "GET /depository/security/DoS/DDoS_toolkits_boost_attacks_in_first_quarter_of_2014.mht HTTP/1.1" 200 2049542
69.30.210.242 - - [24/Apr/2020:09:52:14 -0400] "GET /depository/IT_busines/Relocating_IT_professionals_flock_to_UK_says_recruitment_firm.mht HTTP/1.1" 200 1017183
192.99.13.186 - - [24/Apr/2020:09:52:22 -0400] "GET /depository/annuals/?C=M;O=D HTTP/1.1" 200 5361
158.69.243.138 - - [24/Apr/2020:09:52:37 -0400] "GET /depository/security/Hardware/Amazon%20and%20Apple%20deny%20claims%20Chinese%20government%20bugged%20their%20servers_files/?C=S;O=D HTTP/1.1" 200 1113
84.51.88.34 - - [24/Apr/2020:09:52:38 -0400] "GET /10/ascii.htm HTTP/1.1" 200 36979
185.151.86.195 - - [24/Apr/2020:09:52:41 -0400] "GET /10/ascii.htm HTTP/1.1" 200 36979
95.142.195.143 - - [24/Apr/2020:09:52:48 -0400] "GET /10/ascii.htm HTTP/1.1" 206 36979
195.211.23.208 - - [24/Apr/2020:09:52:48 -0400] "GET /10/ascii.htm HTTP/1.1" 200 36979
114.119.165.29 - - [24/Apr/2020:09:52:57 -0400] "GET /depository/quant_comp/Building%20logical%20qubits%20in%20a%20superconducting%20quantum%20computing%20system%20_%20npj%20Quantum%20Information_files/n.js.%c1%e5%e7%20%ed%e0%e7%e2%e0%ed%e8%ff HTTP/1.1" 200 64
158.69.243.138 - - [24/Apr/2020:09:52:59 -0400] "GET /depository/security/Hardware/Amazon%20and%20Apple%20deny%20claims%20Chinese%20government%20bugged%20their%20servers_files/Amazon-and-Apple-deny-claims-Chinese-government-bugged-their.htm HTTP/1.1" 200 3112
192.99.13.186 - - [24/Apr/2020:09:53:01 -0400] "GET /depository/annuals/?C=N;O=A HTTP/1.1" 200 5361
188.130.156.200 - - [24/Apr/2020:09:53:08 -0400] "GET /10/ascii.htm HTTP/1.1" 200 36979
93.170.216.229 - - [24/Apr/2020:09:53:16 -0400] "GET /10/ascii.htm HTTP/1.1" 200 36979
158.69.243.138 - - [24/Apr/2020:09:53:17 -0400] "GET /depository/security/Hardware/Amazon%20and%20Apple%20deny%20claims%20Chinese%20government%20bugged%20their%20servers_files/Amazon-and-Apple-deny-claims-Chinese-government-bugged-their_003/?C=D;O=A HTTP/1.1" 200 938
66.249.64.50 - - [24/Apr/2020:09:53:18 -0400] "GET /depository//rfcs/1800/RFC1895.TXT HTTP/1.1" 200 10915
95.163.255.169 - - [24/Apr/2020:09:53:20 -0400] "GET /depository/SSD/?C=M;O=D HTTP/1.1" 200 3651
5.9.32.222 - - [24/Apr/2020:09:53:27 -0400] "GET /depository//////////iot/What_is_Internet_of_Things.com_files/sh171.htm HTTP/1.1" 200 59938
192.99.13.186 - - [24/Apr/2020:09:53:30 -0400] "GET /depository/annuals/?C=N;O=D HTTP/1.1" 200 5361
69.30.210.242 - - [24/Apr/2020:09:53:32 -0400] "GET /depository/Internet/6%20aging%20protocols%20that%20could%20cripple%20the%20Internet%20%20%20ITworld_files/7r8gQb8MIqE.htm HTTP/1.1" 200 27709
66.249.64.48 - - [24/Apr/2020:09:53:37 -0400] "GET /depository/rpr/tech_report_11_2003.pdf HTTP/1.1" 200 213999
158.69.243.138 - - [24/Apr/2020:09:53:40 -0400] "GET /depository/security/Hardware/Amazon%20and%20Apple%20deny%20claims%20Chinese%20government%20bugged%20their%20servers_files/Amazon-and-Apple-deny-claims-Chinese-government-bugged-their_003/?C=D;O=D HTTP/1.1" 200 938
5.9.32.222 - - [24/Apr/2020:09:53:42 -0400] "GET /depository//////////iot/What_is_Internet_of_Things.com_files/sh171_data/ HTTP/1.1" 200 453
5.9.32.222 - - [24/Apr/2020:09:53:44 -0400] "GET /depository//////////iot/What_is_Internet_of_Things.com_files/shares.json HTTP/1.1" 200 79
5.9.32.222 - - [24/Apr/2020:09:53:48 -0400] "GET /depository//////////iot/What_is_Internet_of_Things.com_files/tweet_button.htm HTTP/1.1" 200 71678
5.9.32.222 - - [24/Apr/2020:09:53:48 -0400] "GET /depository//////////iot/What_is_Internet_of_Things.com_files/tweet_button_002.htm HTTP/1.1" 200 71703
5.9.32.222 - - [24/Apr/2020:09:53:50 -0400] "GET /depository//////////iot/What_is_Internet_of_Things.com_files/tweet_button_data/ HTTP/1.1" 200 467
5.9.32.222 - - [24/Apr/2020:09:53:52 -0400] "GET /depository//////////iot/What_is_Internet_of_Things.files/1068cf12f6 HTTP/1.1" 200 21
95.163.255.170 - - [24/Apr/2020:09:53:52 -0400] "GET /depository/rfcs/1500/RFC1556.TXT HTTP/1.1" 304 -
5.9.32.222 - - [24/Apr/2020:09:53:57 -0400] "GET /depository//////////iot/What_is_Internet_of_Things.files/QaTIt1C5R-M.htm HTTP/1.1" 200 27343
158.69.243.138 - - [24/Apr/2020:09:53:57 -0400] "GET /depository/security/Hardware/Amazon%20and%20Apple%20deny%20claims%20Chinese%20government%20bugged%20their%20servers_files/Amazon-and-Apple-deny-claims-Chinese-government-bugged-their_003/?C=M;O=A HTTP/1.1" 200 938
95.163.255.188 - - [24/Apr/2020:09:53:57 -0400] "GET /depository/trends/M_Trends_2019_files/cookie-iframe(1).html HTTP/1.1" 404 257
5.9.32.222 - - [24/Apr/2020:09:53:59 -0400] "GET /depository//////////iot/What_is_Internet_of_Things.files/QaTIt1C5R-M_data/ HTTP/1.1" 200 803
5.9.32.222 - - [24/Apr/2020:09:54:03 -0400] "GET /depository//////////iot/What_is_Internet_of_Things.files/W2xi4Tmu0YA.htm HTTP/1.1" 200 27072
37.147.140.106 - - [24/Apr/2020:09:54:04 -0400] "GET /10/ascii.htm HTTP/1.1" 200 36979
192.99.13.186 - - [24/Apr/2020:09:54:05 -0400] "GET /depository/annuals/?C=S;O=A HTTP/1.1" 200 5361
69.30.210.242 - - [24/Apr/2020:09:54:05 -0400] "GET /depository/Kaspersky/Eugene%20Kaspersky%20Enterprises%20must%20make%20hacking%20difficult,%20costly.mht HTTP/1.1" 200 703855
5.18.84.139 - - [24/Apr/2020:09:54:11 -0400] "GET /2/25/pic_25.htm HTTP/1.1" 200 65472
5.9.32.222 - - [24/Apr/2020:09:54:11 -0400] "GET /depository//////////iot/What_is_Internet_of_Things.files/W2xi4Tmu0YA_002.htm HTTP/1.1" 200 27067
158.69.243.138 - - [24/Apr/2020:09:54:14 -0400] "GET /depository/security/Hardware/Amazon%20and%20Apple%20deny%20claims%20Chinese%20government%20bugged%20their%20servers_files/Amazon-and-Apple-deny-claims-Chinese-government-bugged-their_003/?C=M;O=D HTTP/1.1" 200 938
5.9.32.222 - - [24/Apr/2020:09:54:15 -0400] "GET /depository//////////iot/What_is_Internet_of_Things.files/a HTTP/1.1" 200 1231
213.180.203.118 - - [24/Apr/2020:09:54:16 -0400] "GET /depository/rfcs/3800/rfc3875.txt HTTP/1.1" 200 82745
46.229.168.138 - - [24/Apr/2020:09:54:16 -0400] "GET /depository/3D-print/HP%20begins%20selling%20its%20Jet%20Fusion%203D%20printer;%20says%20it's%2050%25%20cheaper,%2010X%20faster%20than%20others%20_%20ITworld_files/svrGP.aspx HTTP/1.1" 200 79
5.9.32.222 - - [24/Apr/2020:09:54:17 -0400] "GET /depository//////////iot/What_is_Internet_of_Things.files/a.htm HTTP/1.1" 200 145
5.9.32.222 - - [24/Apr/2020:09:54:20 -0400] "GET /depository//////////iot/What_is_Internet_of_Things.files/a_002.htm HTTP/1.1" 200 63
5.9.32.222 - - [24/Apr/2020:09:54:22 -0400] "GET /depository//////////iot/What_is_Internet_of_Things.files/cbgapi.loaded_0 HTTP/1.1" 200 113078
178.165.10.248 - - [24/Apr/2020:09:54:24 -0400] "GET /10/ascii.htm HTTP/1.1" 200 36979
37.193.206.207 - - [24/Apr/2020:09:54:25 -0400] "GET /1/intro1.htm HTTP/1.1" 200 77738
109.206.40.229 - - [24/Apr/2020:09:54:30 -0400] "GET /4/41/feth4112.htm HTTP/1.1" 200 77825
5.9.32.222 - - [24/Apr/2020:09:54:32 -0400] "GET /depository//////////iot/What_is_Internet_of_Things.files/cbgapi.loaded_1 HTTP/1.1" 200 54263
66.249.64.50 - - [24/Apr/2020:09:54:33 -0400] "GET /3/optic_32.htm HTTP/1.1" 200 48761
192.99.13.186 - - [24/Apr/2020:09:54:34 -0400] "GET /depository/annuals/?C=S;O=D HTTP/1.1" 200 5361
69.30.210.242 - - [24/Apr/2020:09:54:37 -0400] "GET /depository/R_and_D.htm HTTP/1.1" 200 3222
158.69.243.138 - - [24/Apr/2020:09:54:38 -0400] "GET /depository/security/Hardware/Amazon%20and%20Apple%20deny%20claims%20Chinese%20government%20bugged%20their%20servers_files/Amazon-and-Apple-deny-claims-Chinese-government-bugged-their_003/Amazon-and-Apple-deny-claims-Chinese-government-bugged-their.htm HTTP/1.1" 200 8195
46.229.168.136 - - [24/Apr/2020:09:54:46 -0400] "GET /depository/cyberwar/Cyberwar%20%20The%20smart%20person's%20guide%20-%20TechRepublic_files/a_data_012/ HTTP/1.1" 200 556
188.163.47.192 - - [24/Apr/2020:09:54:47 -0400] "GET /10/ascii.htm HTTP/1.1" 200 36979
66.249.64.48 - - [24/Apr/2020:09:54:50 -0400] "GET /depository///AI/Here's%20how%20A_I_%20is%20about%20to%20make%20your%20car%20really%20smart%20%20ITworld_files/init_device.js HTTP/1.1" 200 586
66.249.64.48 - - [24/Apr/2020:09:54:51 -0400] "GET /depository///AI/Here's%20how%20A_I_%20is%20about%20to%20make%20your%20car%20really%20smart%20%20ITworld_files/embedder.js HTTP/1.1" 200 2872
66.249.64.48 - - [24/Apr/2020:09:54:51 -0400] "GET /depository///AI/Here's%20how%20A_I_%20is%20about%20to%20make%20your%20car%20really%20smart%20%20ITworld_files/ylv4wjj.js HTTP/1.1" 200 20579
66.249.64.48 - - [24/Apr/2020:09:54:51 -0400] "GET /depository///AI/Here's%20how%20A_I_%20is%20about%20to%20make%20your%20car%20really%20smart%20%20ITworld_files/prebid_launcher.js HTTP/1.1" 200 1243
66.249.64.48 - - [24/Apr/2020:09:54:52 -0400] "GET /depository///AI/Here's%20how%20A_I_%20is%20about%20to%20make%20your%20car%20really%20smart%20%20ITworld_files/api.js HTTP/1.1" 200 532
66.249.64.46 - - [24/Apr/2020:09:54:52 -0400] "GET /depository///AI/Here's%20how%20A_I_%20is%20about%20to%20make%20your%20car%20really%20smart%20%20ITworld_files/challenge.js HTTP/1.1" 200 7388
66.249.64.48 - - [24/Apr/2020:09:54:53 -0400] "GET /depository///AI/Here's%20how%20A_I_%20is%20about%20to%20make%20your%20car%20really%20smart%20%20ITworld_files/elqFCS.js HTTP/1.1" 200 1143
66.249.64.46 - - [24/Apr/2020:09:54:53 -0400] "GET /depository///AI/Here's%20how%20A_I_%20is%20about%20to%20make%20your%20car%20really%20smart%20%20ITworld_files/mouse_down.js HTTP/1.1" 200 269
192.99.13.186 - - [24/Apr/2020:09:54:54 -0400] "GET /depository/annuals/Cybersecurity%20in%202016%20%20Real%20change%20or%20more%20of%20the%20same%20%20--%20GCN_files/fastbutton.htm HTTP/1.1" 200 36283
158.69.243.138 - - [24/Apr/2020:09:54:54 -0400] "GET /depository/security/Heartbleed/Protect%20vulnerable%20routers%20from%20the%20wireless%20Heartbleed%20flaw_files/?C=M;O=A HTTP/1.1" 200 2447
66.249.64.46 - - [24/Apr/2020:09:54:55 -0400] "GET /depository///AI/Here's%20how%20A_I_%20is%20about%20to%20make%20your%20car%20really%20smart%20%20ITworld_files/elqScr.js HTTP/1.1" 200 334
66.249.64.46 - - [24/Apr/2020:09:54:56 -0400] "GET /depository///AI/Here's%20how%20A_I_%20is%20about%20to%20make%20your%20car%20really%20smart%20%20ITworld_files/load.js HTTP/1.1" 200 154815
66.249.64.46 - - [24/Apr/2020:09:54:56 -0400] "GET /depository///AI/Here's%20how%20A_I_%20is%20about%20to%20make%20your%20car%20really%20smart%20%20ITworld_files/elqIDG.js HTTP/1.1" 200 812
66.249.64.46 - - [24/Apr/2020:09:54:58 -0400] "GET /depository///AI/Here's%20how%20A_I_%20is%20about%20to%20make%20your%20car%20really%20smart%20%20ITworld_files/swfobject.js HTTP/1.1" 200 14517
66.249.64.46 - - [24/Apr/2020:09:54:58 -0400] "GET /depository///AI/Here's%20how%20A_I_%20is%20about%20to%20make%20your%20car%20really%20smart%20%20ITworld_files/alc.js HTTP/1.1" 200 848
66.249.64.46 - - [24/Apr/2020:09:54:58 -0400] "GET /depository///AI/Here's%20how%20A_I_%20is%20about%20to%20make%20your%20car%20really%20smart%20%20ITworld_files/elqImg.js HTTP/1.1" 200 730
66.249.64.46 - - [24/Apr/2020:09:54:59 -0400] "GET /depository///AI/Here's%20how%20A_I_%20is%20about%20to%20make%20your%20car%20really%20smart%20%20ITworld_files/hashes.js HTTP/1.1" 200 23815
66.249.64.46 - - [24/Apr/2020:09:54:59 -0400] "GET /depository///AI/Here's%20how%20A_I_%20is%20about%20to%20make%20your%20car%20really%20smart%20%20ITworld_files/insider_reg_api.js HTTP/1.1" 200 30499
66.249.64.46 - - [24/Apr/2020:09:55:00 -0400] "GET /depository///AI/Here's%20how%20A_I_%20is%20about%20to%20make%20your%20car%20really%20smart%20%20ITworld_files/modernizr.js HTTP/1.1" 200 9139
66.249.64.46 - - [24/Apr/2020:09:55:00 -0400] "GET /depository///AI/Here's%20how%20A_I_%20is%20about%20to%20make%20your%20car%20really%20smart%20%20ITworld_files/jquery.maskedinput-1.4.min.js HTTP/1.1" 200 4139
5.9.32.222 - - [24/Apr/2020:09:55:00 -0400] "GET /depository//////////iot/What_is_Internet_of_Things.files/fastbutton.htm HTTP/1.1" 200 29769
66.249.64.46 - - [24/Apr/2020:09:55:01 -0400] "GET /depository///AI/Here's%20how%20A_I_%20is%20about%20to%20make%20your%20car%20really%20smart%20%20ITworld_files/elqCfg.js HTTP/1.1" 200 2478
66.249.64.46 - - [24/Apr/2020:09:55:01 -0400] "GET /depository///AI/Here's%20how%20A_I_%20is%20about%20to%20make%20your%20car%20really%20smart%20%20ITworld_files/proximic.js HTTP/1.1" 200 612
66.249.64.46 - - [24/Apr/2020:09:55:02 -0400] "GET /depository///AI/Here's%20how%20A_I_%20is%20about%20to%20make%20your%20car%20really%20smart%20%20ITworld_files/jquery-1.10.2.min.js HTTP/1.1" 200 93639
66.249.64.46 - - [24/Apr/2020:09:55:03 -0400] "GET /depository///AI/Here's%20how%20A_I_%20is%20about%20to%20make%20your%20car%20really%20smart%20%20ITworld_files/jquery-ui.js HTTP/1.1" 200 299210
66.249.64.46 - - [24/Apr/2020:09:55:04 -0400] "GET /depository///AI/Here's%20how%20A_I_%20is%20about%20to%20make%20your%20car%20really%20smart%20%20ITworld_files/FTScroller_plugins.js HTTP/1.1" 200 51183
69.30.210.242 - - [24/Apr/2020:09:55:04 -0400] "GET /depository/SPAM/?C=N;O=A HTTP/1.1" 200 1037
5.9.32.222 - - [24/Apr/2020:09:55:04 -0400] "GET /depository//////////iot/What_is_Internet_of_Things.files/fastbutton_002.htm HTTP/1.1" 200 36749
66.249.64.46 - - [24/Apr/2020:09:55:04 -0400] "GET /depository///AI/Here's%20how%20A_I_%20is%20about%20to%20make%20your%20car%20really%20smart%20%20ITworld_files/jquery.dfp.min.js HTTP/1.1" 200 4433
66.249.64.46 - - [24/Apr/2020:09:55:05 -0400] "GET /depository///AI/Here's%20how%20A_I_%20is%20about%20to%20make%20your%20car%20really%20smart%20%20ITworld_files/shortstack_nav.js HTTP/1.1" 200 2129
66.249.64.46 - - [24/Apr/2020:09:55:05 -0400] "GET /depository///AI/Here's%20how%20A_I_%20is%20about%20to%20make%20your%20car%20really%20smart%20%20ITworld_files/jt-scrollable.min.js HTTP/1.1" 200 6112
66.249.64.46 - - [24/Apr/2020:09:55:06 -0400] "GET /depository///AI/Here's%20how%20A_I_%20is%20about%20to%20make%20your%20car%20really%20smart%20%20ITworld_files/jquery.timeago.js HTTP/1.1" 200 4717
66.249.64.46 - - [24/Apr/2020:09:55:06 -0400] "GET /depository///AI/Here's%20how%20A_I_%20is%20about%20to%20make%20your%20car%20really%20smart%20%20ITworld_files/tracking.js HTTP/1.1" 200 1075
66.249.64.46 - - [24/Apr/2020:09:55:06 -0400] "GET /depository///AI/Here's%20how%20A_I_%20is%20about%20to%20make%20your%20car%20really%20smart%20%20ITworld_files/autocomplete.js HTTP/1.1" 200 1254
66.249.64.46 - - [24/Apr/2020:09:55:07 -0400] "GET /depository///AI/Here's%20how%20A_I_%20is%20about%20to%20make%20your%20car%20really%20smart%20%20ITworld_files/social_sidecar.js HTTP/1.1" 200 3015
66.249.64.46 - - [24/Apr/2020:09:55:07 -0400] "GET /depository///AI/Here's%20how%20A_I_%20is%20about%20to%20make%20your%20car%20really%20smart%20%20ITworld_files/carousel-extend.js HTTP/1.1" 200 1500
5.9.32.222 - - [24/Apr/2020:09:55:07 -0400] "GET /depository//////////iot/What_is_Internet_of_Things.files/fastbutton_data/ HTTP/1.1" 200 511
66.249.64.46 - - [24/Apr/2020:09:55:08 -0400] "GET /depository///AI/Here's%20how%20A_I_%20is%20about%20to%20make%20your%20car%20really%20smart%20%20ITworld_files/article.js HTTP/1.1" 200 2017
66.249.64.46 - - [24/Apr/2020:09:55:08 -0400] "GET /depository///AI/Here's%20how%20A_I_%20is%20about%20to%20make%20your%20car%20really%20smart%20%20ITworld_files/jquery.colorbox-min.js HTTP/1.1" 200 11081
5.9.32.222 - - [24/Apr/2020:09:55:08 -0400] "GET /depository//////////iot/What_is_Internet_of_Things.files/like.htm HTTP/1.1" 200 20048
66.249.64.46 - - [24/Apr/2020:09:55:09 -0400] "GET /depository///AI/Here's%20how%20A_I_%20is%20about%20to%20make%20your%20car%20really%20smart%20%20ITworld_files/prettify.js HTTP/1.1" 200 14584
192.99.13.186 - - [24/Apr/2020:09:55:09 -0400] "GET /depository/annuals/Cybersecurity%20in%202016%20%20Real%20change%20or%20more%20of%20the%20same%20%20--%20GCN_files/ping.htm HTTP/1.1" 200 2078
66.249.64.46 - - [24/Apr/2020:09:55:09 -0400] "GET /depository///AI/Here's%20how%20A_I_%20is%20about%20to%20make%20your%20car%20really%20smart%20%20ITworld_files/responsive-tables.js HTTP/1.1" 200 1363
66.249.64.46 - - [24/Apr/2020:09:55:10 -0400] "GET /depository///AI/Here's%20how%20A_I_%20is%20about%20to%20make%20your%20car%20really%20smart%20%20ITworld_files/jquery.tablesorter.min.js HTTP/1.1" 200 16373
66.249.64.46 - - [24/Apr/2020:09:55:10 -0400] "GET /depository///AI/Here's%20how%20A_I_%20is%20about%20to%20make%20your%20car%20really%20smart%20%20ITworld_files/jquery.lazyload.min.js HTTP/1.1" 200 3395
66.249.64.46 - - [24/Apr/2020:09:55:11 -0400] "GET /depository///AI/Here's%20how%20A_I_%20is%20about%20to%20make%20your%20car%20really%20smart%20%20ITworld_files/global.js HTTP/1.1" 200 13749
5.9.32.222 - - [24/Apr/2020:09:55:11 -0400] "GET /depository//////////iot/What_is_Internet_of_Things.files/like_002.htm HTTP/1.1" 200 20022
66.249.64.46 - - [24/Apr/2020:09:55:11 -0400] "GET /depository///AI/Here's%20how%20A_I_%20is%20about%20to%20make%20your%20car%20really%20smart%20%20ITworld_files/ss-social.js HTTP/1.1" 200 3950
66.249.64.46 - - [24/Apr/2020:09:55:12 -0400] "GET /depository///AI/Here's%20how%20A_I_%20is%20about%20to%20make%20your%20car%20really%20smart%20%20ITworld_files/brandAnalytics.js HTTP/1.1" 200 2516
66.249.64.46 - - [24/Apr/2020:09:55:12 -0400] "GET /depository///AI/Here's%20how%20A_I_%20is%20about%20to%20make%20your%20car%20really%20smart%20%20ITworld_files/ss-standard.js HTTP/1.1" 200 10818
66.249.64.46 - - [24/Apr/2020:09:55:13 -0400] "GET /depository///AI/Here's%20how%20A_I_%20is%20about%20to%20make%20your%20car%20really%20smart%20%20ITworld_files/jquery.cookie.js HTTP/1.1" 200 1946
66.249.64.46 - - [24/Apr/2020:09:55:13 -0400] "GET /depository///AI/Here's%20how%20A_I_%20is%20about%20to%20make%20your%20car%20really%20smart%20%20ITworld_files/bk-coretag.js HTTP/1.1" 200 40451
66.249.64.46 - - [24/Apr/2020:09:55:13 -0400] "GET /depository///AI/Here's%20how%20A_I_%20is%20about%20to%20make%20your%20car%20really%20smart%20%20ITworld_files/idg_bk_coreapi.js HTTP/1.1" 200 8536
5.9.32.222 - - [24/Apr/2020:09:55:13 -0400] "GET /depository//////////iot/What_is_Internet_of_Things.files/like_data/ HTTP/1.1" 200 447
66.249.64.46 - - [24/Apr/2020:09:55:14 -0400] "GET /depository///AI/Here's%20how%20A_I_%20is%20about%20to%20make%20your%20car%20really%20smart%20%20ITworld_files/s_code.js HTTP/1.1" 200 51860
66.249.64.46 - - [24/Apr/2020:09:55:14 -0400] "GET /depository///AI/Here's%20how%20A_I_%20is%20about%20to%20make%20your%20car%20really%20smart%20%20ITworld_files/code.js HTTP/1.1" 200 939
66.249.64.46 - - [24/Apr/2020:09:55:15 -0400] "GET /depository///AI/Here's%20how%20A_I_%20is%20about%20to%20make%20your%20car%20really%20smart%20%20ITworld_files/facebook.svg HTTP/1.1" 200 817
66.249.64.46 - - [24/Apr/2020:09:55:15 -0400] "GET /depository///AI/Here's%20how%20A_I_%20is%20about%20to%20make%20your%20car%20really%20smart%20%20ITworld_files/twitter.svg HTTP/1.1" 200 1128
66.249.64.46 - - [24/Apr/2020:09:55:16 -0400] "GET /depository///AI/Here's%20how%20A_I_%20is%20about%20to%20make%20your%20car%20really%20smart%20%20ITworld_files/googleplus.svg HTTP/1.1" 200 1456
5.9.32.222 - - [24/Apr/2020:09:55:16 -0400] "GET /depository//////////iot/What_is_Internet_of_Things.files/linkedin025.htm HTTP/1.1" 200 5330
66.249.64.46 - - [24/Apr/2020:09:55:16 -0400] "GET /depository///AI/Here's%20how%20A_I_%20is%20about%20to%20make%20your%20car%20really%20smart%20%20ITworld_files/linkedin.svg HTTP/1.1" 200 786
158.69.243.138 - - [24/Apr/2020:09:55:17 -0400] "GET /depository/security/Heartbleed/Protect%20vulnerable%20routers%20from%20the%20wireless%20Heartbleed%20flaw_files/?C=M;O=D HTTP/1.1" 200 2447
66.249.64.46 - - [24/Apr/2020:09:55:17 -0400] "GET /depository///AI/Here's%20how%20A_I_%20is%20about%20to%20make%20your%20car%20really%20smart%20%20ITworld_files/stumbleupon.svg HTTP/1.1" 200 1061
66.249.64.46 - - [24/Apr/2020:09:55:17 -0400] "GET /depository///AI/Here's%20how%20A_I_%20is%20about%20to%20make%20your%20car%20really%20smart%20%20ITworld_files/reddit.svg HTTP/1.1" 200 1556
66.249.64.46 - - [24/Apr/2020:09:55:18 -0400] "GET /depository///AI/Here's%20how%20A_I_%20is%20about%20to%20make%20your%20car%20really%20smart%20%20ITworld_files/print.svg HTTP/1.1" 200 782
77.43.143.84 - - [24/Apr/2020:09:55:18 -0400] "GET /phpMyAdmin/index.php?lang=en HTTP/1.1" 404 218
77.43.143.84 - - [24/Apr/2020:09:55:18 -0400] "GET /phpMyadmin/index.php?lang=en HTTP/1.1" 404 218
77.43.143.84 - - [24/Apr/2020:09:55:18 -0400] "GET /phpmyAdmin/index.php?lang=en HTTP/1.1" 404 218
77.43.143.84 - - [24/Apr/2020:09:55:18 -0400] "GET /phpmyadmin/index.php?lang=en HTTP/1.1" 404 218
66.249.64.46 - - [24/Apr/2020:09:55:18 -0400] "GET /depository///AI/Here's%20how%20A_I_%20is%20about%20to%20make%20your%20car%20really%20smart%20%20ITworld_files/mail.svg HTTP/1.1" 200 631
77.43.143.84 - - [24/Apr/2020:09:55:18 -0400] "GET /mysql/index.php?lang=en HTTP/1.1" 404 213
66.249.64.46 - - [24/Apr/2020:09:55:19 -0400] "GET /depository///AI/Here's%20how%20A_I_%20is%20about%20to%20make%20your%20car%20really%20smart%20%20ITworld_files/template.htm HTTP/1.1" 200 364
77.43.143.84 - - [24/Apr/2020:09:55:19 -0400] "GET /mysql/dbadmin/index.php?lang=en HTTP/1.1" 404 221
77.43.143.84 - - [24/Apr/2020:09:55:19 -0400] "GET /database/index.php?lang=en HTTP/1.1" 404 216
77.43.143.84 - - [24/Apr/2020:09:55:19 -0400] "GET /mysql/admin/index.php?lang=en HTTP/1.1" 404 219
77.43.143.84 - - [24/Apr/2020:09:55:19 -0400] "GET /phpmyadmin1/index.php?lang=en HTTP/1.1" 404 219
77.43.143.84 - - [24/Apr/2020:09:55:19 -0400] "GET /phpmyadmin3/index.php?lang=en HTTP/1.1" 404 219
77.43.143.84 - - [24/Apr/2020:09:55:19 -0400] "GET /phpmyadmin2/index.php?lang=en HTTP/1.1" 404 219
77.43.143.84 - - [24/Apr/2020:09:55:19 -0400] "GET /phpmyadmin4/index.php?lang=en HTTP/1.1" 404 219
77.43.143.84 - - [24/Apr/2020:09:55:20 -0400] "GET /wp-content/plugins/portable-phpmyadmin/wp-pma-mod/index.php?lang=en HTTP/1.1" 404 257
77.43.143.84 - - [24/Apr/2020:09:55:20 -0400] "GET /2phpmyadmin/index.php?lang=en HTTP/1.1" 404 219
77.43.143.84 - - [24/Apr/2020:09:55:20 -0400] "GET /mysql/sqlmanager/index.php?lang=en HTTP/1.1" 404 224
77.43.143.84 - - [24/Apr/2020:09:55:20 -0400] "GET /phppma/index.php?lang=en HTTP/1.1" 404 214
77.43.143.84 - - [24/Apr/2020:09:55:20 -0400] "GET /mysql/mysqlmanager/index.php?lang=en HTTP/1.1" 404 226
77.43.143.84 - - [24/Apr/2020:09:55:20 -0400] "GET /phpmy/index.php?lang=en HTTP/1.1" 404 213
77.43.143.84 - - [24/Apr/2020:09:55:21 -0400] "GET /PMA/index.php?lang=en HTTP/1.1" 404 211
77.43.143.84 - - [24/Apr/2020:09:55:21 -0400] "GET /dbadmin/index.php?lang=en HTTP/1.1" 404 215
77.43.143.84 - - [24/Apr/2020:09:55:21 -0400] "GET /myadmin/index.php?lang=en HTTP/1.1" 404 215
77.43.143.84 - - [24/Apr/2020:09:55:21 -0400] "GET /shopdb/index.php?lang=en HTTP/1.1" 404 214
77.43.143.84 - - [24/Apr/2020:09:55:21 -0400] "GET /MyAdmin/index.php?lang=en HTTP/1.1" 404 215
77.43.143.84 - - [24/Apr/2020:09:55:21 -0400] "GET /program/index.php?lang=en HTTP/1.1" 404 215
77.43.143.84 - - [24/Apr/2020:09:55:22 -0400] "GET /db/index.php?lang=en HTTP/1.1" 404 210
77.43.143.84 - - [24/Apr/2020:09:55:22 -0400] "GET /db/phpmyadmin/index.php?lang=en HTTP/1.1" 404 221
77.43.143.84 - - [24/Apr/2020:09:55:22 -0400] "GET /pma/index.php?lang=en HTTP/1.1" 404 211
77.43.143.84 - - [24/Apr/2020:09:55:22 -0400] "GET /sqlmanager/index.php?lang=en HTTP/1.1" 404 218
77.43.143.84 - - [24/Apr/2020:09:55:22 -0400] "GET /db/phpMyAdmin/index.php?lang=en HTTP/1.1" 404 221
77.43.143.84 - - [24/Apr/2020:09:55:22 -0400] "GET /admin/index.php?lang=en HTTP/1.1" 404 213
77.43.143.84 - - [24/Apr/2020:09:55:23 -0400] "GET /mysqlmanager/index.php?lang=en HTTP/1.1" 404 220
77.43.143.84 - - [24/Apr/2020:09:55:23 -0400] "GET /phpmy-admin/index.php?lang=en HTTP/1.1" 404 219
77.43.143.84 - - [24/Apr/2020:09:55:23 -0400] "GET /admin/phpmyadmin/index.php?lang=en HTTP/1.1" 404 224
77.43.143.84 - - [24/Apr/2020:09:55:23 -0400] "GET /php-myadmin/index.php?lang=en HTTP/1.1" 404 219
77.43.143.84 - - [24/Apr/2020:09:55:23 -0400] "GET /mysql-admin/index.php?lang=en HTTP/1.1" 404 219
77.43.143.84 - - [24/Apr/2020:09:55:23 -0400] "GET /mysqladmin/index.php?lang=en HTTP/1.1" 404 218
5.9.32.222 - - [24/Apr/2020:09:55:23 -0400] "GET /depository//////////iot/What_is_Internet_of_Things.files/linkedin025_data/ HTTP/1.1" 200 605
77.43.143.84 - - [24/Apr/2020:09:55:24 -0400] "GET /admin/sqladmin/index.php?lang=en HTTP/1.1" 404 222
77.43.143.84 - - [24/Apr/2020:09:55:24 -0400] "GET /admin/pMA/index.php?lang=en HTTP/1.1" 404 217
77.43.143.84 - - [24/Apr/2020:09:55:24 -0400] "GET /admin/web/index.php?lang=en HTTP/1.1" 404 217
77.43.143.84 - - [24/Apr/2020:09:55:24 -0400] "GET /admin/phpMyAdmin/index.php?lang=en HTTP/1.1" 404 224
77.43.143.84 - - [24/Apr/2020:09:55:24 -0400] "GET /admin/sysadmin/index.php?lang=en HTTP/1.1" 404 222
77.43.143.84 - - [24/Apr/2020:09:55:24 -0400] "GET /admin/db/index.php?lang=en HTTP/1.1" 404 216
77.43.143.84 - - [24/Apr/2020:09:55:25 -0400] "GET /sql/phpmanager/index.php?lang=en HTTP/1.1" 404 222
77.43.143.84 - - [24/Apr/2020:09:55:25 -0400] "GET /mysql/web/index.php?lang=en HTTP/1.1" 404 217
77.43.143.84 - - [24/Apr/2020:09:55:25 -0400] "GET /mysql/pMA/index.php?lang=en HTTP/1.1" 404 217
77.43.143.84 - - [24/Apr/2020:09:55:25 -0400] "GET /mysql/db/index.php?lang=en HTTP/1.1" 404 216
77.43.143.84 - - [24/Apr/2020:09:55:25 -0400] "GET /mysql/pma/index.php?lang=en HTTP/1.1" 404 217
77.43.143.84 - - [24/Apr/2020:09:55:25 -0400] "GET /sql/phpmy-admin/index.php?lang=en HTTP/1.1" 404 223
77.43.143.84 - - [24/Apr/2020:09:55:25 -0400] "GET /sql/php-myadmin/index.php?lang=en HTTP/1.1" 404 223
77.43.143.84 - - [24/Apr/2020:09:55:26 -0400] "GET /sql/myadmin/index.php?lang=en HTTP/1.1" 404 219
77.43.143.84 - - [24/Apr/2020:09:55:26 -0400] "GET /sql/sql/index.php?lang=en HTTP/1.1" 404 215
77.43.143.84 - - [24/Apr/2020:09:55:26 -0400] "GET /sql/webadmin/index.php?lang=en HTTP/1.1" 404 220
77.43.143.84 - - [24/Apr/2020:09:55:26 -0400] "GET /sql/webdb/index.php?lang=en HTTP/1.1" 404 217
77.43.143.84 - - [24/Apr/2020:09:55:26 -0400] "GET /sql/sqlweb/index.php?lang=en HTTP/1.1" 404 218
77.43.143.84 - - [24/Apr/2020:09:55:26 -0400] "GET /sql/websql/index.php?lang=en HTTP/1.1" 404 218
69.30.210.242 - - [24/Apr/2020:09:55:26 -0400] "GET /depository/SPAM/?C=S;O=A HTTP/1.1" 200 1037
77.43.143.84 - - [24/Apr/2020:09:55:27 -0400] "GET /sql/sql-admin/index.php?lang=en HTTP/1.1" 404 221
77.43.143.84 - - [24/Apr/2020:09:55:27 -0400] "GET /sql/phpMyAdmin2/index.php?lang=en HTTP/1.1" 404 223
77.43.143.84 - - [24/Apr/2020:09:55:27 -0400] "GET /db/myadmin/index.php?lang=en HTTP/1.1" 404 218
77.43.143.84 - - [24/Apr/2020:09:55:27 -0400] "GET /sql/sqladmin/index.php?lang=en HTTP/1.1" 404 220
77.43.143.84 - - [24/Apr/2020:09:55:27 -0400] "GET /sql/phpMyAdmin/index.php?lang=en HTTP/1.1" 404 222
5.9.32.222 - - [24/Apr/2020:09:55:27 -0400] "GET /depository//////////iot/What_is_Internet_of_Things.files/partner.htm HTTP/1.1" 200 1344
77.43.143.84 - - [24/Apr/2020:09:55:27 -0400] "GET /sql/phpmyadmin2/index.php?lang=en HTTP/1.1" 404 223
77.43.143.84 - - [24/Apr/2020:09:55:28 -0400] "GET /db/dbweb/index.php?lang=en HTTP/1.1" 404 216
77.43.143.84 - - [24/Apr/2020:09:55:28 -0400] "GET /db/db-admin/index.php?lang=en HTTP/1.1" 404 219
77.43.143.84 - - [24/Apr/2020:09:55:28 -0400] "GET /db/dbadmin/index.php?lang=en HTTP/1.1" 404 218
77.43.143.84 - - [24/Apr/2020:09:55:28 -0400] "GET /db/webdb/index.php?lang=en HTTP/1.1" 404 216
77.43.143.84 - - [24/Apr/2020:09:55:28 -0400] "GET /db/websql/index.php?lang=en HTTP/1.1" 404 217
77.43.143.84 - - [24/Apr/2020:09:55:28 -0400] "GET /db/webadmin/index.php?lang=en HTTP/1.1" 404 219
77.43.143.84 - - [24/Apr/2020:09:55:29 -0400] "GET /db/phpmyadmin3/index.php?lang=en HTTP/1.1" 404 222
77.43.143.84 - - [24/Apr/2020:09:55:29 -0400] "GET /administrator/db/index.php?lang=en HTTP/1.1" 404 224
77.43.143.84 - - [24/Apr/2020:09:55:29 -0400] "GET /db/phpMyAdmin3/index.php?lang=en HTTP/1.1" 404 222
77.43.143.84 - - [24/Apr/2020:09:55:29 -0400] "GET /administrator/phpmyadmin/index.php?lang=en HTTP/1.1" 404 232
77.43.143.84 - - [24/Apr/2020:09:55:29 -0400] "GET /db/phpMyAdmin-3/index.php?lang=en HTTP/1.1" 404 223
77.43.143.84 - - [24/Apr/2020:09:55:29 -0400] "GET /administrator/phpMyAdmin/index.php?lang=en HTTP/1.1" 404 232
77.43.143.84 - - [24/Apr/2020:09:55:30 -0400] "GET /administrator/pma/index.php?lang=en HTTP/1.1" 404 225
5.9.32.222 - - [24/Apr/2020:09:55:30 -0400] "GET /depository//////////iot/What_is_Internet_of_Things.files/partner_data/ HTTP/1.1" 200 527
77.43.143.84 - - [24/Apr/2020:09:55:30 -0400] "GET /administrator/web/index.php?lang=en HTTP/1.1" 404 225
192.99.13.186 - - [24/Apr/2020:09:55:31 -0400] "GET /depository/annuals/Cybersecurity%20in%202016%20%20Real%20change%20or%20more%20of%20the%20same%20%20--%20GCN_files/postmessageRelay.htm HTTP/1.1" 200 569
5.9.32.222 - - [24/Apr/2020:09:55:32 -0400] "GET /depository//////////iot/What_is_Internet_of_Things.files/postmessageRelay.htm HTTP/1.1" 200 593
5.9.32.222 - - [24/Apr/2020:09:55:36 -0400] "GET /depository//////////iot/What_is_Internet_of_Things.files/postmessageRelay_data/ HTTP/1.1" 200 599
5.9.32.222 - - [24/Apr/2020:09:55:38 -0400] "GET /depository//////////iot/What_is_Internet_of_Things.files/secureAnonymousFramework HTTP/1.1" 200 164551
158.69.243.138 - - [24/Apr/2020:09:55:41 -0400] "GET /depository/security/Heartbleed/Protect%20vulnerable%20routers%20from%20the%20wireless%20Heartbleed%20flaw_files/?C=N;O=A HTTP/1.1" 200 2447
5.9.32.222 - - [24/Apr/2020:09:55:44 -0400] "GET /depository//////////iot/What_is_Internet_of_Things.files/sh171.htm HTTP/1.1" 200 59938
5.9.32.222 - - [24/Apr/2020:09:55:48 -0400] "GET /depository//////////iot/What_is_Internet_of_Things.files/sh171_data/ HTTP/1.1" 200 441
5.9.32.222 - - [24/Apr/2020:09:55:52 -0400] "GET /depository//////////iot/What_is_Internet_of_Things.files/shares.json HTTP/1.1" 200 79
5.9.32.222 - - [24/Apr/2020:09:55:54 -0400] "GET /depository//////////iot/What_is_Internet_of_Things.files/tweet_button.htm HTTP/1.1" 200 71678
5.9.32.222 - - [24/Apr/2020:09:55:59 -0400] "GET /depository//////////iot/What_is_Internet_of_Things.files/tweet_button_002.htm HTTP/1.1" 200 71703
69.30.210.242 - - [24/Apr/2020:09:56:00 -0400] "GET /depository/SSD/Enterprise%20SSD%20implementation%20guide.mht HTTP/1.1" 200 659515
158.69.243.138 - - [24/Apr/2020:09:56:01 -0400] "GET /depository/security/Heartbleed/Protect%20vulnerable%20routers%20from%20the%20wireless%20Heartbleed%20flaw_files/?C=N;O=D HTTP/1.1" 200 2447
5.9.32.222 - - [24/Apr/2020:09:56:03 -0400] "GET /depository//////////iot/What_is_Internet_of_Things.files/tweet_button_data/ HTTP/1.1" 200 455
5.9.32.222 - - [24/Apr/2020:09:56:06 -0400] "GET /depository//////////iot/Why%20the%20'Internet%20of%20Things'%20may%20never%20happen%20_%20Computerworld_files/KFZn1BJ0LYk.htm HTTP/1.1" 200 27289
192.99.13.186 - - [24/Apr/2020:09:56:07 -0400] "GET /depository/security/APT/Report_Double_Dragon_APT41_a_Dual_Espionage_and_Cyber_Crime_Operation.htm HTTP/1.1" 200 587262
145.255.21.227 - - [24/Apr/2020:09:56:19 -0400] "GET /depository/terabit/3D/ HTTP/1.0" 404 220
145.255.21.227 - - [24/Apr/2020:09:56:20 -0400] "GET /4/6/bitcoin.htm HTTP/1.0" 200 30202
145.255.21.227 - - [24/Apr/2020:09:56:20 -0400] "GET /1/intro1.htm HTTP/1.0" 200 77738
158.69.243.138 - - [24/Apr/2020:09:56:21 -0400] "GET /depository/security/Heartbleed/Protect%20vulnerable%20routers%20from%20the%20wireless%20Heartbleed%20flaw_files/?C=S;O=A HTTP/1.1" 200 2447
5.9.32.222 - - [24/Apr/2020:09:56:24 -0400] "GET /depository//////////iot/Why%20the%20'Internet%20of%20Things'%20may%20never%20happen%20_%20Computerworld_files/KFZn1BJ0LYk_002.htm HTTP/1.1" 200 27284
5.9.32.222 - - [24/Apr/2020:09:56:28 -0400] "GET /depository//////////iot/Why%20the%20'Internet%20of%20Things'%20may%20never%20happen%20_%20Computerworld_files/a HTTP/1.1" 200 14
5.9.32.222 - - [24/Apr/2020:09:56:30 -0400] "GET /depository//////////iot/Why%20the%20'Internet%20of%20Things'%20may%20never%20happen%20_%20Computerworld_files/a.htm HTTP/1.1" 200 1148
31.173.85.235 - - [24/Apr/2020:09:56:31 -0400] "GET /6/i2p.htm HTTP/1.1" 200 103907
31.173.85.235 - - [24/Apr/2020:09:56:32 -0400] "GET /6/i2p/i2p3.bmp HTTP/1.1" 200 445830
31.173.85.235 - - [24/Apr/2020:09:56:32 -0400] "GET /6/i2p/i2p3A.bmp HTTP/1.1" 200 251802
69.30.210.242 - - [24/Apr/2020:09:56:32 -0400] "GET /depository/SSD/Enterprise%20flash%20arrays%20pack%20in%20more%20storage%20with%20denser%20media%20%20ITworld.mht HTTP/1.1" 200 2076120
5.9.32.222 - - [24/Apr/2020:09:56:32 -0400] "GET /depository//////////iot/Why%20the%20'Internet%20of%20Things'%20may%20never%20happen%20_%20Computerworld_files/a_data/ HTTP/1.1" 200 610
31.173.85.235 - - [24/Apr/2020:09:56:32 -0400] "GET /6/i2p/i2p3C.bmp HTTP/1.1" 200 534630
31.173.85.235 - - [24/Apr/2020:09:56:32 -0400] "GET /6/i2p/i2p3B.bmp HTTP/1.1" 200 317070
5.9.32.222 - - [24/Apr/2020:09:56:37 -0400] "GET /depository//////////iot/Why%20the%20'Internet%20of%20Things'%20may%20never%20happen%20_%20Computerworld_files/button3.htm HTTP/1.1" 200 8574
5.9.32.222 - - [24/Apr/2020:09:56:38 -0400] "GET /depository//////////iot/Why%20the%20'Internet%20of%20Things'%20may%20never%20happen%20_%20Computerworld_files/button3_data/ HTTP/1.1" 200 578
192.99.13.186 - - [24/Apr/2020:09:56:40 -0400] "GET /depository/security/APT/Stuxnet-like%20malware%20highlights%20need%20for%20skills%20and%20vigilance_files/InlineRegister(1).page HTTP/1.1" 200 6953
5.9.32.222 - - [24/Apr/2020:09:56:42 -0400] "GET /depository//////////iot/Why%20the%20'Internet%20of%20Things'%20may%20never%20happen%20_%20Computerworld_files/cbgapi.loaded_0 HTTP/1.1" 200 113253
158.69.243.138 - - [24/Apr/2020:09:56:45 -0400] "GET /depository/security/Heartbleed/Protect%20vulnerable%20routers%20from%20the%20wireless%20Heartbleed%20flaw_files/?C=S;O=D HTTP/1.1" 200 2447
158.69.243.138 - - [24/Apr/2020:09:57:06 -0400] "GET /depository/security/Heartbleed/Protect%20vulnerable%20routers%20from%20the%20wireless%20Heartbleed%20flaw_files/pixel.php HTTP/1.1" 200 470723
5.9.32.222 - - [24/Apr/2020:09:57:07 -0400] "GET /depository//////////iot/Why%20the%20'Internet%20of%20Things'%20may%20never%20happen%20_%20Computerworld_files/cbgapi.loaded_1 HTTP/1.1" 200 54273
