5.9.32.222 - - [24/Apr/2020:16:59:53 -0400] "GET /depository//////////newest_tech/Microsoft%20launches%20undersea,%20free-cooling%20data%20center%20%20%20Network%20World_files/third-party-iframes_data/ HTTP/1.1" 200 942
114.119.166.158 - - [24/Apr/2020:16:59:56 -0400] "GET /depository/quant_comp/quant_comp/10%20hot%20quantum-computing%20startups%20to%20watch%20%20%20Network%20World_files/obUserSync.htm HTTP/1.1" 200 8023
213.180.203.118 - - [24/Apr/2020:17:00:11 -0400] "GET /depository/forecasts/IDG%20Connect%20%96%20What%20Will%20Be%20Hot%20and%20What%20Will%20Not%20in%202015%20Tech%20Trends_files/impression_capture HTTP/1.1" 200 43
5.9.32.222 - - [24/Apr/2020:17:00:23 -0400] "GET /depository//////////newest_tech/Microsoft%20launches%20undersea,%20free-cooling%20data%20center%20%20%20Network%20World_files/u HTTP/1.1" 200 13
114.119.160.250 - - [24/Apr/2020:17:01:03 -0400] "GET /depository/quant_comp/quant_comp/10%20hot%20quantum-computing%20startups%20to%20watch%20%20%20Network%20World_files/14351.htm HTTP/1.1" 200 1113
5.9.32.222 - - [24/Apr/2020:17:01:14 -0400] "GET /depository//////////newest_tech/Microsoft%20launches%20undersea,%20free-cooling%20data%20center%20%20%20Network%20World_files/widgetGlobalEvent.json HTTP/1.1" 200 4
5.9.32.222 - - [24/Apr/2020:17:01:16 -0400] "GET /depository//////////newest_tech/Microsoft%20launches%20undersea,%20free-cooling%20data%20center%20_%20Network%20World_files/WMVM8Q3R.htm HTTP/1.1" 200 81131
5.9.32.222 - - [24/Apr/2020:17:01:22 -0400] "GET /depository//////////newest_tech/Microsoft%20launches%20undersea,%20free-cooling%20data%20center%20_%20Network%20World_files/a HTTP/1.1" 200 68
5.9.32.222 - - [24/Apr/2020:17:01:25 -0400] "GET /depository//////////newest_tech/Microsoft%20launches%20undersea,%20free-cooling%20data%20center%20_%20Network%20World_files/a.htm HTTP/1.1" 200 108
5.9.32.222 - - [24/Apr/2020:17:01:27 -0400] "GET /depository//////////newest_tech/Microsoft%20launches%20undersea,%20free-cooling%20data%20center%20_%20Network%20World_files/a_002.htm HTTP/1.1" 200 108
5.9.32.222 - - [24/Apr/2020:17:01:42 -0400] "GET /depository//////////newest_tech/Microsoft%20launches%20undersea,%20free-cooling%20data%20center%20_%20Network%20World_files/adsct HTTP/1.1" 200 31
5.9.32.222 - - [24/Apr/2020:17:01:45 -0400] "GET /depository//////////newest_tech/Microsoft%20launches%20undersea,%20free-cooling%20data%20center%20_%20Network%20World_files/adsct_002 HTTP/1.1" 200 31
5.9.32.222 - - [24/Apr/2020:17:01:48 -0400] "GET /depository//////////newest_tech/Microsoft%20launches%20undersea,%20free-cooling%20data%20center%20_%20Network%20World_files/anchor.htm HTTP/1.1" 200 27450
5.9.32.222 - - [24/Apr/2020:17:01:52 -0400] "GET /depository//////////newest_tech/Microsoft%20launches%20undersea,%20free-cooling%20data%20center%20_%20Network%20World_files/anchor_data/ HTTP/1.1" 200 684
5.9.32.222 - - [24/Apr/2020:17:02:19 -0400] "GET /depository//////////newest_tech/Microsoft%20launches%20undersea,%20free-cooling%20data%20center%20_%20Network%20World_files/auction HTTP/1.1" 200 19
5.166.63.134 - - [24/Apr/2020:17:02:48 -0400] "GET /4/44/bgp44114.htm HTTP/1.1" 200 38044
5.9.32.222 - - [24/Apr/2020:17:02:49 -0400] "GET /depository//////////newest_tech/Microsoft%20launches%20undersea,%20free-cooling%20data%20center%20_%20Network%20World_files/auction_002 HTTP/1.1" 200 19
5.9.32.222 - - [24/Apr/2020:17:02:53 -0400] "GET /depository//////////newest_tech/Microsoft%20launches%20undersea,%20free-cooling%20data%20center%20_%20Network%20World_files/auction_003 HTTP/1.1" 200 19
5.9.32.222 - - [24/Apr/2020:17:02:55 -0400] "GET /depository//////////newest_tech/Microsoft%20launches%20undersea,%20free-cooling%20data%20center%20_%20Network%20World_files/auction_004 HTTP/1.1" 200 19
5.9.32.222 - - [24/Apr/2020:17:02:59 -0400] "GET /depository//////////newest_tech/Microsoft%20launches%20undersea,%20free-cooling%20data%20center%20_%20Network%20World_files/bframe.htm HTTP/1.1" 200 7810
5.9.32.222 - - [24/Apr/2020:17:03:06 -0400] "GET /depository//////////newest_tech/Microsoft%20launches%20undersea,%20free-cooling%20data%20center%20_%20Network%20World_files/bframe_data/ HTTP/1.1" 200 662
5.9.32.222 - - [24/Apr/2020:17:03:14 -0400] "GET /depository//////////newest_tech/Microsoft%20launches%20undersea,%20free-cooling%20data%20center%20_%20Network%20World_files/dqv0ur5V4Cs-sdDE9H9bsP3WgC1LlBx8HZFjFi_JvbuKw3CM9LpqFxmZt5HhSWsA HTTP/1.1" 200 80220
78.46.90.120 - - [24/Apr/2020:17:03:17 -0400] "GET /depository/zigbee/802_15_4a-2007.pdf HTTP/1.1" 200 5099002
66.249.64.50 - - [24/Apr/2020:17:03:45 -0400] "GET /1/intro1.htm HTTP/1.1" 200 77738
213.180.203.118 - - [24/Apr/2020:17:04:03 -0400] "GET /depository/rfcs/900/rfc986.txt HTTP/1.1" 200 13549
5.9.32.222 - - [24/Apr/2020:17:04:18 -0400] "GET /depository//////////newest_tech/Microsoft%20launches%20undersea,%20free-cooling%20data%20center%20_%20Network%20World_files/front.htm HTTP/1.1" 200 1425
5.9.32.222 - - [24/Apr/2020:17:04:21 -0400] "GET /depository//////////newest_tech/Microsoft%20launches%20undersea,%20free-cooling%20data%20center%20_%20Network%20World_files/iframe_api HTTP/1.1" 200 859
5.9.32.222 - - [24/Apr/2020:17:04:52 -0400] "GET /depository//////////newest_tech/Microsoft%20launches%20undersea,%20free-cooling%20data%20center%20_%20Network%20World_files/oN9on73BmSs.htm HTTP/1.1" 200 73887
5.9.32.222 - - [24/Apr/2020:17:05:19 -0400] "GET /depository//////////newest_tech/Microsoft%20launches%20undersea,%20free-cooling%20data%20center%20_%20Network%20World_files/oN9on73BmSs_data/ HTTP/1.1" 200 966
5.9.32.222 - - [24/Apr/2020:17:05:21 -0400] "GET /depository//////////newest_tech/Microsoft%20launches%20undersea,%20free-cooling%20data%20center%20_%20Network%20World_files/portal.htm HTTP/1.1" 200 1516
5.9.32.222 - - [24/Apr/2020:17:05:23 -0400] "GET /depository//////////newest_tech/Microsoft%20launches%20undersea,%20free-cooling%20data%20center%20_%20Network%20World_files/serving HTTP/1.1" 200 10409
5.9.32.222 - - [24/Apr/2020:17:05:26 -0400] "GET /depository//////////newest_tech/Microsoft%20launches%20undersea,%20free-cooling%20data%20center%20_%20Network%20World_files/sponsored-links.htm HTTP/1.1" 200 6511
5.9.32.222 - - [24/Apr/2020:17:05:29 -0400] "GET /depository//////////newest_tech/Microsoft%20launches%20undersea,%20free-cooling%20data%20center%20_%20Network%20World_files/sync HTTP/1.1" 200 2566
5.9.32.222 - - [24/Apr/2020:17:05:31 -0400] "GET /depository//////////newest_tech/Microsoft%20launches%20undersea,%20free-cooling%20data%20center%20_%20Network%20World_files/t HTTP/1.1" 200 83
5.9.32.222 - - [24/Apr/2020:17:05:34 -0400] "GET /depository//////////newest_tech/Microsoft%20launches%20undersea,%20free-cooling%20data%20center%20_%20Network%20World_files/tag.aspx HTTP/1.1" 200 24053
5.9.32.222 - - [24/Apr/2020:17:05:38 -0400] "GET /depository//////////newest_tech/Microsoft%20launches%20undersea,%20free-cooling%20data%20center%20_%20Network%20World_files/u HTTP/1.1" 200 13
5.9.32.222 - - [24/Apr/2020:17:05:41 -0400] "GET /depository//////////newest_tech/Microsoft%20launches%20undersea,%20free-cooling%20data%20center%20_%20Network%20World_files/xagFIZPljC4sD_dMsKAn8kGuwLMEsIX9ZP5RM86GJgQ5Xq360sKwVHd4XxnAnJHo HTTP/1.1" 200 127033
5.9.32.222 - - [24/Apr/2020:17:05:45 -0400] "GET /depository//////////newest_tech/Microsoft,%20UW%20demonstrate%20first%20fully%20automated%20DNA%20data%20storage_files/18-d72213 HTTP/1.1" 200 128007
5.9.32.222 - - [24/Apr/2020:17:05:51 -0400] "GET /depository//////////newest_tech/Microsoft,%20UW%20demonstrate%20first%20fully%20automated%20DNA%20data%20storage_files/a.htm HTTP/1.1" 200 108
5.9.32.222 - - [24/Apr/2020:17:06:04 -0400] "GET /depository//////////newest_tech/Microsoft,%20UW%20demonstrate%20first%20fully%20automated%20DNA%20data%20storage_files/cartcount.htm HTTP/1.1" 200 838
5.9.32.222 - - [24/Apr/2020:17:06:07 -0400] "GET /depository//////////newest_tech/Microsoft,%20UW%20demonstrate%20first%20fully%20automated%20DNA%20data%20storage_files/meversion.htm HTTP/1.1" 200 821
213.180.203.118 - - [24/Apr/2020:17:06:07 -0400] "GET /depository/open_flow/Intro_to_OpenFlow.mht HTTP/1.1" 200 467915
5.9.32.222 - - [24/Apr/2020:17:06:14 -0400] "GET /depository//////////newest_tech/Molecular%20flash%20memory%20could%20store%20massive%20data%20%20%20ITworld_files/14347 HTTP/1.1" 200 43
5.9.32.222 - - [24/Apr/2020:17:06:16 -0400] "GET /depository//////////newest_tech/Molecular%20flash%20memory%20could%20store%20massive%20data%20%20%20ITworld_files/7r8gQb8MIqE(1).htm HTTP/1.1" 200 27706
5.9.32.222 - - [24/Apr/2020:17:06:18 -0400] "GET /depository//////////newest_tech/Molecular%20flash%20memory%20could%20store%20massive%20data%20%20%20ITworld_files/7r8gQb8MIqE.htm HTTP/1.1" 200 27708
85.208.96.18 - - [24/Apr/2020:17:06:23 -0400] "GET /10/2008.htm HTTP/1.1" 200 28065
85.208.96.16 - - [24/Apr/2020:17:06:37 -0400] "GET /10/2008.htm HTTP/1.1" 200 28065
5.9.32.222 - - [24/Apr/2020:17:06:46 -0400] "GET /depository//////////newest_tech/Molecular%20flash%20memory%20could%20store%20massive%20data%20%20%20ITworld_files/button3.htm HTTP/1.1" 200 8544
85.208.96.4 - - [24/Apr/2020:17:06:48 -0400] "GET /10/2008.htm HTTP/1.1" 200 28065
5.9.32.222 - - [24/Apr/2020:17:06:50 -0400] "GET /depository//////////newest_tech/Molecular%20flash%20memory%20could%20store%20massive%20data%20%20%20ITworld_files/cb=gapi.loaded_0 HTTP/1.1" 200 113949
5.9.32.222 - - [24/Apr/2020:17:06:54 -0400] "GET /depository//////////newest_tech/Molecular%20flash%20memory%20could%20store%20massive%20data%20%20%20ITworld_files/cb=gapi.loaded_1 HTTP/1.1" 200 57825
85.208.96.18 - - [24/Apr/2020:17:06:56 -0400] "GET /10/2008.htm HTTP/1.1" 200 28065
5.9.32.222 - - [24/Apr/2020:17:06:57 -0400] "GET /depository//////////newest_tech/Molecular%20flash%20memory%20could%20store%20massive%20data%20%20%20ITworld_files/challenge HTTP/1.1" 200 12039
5.9.32.222 - - [24/Apr/2020:17:06:59 -0400] "GET /depository//////////newest_tech/Molecular%20flash%20memory%20could%20store%20massive%20data%20%20%20ITworld_files/controltag HTTP/1.1" 200 8152
5.9.32.222 - - [24/Apr/2020:17:07:07 -0400] "GET /depository//////////newest_tech/Molecular%20flash%20memory%20could%20store%20massive%20data%20%20%20ITworld_files/controltag.js.f99670595ccd46c65a517672ea749179 HTTP/1.1" 200 101482
5.9.32.222 - - [24/Apr/2020:17:07:10 -0400] "GET /depository//////////newest_tech/Molecular%20flash%20memory%20could%20store%20massive%20data%20%20%20ITworld_files/fastbutton.htm HTTP/1.1" 200 33279
85.208.96.15 - - [24/Apr/2020:17:07:11 -0400] "GET /10/2008.htm HTTP/1.1" 200 28065
5.9.32.222 - - [24/Apr/2020:17:07:12 -0400] "GET /depository//////////newest_tech/Molecular%20flash%20memory%20could%20store%20massive%20data%20%20%20ITworld_files/hub.fe4e93d64f1afc988e99833088f71057.htm HTTP/1.1" 200 21671
5.9.32.222 - - [24/Apr/2020:17:07:26 -0400] "GET /depository//////////newest_tech/Molecular%20flash%20memory%20could%20store%20massive%20data%20%20%20ITworld_files/image HTTP/1.1" 200 2516
85.208.96.15 - - [24/Apr/2020:17:07:26 -0400] "GET /10/2008.htm HTTP/1.1" 200 28065
5.9.32.222 - - [24/Apr/2020:17:07:29 -0400] "GET /depository//////////newest_tech/Molecular%20flash%20memory%20could%20store%20massive%20data%20%20%20ITworld_files/ip.json HTTP/1.1" 200 552
5.9.32.222 - - [24/Apr/2020:17:07:32 -0400] "GET /depository//////////newest_tech/Molecular%20flash%20memory%20could%20store%20massive%20data%20%20%20ITworld_files/like.htm HTTP/1.1" 200 -
5.9.32.222 - - [24/Apr/2020:17:07:34 -0400] "GET /depository//////////newest_tech/Molecular%20flash%20memory%20could%20store%20massive%20data%20%20%20ITworld_files/optout_check HTTP/1.1" 200 90
5.9.32.222 - - [24/Apr/2020:17:07:38 -0400] "GET /depository//////////newest_tech/Molecular%20flash%20memory%20could%20store%20massive%20data%20%20%20ITworld_files/ping.htm HTTP/1.1" 200 2424
5.9.32.222 - - [24/Apr/2020:17:07:41 -0400] "GET /depository//////////newest_tech/Molecular%20flash%20memory%20could%20store%20massive%20data%20%20%20ITworld_files/postmessageRelay.htm HTTP/1.1" 200 699
85.208.96.16 - - [24/Apr/2020:17:07:42 -0400] "GET /10/2008.htm HTTP/1.1" 200 28065
5.9.32.222 - - [24/Apr/2020:17:07:44 -0400] "GET /depository//////////newest_tech/Molecular%20flash%20memory%20could%20store%20massive%20data%20%20%20ITworld_files/reload HTTP/1.1" 200 383
5.9.32.222 - - [24/Apr/2020:17:07:47 -0400] "GET /depository//////////newest_tech/Molecular%20flash%20memory%20could%20store%20massive%20data%20%20%20ITworld_files/saved_resource.htm HTTP/1.1" 200 34981
85.208.96.16 - - [24/Apr/2020:17:07:48 -0400] "GET /10/2008.htm HTTP/1.1" 200 28065
5.9.32.222 - - [24/Apr/2020:17:07:49 -0400] "GET /depository//////////newest_tech/Molecular%20flash%20memory%20could%20store%20massive%20data%20%20%20ITworld_files/secureAnonymousFramework HTTP/1.1" 200 164551
85.208.96.4 - - [24/Apr/2020:17:07:54 -0400] "GET /10/2008.htm HTTP/1.1" 200 28065
5.9.32.222 - - [24/Apr/2020:17:07:54 -0400] "GET /depository//////////newest_tech/Molecular%20flash%20memory%20could%20store%20massive%20data%20%20%20ITworld_files/sso.htm HTTP/1.1" 200 10477
5.9.32.222 - - [24/Apr/2020:17:07:56 -0400] "GET /depository//////////newest_tech/Molecular%20flash%20memory%20could%20store%20massive%20data%20%20%20ITworld_files/svrGP(1).aspx HTTP/1.1" 200 79
85.208.96.16 - - [24/Apr/2020:17:07:57 -0400] "GET /10/2008.htm HTTP/1.1" 200 28065
5.9.32.222 - - [24/Apr/2020:17:07:59 -0400] "GET /depository//////////newest_tech/Molecular%20flash%20memory%20could%20store%20massive%20data%20%20%20ITworld_files/svrGP.aspx HTTP/1.1" 200 49
5.9.32.222 - - [24/Apr/2020:17:08:01 -0400] "GET /depository//////////newest_tech/Molecular%20flash%20memory%20could%20store%20massive%20data%20%20%20ITworld_files/svrGP.htm HTTP/1.1" 200 538
5.9.32.222 - - [24/Apr/2020:17:08:03 -0400] "GET /depository//////////newest_tech/Molecular%20flash%20memory%20could%20store%20massive%20data%20%20%20ITworld_files/tweet_button.2dbfc52aff624254c17d0ae518d60e15.en.htm HTTP/1.1" 200 45449
85.208.96.4 - - [24/Apr/2020:17:08:04 -0400] "GET /10/2008.htm HTTP/1.1" 200 28065
5.9.32.222 - - [24/Apr/2020:17:08:05 -0400] "GET /depository//////////newest_tech/Moore's%20Law%20lives%20on%20with%20speedy%207nm%20mobile%20chips%20coming%20in%202018%20_%20InfoWorld_files/a.htm HTTP/1.1" 200 108
5.9.32.222 - - [24/Apr/2020:17:08:08 -0400] "GET /depository//////////newest_tech/Moore's%20Law%20lives%20on%20with%20speedy%207nm%20mobile%20chips%20coming%20in%202018%20_%20InfoWorld_files/adsct HTTP/1.1" 200 31
85.208.96.15 - - [24/Apr/2020:17:08:09 -0400] "GET /10/2008.htm HTTP/1.1" 200 28065
5.9.32.222 - - [24/Apr/2020:17:08:10 -0400] "GET /depository//////////newest_tech/Moore's%20Law%20lives%20on%20with%20speedy%207nm%20mobile%20chips%20coming%20in%202018%20_%20InfoWorld_files/adsct_002 HTTP/1.1" 200 31
5.9.32.222 - - [24/Apr/2020:17:08:12 -0400] "GET /depository//////////newest_tech/Moore's%20Law%20lives%20on%20with%20speedy%207nm%20mobile%20chips%20coming%20in%202018%20_%20InfoWorld_files/serve.htm HTTP/1.1" 200 18
5.9.32.222 - - [24/Apr/2020:17:08:13 -0400] "GET /depository//////////newest_tech/Moore's%20Law%20lives%20on%20with%20speedy%207nm%20mobile%20chips%20coming%20in%202018%20_%20InfoWorld_files/t HTTP/1.1" 200 83
31.27.161.219 - - [24/Apr/2020:17:08:15 -0400] "GET /depository/fog_computing/SF_oct2018_edge.pdf HTTP/1.1" 304 -
85.208.96.16 - - [24/Apr/2020:17:08:24 -0400] "GET /10/2008.htm HTTP/1.1" 200 28065
5.9.32.222 - - [24/Apr/2020:17:08:25 -0400] "GET /depository//////////newest_tech/Moore's%20Law%20lives%20on%20with%20speedy%207nm%20mobile%20chips%20coming%20in%202018%20_%20InfoWorld_files/template.htm HTTP/1.1" 200 108
85.208.96.16 - - [24/Apr/2020:17:08:33 -0400] "GET /10/2008.htm HTTP/1.1" 200 28065
66.249.64.50 - - [24/Apr/2020:17:08:46 -0400] "GET /depository/rfcs/8200/rfc8254.txt HTTP/1.1" 200 18619
85.208.96.4 - - [24/Apr/2020:17:08:47 -0400] "GET /10/2008.htm HTTP/1.1" 200 28065
109.174.114.107 - - [24/Apr/2020:17:08:48 -0400] "GET /10/ascii.htm HTTP/1.1" 200 36979
5.9.32.222 - - [24/Apr/2020:17:08:55 -0400] "GET /depository//////////newest_tech/NASA%20creates%20first%203D%20printed%20object%20in%20space%20%20%20Computerworld_files/14339 HTTP/1.1" 200 43
5.9.32.222 - - [24/Apr/2020:17:09:00 -0400] "GET /depository//////////newest_tech/NASA%20creates%20first%203D%20printed%20object%20in%20space%20%20%20Computerworld_files/7r8gQb8MIqE(1).htm HTTP/1.1" 200 27713
5.9.32.222 - - [24/Apr/2020:17:09:02 -0400] "GET /depository//////////newest_tech/NASA%20creates%20first%203D%20printed%20object%20in%20space%20%20%20Computerworld_files/7r8gQb8MIqE.htm HTTP/1.1" 200 27715
5.9.32.222 - - [24/Apr/2020:17:09:04 -0400] "GET /depository//////////newest_tech/NASA%20creates%20first%203D%20printed%20object%20in%20space%20%20%20Computerworld_files/button3.htm HTTP/1.1" 200 8589
5.9.32.222 - - [24/Apr/2020:17:09:07 -0400] "GET /depository//////////newest_tech/NASA%20creates%20first%203D%20printed%20object%20in%20space%20%20%20Computerworld_files/cb=gapi.loaded_0 HTTP/1.1" 200 113949
5.9.32.222 - - [24/Apr/2020:17:09:12 -0400] "GET /depository//////////newest_tech/NASA%20creates%20first%203D%20printed%20object%20in%20space%20%20%20Computerworld_files/cb=gapi.loaded_1 HTTP/1.1" 200 57825
5.9.32.222 - - [24/Apr/2020:17:09:14 -0400] "GET /depository//////////newest_tech/NASA%20creates%20first%203D%20printed%20object%20in%20space%20%20%20Computerworld_files/challenge HTTP/1.1" 200 12024
5.9.32.222 - - [24/Apr/2020:17:09:17 -0400] "GET /depository//////////newest_tech/NASA%20creates%20first%203D%20printed%20object%20in%20space%20%20%20Computerworld_files/comments(1).getComments HTTP/1.1" 200 1221
5.9.32.222 - - [24/Apr/2020:17:09:19 -0400] "GET /depository//////////newest_tech/NASA%20creates%20first%203D%20printed%20object%20in%20space%20%20%20Computerworld_files/comments.getComments HTTP/1.1" 200 4694
178.70.129.42 - - [24/Apr/2020:17:09:21 -0400] "GET /4/44/ntp_4415.htm HTTP/1.1" 200 160676
5.9.32.222 - - [24/Apr/2020:17:09:36 -0400] "GET /depository//////////newest_tech/NASA%20creates%20first%203D%20printed%20object%20in%20space%20%20%20Computerworld_files/controltag HTTP/1.1" 200 8152
188.16.70.229 - - [24/Apr/2020:17:09:37 -0400] "GET /10/ascii.htm HTTP/1.1" 200 36979
5.9.32.222 - - [24/Apr/2020:17:09:39 -0400] "GET /depository//////////newest_tech/NASA%20creates%20first%203D%20printed%20object%20in%20space%20%20%20Computerworld_files/controltag.js.f99670595ccd46c65a517672ea749179 HTTP/1.1" 200 101482
95.163.255.158 - - [24/Apr/2020:17:09:41 -0400] "GET /depository/quant_comp/Why_quantum_volume_is_vital_for_plotting_the_path_to_quantum_advantage.htm HTTP/1.1" 200 638006
5.9.32.222 - - [24/Apr/2020:17:09:42 -0400] "GET /depository//////////newest_tech/NASA%20creates%20first%203D%20printed%20object%20in%20space%20%20%20Computerworld_files/gscounters(1).sendReport HTTP/1.1" 200 155
213.180.203.118 - - [24/Apr/2020:17:09:48 -0400] "GET /depository/security/vulnarability/All-in-one_printers_can_be_used_to_control_infected_air-gapped_systems_from_far_away.htm HTTP/1.1" 200 222430
5.9.32.222 - - [24/Apr/2020:17:09:53 -0400] "GET /depository//////////newest_tech/NASA%20creates%20first%203D%20printed%20object%20in%20space%20%20%20Computerworld_files/gscounters.sendReport HTTP/1.1" 200 155
5.9.32.222 - - [24/Apr/2020:17:09:55 -0400] "GET /depository//////////newest_tech/NASA%20creates%20first%203D%20printed%20object%20in%20space%20%20%20Computerworld_files/hub.fe4e93d64f1afc988e99833088f71057.htm HTTP/1.1" 200 21671
114.119.161.23 - - [24/Apr/2020:17:09:59 -0400] "GET /depository/quant_comp/Here%27s%20why%20Microsoft%20is%20%27all-in%27%20on%20quantum%20computing%20-%20TechRepublic_files/newsletter-subscription-1.js HTTP/1.1" 200 2964
109.252.87.157 - - [24/Apr/2020:17:10:19 -0400] "GET /10/ascii.htm HTTP/1.1" 200 36979
5.9.32.222 - - [24/Apr/2020:17:10:20 -0400] "GET /depository//////////newest_tech/NASA%20creates%20first%203D%20printed%20object%20in%20space%20%20%20Computerworld_files/image HTTP/1.1" 200 1480
5.9.32.222 - - [24/Apr/2020:17:10:22 -0400] "GET /depository//////////newest_tech/NASA%20creates%20first%203D%20printed%20object%20in%20space%20%20%20Computerworld_files/ip.json HTTP/1.1" 200 552
5.9.32.222 - - [24/Apr/2020:17:10:25 -0400] "GET /depository//////////newest_tech/NASA%20creates%20first%203D%20printed%20object%20in%20space%20%20%20Computerworld_files/optout_check HTTP/1.1" 200 90
5.9.32.222 - - [24/Apr/2020:17:10:31 -0400] "GET /depository//////////newest_tech/NASA%20creates%20first%203D%20printed%20object%20in%20space%20%20%20Computerworld_files/postmessageRelay.htm HTTP/1.1" 200 740
213.180.203.118 - - [24/Apr/2020:17:10:31 -0400] "GET /depository/wireless/Wi-Fi%206%20with%20OFDMA%20opens%20a%20world%20of%20new%20wireless%20possibilities%20%20%20Network%20World_files/svrGP.aspx HTTP/1.1" 200 79
5.9.32.222 - - [24/Apr/2020:17:10:34 -0400] "GET /depository//////////newest_tech/NASA%20creates%20first%203D%20printed%20object%20in%20space%20%20%20Computerworld_files/saved_resource HTTP/1.1" 200 14
5.9.32.222 - - [24/Apr/2020:17:10:36 -0400] "GET /depository//////////newest_tech/NASA%20creates%20first%203D%20printed%20object%20in%20space%20%20%20Computerworld_files/secureAnonymousFramework HTTP/1.1" 200 164551
5.9.32.222 - - [24/Apr/2020:17:10:44 -0400] "GET /depository//////////newest_tech/NASA%20creates%20first%203D%20printed%20object%20in%20space%20%20%20Computerworld_files/sso.htm HTTP/1.1" 200 10483
5.9.32.222 - - [24/Apr/2020:17:10:46 -0400] "GET /depository//////////newest_tech/NASA%20creates%20first%203D%20printed%20object%20in%20space%20%20%20Computerworld_files/svrGP(1).aspx HTTP/1.1" 200 79
85.115.248.154 - - [24/Apr/2020:17:10:48 -0400] "GET /4/44/rut_4411.htm HTTP/1.1" 200 50775
5.9.32.222 - - [24/Apr/2020:17:10:48 -0400] "GET /depository//////////newest_tech/NASA%20creates%20first%203D%20printed%20object%20in%20space%20%20%20Computerworld_files/svrGP.aspx HTTP/1.1" 200 49
5.9.32.222 - - [24/Apr/2020:17:10:49 -0400] "GET /depository//////////newest_tech/NASA%20creates%20first%203D%20printed%20object%20in%20space%20%20%20Computerworld_files/svrGP.htm HTTP/1.1" 200 518
5.9.32.222 - - [24/Apr/2020:17:10:50 -0400] "GET /depository//////////newest_tech/NASA%20creates%20first%203D%20printed%20object%20in%20space%20%20%20Computerworld_files/tweet_button.2dbfc52aff624254c17d0ae518d60e15.en.htm HTTP/1.1" 200 -
5.9.32.222 - - [24/Apr/2020:17:10:51 -0400] "GET /depository//////////newest_tech/Nantero's%20carbon-nanotube%20memory%20could%20replace%20SSDs%20and%20DRAM%20%20%20ITworld_files/14347 HTTP/1.1" 200 43
5.9.32.222 - - [24/Apr/2020:17:10:53 -0400] "GET /depository//////////newest_tech/Nantero's%20carbon-nanotube%20memory%20could%20replace%20SSDs%20and%20DRAM%20%20%20ITworld_files/1ldYU13brY_(1).html HTTP/1.1" 200 31079
5.9.32.222 - - [24/Apr/2020:17:10:55 -0400] "GET /depository//////////newest_tech/Nantero's%20carbon-nanotube%20memory%20could%20replace%20SSDs%20and%20DRAM%20%20%20ITworld_files/1ldYU13brY_.html HTTP/1.1" 200 31081
5.9.32.222 - - [24/Apr/2020:17:10:56 -0400] "GET /depository//////////newest_tech/Nantero's%20carbon-nanotube%20memory%20could%20replace%20SSDs%20and%20DRAM%20%20%20ITworld_files/button3.html HTTP/1.1" 200 8627
5.9.32.222 - - [24/Apr/2020:17:10:58 -0400] "GET /depository//////////newest_tech/Nantero's%20carbon-nanotube%20memory%20could%20replace%20SSDs%20and%20DRAM%20%20%20ITworld_files/button_info.json HTTP/1.1" 200 124
5.9.32.222 - - [24/Apr/2020:17:11:00 -0400] "GET /depository//////////newest_tech/Nantero's%20carbon-nanotube%20memory%20could%20replace%20SSDs%20and%20DRAM%20%20%20ITworld_files/cb=gapi.loaded_0 HTTP/1.1" 200 115454
5.9.32.222 - - [24/Apr/2020:17:11:02 -0400] "GET /depository//////////newest_tech/Nantero's%20carbon-nanotube%20memory%20could%20replace%20SSDs%20and%20DRAM%20%20%20ITworld_files/cb=gapi.loaded_1 HTTP/1.1" 200 59936
5.9.32.222 - - [24/Apr/2020:17:11:04 -0400] "GET /depository//////////newest_tech/Nantero's%20carbon-nanotube%20memory%20could%20replace%20SSDs%20and%20DRAM%20%20%20ITworld_files/challenge HTTP/1.1" 200 9630
5.9.32.222 - - [24/Apr/2020:17:11:07 -0400] "GET /depository//////////newest_tech/Nantero's%20carbon-nanotube%20memory%20could%20replace%20SSDs%20and%20DRAM%20%20%20ITworld_files/controltag HTTP/1.1" 200 8628
5.9.32.222 - - [24/Apr/2020:17:11:10 -0400] "GET /depository//////////newest_tech/Nantero's%20carbon-nanotube%20memory%20could%20replace%20SSDs%20and%20DRAM%20%20%20ITworld_files/controltag.js.875fd5b280a77e06def8c74a5a268e2c HTTP/1.1" 200 128396
5.9.32.222 - - [24/Apr/2020:17:11:12 -0400] "GET /depository//////////newest_tech/Nantero's%20carbon-nanotube%20memory%20could%20replace%20SSDs%20and%20DRAM%20%20%20ITworld_files/count.json HTTP/1.1" 200 156
95.31.97.202 - - [24/Apr/2020:17:11:14 -0400] "GET /10/ascii.htm HTTP/1.1" 200 36979
5.9.32.222 - - [24/Apr/2020:17:12:38 -0400] "GET /depository//////////newest_tech/Nantero's%20carbon-nanotube%20memory%20could%20replace%20SSDs%20and%20DRAM%20%20%20ITworld_files/fastbutton.html HTTP/1.1" 200 33335
198.16.66.157 - - [24/Apr/2020:17:12:55 -0400] "GET /10/ascii.htm HTTP/1.1" 200 36979
5.9.32.222 - - [24/Apr/2020:17:12:55 -0400] "GET /depository//////////newest_tech/Nantero's%20carbon-nanotube%20memory%20could%20replace%20SSDs%20and%20DRAM%20%20%20ITworld_files/get HTTP/1.1" 200 254
66.249.64.48 - - [24/Apr/2020:17:13:40 -0400] "GET /6/md5.htm HTTP/1.1" 304 -
46.229.168.129 - - [24/Apr/2020:17:13:44 -0400] "GET /depository/iot/9%20IoT%20global%20trends%20for%202017%20-%20TechRepublic_files/a_006.htm HTTP/1.1" 200 108
85.143.219.159 - - [24/Apr/2020:17:14:18 -0400] "GET /depository/wireless/AM_PCI_WP_12_09.pdf HTTP/1.1" 200 219471
5.9.32.222 - - [24/Apr/2020:17:14:23 -0400] "GET /depository//////////newest_tech/Nantero's%20carbon-nanotube%20memory%20could%20replace%20SSDs%20and%20DRAM%20%20%20ITworld_files/hub.f15fe2cd70788a40560e69fa17341d5e(1).html HTTP/1.1" 200 19527
80.95.45.46 - - [24/Apr/2020:17:14:40 -0400] "GET /10/ascii.htm HTTP/1.1" 200 36979
213.180.203.118 - - [24/Apr/2020:17:14:55 -0400] "GET /depository/ethernet/What%20is%20generic%20Ethernet%20access%20_files/seg HTTP/1.1" 200 43
213.180.203.118 - - [24/Apr/2020:17:15:09 -0400] "GET /depository/storage/Hot_data_storage_technologies_for_2013.mht HTTP/1.1" 200 1290267
213.180.203.118 - - [24/Apr/2020:17:15:24 -0400] "GET /4/7/quant.comp HTTP/1.1" 200 61465
5.9.32.222 - - [24/Apr/2020:17:15:45 -0400] "GET /depository//////////newest_tech/Nantero's%20carbon-nanotube%20memory%20could%20replace%20SSDs%20and%20DRAM%20%20%20ITworld_files/hub.f15fe2cd70788a40560e69fa17341d5e.html HTTP/1.1" 200 19526
213.180.203.118 - - [24/Apr/2020:17:15:48 -0400] "GET /depository/blockchain/4%20ways%20blockchain%20is%20the%20new%20business%20collaboration%20tool%20%20ITworld_files/linkedin.svg HTTP/1.1" 200 786
5.9.32.222 - - [24/Apr/2020:17:15:48 -0400] "GET /depository//////////newest_tech/Nantero's%20carbon-nanotube%20memory%20could%20replace%20SSDs%20and%20DRAM%20%20%20ITworld_files/image HTTP/1.1" 200 2109
34.69.121.153 - - [24/Apr/2020:17:16:03 -0400] "GET /depository////////SSD/Crucial_M4_(512GB)_fast-reading_slow-writing_high-capacity_SSD.mht HTTP/1.1" 200 1043717
213.180.203.118 - - [24/Apr/2020:17:16:07 -0400] "GET /depository/rfc_3400.htm HTTP/1.1" 200 15550
114.119.160.250 - - [24/Apr/2020:17:16:43 -0400] "GET /depository/quant_comp/Which%20companies%20are%20leading%20the%20Quantum%20race%20%20%20%20IDG%20Connect_files/jquery.js HTTP/1.1" 200 2891
34.69.121.153 - - [24/Apr/2020:17:16:45 -0400] "POST /depository////SSD/Crucial_M4_(512GB)_fast-reading_slow-writing_high-capacity_SSD.mht/trackback/ HTTP/1.1" 404 293
213.180.203.118 - - [24/Apr/2020:17:16:47 -0400] "GET /depository/blockchain/Cryptocurrencies_%20a%20niche%20pursuit__files/sync HTTP/1.1" 200 42
85.93.139.132 - - [24/Apr/2020:17:17:41 -0400] "GET /4/41/openflow.htm HTTP/1.1" 200 142822
194.32.87.161 - - [24/Apr/2020:17:17:58 -0400] "GET /4/41/openflow.htm HTTP/1.1" 200 142822
213.180.203.118 - - [24/Apr/2020:17:18:00 -0400] "GET /depository/AI/09-bid-artificial-intelligence.pdf HTTP/1.1" 200 523444
198.7.58.79 - - [24/Apr/2020:17:18:06 -0400] "GET /depository/iot/Hackers%20create%20more%20IoT%20botnets%20with%20Mirai%20source%20code%20_%20Computerworld_files/ HTTP/1.1" 200 7129
5.9.32.222 - - [24/Apr/2020:17:18:32 -0400] "GET /depository//////////newest_tech/Nantero's%20carbon-nanotube%20memory%20could%20replace%20SSDs%20and%20DRAM%20%20%20ITworld_files/itworld.com HTTP/1.1" 200 258
5.9.32.222 - - [24/Apr/2020:17:18:34 -0400] "GET /depository//////////newest_tech/Nantero's%20carbon-nanotube%20memory%20could%20replace%20SSDs%20and%20DRAM%20%20%20ITworld_files/optout_check HTTP/1.1" 200 90
5.9.32.222 - - [24/Apr/2020:17:18:37 -0400] "GET /depository//////////newest_tech/Nantero's%20carbon-nanotube%20memory%20could%20replace%20SSDs%20and%20DRAM%20%20%20ITworld_files/postmessageRelay.html HTTP/1.1" 200 677
213.180.203.118 - - [24/Apr/2020:17:18:40 -0400] "GET /4/41/openflow.htm HTTP/1.1" 200 142822
5.9.32.222 - - [24/Apr/2020:17:18:52 -0400] "GET /depository//////////newest_tech/Nantero's%20carbon-nanotube%20memory%20could%20replace%20SSDs%20and%20DRAM%20%20%20ITworld_files/reload HTTP/1.1" 200 341
114.119.166.3 - - [24/Apr/2020:17:18:57 -0400] "GET /depository/rfcs/1600/RFC1672.TXT HTTP/1.1" 200 6356
37.215.45.108 - - [24/Apr/2020:17:18:58 -0400] "GET /10/ascii.htm HTTP/1.1" 200 36979
5.9.32.222 - - [24/Apr/2020:17:19:39 -0400] "GET /depository//////////newest_tech/Nantero's%20carbon-nanotube%20memory%20could%20replace%20SSDs%20and%20DRAM%20%20%20ITworld_files/secureAnonymousFramework HTTP/1.1" 200 164154
5.9.32.222 - - [24/Apr/2020:17:19:45 -0400] "GET /depository//////////newest_tech/Nantero's%20carbon-nanotube%20memory%20could%20replace%20SSDs%20and%20DRAM%20%20%20ITworld_files/svrGP(1).aspx HTTP/1.1" 200 79
5.9.32.222 - - [24/Apr/2020:17:19:46 -0400] "GET /depository//////////newest_tech/Nantero's%20carbon-nanotube%20memory%20could%20replace%20SSDs%20and%20DRAM%20%20%20ITworld_files/svrGP.aspx HTTP/1.1" 200 49
5.9.32.222 - - [24/Apr/2020:17:19:50 -0400] "GET /depository//////////newest_tech/Nantero's%20carbon-nanotube%20memory%20could%20replace%20SSDs%20and%20DRAM%20%20%20ITworld_files/svrGP.html HTTP/1.1" 200 527
5.9.32.222 - - [24/Apr/2020:17:19:55 -0400] "GET /depository//////////newest_tech/Nantero's%20carbon-nanotube%20memory%20could%20replace%20SSDs%20and%20DRAM%20%20%20ITworld_files/tweet_button.6acb51c14c2a13a5c41ab8035be31c13.en.html HTTP/1.1" 200 44423
5.9.32.222 - - [24/Apr/2020:17:19:58 -0400] "GET /depository//////////newest_tech/New%20'made%20in%20China'%20chip%20on%20the%20way%20as%20country%20boosts%20indigenous%20tech%20%20ITworld_files/svrGP.htm HTTP/1.1" 200 394
5.9.32.222 - - [24/Apr/2020:17:20:00 -0400] "GET /depository//////////newest_tech/New%203D%20bioprinter%20to%20reproduce%20human%20organs,%20change%20the%20face%20of%20healthcare%20%20The%20inside%20story%20-%20Feature%20-%20TechRepublic_files/container.html HTTP/1.1" 200 43
5.9.32.222 - - [24/Apr/2020:17:20:03 -0400] "GET /depository//////////newest_tech/New%203D%20bioprinter%20to%20reproduce%20human%20organs,%20change%20the%20face%20of%20healthcare%20%20The%20inside%20story%20-%20Feature%20-%20TechRepublic_files/event HTTP/1.1" 200 2307
178.154.200.190 - - [24/Apr/2020:17:20:03 -0400] "GET /depository/rfcs/2400/rfc2482.txt HTTP/1.1" 200 28587
5.9.32.222 - - [24/Apr/2020:17:20:06 -0400] "GET /depository//////////newest_tech/New%203D%20bioprinter%20to%20reproduce%20human%20organs,%20change%20the%20face%20of%20healthcare%20%20The%20inside%20story%20-%20Feature%20-%20TechRepublic_files/saved_resource HTTP/1.1" 200 30637
5.9.32.222 - - [24/Apr/2020:17:20:09 -0400] "GET /depository//////////newest_tech/New%203D%20bioprinter%20to%20reproduce%20human%20organs,%20change%20the%20face%20of%20healthcare%20%20The%20inside%20story%20-%20Feature%20-%20TechRepublic_files/saved_resource(1) HTTP/1.1" 200 2119
5.9.32.222 - - [24/Apr/2020:17:20:10 -0400] "GET /depository//////////newest_tech/New%203D%20bioprinter%20to%20reproduce%20human%20organs,%20change%20the%20face%20of%20healthcare%20%20The%20inside%20story%20-%20Feature%20-%20TechRepublic_files/saved_resource(2) HTTP/1.1" 200 621
5.9.32.222 - - [24/Apr/2020:17:20:12 -0400] "GET /depository//////////newest_tech/New%203D%20bioprinter%20to%20reproduce%20human%20organs,%20change%20the%20face%20of%20healthcare%20%20The%20inside%20story%20-%20Feature%20-%20TechRepublic_files/saved_resource(3) HTTP/1.1" 200 5813
5.9.32.222 - - [24/Apr/2020:17:20:14 -0400] "GET /depository//////////newest_tech/New%20electronic%20display%20is%2010%20times%20thinner%20than%20human%20skin%20_%20ITworld_files/a.htm HTTP/1.1" 200 108
5.9.32.222 - - [24/Apr/2020:17:20:16 -0400] "GET /depository//////////newest_tech/New%20electronic%20display%20is%2010%20times%20thinner%20than%20human%20skin%20_%20ITworld_files/a_002.htm HTTP/1.1" 200 1031
5.9.32.222 - - [24/Apr/2020:17:20:18 -0400] "GET /depository//////////newest_tech/New%20electronic%20display%20is%2010%20times%20thinner%20than%20human%20skin%20_%20ITworld_files/a_003.htm HTTP/1.1" 200 108
5.9.32.222 - - [24/Apr/2020:17:20:21 -0400] "GET /depository//////////newest_tech/New%20electronic%20display%20is%2010%20times%20thinner%20than%20human%20skin%20_%20ITworld_files/a_004.htm HTTP/1.1" 200 108
5.9.32.222 - - [24/Apr/2020:17:20:23 -0400] "GET /depository//////////newest_tech/New%20electronic%20display%20is%2010%20times%20thinner%20than%20human%20skin%20_%20ITworld_files/a_data_002/ HTTP/1.1" 200 567
5.9.32.222 - - [24/Apr/2020:17:20:26 -0400] "GET /depository//////////newest_tech/New%20electronic%20display%20is%2010%20times%20thinner%20than%20human%20skin%20_%20ITworld_files/challenge HTTP/1.1" 200 8013
5.9.32.222 - - [24/Apr/2020:17:20:31 -0400] "GET /depository//////////newest_tech/New%20electronic%20display%20is%2010%20times%20thinner%20than%20human%20skin%20_%20ITworld_files/itworld.com HTTP/1.1" 200 366
5.9.32.222 - - [24/Apr/2020:17:20:33 -0400] "GET /depository//////////newest_tech/New%20electronic%20display%20is%2010%20times%20thinner%20than%20human%20skin%20_%20ITworld_files/new-electronic-display-is-10-times-thinner-than-human-skin.htm HTTP/1.1" 200 1496
213.180.203.118 - - [24/Apr/2020:17:20:39 -0400] "GET /depository/log_man/Network%20management%20projects%20top%20list%20of%202015%20IT%20initiatives_files/saved_resource(4) HTTP/1.1" 200 43
194.62.232.103 - - [24/Apr/2020:17:20:45 -0400] "GET /depository/ethernet/BTW_Ethernet_ProductHandbook_Issue2.pdf HTTP/1.1" 200 195840
94.229.110.65 - - [24/Apr/2020:17:21:02 -0400] "GET /4/41/openflow.htm HTTP/1.1" 200 142822
5.9.32.222 - - [24/Apr/2020:17:21:06 -0400] "GET /depository//////////newest_tech/New%20electronic%20display%20is%2010%20times%20thinner%20than%20human%20skin%20_%20ITworld_files/reload HTTP/1.1" 200 249
5.9.32.222 - - [24/Apr/2020:17:21:09 -0400] "GET /depository//////////newest_tech/New%20electronic%20display%20is%2010%20times%20thinner%20than%20human%20skin%20_%20ITworld_files/svrGP.aspx HTTP/1.1" 200 79
5.9.32.222 - - [24/Apr/2020:17:21:13 -0400] "GET /depository//////////newest_tech/New%20electronic%20display%20is%2010%20times%20thinner%20than%20human%20skin%20_%20ITworld_files/t HTTP/1.1" 200 1258
5.9.32.222 - - [24/Apr/2020:17:21:15 -0400] "GET /depository//////////newest_tech/New%20electronic%20display%20is%2010%20times%20thinner%20than%20human%20skin%20_%20ITworld_files/template.htm HTTP/1.1" 200 108
5.9.32.222 - - [24/Apr/2020:17:21:16 -0400] "GET /depository//////////newest_tech/New%20electronic%20display%20is%2010%20times%20thinner%20than%20human%20skin%20_%20ITworld_files/v2xWrX.htm HTTP/1.1" 200 12151
5.9.32.222 - - [24/Apr/2020:17:21:18 -0400] "GET /depository//////////newest_tech/New%20electronic%20display%20is%2010%20times%20thinner%20than%20human%20skin%20_%20ITworld_files/v2xWrX_data/ HTTP/1.1" 200 1087
5.9.32.222 - - [24/Apr/2020:17:21:21 -0400] "GET /depository//////////newest_tech/New%20smartphone%20attachment%20can%20detect%20cancer%20_%20Computerworld_files/426514.htm HTTP/1.1" 200 695
178.154.200.190 - - [24/Apr/2020:17:21:25 -0400] "GET /depository/rfc-index.txt.4 HTTP/1.1" 200 1742404
5.9.32.222 - - [24/Apr/2020:17:21:27 -0400] "GET /depository//////////newest_tech/New%20smartphone%20attachment%20can%20detect%20cancer%20_%20Computerworld_files/ADTECH HTTP/1.1" 200 2188
5.9.32.222 - - [24/Apr/2020:17:21:30 -0400] "GET /depository//////////newest_tech/New%20smartphone%20attachment%20can%20detect%20cancer%20_%20Computerworld_files/ADTECH_002 HTTP/1.1" 200 2188
66.249.64.48 - - [24/Apr/2020:17:21:36 -0400] "GET /depository/rfcs/8200/rfc8290.txt HTTP/1.1" 200 57767
37.146.194.7 - - [24/Apr/2020:17:21:39 -0400] "GET /4/44/udp_442.htm HTTP/1.1" 200 20746
213.180.203.118 - - [24/Apr/2020:17:21:57 -0400] "GET /depository/v2v/Feds%20want%20cars%20to%20talk%20to%20each%20other%20to%20avoid%20crashes%20_%20ITworld_files/reddit.svg HTTP/1.1" 200 1556
5.9.32.222 - - [24/Apr/2020:17:21:58 -0400] "GET /depository//////////newest_tech/New%20smartphone%20attachment%20can%20detect%20cancer%20_%20Computerworld_files/ADTECH_003 HTTP/1.1" 200 2187
5.9.32.222 - - [24/Apr/2020:17:22:00 -0400] "GET /depository//////////newest_tech/New%20smartphone%20attachment%20can%20detect%20cancer%20_%20Computerworld_files/ADTECH_004 HTTP/1.1" 200 2188
5.9.32.222 - - [24/Apr/2020:17:22:07 -0400] "GET /depository//////////newest_tech/New%20smartphone%20attachment%20can%20detect%20cancer%20_%20Computerworld_files/ADTECH_005 HTTP/1.1" 200 2188
5.9.32.222 - - [24/Apr/2020:17:22:10 -0400] "GET /depository//////////newest_tech/New%20smartphone%20attachment%20can%20detect%20cancer%20_%20Computerworld_files/ADTECH_006 HTTP/1.1" 200 2187
5.9.32.222 - - [24/Apr/2020:17:22:12 -0400] "GET /depository//////////newest_tech/New%20smartphone%20attachment%20can%20detect%20cancer%20_%20Computerworld_files/ADTECH_007 HTTP/1.1" 200 2188
5.9.32.222 - - [24/Apr/2020:17:22:15 -0400] "GET /depository//////////newest_tech/New%20smartphone%20attachment%20can%20detect%20cancer%20_%20Computerworld_files/ADTECH_008 HTTP/1.1" 200 2188
5.9.32.222 - - [24/Apr/2020:17:22:17 -0400] "GET /depository//////////newest_tech/New%20smartphone%20attachment%20can%20detect%20cancer%20_%20Computerworld_files/ad HTTP/1.1" 200 1913
5.9.32.222 - - [24/Apr/2020:17:22:19 -0400] "GET /depository//////////newest_tech/New%20smartphone%20attachment%20can%20detect%20cancer%20_%20Computerworld_files/ad_002 HTTP/1.1" 200 2880
5.9.32.222 - - [24/Apr/2020:17:22:23 -0400] "GET /depository//////////newest_tech/New%20smartphone%20attachment%20can%20detect%20cancer%20_%20Computerworld_files/ad_003 HTTP/1.1" 200 2823
5.9.32.222 - - [24/Apr/2020:17:22:25 -0400] "GET /depository//////////newest_tech/New%20smartphone%20attachment%20can%20detect%20cancer%20_%20Computerworld_files/adsct HTTP/1.1" 200 31
5.9.32.222 - - [24/Apr/2020:17:22:28 -0400] "GET /depository//////////newest_tech/New%20smartphone%20attachment%20can%20detect%20cancer%20_%20Computerworld_files/adsct_002 HTTP/1.1" 200 31
5.9.32.222 - - [24/Apr/2020:17:22:29 -0400] "GET /depository//////////newest_tech/New%20smartphone%20attachment%20can%20detect%20cancer%20_%20Computerworld_files/arj HTTP/1.1" 200 172
5.9.32.222 - - [24/Apr/2020:17:22:31 -0400] "GET /depository//////////newest_tech/New%20smartphone%20attachment%20can%20detect%20cancer%20_%20Computerworld_files/arj_002 HTTP/1.1" 200 172
5.9.32.222 - - [24/Apr/2020:17:22:35 -0400] "GET /depository//////////newest_tech/New%20smartphone%20attachment%20can%20detect%20cancer%20_%20Computerworld_files/arj_003 HTTP/1.1" 200 172
5.9.32.222 - - [24/Apr/2020:17:22:37 -0400] "GET /depository//////////newest_tech/New%20smartphone%20attachment%20can%20detect%20cancer%20_%20Computerworld_files/arj_004 HTTP/1.1" 200 172
5.9.32.222 - - [24/Apr/2020:17:22:46 -0400] "GET /depository//////////newest_tech/New%20smartphone%20attachment%20can%20detect%20cancer%20_%20Computerworld_files/arj_005 HTTP/1.1" 200 172
5.9.32.222 - - [24/Apr/2020:17:22:49 -0400] "GET /depository//////////newest_tech/New%20smartphone%20attachment%20can%20detect%20cancer%20_%20Computerworld_files/arj_006 HTTP/1.1" 200 172
5.9.32.222 - - [24/Apr/2020:17:23:05 -0400] "GET /depository//////////newest_tech/New%20smartphone%20attachment%20can%20detect%20cancer%20_%20Computerworld_files/arj_007 HTTP/1.1" 200 172
66.249.64.50 - - [24/Apr/2020:17:23:29 -0400] "GET /10/ascii.htm HTTP/1.1" 304 -
5.9.32.222 - - [24/Apr/2020:17:23:45 -0400] "GET /depository//////////newest_tech/New%20smartphone%20attachment%20can%20detect%20cancer%20_%20Computerworld_files/cav2eef.htm HTTP/1.1" 200 565
5.9.32.222 - - [24/Apr/2020:17:23:48 -0400] "GET /depository//////////newest_tech/New%20smartphone%20attachment%20can%20detect%20cancer%20_%20Computerworld_files/challenge HTTP/1.1" 200 8870
77.137.116.110 - - [24/Apr/2020:17:23:48 -0400] "HEAD /depository/bitcoin/User_privacy_in_bitcoin.pdf HTTP/1.1" 200 -
77.137.116.110 - - [24/Apr/2020:17:23:48 -0400] "GET /depository/bitcoin/User_privacy_in_bitcoin.pdf HTTP/1.1" 200 909349
5.9.32.222 - - [24/Apr/2020:17:23:51 -0400] "GET /depository//////////newest_tech/New%20smartphone%20attachment%20can%20detect%20cancer%20_%20Computerworld_files/container_data/ HTTP/1.1" 200 540
5.9.32.222 - - [24/Apr/2020:17:23:56 -0400] "GET /depository//////////newest_tech/New%20smartphone%20attachment%20can%20detect%20cancer%20_%20Computerworld_files/iframe_data/ HTTP/1.1" 200 534
77.137.116.110 - - [24/Apr/2020:17:23:59 -0400] "GET /depository/bitcoin/User_privacy_in_bitcoin.pdf HTTP/1.1" 206 131072
77.137.116.110 - - [24/Apr/2020:17:24:00 -0400] "GET /depository/bitcoin/User_privacy_in_bitcoin.pdf HTTP/1.1" 206 37
89.250.166.138 - - [24/Apr/2020:17:24:01 -0400] "GET /6/ipsec.htm HTTP/1.1" 200 45318
5.9.32.222 - - [24/Apr/2020:17:24:01 -0400] "GET /depository//////////newest_tech/New%20smartphone%20attachment%20can%20detect%20cancer%20_%20Computerworld_files/init HTTP/1.1" 200 232
5.9.32.222 - - [24/Apr/2020:17:24:03 -0400] "GET /depository//////////newest_tech/New%20smartphone%20attachment%20can%20detect%20cancer%20_%20Computerworld_files/jpt HTTP/1.1" 200 79
195.78.252.35 - - [24/Apr/2020:17:24:06 -0400] "GET /4/45/tlnt_453.htm HTTP/1.1" 200 28548
5.9.32.222 - - [24/Apr/2020:17:24:08 -0400] "GET /depository//////////newest_tech/New%20smartphone%20attachment%20can%20detect%20cancer%20_%20Computerworld_files/jpt_002 HTTP/1.1" 200 76
5.9.32.222 - - [24/Apr/2020:17:24:09 -0400] "GET /depository//////////newest_tech/New%20smartphone%20attachment%20can%20detect%20cancer%20_%20Computerworld_files/jpt_003 HTTP/1.1" 200 79
5.9.32.222 - - [24/Apr/2020:17:24:11 -0400] "GET /depository//////////newest_tech/New%20smartphone%20attachment%20can%20detect%20cancer%20_%20Computerworld_files/jpt_004 HTTP/1.1" 200 1972
5.9.32.222 - - [24/Apr/2020:17:24:15 -0400] "GET /depository//////////newest_tech/New%20smartphone%20attachment%20can%20detect%20cancer%20_%20Computerworld_files/jpt_005 HTTP/1.1" 200 2003
5.9.32.222 - - [24/Apr/2020:17:24:21 -0400] "GET /depository//////////newest_tech/New%20smartphone%20attachment%20can%20detect%20cancer%20_%20Computerworld_files/jpt_006 HTTP/1.1" 200 78
77.137.116.110 - - [24/Apr/2020:17:24:30 -0400] "GET /depository/bitcoin/User_privacy_in_bitcoin.pdf HTTP/1.1" 206 647205
77.137.116.110 - - [24/Apr/2020:17:24:31 -0400] "GET /depository/bitcoin/User_privacy_in_bitcoin.pdf HTTP/1.1" 206 65536
5.9.32.222 - - [24/Apr/2020:17:24:33 -0400] "GET /depository//////////newest_tech/New%20smartphone%20attachment%20can%20detect%20cancer%20_%20Computerworld_files/jpt_007 HTTP/1.1" 200 1974
114.119.161.23 - - [24/Apr/2020:17:24:33 -0400] "GET /depository/quant_crypt.htm HTTP/1.1" 200 5284
5.9.32.222 - - [24/Apr/2020:17:24:41 -0400] "GET /depository//////////newest_tech/New%20smartphone%20attachment%20can%20detect%20cancer%20_%20Computerworld_files/jpt_008 HTTP/1.1" 200 78
5.9.32.222 - - [24/Apr/2020:17:24:45 -0400] "GET /depository//////////newest_tech/New%20smartphone%20attachment%20can%20detect%20cancer%20_%20Computerworld_files/jpt_009 HTTP/1.1" 200 79
47.134.27.55 - - [24/Apr/2020:17:24:52 -0400] "GET /depository/security/breaches/WP_Steward_Hackers.pdf HTTP/1.1" 200 122903
5.9.32.222 - - [24/Apr/2020:17:24:52 -0400] "GET /depository//////////newest_tech/New%20smartphone%20attachment%20can%20detect%20cancer%20_%20Computerworld_files/jpt_010 HTTP/1.1" 200 79
5.9.32.222 - - [24/Apr/2020:17:24:54 -0400] "GET /depository//////////newest_tech/New%20smartphone%20attachment%20can%20detect%20cancer%20_%20Computerworld_files/jpt_011 HTTP/1.1" 200 1972
95.163.255.101 - - [24/Apr/2020:17:24:57 -0400] "GET /10/madr_103.htm HTTP/1.1" 200 6835
5.9.32.222 - - [24/Apr/2020:17:24:58 -0400] "GET /depository//////////newest_tech/New%20smartphone%20attachment%20can%20detect%20cancer%20_%20Computerworld_files/jpt_012 HTTP/1.1" 200 78
162.243.130.174 - - [24/Apr/2020:17:25:04 -0400] "GET /hudson HTTP/1.1" 404 204
5.9.32.222 - - [24/Apr/2020:17:25:04 -0400] "GET /depository//////////newest_tech/New%20smartphone%20attachment%20can%20detect%20cancer%20_%20Computerworld_files/jpt_013 HTTP/1.1" 200 79
213.180.203.118 - - [24/Apr/2020:17:25:04 -0400] "GET /depository/newest_tech/IDG%20Connect%20%96%20Graphene-based%20device%20offers%20smarter%20phone%20charging_files/simple_captcha HTTP/1.1" 200 1646
95.163.255.110 - - [24/Apr/2020:17:25:12 -0400] "GET /4/6/blockchain/ HTTP/1.1" 200 1004
5.9.32.222 - - [24/Apr/2020:17:25:17 -0400] "GET /depository//////////newest_tech/New%20smartphone%20attachment%20can%20detect%20cancer%20_%20Computerworld_files/jpt_014 HTTP/1.1" 200 76
5.9.32.222 - - [24/Apr/2020:17:25:19 -0400] "GET /depository//////////newest_tech/New%20smartphone%20attachment%20can%20detect%20cancer%20_%20Computerworld_files/jpt_015 HTTP/1.1" 200 78
5.9.32.222 - - [24/Apr/2020:17:25:21 -0400] "GET /depository//////////newest_tech/New%20smartphone%20attachment%20can%20detect%20cancer%20_%20Computerworld_files/jpt_016 HTTP/1.1" 200 1968
5.9.32.222 - - [24/Apr/2020:17:25:25 -0400] "GET /depository//////////newest_tech/New%20smartphone%20attachment%20can%20detect%20cancer%20_%20Computerworld_files/jpt_017 HTTP/1.1" 200 78
5.9.32.222 - - [24/Apr/2020:17:25:30 -0400] "GET /depository//////////newest_tech/New%20smartphone%20attachment%20can%20detect%20cancer%20_%20Computerworld_files/jpt_018 HTTP/1.1" 200 74
5.9.32.222 - - [24/Apr/2020:17:25:32 -0400] "GET /depository//////////newest_tech/New%20smartphone%20attachment%20can%20detect%20cancer%20_%20Computerworld_files/jpt_019 HTTP/1.1" 200 76
5.9.32.222 - - [24/Apr/2020:17:25:34 -0400] "GET /depository//////////newest_tech/New%20smartphone%20attachment%20can%20detect%20cancer%20_%20Computerworld_files/jpt_020 HTTP/1.1" 200 80
95.163.255.110 - - [24/Apr/2020:17:25:34 -0400] "GET /4/7/%CF%F0%E0%E2%E8%EB%E0_%E8%F1%EF%EE%EB%FC%E7%EE%E2%E0%ED%E8%FF_%F1%E5%F2%E5%E2%FB%F5_%E8_%E2%FB%F7%E8%F1%EB%E8%F2%E5%EB%FC%ED%FB%F5_%F0%E5%F1%F3%F0%F1%EE%E2_%E2_%C8%D2%DD%D4.pdf HTTP/1.1" 200 850607
5.9.32.222 - - [24/Apr/2020:17:25:36 -0400] "GET /depository//////////newest_tech/New%20smartphone%20attachment%20can%20detect%20cancer%20_%20Computerworld_files/new-smartphone-attachment-can-detect-cancer_data HTTP/1.1" 200 32768
5.9.32.222 - - [24/Apr/2020:17:25:39 -0400] "GET /depository//////////newest_tech/New%20smartphone%20attachment%20can%20detect%20cancer%20_%20Computerworld_files/new-smartphone-attachment-can-detect-cancer_data_002/ HTTP/1.1" 200 616
77.137.116.110 - - [24/Apr/2020:17:25:43 -0400] "GET /depository/bitcoin/User_privacy_in_bitcoin.pdf HTTP/1.1" 200 909349
77.137.116.110 - - [24/Apr/2020:17:25:44 -0400] "GET /depository/bitcoin/User_privacy_in_bitcoin.pdf HTTP/1.1" 206 647205
77.137.116.110 - - [24/Apr/2020:17:25:48 -0400] "GET /depository/bitcoin/User_privacy_in_bitcoin.pdf HTTP/1.1" 206 131072
213.180.203.118 - - [24/Apr/2020:17:25:55 -0400] "GET /depository/security/surveys/%AB%CB%E0%E1%EE%F0%E0%F2%EE%F0%E8%FF%20%CA%E0%F1%EF%E5%F0%F1%EA%EE%E3%EE%BB%20%F0%E0%F1%EA%F0%FB%EB%E0%20%E0%EC%E5%F0%E8%EA%E0%ED%F1%EA%E8%E9%20%F8%EF%E8%EE%ED%F1%EA%E8%E9%20%E2%E8%F0%F3%F1%20%20%20Hi-Tech.Mail.Ru_files/pic(2) HTTP/1.1" 200 3975
95.163.255.182 - - [24/Apr/2020:17:26:13 -0400] "GET /depository/rfcs/6100/rfc6100.txt HTTP/1.1" 404 230
46.229.168.154 - - [24/Apr/2020:17:26:34 -0400] "GET /depository/iot/How%20to%20secure%20your%20IoT%20deployment%20in%2010%20steps%20_%20ZDNet_files/dtc(5) HTTP/1.1" 200 54
31.133.204.13 - - [24/Apr/2020:17:26:43 -0400] "GET /3/optic_32.htm HTTP/1.1" 200 48761
62.76.133.51 - - [24/Apr/2020:17:26:44 -0400] "GET /4/45/ftp_454.htm HTTP/1.1" 200 35778
5.9.32.222 - - [24/Apr/2020:17:27:03 -0400] "GET /depository//////////newest_tech/New%20smartphone%20attachment%20can%20detect%20cancer%20_%20Computerworld_files/new-smartphone-attachment-can-detect-cancer_data_003/ HTTP/1.1" 200 616
5.9.32.222 - - [24/Apr/2020:17:27:06 -0400] "GET /depository//////////newest_tech/New%20smartphone%20attachment%20can%20detect%20cancer%20_%20Computerworld_files/new-smartphone-attachment-can-detect-cancer_data_004/ HTTP/1.1" 200 616
95.163.255.80 - - [24/Apr/2020:17:27:06 -0400] "GET /avto_cor.htm HTTP/1.1" 200 1734
5.9.32.222 - - [24/Apr/2020:17:27:09 -0400] "GET /depository//////////newest_tech/New%20smartphone%20attachment%20can%20detect%20cancer%20_%20Computerworld_files/new-smartphone-attachment-can-detect-cancer_data_005/ HTTP/1.1" 200 616
5.9.32.222 - - [24/Apr/2020:17:27:12 -0400] "GET /depository//////////newest_tech/New%20smartphone%20attachment%20can%20detect%20cancer%20_%20Computerworld_files/new-smartphone-attachment-can-detect-cancer_data_006/ HTTP/1.1" 200 616
5.9.32.222 - - [24/Apr/2020:17:27:14 -0400] "GET /depository//////////newest_tech/New%20smartphone%20attachment%20can%20detect%20cancer%20_%20Computerworld_files/new-smartphone-attachment-can-detect-cancer_data_007/ HTTP/1.1" 200 648
