5.9.32.222 - - [24/Apr/2020:11:41:29 -0400] "GET /depository//////////newest_tech/3D%20NAND%20set%20to%20dominate%20SSDs,%20kill%20off%20traditional%20flash%20_%20Computerworld_files/14339.htm HTTP/1.1" 200 409
5.9.32.222 - - [24/Apr/2020:11:41:32 -0400] "GET /depository//////////newest_tech/3D%20NAND%20set%20to%20dominate%20SSDs,%20kill%20off%20traditional%20flash%20_%20Computerworld_files/3d-nand-set-to-dominate-ssds-kill-off-traditional-flash.htm HTTP/1.1" 200 353
17.58.97.137 - - [24/Apr/2020:11:41:34 -0400] "GET /2/24/vcod_242.htm HTTP/1.1" 200 6120
5.9.32.222 - - [24/Apr/2020:11:41:38 -0400] "GET /depository//////////newest_tech/3D%20NAND%20set%20to%20dominate%20SSDs,%20kill%20off%20traditional%20flash%20_%20Computerworld_files/3d-nand-set-to-dominate-ssds-kill-off-traditional-flash_002.htm HTTP/1.1" 200 353
5.9.32.222 - - [24/Apr/2020:11:41:56 -0400] "GET /depository//////////newest_tech/3D%20NAND%20set%20to%20dominate%20SSDs,%20kill%20off%20traditional%20flash%20_%20Computerworld_files/3d-nand-set-to-dominate-ssds-kill-off-traditional-flash_003.htm HTTP/1.1" 200 353
5.9.32.222 - - [24/Apr/2020:11:41:59 -0400] "GET /depository//////////newest_tech/3D%20NAND%20set%20to%20dominate%20SSDs,%20kill%20off%20traditional%20flash%20_%20Computerworld_files/3d-nand-set-to-dominate-ssds-kill-off-traditional-flash_004.htm HTTP/1.1" 200 353
5.9.32.222 - - [24/Apr/2020:11:42:05 -0400] "GET /depository//////////newest_tech/3D%20NAND%20set%20to%20dominate%20SSDs,%20kill%20off%20traditional%20flash%20_%20Computerworld_files/3d-nand-set-to-dominate-ssds-kill-off-traditional-flash_005.htm HTTP/1.1" 200 353
5.9.32.222 - - [24/Apr/2020:11:42:08 -0400] "GET /depository//////////newest_tech/3D%20NAND%20set%20to%20dominate%20SSDs,%20kill%20off%20traditional%20flash%20_%20Computerworld_files/3d-nand-set-to-dominate-ssds-kill-off-traditional-flash_006.htm HTTP/1.1" 200 353
5.9.32.222 - - [24/Apr/2020:11:42:10 -0400] "GET /depository//////////newest_tech/3D%20NAND%20set%20to%20dominate%20SSDs,%20kill%20off%20traditional%20flash%20_%20Computerworld_files/3d-nand-set-to-dominate-ssds-kill-off-traditional-flash_007.htm HTTP/1.1" 200 353
5.9.32.222 - - [24/Apr/2020:11:42:12 -0400] "GET /depository//////////newest_tech/3D%20NAND%20set%20to%20dominate%20SSDs,%20kill%20off%20traditional%20flash%20_%20Computerworld_files/3d-nand-set-to-dominate-ssds-kill-off-traditional-flash__002/ HTTP/1.1" 200 679
5.9.32.222 - - [24/Apr/2020:11:42:16 -0400] "GET /depository//////////newest_tech/3D%20NAND%20set%20to%20dominate%20SSDs,%20kill%20off%20traditional%20flash%20_%20Computerworld_files/3d-nand-set-to-dominate-ssds-kill-off-traditional-flash__003/ HTTP/1.1" 200 679
5.9.32.222 - - [24/Apr/2020:11:42:18 -0400] "GET /depository//////////newest_tech/3D%20NAND%20set%20to%20dominate%20SSDs,%20kill%20off%20traditional%20flash%20_%20Computerworld_files/3d-nand-set-to-dominate-ssds-kill-off-traditional-flash__004/ HTTP/1.1" 200 679
5.9.32.222 - - [24/Apr/2020:11:42:22 -0400] "GET /depository//////////newest_tech/3D%20NAND%20set%20to%20dominate%20SSDs,%20kill%20off%20traditional%20flash%20_%20Computerworld_files/3d-nand-set-to-dominate-ssds-kill-off-traditional-flash__005/ HTTP/1.1" 200 679
5.9.32.222 - - [24/Apr/2020:11:42:25 -0400] "GET /depository//////////newest_tech/3D%20NAND%20set%20to%20dominate%20SSDs,%20kill%20off%20traditional%20flash%20_%20Computerworld_files/3d-nand-set-to-dominate-ssds-kill-off-traditional-flash__006/ HTTP/1.1" 200 679
139.45.249.154 - - [24/Apr/2020:11:42:43 -0400] "GET /4/4/sip.htm HTTP/1.1" 304 -
213.180.203.118 - - [24/Apr/2020:11:42:52 -0400] "GET /4/7/uc/?C=S;O=D HTTP/1.1" 200 300
5.9.32.222 - - [24/Apr/2020:11:43:15 -0400] "GET /depository//////////newest_tech/3D%20NAND%20set%20to%20dominate%20SSDs,%20kill%20off%20traditional%20flash%20_%20Computerworld_files/3d-nand-set-to-dominate-ssds-kill-off-traditional-flash__007/ HTTP/1.1" 200 679
5.9.32.222 - - [24/Apr/2020:11:43:36 -0400] "GET /depository//////////newest_tech/3D%20NAND%20set%20to%20dominate%20SSDs,%20kill%20off%20traditional%20flash%20_%20Computerworld_files/3d-nand-set-to-dominate-ssds-kill-off-traditional-flash_data/ HTTP/1.1" 200 679
5.9.32.222 - - [24/Apr/2020:11:43:54 -0400] "GET /depository//////////newest_tech/3D%20NAND%20set%20to%20dominate%20SSDs,%20kill%20off%20traditional%20flash%20_%20Computerworld_files/426514.htm HTTP/1.1" 200 698
213.180.203.118 - - [24/Apr/2020:11:43:59 -0400] "GET /depository/grid/Grids_Technology_and_Theory.pdf HTTP/1.1" 200 2369852
171.48.108.77 - - [24/Apr/2020:11:44:04 -0400] "GET /depository/crypto/Global-Encryption-Trends-Study-eng-ar.pdf HTTP/1.1" 200 10075327
171.48.108.77 - - [24/Apr/2020:11:44:05 -0400] "GET /depository/crypto/Global-Encryption-Trends-Study-eng-ar.pdf HTTP/1.1" 206 6716885
171.48.108.77 - - [24/Apr/2020:11:44:05 -0400] "GET /depository/crypto/Global-Encryption-Trends-Study-eng-ar.pdf HTTP/1.1" 206 3358443
5.9.32.222 - - [24/Apr/2020:11:44:15 -0400] "GET /depository//////////newest_tech/3D%20NAND%20set%20to%20dominate%20SSDs,%20kill%20off%20traditional%20flash%20_%20Computerworld_files/a.htm HTTP/1.1" 200 108
106.205.175.245 - - [24/Apr/2020:11:44:16 -0400] "GET /depository/crypto/2015-938.pdf HTTP/1.1" 200 1135622
66.249.64.50 - - [24/Apr/2020:11:44:18 -0400] "GET /depository/3D-print/Stratasys%27%20new%203D%20printer%20can%20make%20virtually%20any%20shelf-ready%20product%20in%20a%20single%20process%20_%20ITworld_files/impl.js HTTP/1.1" 200 298427
5.9.32.222 - - [24/Apr/2020:11:44:18 -0400] "GET /depository//////////newest_tech/3D%20NAND%20set%20to%20dominate%20SSDs,%20kill%20off%20traditional%20flash%20_%20Computerworld_files/a_002.htm HTTP/1.1" 200 108
66.249.64.50 - - [24/Apr/2020:11:44:19 -0400] "GET /depository/3D-print/Stratasys%27%20new%203D%20printer%20can%20make%20virtually%20any%20shelf-ready%20product%20in%20a%20single%20process%20_%20ITworld_files/ptrack-v0.js HTTP/1.1" 200 25871
66.249.64.48 - - [24/Apr/2020:11:44:20 -0400] "GET /depository/3D-print/Stratasys%27%20new%203D%20printer%20can%20make%20virtually%20any%20shelf-ready%20product%20in%20a%20single%20process%20_%20ITworld_files/vglnk.js HTTP/1.1" 200 72157
5.9.32.222 - - [24/Apr/2020:11:44:21 -0400] "GET /depository//////////newest_tech/3D%20NAND%20set%20to%20dominate%20SSDs,%20kill%20off%20traditional%20flash%20_%20Computerworld_files/a_003.htm HTTP/1.1" 200 108
66.249.64.46 - - [24/Apr/2020:11:44:22 -0400] "GET /depository/3D-print/Stratasys%27%20new%203D%20printer%20can%20make%20virtually%20any%20shelf-ready%20product%20in%20a%20single%20process%20_%20ITworld_files/a.js HTTP/1.1" 200 291
66.249.64.48 - - [24/Apr/2020:11:44:23 -0400] "GET /depository/3D-print/Stratasys%27%20new%203D%20printer%20can%20make%20virtually%20any%20shelf-ready%20product%20in%20a%20single%20process%20_%20ITworld_files/quant.js HTTP/1.1" 404 331
66.249.64.46 - - [24/Apr/2020:11:44:24 -0400] "GET /depository/3D-print/Stratasys%27%20new%203D%20printer%20can%20make%20virtually%20any%20shelf-ready%20product%20in%20a%20single%20process%20_%20ITworld_files/pmk-201601006.js HTTP/1.1" 200 277416
66.249.64.48 - - [24/Apr/2020:11:44:26 -0400] "GET /depository/3D-print/Stratasys%27%20new%203D%20printer%20can%20make%20virtually%20any%20shelf-ready%20product%20in%20a%20single%20process%20_%20ITworld_files/prebid_launcher.js HTTP/1.1" 404 341
66.249.64.46 - - [24/Apr/2020:11:44:28 -0400] "GET /depository/3D-print/Stratasys%27%20new%203D%20printer%20can%20make%20virtually%20any%20shelf-ready%20product%20in%20a%20single%20process%20_%20ITworld_files/reload HTTP/1.1" 200 341
66.249.64.46 - - [24/Apr/2020:11:44:30 -0400] "GET /depository/3D-print/Stratasys%27%20new%203D%20printer%20can%20make%20virtually%20any%20shelf-ready%20product%20in%20a%20single%20process%20_%20ITworld_files/elqCfg.js HTTP/1.1" 200 2478
66.249.64.46 - - [24/Apr/2020:11:44:31 -0400] "GET /depository/3D-print/Stratasys%27%20new%203D%20printer%20can%20make%20virtually%20any%20shelf-ready%20product%20in%20a%20single%20process%20_%20ITworld_files/elqFCS.js HTTP/1.1" 200 1143
66.249.64.46 - - [24/Apr/2020:11:44:32 -0400] "GET /depository/3D-print/Stratasys%27%20new%203D%20printer%20can%20make%20virtually%20any%20shelf-ready%20product%20in%20a%20single%20process%20_%20ITworld_files/elqScr.js HTTP/1.1" 200 334
213.180.203.118 - - [24/Apr/2020:11:44:32 -0400] "GET /depository/rfcs/5500/rfc5537.txt HTTP/1.1" 200 123057
66.249.64.46 - - [24/Apr/2020:11:44:33 -0400] "GET /depository/3D-print/Stratasys%27%20new%203D%20printer%20can%20make%20virtually%20any%20shelf-ready%20product%20in%20a%20single%20process%20_%20ITworld_files/svrGP.aspx HTTP/1.1" 200 79
66.249.64.46 - - [24/Apr/2020:11:44:34 -0400] "GET /depository/3D-print/Stratasys%27%20new%203D%20printer%20can%20make%20virtually%20any%20shelf-ready%20product%20in%20a%20single%20process%20_%20ITworld_files/elqIDG.js HTTP/1.1" 200 812
66.249.64.46 - - [24/Apr/2020:11:44:35 -0400] "GET /depository/3D-print/Stratasys%27%20new%203D%20printer%20can%20make%20virtually%20any%20shelf-ready%20product%20in%20a%20single%20process%20_%20ITworld_files/api.js HTTP/1.1" 200 532
66.249.64.46 - - [24/Apr/2020:11:44:36 -0400] "GET /depository/3D-print/Stratasys%27%20new%203D%20printer%20can%20make%20virtually%20any%20shelf-ready%20product%20in%20a%20single%20process%20_%20ITworld_files/load.js HTTP/1.1" 200 151623
66.249.64.46 - - [24/Apr/2020:11:44:37 -0400] "GET /depository/3D-print/Stratasys%27%20new%203D%20printer%20can%20make%20virtually%20any%20shelf-ready%20product%20in%20a%20single%20process%20_%20ITworld_files/mouse_down.js HTTP/1.1" 200 269
66.249.64.46 - - [24/Apr/2020:11:44:38 -0400] "GET /depository/3D-print/Stratasys%27%20new%203D%20printer%20can%20make%20virtually%20any%20shelf-ready%20product%20in%20a%20single%20process%20_%20ITworld_files/challenge HTTP/1.1" 200 8078
66.249.64.46 - - [24/Apr/2020:11:44:39 -0400] "GET /depository/3D-print/Stratasys%27%20new%203D%20printer%20can%20make%20virtually%20any%20shelf-ready%20product%20in%20a%20single%20process%20_%20ITworld_files/recaptcha.js HTTP/1.1" 200 117107
66.249.64.46 - - [24/Apr/2020:11:44:40 -0400] "GET /depository/3D-print/Stratasys%27%20new%203D%20printer%20can%20make%20virtually%20any%20shelf-ready%20product%20in%20a%20single%20process%20_%20ITworld_files/embedder.js HTTP/1.1" 200 2872
66.249.64.46 - - [24/Apr/2020:11:44:41 -0400] "GET /depository/3D-print/Stratasys%27%20new%203D%20printer%20can%20make%20virtually%20any%20shelf-ready%20product%20in%20a%20single%20process%20_%20ITworld_files/load_002.js HTTP/1.1" 200 13394
66.249.64.46 - - [24/Apr/2020:11:44:42 -0400] "GET /depository/3D-print/Stratasys%27%20new%203D%20printer%20can%20make%20virtually%20any%20shelf-ready%20product%20in%20a%20single%20process%20_%20ITworld_files/socialize.js HTTP/1.1" 200 164261
66.249.64.46 - - [24/Apr/2020:11:44:43 -0400] "GET /depository/3D-print/Stratasys%27%20new%203D%20printer%20can%20make%20virtually%20any%20shelf-ready%20product%20in%20a%20single%20process%20_%20ITworld_files/radbacon.js HTTP/1.1" 200 6936
66.249.64.46 - - [24/Apr/2020:11:44:44 -0400] "GET /depository/3D-print/Stratasys%27%20new%203D%20printer%20can%20make%20virtually%20any%20shelf-ready%20product%20in%20a%20single%20process%20_%20ITworld_files/jquery-ui.js HTTP/1.1" 200 299210
66.249.64.46 - - [24/Apr/2020:11:44:45 -0400] "GET /depository/3D-print/Stratasys%27%20new%203D%20printer%20can%20make%20virtually%20any%20shelf-ready%20product%20in%20a%20single%20process%20_%20ITworld_files/jquery_008.js HTTP/1.1" 200 4433
66.249.64.46 - - [24/Apr/2020:11:44:46 -0400] "GET /depository/3D-print/Stratasys%27%20new%203D%20printer%20can%20make%20virtually%20any%20shelf-ready%20product%20in%20a%20single%20process%20_%20ITworld_files/shortstack_nav.js HTTP/1.1" 200 2129
66.249.64.46 - - [24/Apr/2020:11:44:46 -0400] "GET /depository/3D-print/Stratasys%27%20new%203D%20printer%20can%20make%20virtually%20any%20shelf-ready%20product%20in%20a%20single%20process%20_%20ITworld_files/FTScroller_plugins.js HTTP/1.1" 200 51183
66.249.64.46 - - [24/Apr/2020:11:44:47 -0400] "GET /depository/3D-print/Stratasys%27%20new%203D%20printer%20can%20make%20virtually%20any%20shelf-ready%20product%20in%20a%20single%20process%20_%20ITworld_files/jt-scrollable.js HTTP/1.1" 200 6112
217.77.215.127 - - [24/Apr/2020:11:44:47 -0400] "GET /6/des_641.htm HTTP/1.1" 200 10579
66.249.64.46 - - [24/Apr/2020:11:44:48 -0400] "GET /depository/3D-print/Stratasys%27%20new%203D%20printer%20can%20make%20virtually%20any%20shelf-ready%20product%20in%20a%20single%20process%20_%20ITworld_files/jquery_007.js HTTP/1.1" 200 4717
66.249.64.46 - - [24/Apr/2020:11:44:49 -0400] "GET /depository/3D-print/Stratasys%27%20new%203D%20printer%20can%20make%20virtually%20any%20shelf-ready%20product%20in%20a%20single%20process%20_%20ITworld_files/tracking.js HTTP/1.1" 200 1075
66.249.64.46 - - [24/Apr/2020:11:44:50 -0400] "GET /depository/3D-print/Stratasys%27%20new%203D%20printer%20can%20make%20virtually%20any%20shelf-ready%20product%20in%20a%20single%20process%20_%20ITworld_files/autocomplete.js HTTP/1.1" 200 1254
5.9.32.222 - - [24/Apr/2020:11:44:51 -0400] "GET /depository//////////newest_tech/3D%20NAND%20set%20to%20dominate%20SSDs,%20kill%20off%20traditional%20flash%20_%20Computerworld_files/a_004.htm HTTP/1.1" 200 108
66.249.64.46 - - [24/Apr/2020:11:44:51 -0400] "GET /depository/3D-print/Stratasys%27%20new%203D%20printer%20can%20make%20virtually%20any%20shelf-ready%20product%20in%20a%20single%20process%20_%20ITworld_files/social_sidecar.js HTTP/1.1" 200 3015
66.249.64.46 - - [24/Apr/2020:11:44:52 -0400] "GET /depository/3D-print/Stratasys%27%20new%203D%20printer%20can%20make%20virtually%20any%20shelf-ready%20product%20in%20a%20single%20process%20_%20ITworld_files/carousel-extend.js HTTP/1.1" 200 1500
66.249.64.46 - - [24/Apr/2020:11:44:53 -0400] "GET /depository/3D-print/Stratasys%27%20new%203D%20printer%20can%20make%20virtually%20any%20shelf-ready%20product%20in%20a%20single%20process%20_%20ITworld_files/jquery_005.js HTTP/1.1" 200 11081
5.9.32.222 - - [24/Apr/2020:11:44:54 -0400] "GET /depository//////////newest_tech/3D%20NAND%20set%20to%20dominate%20SSDs,%20kill%20off%20traditional%20flash%20_%20Computerworld_files/a_005.htm HTTP/1.1" 200 108
66.249.64.46 - - [24/Apr/2020:11:44:54 -0400] "GET /depository/3D-print/Stratasys%27%20new%203D%20printer%20can%20make%20virtually%20any%20shelf-ready%20product%20in%20a%20single%20process%20_%20ITworld_files/article.js HTTP/1.1" 200 2017
66.249.64.46 - - [24/Apr/2020:11:44:55 -0400] "GET /depository/3D-print/Stratasys%27%20new%203D%20printer%20can%20make%20virtually%20any%20shelf-ready%20product%20in%20a%20single%20process%20_%20ITworld_files/prettify.js HTTP/1.1" 200 14584
5.9.32.222 - - [24/Apr/2020:11:44:55 -0400] "GET /depository//////////newest_tech/3D%20NAND%20set%20to%20dominate%20SSDs,%20kill%20off%20traditional%20flash%20_%20Computerworld_files/a_006.htm HTTP/1.1" 200 108
106.205.175.245 - - [24/Apr/2020:11:44:55 -0400] "GET /depository/dark-data/the-state-of-dark-data-executive-summary.pdf HTTP/1.1" 200 2696867
66.249.64.46 - - [24/Apr/2020:11:44:55 -0400] "GET /depository/3D-print/Stratasys%27%20new%203D%20printer%20can%20make%20virtually%20any%20shelf-ready%20product%20in%20a%20single%20process%20_%20ITworld_files/responsive-tables.js HTTP/1.1" 200 1363
66.249.64.46 - - [24/Apr/2020:11:44:56 -0400] "GET /depository/3D-print/Stratasys%27%20new%203D%20printer%20can%20make%20virtually%20any%20shelf-ready%20product%20in%20a%20single%20process%20_%20ITworld_files/jquery_006.js HTTP/1.1" 200 16373
66.249.64.46 - - [24/Apr/2020:11:44:57 -0400] "GET /depository/3D-print/Stratasys%27%20new%203D%20printer%20can%20make%20virtually%20any%20shelf-ready%20product%20in%20a%20single%20process%20_%20ITworld_files/jquery_002.js HTTP/1.1" 200 3395
66.249.64.46 - - [24/Apr/2020:11:44:58 -0400] "GET /depository/3D-print/Stratasys%27%20new%203D%20printer%20can%20make%20virtually%20any%20shelf-ready%20product%20in%20a%20single%20process%20_%20ITworld_files/global.js HTTP/1.1" 200 13749
66.249.64.46 - - [24/Apr/2020:11:44:59 -0400] "GET /depository/3D-print/Stratasys%27%20new%203D%20printer%20can%20make%20virtually%20any%20shelf-ready%20product%20in%20a%20single%20process%20_%20ITworld_files/ss-social.js HTTP/1.1" 200 3950
66.249.64.46 - - [24/Apr/2020:11:45:00 -0400] "GET /depository/3D-print/Stratasys%27%20new%203D%20printer%20can%20make%20virtually%20any%20shelf-ready%20product%20in%20a%20single%20process%20_%20ITworld_files/ss-standard.js HTTP/1.1" 200 10818
5.9.32.222 - - [24/Apr/2020:11:45:00 -0400] "GET /depository//////////newest_tech/3D%20NAND%20set%20to%20dominate%20SSDs,%20kill%20off%20traditional%20flash%20_%20Computerworld_files/a_007.htm HTTP/1.1" 200 108
66.249.64.46 - - [24/Apr/2020:11:45:01 -0400] "GET /depository/3D-print/Stratasys%27%20new%203D%20printer%20can%20make%20virtually%20any%20shelf-ready%20product%20in%20a%20single%20process%20_%20ITworld_files/brandAnalytics.js HTTP/1.1" 200 2516
66.249.64.46 - - [24/Apr/2020:11:45:01 -0400] "GET /depository/3D-print/Stratasys%27%20new%203D%20printer%20can%20make%20virtually%20any%20shelf-ready%20product%20in%20a%20single%20process%20_%20ITworld_files/bk-coretag.js HTTP/1.1" 200 42021
5.9.32.222 - - [24/Apr/2020:11:45:02 -0400] "GET /depository//////////newest_tech/3D%20NAND%20set%20to%20dominate%20SSDs,%20kill%20off%20traditional%20flash%20_%20Computerworld_files/cav2eef-d.htm HTTP/1.1" 200 565
66.249.64.46 - - [24/Apr/2020:11:45:02 -0400] "GET /depository/3D-print/Stratasys%27%20new%203D%20printer%20can%20make%20virtually%20any%20shelf-ready%20product%20in%20a%20single%20process%20_%20ITworld_files/jquery_003.js HTTP/1.1" 200 1946
213.180.203.118 - - [24/Apr/2020:11:45:03 -0400] "GET /3/optic_32.htm HTTP/1.1" 200 48761
66.249.64.46 - - [24/Apr/2020:11:45:03 -0400] "GET /depository/3D-print/Stratasys%27%20new%203D%20printer%20can%20make%20virtually%20any%20shelf-ready%20product%20in%20a%20single%20process%20_%20ITworld_files/md5.js HTTP/1.1" 200 6269
66.249.64.46 - - [24/Apr/2020:11:45:04 -0400] "GET /depository/3D-print/Stratasys%27%20new%203D%20printer%20can%20make%20virtually%20any%20shelf-ready%20product%20in%20a%20single%20process%20_%20ITworld_files/idg_bk_coreapi.js HTTP/1.1" 200 8536
66.249.64.46 - - [24/Apr/2020:11:45:05 -0400] "GET /depository/3D-print/Stratasys%27%20new%203D%20printer%20can%20make%20virtually%20any%20shelf-ready%20product%20in%20a%20single%20process%20_%20ITworld_files/jquery_004.js HTTP/1.1" 404 336
5.9.32.222 - - [24/Apr/2020:11:45:05 -0400] "GET /depository//////////newest_tech/3D%20NAND%20set%20to%20dominate%20SSDs,%20kill%20off%20traditional%20flash%20_%20Computerworld_files/cav2eef.htm HTTP/1.1" 200 565
66.249.64.46 - - [24/Apr/2020:11:45:06 -0400] "GET /depository/3D-print/Stratasys%27%20new%203D%20printer%20can%20make%20virtually%20any%20shelf-ready%20product%20in%20a%20single%20process%20_%20ITworld_files/s_code.js HTTP/1.1" 200 51860
66.249.64.46 - - [24/Apr/2020:11:45:06 -0400] "GET /depository/3D-print/Stratasys%27%20new%203D%20printer%20can%20make%20virtually%20any%20shelf-ready%20product%20in%20a%20single%20process%20_%20ITworld_files/snippet.js HTTP/1.1" 200 13888
66.249.64.46 - - [24/Apr/2020:11:45:07 -0400] "GET /depository/3D-print/Stratasys%27%20new%203D%20printer%20can%20make%20virtually%20any%20shelf-ready%20product%20in%20a%20single%20process%20_%20ITworld_files/oct.js HTTP/1.1" 200 1988
66.249.64.46 - - [24/Apr/2020:11:45:08 -0400] "GET /depository/3D-print/Stratasys%27%20new%203D%20printer%20can%20make%20virtually%20any%20shelf-ready%20product%20in%20a%20single%20process%20_%20ITworld_files/chartbeat_video.js HTTP/1.1" 200 62293
66.249.64.46 - - [24/Apr/2020:11:45:09 -0400] "GET /depository/3D-print/Stratasys%27%20new%203D%20printer%20can%20make%20virtually%20any%20shelf-ready%20product%20in%20a%20single%20process%20_%20ITworld_files/beacon.js HTTP/1.1" 200 1495
5.9.32.222 - - [24/Apr/2020:11:45:09 -0400] "GET /depository//////////newest_tech/3D%20NAND%20set%20to%20dominate%20SSDs,%20kill%20off%20traditional%20flash%20_%20Computerworld_files/computerworld.com HTTP/1.1" 200 384
66.249.64.46 - - [24/Apr/2020:11:45:10 -0400] "GET /depository/3D-print/Stratasys%27%20new%203D%20printer%20can%20make%20virtually%20any%20shelf-ready%20product%20in%20a%20single%20process%20_%20ITworld_files/analytics.js HTTP/1.1" 200 26299
66.249.64.46 - - [24/Apr/2020:11:45:10 -0400] "GET /depository/3D-print/Stratasys%27%20new%203D%20printer%20can%20make%20virtually%20any%20shelf-ready%20product%20in%20a%20single%20process%20_%20ITworld_files/fbevents.js HTTP/1.1" 200 7754
66.249.64.46 - - [24/Apr/2020:11:45:11 -0400] "GET /depository/3D-print/Stratasys%27%20new%203D%20printer%20can%20make%20virtually%20any%20shelf-ready%20product%20in%20a%20single%20process%20_%20ITworld_files/v1.js HTTP/1.1" 200 10923
66.249.64.46 - - [24/Apr/2020:11:45:12 -0400] "GET /depository/3D-print/Stratasys%27%20new%203D%20printer%20can%20make%20virtually%20any%20shelf-ready%20product%20in%20a%20single%20process%20_%20ITworld_files/gtm.js HTTP/1.1" 200 61761
5.9.32.222 - - [24/Apr/2020:11:45:12 -0400] "GET /depository//////////newest_tech/3D%20NAND%20set%20to%20dominate%20SSDs,%20kill%20off%20traditional%20flash%20_%20Computerworld_files/init HTTP/1.1" 200 232
5.9.32.222 - - [24/Apr/2020:11:45:15 -0400] "GET /depository//////////newest_tech/3D%20NAND%20set%20to%20dominate%20SSDs,%20kill%20off%20traditional%20flash%20_%20Computerworld_files/jpt HTTP/1.1" 200 78
5.9.32.222 - - [24/Apr/2020:11:45:19 -0400] "GET /depository//////////newest_tech/3D%20NAND%20set%20to%20dominate%20SSDs,%20kill%20off%20traditional%20flash%20_%20Computerworld_files/jpt_002 HTTP/1.1" 200 79
5.9.32.222 - - [24/Apr/2020:11:45:21 -0400] "GET /depository//////////newest_tech/3D%20NAND%20set%20to%20dominate%20SSDs,%20kill%20off%20traditional%20flash%20_%20Computerworld_files/jpt_003 HTTP/1.1" 200 79
5.9.32.222 - - [24/Apr/2020:11:45:34 -0400] "GET /depository//////////newest_tech/3D%20NAND%20set%20to%20dominate%20SSDs,%20kill%20off%20traditional%20flash%20_%20Computerworld_files/jpt_004 HTTP/1.1" 200 1874
5.9.32.222 - - [24/Apr/2020:11:45:37 -0400] "GET /depository//////////newest_tech/3D%20NAND%20set%20to%20dominate%20SSDs,%20kill%20off%20traditional%20flash%20_%20Computerworld_files/jpt_005 HTTP/1.1" 200 1888
171.48.108.77 - - [24/Apr/2020:11:45:37 -0400] "GET /depository/e_commerce/Leaky%20IoT%20devices%20help%20hackers%20attack%20e-commerce%20sites%20_%20ITworld_files/ HTTP/1.1" 200 6034
5.9.32.222 - - [24/Apr/2020:11:45:40 -0400] "GET /depository//////////newest_tech/3D%20NAND%20set%20to%20dominate%20SSDs,%20kill%20off%20traditional%20flash%20_%20Computerworld_files/jpt_006 HTTP/1.1" 200 1883
5.9.32.222 - - [24/Apr/2020:11:45:47 -0400] "GET /depository//////////newest_tech/3D%20NAND%20set%20to%20dominate%20SSDs,%20kill%20off%20traditional%20flash%20_%20Computerworld_files/jpt_007 HTTP/1.1" 200 1884
106.205.175.245 - - [24/Apr/2020:11:45:48 -0400] "GET /depository/e_commerce/Leaky%20IoT%20devices%20help%20hackers%20attack%20e-commerce%20sites%20_%20ITworld_files/article.js HTTP/1.1" 200 2017
46.229.168.144 - - [24/Apr/2020:11:46:06 -0400] "GET /depository/AI/Thinking%20in%20Silicon_files/a_011.htm HTTP/1.1" 200 41565
5.9.32.222 - - [24/Apr/2020:11:46:18 -0400] "GET /depository//////////newest_tech/3D%20NAND%20set%20to%20dominate%20SSDs,%20kill%20off%20traditional%20flash%20_%20Computerworld_files/jpt_008 HTTP/1.1" 200 79
5.9.32.222 - - [24/Apr/2020:11:46:20 -0400] "GET /depository//////////newest_tech/3D%20NAND%20set%20to%20dominate%20SSDs,%20kill%20off%20traditional%20flash%20_%20Computerworld_files/jpt_009 HTTP/1.1" 200 78
171.48.108.77 - - [24/Apr/2020:11:46:21 -0400] "GET /depository/education/Why%20the%20university%20of%20the%20future%20will%20have%20no%20classrooms,%20no%20lectures,%20and%20lots%20of%20tech%20-%20TechRepublic_files/ HTTP/1.1" 200 1641
5.9.32.222 - - [24/Apr/2020:11:46:23 -0400] "GET /depository//////////newest_tech/3D%20NAND%20set%20to%20dominate%20SSDs,%20kill%20off%20traditional%20flash%20_%20Computerworld_files/jpt_010 HTTP/1.1" 200 79
5.9.32.222 - - [24/Apr/2020:11:46:26 -0400] "GET /depository//////////newest_tech/3D%20NAND%20set%20to%20dominate%20SSDs,%20kill%20off%20traditional%20flash%20_%20Computerworld_files/jpt_011 HTTP/1.1" 200 79
5.9.32.222 - - [24/Apr/2020:11:46:30 -0400] "GET /depository//////////newest_tech/3D%20NAND%20set%20to%20dominate%20SSDs,%20kill%20off%20traditional%20flash%20_%20Computerworld_files/jpt_012 HTTP/1.1" 200 80
5.9.32.222 - - [24/Apr/2020:11:46:33 -0400] "GET /depository//////////newest_tech/3D%20NAND%20set%20to%20dominate%20SSDs,%20kill%20off%20traditional%20flash%20_%20Computerworld_files/onejs HTTP/1.1" 200 24456
5.9.32.222 - - [24/Apr/2020:11:46:37 -0400] "GET /depository//////////newest_tech/3D%20NAND%20set%20to%20dominate%20SSDs,%20kill%20off%20traditional%20flash%20_%20Computerworld_files/svrGP.aspx HTTP/1.1" 200 79
213.180.203.118 - - [24/Apr/2020:11:46:40 -0400] "GET /depository/rfcs/3000/rfc3053.txt HTTP/1.1" 200 28067
67.81.192.207 - - [24/Apr/2020:11:46:40 -0400] "GET /depository/blockchain/blockchain-by-melanie-swan.pdf HTTP/1.1" 200 3392796
5.9.32.222 - - [24/Apr/2020:11:46:48 -0400] "GET /depository//////////newest_tech/3D%20NAND%20set%20to%20dominate%20SSDs,%20kill%20off%20traditional%20flash%20_%20Computerworld_files/svrGP.htm HTTP/1.1" 200 130
171.48.108.77 - - [24/Apr/2020:11:46:51 -0400] "GET /depository/jobs/UK%20needs%2021,000%20more%20IT%20workers%20by%202050%20than%20previously%20predicted.mht HTTP/1.1" 200 1550991
66.249.64.46 - - [24/Apr/2020:11:46:54 -0400] "GET /depository//rfcs/5200/rfc5232.txt HTTP/1.1" 200 21964
18.185.33.160 - - [24/Apr/2020:11:46:56 -0400] "GET /4/44/dccp.htm HTTP/1.1" 200 35290
5.9.32.222 - - [24/Apr/2020:11:47:03 -0400] "GET /depository//////////newest_tech/3D%20NAND%20set%20to%20dominate%20SSDs,%20kill%20off%20traditional%20flash%20_%20Computerworld_files/svrGP_002.aspx HTTP/1.1" 200 79
5.9.32.222 - - [24/Apr/2020:11:47:05 -0400] "GET /depository//////////newest_tech/3D%20NAND%20set%20to%20dominate%20SSDs,%20kill%20off%20traditional%20flash%20_%20Computerworld_files/t HTTP/1.1" 200 1252
5.9.32.222 - - [24/Apr/2020:11:47:11 -0400] "GET /depository//////////newest_tech/3D%20NAND%20set%20to%20dominate%20SSDs,%20kill%20off%20traditional%20flash%20_%20Computerworld_files/template.htm HTTP/1.1" 200 108
5.9.32.222 - - [24/Apr/2020:11:47:14 -0400] "GET /depository//////////newest_tech/5%20things%20Apple%20Watch%20can%20do,%20and%205%20it%20can't%20%20%20Computerworld_files/14339 HTTP/1.1" 200 43
5.9.32.222 - - [24/Apr/2020:11:47:17 -0400] "GET /depository//////////newest_tech/5%20things%20Apple%20Watch%20can%20do,%20and%205%20it%20can't%20%20%20Computerworld_files/ZEbdHPQfV3x(1).htm HTTP/1.1" 200 27332
5.9.32.222 - - [24/Apr/2020:11:47:23 -0400] "GET /depository//////////newest_tech/5%20things%20Apple%20Watch%20can%20do,%20and%205%20it%20can't%20%20%20Computerworld_files/ZEbdHPQfV3x.htm HTTP/1.1" 200 27308
5.9.32.222 - - [24/Apr/2020:11:47:50 -0400] "GET /depository//////////newest_tech/5%20things%20Apple%20Watch%20can%20do,%20and%205%20it%20can't%20%20%20Computerworld_files/button3.htm HTTP/1.1" 200 8619
106.205.175.245 - - [24/Apr/2020:11:47:52 -0400] "GET /depository/security/android/ HTTP/1.1" 200 636
5.9.32.222 - - [24/Apr/2020:11:47:53 -0400] "GET /depository//////////newest_tech/5%20things%20Apple%20Watch%20can%20do,%20and%205%20it%20can't%20%20%20Computerworld_files/cb=gapi.loaded_0 HTTP/1.1" 200 113191
5.9.32.222 - - [24/Apr/2020:11:48:00 -0400] "GET /depository//////////newest_tech/5%20things%20Apple%20Watch%20can%20do,%20and%205%20it%20can't%20%20%20Computerworld_files/cb=gapi.loaded_1 HTTP/1.1" 200 54273
5.9.32.222 - - [24/Apr/2020:11:48:06 -0400] "GET /depository//////////newest_tech/5%20things%20Apple%20Watch%20can%20do,%20and%205%20it%20can't%20%20%20Computerworld_files/comments.getComments HTTP/1.1" 200 2351
5.9.32.222 - - [24/Apr/2020:11:48:11 -0400] "GET /depository//////////newest_tech/5%20things%20Apple%20Watch%20can%20do,%20and%205%20it%20can't%20%20%20Computerworld_files/controltag HTTP/1.1" 200 7793
5.9.32.222 - - [24/Apr/2020:11:48:14 -0400] "GET /depository//////////newest_tech/5%20things%20Apple%20Watch%20can%20do,%20and%205%20it%20can't%20%20%20Computerworld_files/controltag.js.050ca6784d391624b5d1dbe8bf59b021 HTTP/1.1" 200 87062
213.87.157.163 - - [24/Apr/2020:11:48:23 -0400] "GET /4/44/qos_lan.htm HTTP/1.1" 200 36829
46.229.168.163 - - [24/Apr/2020:11:48:29 -0400] "GET /depository/analytics/Big%20data,%20business%20analytics%20to%20hit%20$203%20billion%20by%202020,%20says%20IDC%20report%20-%20TechRepublic_files/ HTTP/1.1" 200 1615
114.119.163.92 - - [24/Apr/2020:11:48:39 -0400] "GET /depository/security/ransomware/Phishing%20campaign%20takes%20ransomware%20attacks%20to%20a%20global%20scale_files/jquery.js HTTP/1.1" 200 93100
95.31.145.127 - - [24/Apr/2020:11:48:53 -0400] "GET /4/44/udp_442.htm HTTP/1.1" 200 20746
213.180.203.118 - - [24/Apr/2020:11:49:02 -0400] "GET /depository/rfcs/2400/rfc2417.txt HTTP/1.1" 200 139121
213.180.203.118 - - [24/Apr/2020:11:49:06 -0400] "GET /depository/rfcs/2400/rfc2476.txt HTTP/1.1" 200 30892
5.9.32.222 - - [24/Apr/2020:11:49:44 -0400] "GET /depository//////////newest_tech/5%20things%20Apple%20Watch%20can%20do,%20and%205%20it%20can't%20%20%20Computerworld_files/count.json HTTP/1.1" 200 152
82.209.235.226 - - [24/Apr/2020:11:49:45 -0400] "GET /10/ascii.htm HTTP/1.1" 200 36979
213.180.203.118 - - [24/Apr/2020:11:49:46 -0400] "GET /depository/rfcs/1400/RFC1445.TXT HTTP/1.1" 200 102278
114.119.160.250 - - [24/Apr/2020:11:49:47 -0400] "GET /depository/AI/Danger,%20danger%21%2010%20alarming%20examples%20of%20AI%20gone%20wild%20_%20ITworld_files/a_002.htm HTTP/1.1" 200 108
5.9.32.222 - - [24/Apr/2020:11:49:49 -0400] "GET /depository//////////newest_tech/5%20things%20Apple%20Watch%20can%20do,%20and%205%20it%20can't%20%20%20Computerworld_files/fastbutton.htm HTTP/1.1" 200 30644
5.9.32.222 - - [24/Apr/2020:11:49:55 -0400] "GET /depository//////////newest_tech/5%20things%20Apple%20Watch%20can%20do,%20and%205%20it%20can't%20%20%20Computerworld_files/hub(1).htm HTTP/1.1" 200 26122
66.249.64.46 - - [24/Apr/2020:11:49:57 -0400] "GET /depository/backup/Why%20disk%20beat%20tape%20in%20the%20backup%20wars%20_%20Network%20World_files/elqIDG.js.%C1%E5%E7%20%ED%E0%E7%E2%E0%ED%E8%FF HTTP/1.1" 200 812
5.9.32.222 - - [24/Apr/2020:11:49:58 -0400] "GET /depository//////////newest_tech/5%20things%20Apple%20Watch%20can%20do,%20and%205%20it%20can't%20%20%20Computerworld_files/hub.htm HTTP/1.1" 200 26121
5.9.32.222 - - [24/Apr/2020:11:50:09 -0400] "GET /depository//////////newest_tech/5%20things%20Apple%20Watch%20can%20do,%20and%205%20it%20can't%20%20%20Computerworld_files/ip.json HTTP/1.1" 200 524
213.242.56.40 - - [24/Apr/2020:11:50:12 -0400] "GET /4/44/tcp_443.htm HTTP/1.1" 200 61723
178.216.222.138 - - [24/Apr/2020:11:50:16 -0400] "GET /10/ascii.htm HTTP/1.1" 200 36979
5.9.32.222 - - [24/Apr/2020:11:50:20 -0400] "GET /depository//////////newest_tech/5%20things%20Apple%20Watch%20can%20do,%20and%205%20it%20can't%20%20%20Computerworld_files/like.htm HTTP/1.1" 200 19646
5.9.32.222 - - [24/Apr/2020:11:50:23 -0400] "GET /depository//////////newest_tech/5%20things%20Apple%20Watch%20can%20do,%20and%205%20it%20can't%20%20%20Computerworld_files/optout_check HTTP/1.1" 200 90
128.70.232.54 - - [24/Apr/2020:11:50:49 -0400] "GET /10/ascii.htm HTTP/1.1" 304 -
66.249.64.48 - - [24/Apr/2020:11:50:50 -0400] "GET /4/45/hsts.htm HTTP/1.1" 200 86303
5.9.32.222 - - [24/Apr/2020:11:50:56 -0400] "GET /depository//////////newest_tech/5%20things%20Apple%20Watch%20can%20do,%20and%205%20it%20can't%20%20%20Computerworld_files/picture HTTP/1.1" 200 1708
5.9.32.222 - - [24/Apr/2020:11:50:58 -0400] "GET /depository//////////newest_tech/5%20things%20Apple%20Watch%20can%20do,%20and%205%20it%20can't%20%20%20Computerworld_files/ping.htm HTTP/1.1" 200 2443
5.9.32.222 - - [24/Apr/2020:11:51:02 -0400] "GET /depository//////////newest_tech/5%20things%20Apple%20Watch%20can%20do,%20and%205%20it%20can't%20%20%20Computerworld_files/postmessageRelay.htm HTTP/1.1" 200 706
5.9.32.222 - - [24/Apr/2020:11:51:04 -0400] "GET /depository//////////newest_tech/5%20things%20Apple%20Watch%20can%20do,%20and%205%20it%20can't%20%20%20Computerworld_files/saved_resource HTTP/1.1" 200 14
213.180.203.118 - - [24/Apr/2020:11:51:49 -0400] "GET /depository/terabit/%D3%F7%E5%ED%FB%E5%20%F0%E0%E7%F0%E0%E1%EE%F2%E0%FE%F2%201%20%F2%E5%F0%E0%E1%E8%F2%20Ethernet%20%EA%202015%20%E3%EE%E4%F3.mht HTTP/1.1" 200 600943
46.229.168.150 - - [24/Apr/2020:11:52:03 -0400] "GET /depository/neuro/Thinking%20in%20Silicon_files/a_003.htm HTTP/1.1" 200 24801
46.229.168.133 - - [24/Apr/2020:11:52:09 -0400] "GET /10/2020.htm HTTP/1.1" 200 30322
89.178.176.177 - - [24/Apr/2020:11:52:10 -0400] "GET /6/crypt_64.htm HTTP/1.1" 200 39173
178.68.57.168 - - [24/Apr/2020:11:52:25 -0400] "GET /6/defence.htm HTTP/1.1" 200 193079
5.9.32.222 - - [24/Apr/2020:11:52:39 -0400] "GET /depository//////////newest_tech/5%20things%20Apple%20Watch%20can%20do,%20and%205%20it%20can't%20%20%20Computerworld_files/secureAnonymousFramework HTTP/1.1" 200 164551
5.9.32.222 - - [24/Apr/2020:11:52:50 -0400] "GET /depository//////////newest_tech/5%20things%20Apple%20Watch%20can%20do,%20and%205%20it%20can't%20%20%20Computerworld_files/sso.htm HTTP/1.1" 200 10271
5.9.32.222 - - [24/Apr/2020:11:52:54 -0400] "GET /depository//////////newest_tech/5%20things%20Apple%20Watch%20can%20do,%20and%205%20it%20can't%20%20%20Computerworld_files/svrGP(1).aspx HTTP/1.1" 200 79
213.180.203.118 - - [24/Apr/2020:11:52:55 -0400] "GET /depository/rfcs/3800/rfc3821.txt HTTP/1.1" 200 170052
5.9.32.222 - - [24/Apr/2020:11:52:57 -0400] "GET /depository//////////newest_tech/5%20things%20Apple%20Watch%20can%20do,%20and%205%20it%20can't%20%20%20Computerworld_files/svrGP.aspx HTTP/1.1" 200 49
5.9.32.222 - - [24/Apr/2020:11:53:01 -0400] "GET /depository//////////newest_tech/5%20things%20Apple%20Watch%20can%20do,%20and%205%20it%20can't%20%20%20Computerworld_files/template.htm HTTP/1.1" 200 181
213.180.203.118 - - [24/Apr/2020:11:53:03 -0400] "GET /6/crypt_64.htm HTTP/1.1" 200 39173
5.9.32.222 - - [24/Apr/2020:11:53:03 -0400] "GET /depository//////////newest_tech/5%20things%20Apple%20Watch%20can%20do,%20and%205%20it%20can't%20%20%20Computerworld_files/tweet_button.1409790579.htm HTTP/1.1" 200 72318
144.76.60.198 - - [24/Apr/2020:11:53:04 -0400] "GET /depository/security/conficker/?C=N;O=A HTTP/1.1" 200 496
144.76.60.198 - - [24/Apr/2020:11:53:06 -0400] "GET /depository/security/conficker/?C=N;O=D HTTP/1.1" 200 496
144.76.60.198 - - [24/Apr/2020:11:53:08 -0400] "GET /depository/security/conficker/?C=S;O=A HTTP/1.1" 200 496
5.9.32.222 - - [24/Apr/2020:11:53:08 -0400] "GET /depository//////////newest_tech/A%20radical%20innovation%20that%20could%20reduce%20data%20density%20by%2050%25%20_%20Network%20World_files/009783746a894aca HTTP/1.1" 200 -
144.76.60.198 - - [24/Apr/2020:11:53:10 -0400] "GET /depository/security/conficker/?C=S;O=D HTTP/1.1" 200 496
5.9.32.222 - - [24/Apr/2020:11:53:11 -0400] "GET /depository//////////newest_tech/A%20radical%20innovation%20that%20could%20reduce%20data%20density%20by%2050%25%20_%20Network%20World_files/1 HTTP/1.1" 200 60
144.76.60.198 - - [24/Apr/2020:11:53:12 -0400] "GET /depository/security/cyber_threats/?C=D;O=A HTTP/1.1" 200 6108
5.9.32.222 - - [24/Apr/2020:11:53:14 -0400] "GET /depository//////////newest_tech/A%20radical%20innovation%20that%20could%20reduce%20data%20density%20by%2050%25%20_%20Network%20World_files/16850860078860130888 HTTP/1.1" 200 108578
144.76.60.198 - - [24/Apr/2020:11:53:15 -0400] "GET /depository/security/cyber_threats/?C=D;O=D HTTP/1.1" 200 6108
144.76.60.198 - - [24/Apr/2020:11:53:17 -0400] "GET /depository/security/cyber_threats/?C=M;O=A HTTP/1.1" 200 6108
5.9.32.222 - - [24/Apr/2020:11:53:18 -0400] "GET /depository//////////newest_tech/A%20radical%20innovation%20that%20could%20reduce%20data%20density%20by%2050%25%20_%20Network%20World_files/18035927998766812416 HTTP/1.1" 200 71625
46.56.112.127 - - [24/Apr/2020:11:53:18 -0400] "GET /4/43/isdn_433.htm HTTP/1.1" 200 65113
144.76.60.198 - - [24/Apr/2020:11:53:19 -0400] "GET /depository/security/cyber_threats/?C=M;O=D HTTP/1.1" 200 6108
144.76.60.198 - - [24/Apr/2020:11:53:22 -0400] "GET /depository/security/cyber_threats/?C=N;O=A HTTP/1.1" 200 6108
5.9.32.222 - - [24/Apr/2020:11:53:23 -0400] "GET /depository//////////newest_tech/A%20radical%20innovation%20that%20could%20reduce%20data%20density%20by%2050%25%20_%20Network%20World_files/1895.html HTTP/1.1" 200 317
42.191.127.206 - - [24/Apr/2020:11:53:23 -0400] "GET /depository/bitcoin/ HTTP/1.1" 200 3619
144.76.60.198 - - [24/Apr/2020:11:53:24 -0400] "GET /depository/security/cyber_threats/?C=N;O=D HTTP/1.1" 200 6108
5.9.32.222 - - [24/Apr/2020:11:53:25 -0400] "GET /depository//////////newest_tech/A%20radical%20innovation%20that%20could%20reduce%20data%20density%20by%2050%25%20_%20Network%20World_files/3096 HTTP/1.1" 200 62
144.76.60.198 - - [24/Apr/2020:11:53:26 -0400] "GET /depository/security/cyber_threats/?C=S;O=A HTTP/1.1" 200 6108
66.249.64.48 - - [24/Apr/2020:11:53:28 -0400] "GET /depository/newest_tech.htm HTTP/1.1" 304 -
144.76.60.198 - - [24/Apr/2020:11:53:30 -0400] "GET /depository/security/cyber_threats/?C=S;O=D HTTP/1.1" 200 6108
213.180.203.118 - - [24/Apr/2020:11:53:30 -0400] "GET /10/symantec/2017/vul_android.cdr HTTP/1.1" 200 17592
66.249.64.48 - - [24/Apr/2020:11:53:32 -0400] "GET /depository//big_data/Petascale_Humanities_Supercomputing_Global_News_Media_National_Institute_for_Computational_Sciences.htm HTTP/1.1" 200 53338
144.76.60.198 - - [24/Apr/2020:11:53:33 -0400] "GET /depository/security/cyber_threats/NSA%20chief%20says%20cyberattacks%20on%20industrial%20systems%20are%20his%20top%20concern%20%20%20ITworld_files/?C=M;O=A HTTP/1.1" 200 3854
144.76.60.198 - - [24/Apr/2020:11:53:35 -0400] "GET /depository/security/cyber_threats/NotCompable%20sets%20new%20standards%20for%20mobile%20botnet%20sophistication%20%20%20ITworld_files/?C=M;O=A HTTP/1.1" 200 4076
213.180.203.118 - - [24/Apr/2020:11:53:37 -0400] "GET /depository/rfcs/2400/rfc2473.txt HTTP/1.1" 200 79975
144.76.60.198 - - [24/Apr/2020:11:53:38 -0400] "GET /depository/security/cyber_threats/NotCompable%20sets%20new%20standards%20for%20mobile%20botnet%20sophistication%20%20%20ITworld_files/?C=M;O=D HTTP/1.1" 200 4076
144.76.60.198 - - [24/Apr/2020:11:53:41 -0400] "GET /depository/security/cyber_threats/Report%20%20Criminals%20use%20Shellshock%20against%20mail%20servers%20to%20build%20botnet%20%20%20ITworld_files/postmessageRelay.htm HTTP/1.1" 200 701
144.76.60.198 - - [24/Apr/2020:11:53:44 -0400] "GET /depository/security/cyber_threats/Report%20%20Criminals%20use%20Shellshock%20against%20mail%20servers%20to%20build%20botnet%20%20%20ITworld_files/saved_resource.htm HTTP/1.1" 200 1450
144.76.60.198 - - [24/Apr/2020:11:53:46 -0400] "GET /depository/security/cyber_threats/Report%20%20Criminals%20use%20Shellshock%20against%20mail%20servers%20to%20build%20botnet%20%20%20ITworld_files/secureAnonymousFramework HTTP/1.1" 200 164551
213.180.203.118 - - [24/Apr/2020:11:53:48 -0400] "GET /depository/i2p/Protocol_Stack_I2P.mht HTTP/1.1" 200 75140
144.76.60.198 - - [24/Apr/2020:11:53:51 -0400] "GET /depository/security/cyber_threats/Report%20%20Criminals%20use%20Shellshock%20against%20mail%20servers%20to%20build%20botnet%20%20%20ITworld_files/sso.htm HTTP/1.1" 200 10477
144.76.60.198 - - [24/Apr/2020:11:53:55 -0400] "GET /depository/security/cyber_threats/Report%20%20Criminals%20use%20Shellshock%20against%20mail%20servers%20to%20build%20botnet%20%20%20ITworld_files/svrGP(1).aspx HTTP/1.1" 200 79
144.76.60.198 - - [24/Apr/2020:11:53:58 -0400] "GET /depository/security/cyber_threats/Report%20%20Criminals%20use%20Shellshock%20against%20mail%20servers%20to%20build%20botnet%20%20%20ITworld_files/svrGP.aspx HTTP/1.1" 200 49
5.9.32.222 - - [24/Apr/2020:11:53:59 -0400] "GET /depository//////////newest_tech/A%20radical%20innovation%20that%20could%20reduce%20data%20density%20by%2050%25%20_%20Network%20World_files/3096.html HTTP/1.1" 200 414
144.76.60.198 - - [24/Apr/2020:11:54:01 -0400] "GET /depository/security/cyber_threats/Report%20%20Criminals%20use%20Shellshock%20against%20mail%20servers%20to%20build%20botnet%20%20%20ITworld_files/svrGP.htm HTTP/1.1" 200 445
5.9.32.222 - - [24/Apr/2020:11:54:01 -0400] "GET /depository//////////newest_tech/A%20radical%20innovation%20that%20could%20reduce%20data%20density%20by%2050%25%20_%20Network%20World_files/47340AF1-F1D4-4CA5-911B-535414F923E9 HTTP/1.1" 200 43
5.9.32.222 - - [24/Apr/2020:11:54:04 -0400] "GET /depository//////////newest_tech/A%20radical%20innovation%20that%20could%20reduce%20data%20density%20by%2050%25%20_%20Network%20World_files/47340AF1-F1D4-4CA5-911B-535414F923E9.html HTTP/1.1" 200 482
5.9.32.222 - - [24/Apr/2020:11:54:53 -0400] "GET /depository//////////newest_tech/A%20radical%20innovation%20that%20could%20reduce%20data%20density%20by%2050%25%20_%20Network%20World_files/5907 HTTP/1.1" 200 62
5.9.32.222 - - [24/Apr/2020:11:54:56 -0400] "GET /depository//////////newest_tech/A%20radical%20innovation%20that%20could%20reduce%20data%20density%20by%2050%25%20_%20Network%20World_files/628093423999127 HTTP/1.1" 200 28049
5.44.172.186 - - [24/Apr/2020:11:54:59 -0400] "GET /4/44/udp_442.htm HTTP/1.1" 200 20746
5.197.247.212 - - [24/Apr/2020:11:55:10 -0400] "GET /2/25/mpeg_7.htm HTTP/1.1" 200 154234
5.9.32.222 - - [24/Apr/2020:11:55:28 -0400] "GET /depository//////////newest_tech/A%20radical%20innovation%20that%20could%20reduce%20data%20density%20by%2050%25%20_%20Network%20World_files/ADTECH HTTP/1.1" 200 526
213.180.203.118 - - [24/Apr/2020:11:55:31 -0400] "GET /2/25/mpeg_7.htm HTTP/1.1" 200 154234
5.9.32.222 - - [24/Apr/2020:11:55:39 -0400] "GET /depository//////////newest_tech/A%20radical%20innovation%20that%20could%20reduce%20data%20density%20by%2050%25%20_%20Network%20World_files/ADTECH(1) HTTP/1.1" 200 525
5.9.32.222 - - [24/Apr/2020:11:55:44 -0400] "GET /depository//////////newest_tech/A%20radical%20innovation%20that%20could%20reduce%20data%20density%20by%2050%25%20_%20Network%20World_files/AdCallAggregator HTTP/1.1" 200 12589
5.9.32.222 - - [24/Apr/2020:11:55:46 -0400] "GET /depository//////////newest_tech/A%20radical%20innovation%20that%20could%20reduce%20data%20density%20by%2050%25%20_%20Network%20World_files/ProfilesEngineServlet HTTP/1.1" 200 43
5.9.32.222 - - [24/Apr/2020:11:55:49 -0400] "GET /depository//////////newest_tech/A%20radical%20innovation%20that%20could%20reduce%20data%20density%20by%2050%25%20_%20Network%20World_files/ProfilesEngineServlet.html HTTP/1.1" 200 182
5.9.32.222 - - [24/Apr/2020:11:56:01 -0400] "GET /depository//////////newest_tech/A%20radical%20innovation%20that%20could%20reduce%20data%20density%20by%2050%25%20_%20Network%20World_files/Pug HTTP/1.1" 200 42
5.9.32.222 - - [24/Apr/2020:11:56:04 -0400] "GET /depository//////////newest_tech/A%20radical%20innovation%20that%20could%20reduce%20data%20density%20by%2050%25%20_%20Network%20World_files/Pug(1) HTTP/1.1" 200 42
5.9.32.222 - - [24/Apr/2020:11:56:07 -0400] "GET /depository//////////newest_tech/A%20radical%20innovation%20that%20could%20reduce%20data%20density%20by%2050%25%20_%20Network%20World_files/Pug(2) HTTP/1.1" 200 42
46.229.168.147 - - [24/Apr/2020:11:56:08 -0400] "GET /depository/ddos/DDOS%20attack%20size%20up%2050-fold%20over%20past%20decade%20%20%20ITworld_files/postmessageRelay.html HTTP/1.1" 200 678
5.9.32.222 - - [24/Apr/2020:11:56:10 -0400] "GET /depository//////////newest_tech/A%20radical%20innovation%20that%20could%20reduce%20data%20density%20by%2050%25%20_%20Network%20World_files/PugMaster HTTP/1.1" 200 2167
5.9.32.222 - - [24/Apr/2020:11:56:13 -0400] "GET /depository//////////newest_tech/A%20radical%20innovation%20that%20could%20reduce%20data%20density%20by%2050%25%20_%20Network%20World_files/WWSAD1VbLCUAAGpRM-sAAADZ&1165 HTTP/1.1" 404 348
5.9.32.222 - - [24/Apr/2020:11:56:16 -0400] "GET /depository//////////newest_tech/A%20radical%20innovation%20that%20could%20reduce%20data%20density%20by%2050%25%20_%20Network%20World_files/ZMAwryCI HTTP/1.1" 200 43
5.9.32.222 - - [24/Apr/2020:11:56:19 -0400] "GET /depository//////////newest_tech/A%20radical%20innovation%20that%20could%20reduce%20data%20density%20by%2050%25%20_%20Network%20World_files/acset.json HTTP/1.1" 200 72
5.9.32.222 - - [24/Apr/2020:11:56:22 -0400] "GET /depository//////////newest_tech/A%20radical%20innovation%20that%20could%20reduce%20data%20density%20by%2050%25%20_%20Network%20World_files/ad HTTP/1.1" 200 2123
66.249.64.46 - - [24/Apr/2020:11:56:22 -0400] "GET /depository//rfcs/1800/RFC1883.TXT HTTP/1.1" 200 84164
213.180.203.118 - - [24/Apr/2020:11:56:25 -0400] "GET /depository/super_comp/China%92s%20policing%20robot%20%20Cattle%20prod%20meets%20supercomputer%20_%20ITworld_files/mail.svg HTTP/1.1" 200 631
178.155.5.177 - - [24/Apr/2020:11:56:37 -0400] "GET /4/45/retr4514.htm HTTP/1.1" 200 55200
5.9.32.222 - - [24/Apr/2020:11:56:52 -0400] "GET /depository//////////newest_tech/A%20radical%20innovation%20that%20could%20reduce%20data%20density%20by%2050%25%20_%20Network%20World_files/ad(1) HTTP/1.1" 200 43
5.9.32.222 - - [24/Apr/2020:11:56:56 -0400] "GET /depository//////////newest_tech/A%20radical%20innovation%20that%20could%20reduce%20data%20density%20by%2050%25%20_%20Network%20World_files/ad(2) HTTP/1.1" 200 45
5.9.32.222 - - [24/Apr/2020:11:56:59 -0400] "GET /depository//////////newest_tech/A%20radical%20innovation%20that%20could%20reduce%20data%20density%20by%2050%25%20_%20Network%20World_files/ads HTTP/1.1" 200 17747
5.9.32.222 - - [24/Apr/2020:11:57:02 -0400] "GET /depository//////////newest_tech/A%20radical%20innovation%20that%20could%20reduce%20data%20density%20by%2050%25%20_%20Network%20World_files/ads(1) HTTP/1.1" 200 49226
5.9.32.222 - - [24/Apr/2020:11:57:08 -0400] "GET /depository//////////newest_tech/A%20radical%20innovation%20that%20could%20reduce%20data%20density%20by%2050%25%20_%20Network%20World_files/ads.html HTTP/1.1" 200 66195
5.9.32.222 - - [24/Apr/2020:11:57:11 -0400] "GET /depository//////////newest_tech/A%20radical%20innovation%20that%20could%20reduce%20data%20density%20by%2050%25%20_%20Network%20World_files/adsct HTTP/1.1" 200 31
5.9.32.222 - - [24/Apr/2020:11:57:16 -0400] "GET /depository//////////newest_tech/A%20radical%20innovation%20that%20could%20reduce%20data%20density%20by%2050%25%20_%20Network%20World_files/adsct(1) HTTP/1.1" 200 31
213.180.203.118 - - [24/Apr/2020:11:57:23 -0400] "GET /depository/annuals/The%20most%20innovative%20and%20damaging%20hacks%20of%202015%20_%20InfoWorld_files/googleplus.svg HTTP/1.1" 200 1456
5.9.32.222 - - [24/Apr/2020:11:57:25 -0400] "GET /depository//////////newest_tech/A%20radical%20innovation%20that%20could%20reduce%20data%20density%20by%2050%25%20_%20Network%20World_files/an-usersync HTTP/1.1" 200 -
5.9.32.222 - - [24/Apr/2020:11:57:28 -0400] "GET /depository//////////newest_tech/A%20radical%20innovation%20that%20could%20reduce%20data%20density%20by%2050%25%20_%20Network%20World_files/anchor.html HTTP/1.1" 200 26189
178.155.5.177 - - [24/Apr/2020:11:57:29 -0400] "GET /4/45/retr4514.htm HTTP/1.1" 200 55200
5.9.32.222 - - [24/Apr/2020:11:58:12 -0400] "GET /depository//////////newest_tech/A%20radical%20innovation%20that%20could%20reduce%20data%20density%20by%2050%25%20_%20Network%20World_files/arj HTTP/1.1" 200 191
37.213.111.222 - - [24/Apr/2020:11:58:23 -0400] "GET /10/ascii.htm HTTP/1.1" 200 36979
5.9.32.222 - - [24/Apr/2020:11:58:32 -0400] "GET /depository//////////newest_tech/A%20radical%20innovation%20that%20could%20reduce%20data%20density%20by%2050%25%20_%20Network%20World_files/arj(1) HTTP/1.1" 200 191
5.9.32.222 - - [24/Apr/2020:11:58:46 -0400] "GET /depository//////////newest_tech/A%20radical%20innovation%20that%20could%20reduce%20data%20density%20by%2050%25%20_%20Network%20World_files/async_usersync HTTP/1.1" 200 1004
213.180.203.118 - - [24/Apr/2020:11:58:52 -0400] "GET /depository/i2p/Index_to_Technical_Documentation.mht HTTP/1.1" 200 52140
114.119.163.55 - - [24/Apr/2020:11:58:54 -0400] "GET /depository/security/general/general.htm HTTP/1.1" 200 8138
5.9.32.222 - - [24/Apr/2020:11:58:59 -0400] "GET /depository//////////newest_tech/A%20radical%20innovation%20that%20could%20reduce%20data%20density%20by%2050%25%20_%20Network%20World_files/async_usersync(1).html HTTP/1.1" 200 1941
117.213.203.91 - - [24/Apr/2020:12:00:10 -0400] "GET /depository/backup/Data-Domain-Symantec-NetBackup-Best-Practices.pdf HTTP/1.1" 200 1856306
188.170.85.128 - - [24/Apr/2020:12:00:22 -0400] "GET /4/44/tcp_443.htm HTTP/1.1" 200 61723
5.9.32.222 - - [24/Apr/2020:12:00:23 -0400] "GET /depository//////////newest_tech/A%20radical%20innovation%20that%20could%20reduce%20data%20density%20by%2050%25%20_%20Network%20World_files/async_usersync.html HTTP/1.1" 200 1947
5.9.32.222 - - [24/Apr/2020:12:00:28 -0400] "GET /depository//////////newest_tech/A%20radical%20innovation%20that%20could%20reduce%20data%20density%20by%2050%25%20_%20Network%20World_files/bframe.html HTTP/1.1" 200 7606
5.166.49.239 - - [24/Apr/2020:12:00:40 -0400] "GET /2/21/trans_21.htm HTTP/1.1" 200 25778
213.180.203.118 - - [24/Apr/2020:12:00:41 -0400] "GET /depository/mobile/Mobile%20World%20Congress%202015%20%20%F1%E0%EC%FB%E5%20%E8%ED%F2%E5%F0%E5%F1%ED%FB%E5%20%E3%E0%E4%E6%E5%F2%FB%20%20%20%D1%EF%E0%F1%E0%E5%EC%20%EC%E8%F0%20%F1%EB%EE%E2%EE%EC%20%20%20%CE%F4%E8%F6%E8%E0%EB%FC%ED%FB%E9%20%F0%F3%F1%F1%EA%E8%E9%20%E1%EB%EE%E3%20%CB%E0%E1%EE%F0%E0%F2%EE%F0%E8%E8%20%CA%E0%F1%EF%E5%F0%F1%EA%EE%E3%EE_files/rs=AGLTcCMr-t15Z4XWH2TJN6C3ZtGYlS1l0w HTTP/1.1" 200 263418
73.169.246.233 - - [24/Apr/2020:12:01:06 -0400] "GET /4/44/9HYSA4LIF8 HTTP/1.1" 404 213
