5.9.32.222 - - [24/Apr/2020:17:49:54 -0400] "GET /depository//////////newest_tech/Samsung%20releases%20the%20world%92s%20fastest%20gumstick%20SSD%20_%20ITworld_files/samsung-releases-the-worlds-fastest-gumstick-ssd_012.htm HTTP/1.1" 200 349
5.9.32.222 - - [24/Apr/2020:17:50:05 -0400] "GET /depository//////////newest_tech/Samsung%20releases%20the%20world%92s%20fastest%20gumstick%20SSD%20_%20ITworld_files/samsung-releases-the-worlds-fastest-gumstick-ssd_data/ HTTP/1.1" 200 654
5.9.32.222 - - [24/Apr/2020:17:50:08 -0400] "GET /depository//////////newest_tech/Samsung%20releases%20the%20world%92s%20fastest%20gumstick%20SSD%20_%20ITworld_files/samsung-releases-the-worlds-fastest-gumstick-ssd_data_002/ HTTP/1.1" 200 662
66.249.64.46 - - [24/Apr/2020:17:50:49 -0400] "GET /10/shennon.htm HTTP/1.1" 200 17696
5.9.32.222 - - [24/Apr/2020:17:51:06 -0400] "GET /depository//////////newest_tech/Samsung%20releases%20the%20world%92s%20fastest%20gumstick%20SSD%20_%20ITworld_files/samsung-releases-the-worlds-fastest-gumstick-ssd_data_003/ HTTP/1.1" 200 708
46.229.168.131 - - [24/Apr/2020:17:51:08 -0400] "GET /depository/Network%20management%20projects%20top%20list%20of%202015%20IT%20initiatives_files/getuid HTTP/1.1" 200 43
24.218.235.111 - - [24/Apr/2020:17:51:08 -0400] "GET /depository/open_flow/SDN%20in%202014%20%20A%20year%20of%20non-stop%20action%20%20%20ITworld_files/ HTTP/1.1" 200 5953
5.9.32.222 - - [24/Apr/2020:17:51:08 -0400] "GET /depository//////////newest_tech/Samsung%20releases%20the%20world%92s%20fastest%20gumstick%20SSD%20_%20ITworld_files/samsung-releases-the-worlds-fastest-gumstick-ssd_data_004/ HTTP/1.1" 200 960
5.9.32.222 - - [24/Apr/2020:17:51:21 -0400] "GET /depository//////////newest_tech/Samsung%20releases%20the%20world%92s%20fastest%20gumstick%20SSD%20_%20ITworld_files/samsung-releases-the-worlds-fastest-gumstick-ssd_data_005/ HTTP/1.1" 200 670
5.9.32.222 - - [24/Apr/2020:17:51:24 -0400] "GET /depository//////////newest_tech/Samsung%20releases%20the%20world%92s%20fastest%20gumstick%20SSD%20_%20ITworld_files/samsung-releases-the-worlds-fastest-gumstick-ssd_data_006/ HTTP/1.1" 200 1106
5.9.32.222 - - [24/Apr/2020:17:51:26 -0400] "GET /depository//////////newest_tech/Samsung%20releases%20the%20world%92s%20fastest%20gumstick%20SSD%20_%20ITworld_files/samsung-releases-the-worlds-fastest-gumstick-ssd_data_007/ HTTP/1.1" 200 662
5.9.32.222 - - [24/Apr/2020:17:51:28 -0400] "GET /depository//////////newest_tech/Samsung%20releases%20the%20world%92s%20fastest%20gumstick%20SSD%20_%20ITworld_files/samsung-releases-the-worlds-fastest-gumstick-ssd_data_008/ HTTP/1.1" 200 662
5.9.32.222 - - [24/Apr/2020:17:51:31 -0400] "GET /depository//////////newest_tech/Samsung%20releases%20the%20world%92s%20fastest%20gumstick%20SSD%20_%20ITworld_files/samsung-releases-the-worlds-fastest-gumstick-ssd_data_009/ HTTP/1.1" 200 662
5.9.32.222 - - [24/Apr/2020:17:51:34 -0400] "GET /depository//////////newest_tech/Samsung%20releases%20the%20world%92s%20fastest%20gumstick%20SSD%20_%20ITworld_files/samsung-releases-the-worlds-fastest-gumstick-ssd_data_010/ HTTP/1.1" 200 662
46.229.168.141 - - [24/Apr/2020:17:51:47 -0400] "GET /depository/newest_tech/Magnetic%20smart%20fabrics%20will%20store%20data%20in%20clothes%20%20%20Network%20World_files/sponsored-links.htm HTTP/1.1" 200 6363
5.9.32.222 - - [24/Apr/2020:17:51:53 -0400] "GET /depository//////////newest_tech/Samsung%20releases%20the%20world%92s%20fastest%20gumstick%20SSD%20_%20ITworld_files/samsung-releases-the-worlds-fastest-gumstick-ssd_data_011/ HTTP/1.1" 200 662
5.9.32.222 - - [24/Apr/2020:17:51:56 -0400] "GET /depository//////////newest_tech/Samsung%20releases%20the%20world%92s%20fastest%20gumstick%20SSD%20_%20ITworld_files/samsung-releases-the-worlds-fastest-gumstick-ssd_data_012/ HTTP/1.1" 200 662
66.249.64.46 - - [24/Apr/2020:17:52:01 -0400] "GET /depository/annuals/ibm.pdf HTTP/1.1" 200 15298992
164.215.54.127 - - [24/Apr/2020:17:52:04 -0400] "GET /10/ascii.htm HTTP/1.1" 200 36979
31.125.159.27 - - [24/Apr/2020:17:52:24 -0400] "GET /depository/open_flow/SDN%20in%202014%20%20A%20year%20of%20non-stop%20action%20%20%20ITworld_files/ HTTP/1.1" 200 5953
109.252.41.86 - - [24/Apr/2020:17:52:30 -0400] "GET /10/ascii.htm HTTP/1.1" 200 36979
213.180.203.118 - - [24/Apr/2020:17:52:41 -0400] "GET /depository/big_data/asus/AsusUpdate_V1.01.02/ImageResource/AsAcpi.dll HTTP/1.1" 200 108544
46.229.168.154 - - [24/Apr/2020:17:52:42 -0400] "GET /4/41/dqdb_419.htm HTTP/1.1" 200 8254
213.180.203.118 - - [24/Apr/2020:17:52:52 -0400] "GET /depository/security/shellshock/Six%20key%20defenses%20against%20Shellshock%20attacks%20%20%20ITworld_files/like.htm HTTP/1.1" 200 19731
109.108.250.54 - - [24/Apr/2020:17:52:59 -0400] "GET /10/ascii.htm HTTP/1.1" 200 36979
5.9.32.222 - - [24/Apr/2020:17:53:04 -0400] "GET /depository//////////newest_tech/Samsung%20releases%20the%20world%92s%20fastest%20gumstick%20SSD%20_%20ITworld_files/svrGP.aspx HTTP/1.1" 200 79
213.180.203.118 - - [24/Apr/2020:17:53:07 -0400] "GET /6/pgp_644.htm HTTP/1.1" 200 8380
5.9.32.222 - - [24/Apr/2020:17:53:07 -0400] "GET /depository//////////newest_tech/Samsung%20releases%20the%20world%92s%20fastest%20gumstick%20SSD%20_%20ITworld_files/svrGP.htm HTTP/1.1" 200 129
5.9.32.222 - - [24/Apr/2020:17:53:09 -0400] "GET /depository//////////newest_tech/Samsung%20releases%20the%20world%92s%20fastest%20gumstick%20SSD%20_%20ITworld_files/t HTTP/1.1" 200 1284
213.180.203.118 - - [24/Apr/2020:17:53:10 -0400] "GET /4/6/set_66.htm HTTP/1.1" 200 459112
5.9.32.222 - - [24/Apr/2020:17:53:11 -0400] "GET /depository//////////newest_tech/Samsung%20releases%20the%20world%92s%20fastest%20gumstick%20SSD%20_%20ITworld_files/ylv4wjj-d.htm HTTP/1.1" 200 565
5.9.32.222 - - [24/Apr/2020:17:53:14 -0400] "GET /depository//////////newest_tech/Samsung's%20blazing%20fast%20UFS%20storage%20cards%20could%20replace%20micro-SD%20media%20%20Computerworld_files/template.htm HTTP/1.1" 200 370
5.9.32.222 - - [24/Apr/2020:17:53:16 -0400] "GET /depository//////////newest_tech/Samsung%92s%20massive%2015TB%20SSD%20can%20be%20yours%20--%20for%20about%20$10K%20%20%20ITworld_files/14347.htm HTTP/1.1" 200 1991
5.9.32.222 - - [24/Apr/2020:17:53:18 -0400] "GET /depository//////////newest_tech/Samsung%92s%20massive%2015TB%20SSD%20can%20be%20yours%20--%20for%20about%20$10K%20%20%20ITworld_files/21gYQcxTLe0.htm HTTP/1.1" 200 45516
5.9.32.222 - - [24/Apr/2020:17:53:21 -0400] "GET /depository//////////newest_tech/Samsung%92s%20massive%2015TB%20SSD%20can%20be%20yours%20--%20for%20about%20$10K%20%20%20ITworld_files/42ypLGPB HTTP/1.1" 200 42
5.9.32.222 - - [24/Apr/2020:17:53:23 -0400] "GET /depository//////////newest_tech/Samsung%92s%20massive%2015TB%20SSD%20can%20be%20yours%20--%20for%20about%20$10K%20%20%20ITworld_files/8789296005691178001 HTTP/1.1" 200 11114
213.180.203.118 - - [24/Apr/2020:17:53:23 -0400] "GET /depository/blockchain/%C1%EB%EE%EA%F7%E5%E9%ED_%20%EA%F3%E4%E0%20%EF%F0%E8%E2%E5%E4%E5%F2%20%EC%E8%F0%20%ED%EE%E2%E0%FF%20%F2%E5%F5%ED%EE%EB%EE%E3%E8%FF%20_%20%D0%E0%F1%F8%E8%F0%FF%E5%EC%20%EA%F0%F3%E3%EE%E7%EE%F0%20_%20%C4%E8%F1%EA%F3%F1%F1%E8%E8%20_%20Global%20CIO.%20%CE%F4%E8%F6%E8%E0%EB%FC%ED%FB%E9%20%EF%EE%F0%F2%E0%EB%20%C8%D2-%E4%E8%F0%E5%EA%F2%EE%F0%EE%E2_files/cycounter HTTP/1.1" 200 1531
185.158.112.108 - - [24/Apr/2020:17:53:57 -0400] "GET /4/44/tcp.htm HTTP/1.1" 200 123493
77.111.247.68 - - [24/Apr/2020:17:54:09 -0400] "GET /10/ascii.htm HTTP/1.1" 200 36979
114.119.163.196 - - [24/Apr/2020:17:54:51 -0400] "GET /depository/AI/IdeaFestival%202017_%20Algorithms,%20AI%20and%20other%20Frankenstein-like%20technologies%20-%20TechRepublic_files/impl.276-47-RELEASE.js HTTP/1.1" 200 372369
5.9.32.222 - - [24/Apr/2020:17:55:22 -0400] "GET /depository//////////newest_tech/Samsung%92s%20massive%2015TB%20SSD%20can%20be%20yours%20--%20for%20about%20$10K%20%20%20ITworld_files/GenericUserSync.ashx HTTP/1.1" 200 42
5.9.32.222 - - [24/Apr/2020:17:55:24 -0400] "GET /depository//////////newest_tech/Samsung%92s%20massive%2015TB%20SSD%20can%20be%20yours%20--%20for%20about%20$10K%20%20%20ITworld_files/ProfilesEngineServlet HTTP/1.1" 200 43
5.9.32.222 - - [24/Apr/2020:17:55:27 -0400] "GET /depository//////////newest_tech/Samsung%92s%20massive%2015TB%20SSD%20can%20be%20yours%20--%20for%20about%20$10K%20%20%20ITworld_files/ad HTTP/1.1" 200 990
179.61.173.225 - - [24/Apr/2020:17:55:29 -0400] "GET /depository/new_proto/MU-MIMO-MAC-Protocols-for-Wireless-Local.pdf HTTP/1.0" 200 504495
5.9.32.222 - - [24/Apr/2020:17:55:29 -0400] "GET /depository//////////newest_tech/Samsung%92s%20massive%2015TB%20SSD%20can%20be%20yours%20--%20for%20about%20$10K%20%20%20ITworld_files/adsct HTTP/1.1" 200 31
5.9.32.222 - - [24/Apr/2020:17:55:32 -0400] "GET /depository//////////newest_tech/Samsung%92s%20massive%2015TB%20SSD%20can%20be%20yours%20--%20for%20about%20$10K%20%20%20ITworld_files/adsct(1) HTTP/1.1" 200 31
5.9.32.222 - - [24/Apr/2020:17:55:35 -0400] "GET /depository//////////newest_tech/Samsung%92s%20massive%2015TB%20SSD%20can%20be%20yours%20--%20for%20about%20$10K%20%20%20ITworld_files/challenge HTTP/1.1" 200 8844
5.9.32.222 - - [24/Apr/2020:17:55:38 -0400] "GET /depository//////////newest_tech/Samsung%92s%20massive%2015TB%20SSD%20can%20be%20yours%20--%20for%20about%20$10K%20%20%20ITworld_files/container.htm HTTP/1.1" 200 73331
5.9.32.222 - - [24/Apr/2020:17:55:42 -0400] "GET /depository//////////newest_tech/Samsung%92s%20massive%2015TB%20SSD%20can%20be%20yours%20--%20for%20about%20$10K%20%20%20ITworld_files/cs HTTP/1.1" 200 42
5.9.32.222 - - [24/Apr/2020:17:55:43 -0400] "GET /depository//////////newest_tech/Samsung%92s%20massive%2015TB%20SSD%20can%20be%20yours%20--%20for%20about%20$10K%20%20%20ITworld_files/generic HTTP/1.1" 200 42
5.9.32.222 - - [24/Apr/2020:17:55:46 -0400] "GET /depository//////////newest_tech/Samsung%92s%20massive%2015TB%20SSD%20can%20be%20yours%20--%20for%20about%20$10K%20%20%20ITworld_files/getuid HTTP/1.1" 200 42
5.9.32.222 - - [24/Apr/2020:17:55:56 -0400] "GET /depository//////////newest_tech/Samsung%92s%20massive%2015TB%20SSD%20can%20be%20yours%20--%20for%20about%20$10K%20%20%20ITworld_files/iframe.htm HTTP/1.1" 200 1141
5.9.32.222 - - [24/Apr/2020:17:55:58 -0400] "GET /depository//////////newest_tech/Samsung%92s%20massive%2015TB%20SSD%20can%20be%20yours%20--%20for%20about%20$10K%20%20%20ITworld_files/image HTTP/1.1" 200 2588
5.9.32.222 - - [24/Apr/2020:17:56:02 -0400] "GET /depository//////////newest_tech/Samsung%92s%20massive%2015TB%20SSD%20can%20be%20yours%20--%20for%20about%20$10K%20%20%20ITworld_files/init HTTP/1.1" 200 232
5.9.32.222 - - [24/Apr/2020:17:56:04 -0400] "GET /depository//////////newest_tech/Samsung%92s%20massive%2015TB%20SSD%20can%20be%20yours%20--%20for%20about%20$10K%20%20%20ITworld_files/itworld.com HTTP/1.1" 200 365
66.249.64.48 - - [24/Apr/2020:17:56:06 -0400] "GET /depository/rfcs/8200/rfc8278.txt HTTP/1.1" 200 32313
213.180.203.118 - - [24/Apr/2020:17:56:27 -0400] "GET /depository/wireless/Wi-Fi%206%20with%20OFDMA%20opens%20a%20world%20of%20new%20wireless%20possibilities%20%20%20Network%20World_files/1_005 HTTP/1.1" 200 72
139.162.106.181 - - [24/Apr/2020:17:56:38 -0400] "GET / HTTP/1.1" 200 4805
5.9.32.222 - - [24/Apr/2020:17:56:42 -0400] "GET /depository//////////newest_tech/Samsung%92s%20massive%2015TB%20SSD%20can%20be%20yours%20--%20for%20about%20$10K%20%20%20ITworld_files/jpt HTTP/1.1" 200 74
66.102.7.5 - - [24/Apr/2020:17:56:43 -0400] "GET /3/serial/ HTTP/1.1" 200 264
5.9.32.222 - - [24/Apr/2020:17:56:45 -0400] "GET /depository//////////newest_tech/Samsung%92s%20massive%2015TB%20SSD%20can%20be%20yours%20--%20for%20about%20$10K%20%20%20ITworld_files/jpt(1) HTTP/1.1" 200 74
79.111.62.126 - - [24/Apr/2020:17:56:48 -0400] "GET /10/ascii.htm HTTP/1.1" 200 36979
5.9.32.222 - - [24/Apr/2020:17:57:12 -0400] "GET /depository//////////newest_tech/Samsung%92s%20massive%2015TB%20SSD%20can%20be%20yours%20--%20for%20about%20$10K%20%20%20ITworld_files/jpt(10) HTTP/1.1" 200 73
5.9.32.222 - - [24/Apr/2020:17:57:14 -0400] "GET /depository//////////newest_tech/Samsung%92s%20massive%2015TB%20SSD%20can%20be%20yours%20--%20for%20about%20$10K%20%20%20ITworld_files/jpt(11) HTTP/1.1" 200 73
5.9.32.222 - - [24/Apr/2020:17:57:16 -0400] "GET /depository//////////newest_tech/Samsung%92s%20massive%2015TB%20SSD%20can%20be%20yours%20--%20for%20about%20$10K%20%20%20ITworld_files/jpt(2) HTTP/1.1" 200 74
5.9.32.222 - - [24/Apr/2020:17:57:28 -0400] "GET /depository//////////newest_tech/Samsung%92s%20massive%2015TB%20SSD%20can%20be%20yours%20--%20for%20about%20$10K%20%20%20ITworld_files/jpt(3) HTTP/1.1" 200 73
87.255.1.48 - - [24/Apr/2020:17:57:31 -0400] "GET /4/7/memory.htm HTTP/1.1" 200 35794
213.180.203.118 - - [24/Apr/2020:17:57:59 -0400] "GET /depository/terabit/400GbE_Terabit_Ethernet.mht HTTP/1.1" 200 876822
80.82.78.104 - - [24/Apr/2020:17:58:02 -0400] "GET ../../proc/ HTTP" 400 226
5.9.32.222 - - [24/Apr/2020:17:58:25 -0400] "GET /depository//////////newest_tech/Samsung%92s%20massive%2015TB%20SSD%20can%20be%20yours%20--%20for%20about%20$10K%20%20%20ITworld_files/jpt(4) HTTP/1.1" 200 73
5.9.32.222 - - [24/Apr/2020:17:58:41 -0400] "GET /depository//////////newest_tech/Samsung%92s%20massive%2015TB%20SSD%20can%20be%20yours%20--%20for%20about%20$10K%20%20%20ITworld_files/jpt(5) HTTP/1.1" 200 73
5.9.32.222 - - [24/Apr/2020:17:58:44 -0400] "GET /depository//////////newest_tech/Samsung%92s%20massive%2015TB%20SSD%20can%20be%20yours%20--%20for%20about%20$10K%20%20%20ITworld_files/jpt(6) HTTP/1.1" 200 72
5.9.32.222 - - [24/Apr/2020:17:58:46 -0400] "GET /depository//////////newest_tech/Samsung%92s%20massive%2015TB%20SSD%20can%20be%20yours%20--%20for%20about%20$10K%20%20%20ITworld_files/jpt(7) HTTP/1.1" 200 73
5.9.32.222 - - [24/Apr/2020:17:58:52 -0400] "GET /depository//////////newest_tech/Samsung%92s%20massive%2015TB%20SSD%20can%20be%20yours%20--%20for%20about%20$10K%20%20%20ITworld_files/jpt(8) HTTP/1.1" 200 73
204.236.125.18 - - [24/Apr/2020:17:58:54 -0400] "GET /10/symantec/ HTTP/1.1" 200 13023
5.9.32.222 - - [24/Apr/2020:17:59:12 -0400] "GET /depository//////////newest_tech/Samsung%92s%20massive%2015TB%20SSD%20can%20be%20yours%20--%20for%20about%20$10K%20%20%20ITworld_files/jpt(9) HTTP/1.1" 200 73
5.9.32.222 - - [24/Apr/2020:17:59:17 -0400] "GET /depository//////////newest_tech/Samsung%92s%20massive%2015TB%20SSD%20can%20be%20yours%20--%20for%20about%20$10K%20%20%20ITworld_files/l HTTP/1.1" 200 -
5.9.32.222 - - [24/Apr/2020:17:59:21 -0400] "GET /depository//////////newest_tech/Samsung%92s%20massive%2015TB%20SSD%20can%20be%20yours%20--%20for%20about%20$10K%20%20%20ITworld_files/pixel HTTP/1.1" 200 42
5.9.32.222 - - [24/Apr/2020:17:59:23 -0400] "GET /depository//////////newest_tech/Samsung%92s%20massive%2015TB%20SSD%20can%20be%20yours%20--%20for%20about%20$10K%20%20%20ITworld_files/push.htm HTTP/1.1" 200 356
5.9.32.222 - - [24/Apr/2020:17:59:30 -0400] "GET /depository//////////newest_tech/Samsung%92s%20massive%2015TB%20SSD%20can%20be%20yours%20--%20for%20about%20$10K%20%20%20ITworld_files/re.htm HTTP/1.1" 200 199
5.9.32.222 - - [24/Apr/2020:17:59:33 -0400] "GET /depository//////////newest_tech/Samsung%92s%20massive%2015TB%20SSD%20can%20be%20yours%20--%20for%20about%20$10K%20%20%20ITworld_files/saved_resource HTTP/1.1" 200 35
5.9.32.222 - - [24/Apr/2020:17:59:36 -0400] "GET /depository//////////newest_tech/Samsung%92s%20massive%2015TB%20SSD%20can%20be%20yours%20--%20for%20about%20$10K%20%20%20ITworld_files/saved_resource(1) HTTP/1.1" 200 43
5.9.32.222 - - [24/Apr/2020:17:59:37 -0400] "GET /depository//////////newest_tech/Samsung%92s%20massive%2015TB%20SSD%20can%20be%20yours%20--%20for%20about%20$10K%20%20%20ITworld_files/svrGP(1).aspx HTTP/1.1" 200 79
5.9.32.222 - - [24/Apr/2020:17:59:38 -0400] "GET /depository//////////newest_tech/Samsung%92s%20massive%2015TB%20SSD%20can%20be%20yours%20--%20for%20about%20$10K%20%20%20ITworld_files/svrGP.aspx HTTP/1.1" 200 49
5.9.32.222 - - [24/Apr/2020:17:59:39 -0400] "GET /depository//////////newest_tech/Samsung%92s%20massive%2015TB%20SSD%20can%20be%20yours%20--%20for%20about%20$10K%20%20%20ITworld_files/svrGP.htm HTTP/1.1" 200 607
5.9.32.222 - - [24/Apr/2020:17:59:42 -0400] "GET /depository//////////newest_tech/Samsung%92s%20massive%2015TB%20SSD%20can%20be%20yours%20--%20for%20about%20$10K%20%20%20ITworld_files/sync HTTP/1.1" 200 42
5.9.32.222 - - [24/Apr/2020:17:59:46 -0400] "GET /depository//////////newest_tech/Samsung%92s%20massive%2015TB%20SSD%20can%20be%20yours%20--%20for%20about%20$10K%20%20%20ITworld_files/t HTTP/1.1" 200 1095
5.9.32.222 - - [24/Apr/2020:17:59:49 -0400] "GET /depository//////////newest_tech/Samsung%92s%20massive%2015TB%20SSD%20can%20be%20yours%20--%20for%20about%20$10K%20%20%20ITworld_files/teads HTTP/1.1" 200 42
5.9.32.222 - - [24/Apr/2020:17:59:51 -0400] "GET /depository//////////newest_tech/Samsung%92s%20massive%2015TB%20SSD%20can%20be%20yours%20--%20for%20about%20$10K%20%20%20ITworld_files/teads_user_sync HTTP/1.1" 200 42
5.9.32.222 - - [24/Apr/2020:17:59:55 -0400] "GET /depository//////////newest_tech/SanDisk%20announces%20world's%20highest%20capacity%20SD%20card%20%20512GB%20%20%20ITworld_files/DFPAudiencePixel;retargeting_pixel=IDGE_Data%20Center%20&%20Storage HTTP/1.1" 404 373
5.9.32.222 - - [24/Apr/2020:17:59:57 -0400] "GET /depository//////////newest_tech/SanDisk%20announces%20world's%20highest%20capacity%20SD%20card%20%20512GB%20%20%20ITworld_files/ZEbdHPQfV3x.htm HTTP/1.1" 200 27367
5.9.32.222 - - [24/Apr/2020:18:00:02 -0400] "GET /depository//////////newest_tech/SanDisk%20announces%20world's%20highest%20capacity%20SD%20card%20%20512GB%20%20%20ITworld_files/ads HTTP/1.1" 200 43
5.9.32.222 - - [24/Apr/2020:18:00:12 -0400] "GET /depository//////////newest_tech/SanDisk%20announces%20world's%20highest%20capacity%20SD%20card%20%20512GB%20%20%20ITworld_files/cb=gapi.loaded_0 HTTP/1.1" 200 228137
5.9.32.222 - - [24/Apr/2020:18:00:17 -0400] "GET /depository//////////newest_tech/SanDisk%20announces%20world's%20highest%20capacity%20SD%20card%20%20512GB%20%20%20ITworld_files/cb=gapi.loaded_1 HTTP/1.1" 200 2430
5.9.32.222 - - [24/Apr/2020:18:00:19 -0400] "GET /depository//////////newest_tech/SanDisk%20announces%20world's%20highest%20capacity%20SD%20card%20%20512GB%20%20%20ITworld_files/cb=gapi.loaded_2 HTTP/1.1" 200 71
5.9.32.222 - - [24/Apr/2020:18:00:20 -0400] "GET /depository//////////newest_tech/SanDisk%20announces%20world's%20highest%20capacity%20SD%20card%20%20512GB%20%20%20ITworld_files/checkOAuth.esi HTTP/1.1" 200 22
5.9.32.222 - - [24/Apr/2020:18:00:22 -0400] "GET /depository//////////newest_tech/SanDisk%20announces%20world's%20highest%20capacity%20SD%20card%20%20512GB%20%20%20ITworld_files/container.html HTTP/1.1" 200 43
109.61.174.219 - - [24/Apr/2020:18:00:24 -0400] "GET /4/45/tlnt_453.htm HTTP/1.1" 200 28548
114.119.163.196 - - [24/Apr/2020:18:00:27 -0400] "GET /depository/rfcs/1400/RFC1435.TXT HTTP/1.1" 200 2822
109.95.126.196 - - [24/Apr/2020:18:00:35 -0400] "GET /depository/blockchain/blockchain-by-melanie-swan.pdf HTTP/1.1" 200 3392796
93.75.174.250 - - [24/Apr/2020:18:00:38 -0400] "GET /4/44/rut_4411.htm HTTP/1.1" 200 50775
213.180.203.118 - - [24/Apr/2020:18:00:49 -0400] "GET /depository/big_data/asus/DrvResource/Io/AsIO32.sys HTTP/1.1" 200 11456
213.180.203.118 - - [24/Apr/2020:18:00:52 -0400] "GET /depository/rfcs/8500/rfc8568.txt HTTP/1.1" 200 105501
213.180.203.118 - - [24/Apr/2020:18:01:08 -0400] "GET /depository/rfcs/8500/rfc8556.txt HTTP/1.1" 200 38070
114.119.161.23 - - [24/Apr/2020:18:01:34 -0400] "GET /4/7/medicine HTTP/1.1" 301 241
114.119.161.23 - - [24/Apr/2020:18:01:35 -0400] "GET /4/7/medicine/ HTTP/1.1" 200 286
5.9.32.222 - - [24/Apr/2020:18:02:53 -0400] "GET /depository//////////newest_tech/SanDisk%20announces%20world's%20highest%20capacity%20SD%20card%20%20512GB%20%20%20ITworld_files/controltag HTTP/1.1" 200 7177
5.9.32.222 - - [24/Apr/2020:18:02:59 -0400] "GET /depository//////////newest_tech/SanDisk%20announces%20world's%20highest%20capacity%20SD%20card%20%20512GB%20%20%20ITworld_files/controltag.js.050ca6784d391624b5d1dbe8bf59b021 HTTP/1.1" 200 87062
5.9.32.222 - - [24/Apr/2020:18:03:01 -0400] "GET /depository//////////newest_tech/SanDisk%20announces%20world's%20highest%20capacity%20SD%20card%20%20512GB%20%20%20ITworld_files/elqBlank.htm HTTP/1.1" 200 257
91.214.59.214 - - [24/Apr/2020:18:03:03 -0400] "GET /4/44/rut_4411.htm HTTP/1.1" 200 50775
5.9.32.222 - - [24/Apr/2020:18:03:05 -0400] "GET /depository//////////newest_tech/SanDisk%20announces%20world's%20highest%20capacity%20SD%20card%20%20512GB%20%20%20ITworld_files/fastbutton(1).htm HTTP/1.1" 200 30496
217.107.199.84 - - [24/Apr/2020:18:03:26 -0400] "GET /6/defence.htm HTTP/1.1" 200 193079
114.119.160.250 - - [24/Apr/2020:18:03:48 -0400] "GET /tag/biotech HTTP/1.1" 404 209
198.71.230.61 - - [24/Apr/2020:18:04:10 -0400] "GET /wordpress/ HTTP/1.1" 404 208
176.105.216.55 - - [24/Apr/2020:18:04:13 -0400] "GET /10/ascii.htm HTTP/1.1" 200 36979
37.229.156.141 - - [24/Apr/2020:18:04:40 -0400] "GET /4/44/rut_4411.htm HTTP/1.1" 200 50775
85.9.20.248 - - [24/Apr/2020:18:05:12 -0400] "GET /depository/terabit/400GbE_Terabit_Ethernet.mht HTTP/1.0" 200 876822
85.9.20.248 - - [24/Apr/2020:18:05:14 -0400] "POST /depository/terabit/400GbE_Terabit_Ethernet.mht HTTP/1.0" 200 876822
66.249.64.46 - - [24/Apr/2020:18:05:34 -0400] "GET /depository/soft_errors/Report_Software_failure_caused_$1.7_trillion_in_financial_losses_in_2017.htm HTTP/1.1" 200 547820
109.61.174.219 - - [24/Apr/2020:18:05:34 -0400] "GET /6/tls.htm HTTP/1.1" 200 160262
213.180.203.118 - - [24/Apr/2020:18:05:38 -0400] "GET /4/41/IEEE_802_16_files/ HTTP/1.1" 200 2253
5.188.210.87 - - [24/Apr/2020:18:05:46 -0400] "GET /4/7/ HTTP/1.0" 200 6406
213.180.203.118 - - [24/Apr/2020:18:05:55 -0400] "GET /depository/rfcs/2400/rfc2456.txt HTTP/1.1" 200 45202
5.9.32.222 - - [24/Apr/2020:18:06:43 -0400] "GET /depository//////////newest_tech/SanDisk%20announces%20world's%20highest%20capacity%20SD%20card%20%20512GB%20%20%20ITworld_files/fastbutton(2).htm HTTP/1.1" 200 30444
5.9.32.222 - - [24/Apr/2020:18:07:02 -0400] "GET /depository//////////newest_tech/SanDisk%20announces%20world's%20highest%20capacity%20SD%20card%20%20512GB%20%20%20ITworld_files/fastbutton(3).htm HTTP/1.1" 200 30444
5.9.32.222 - - [24/Apr/2020:18:07:06 -0400] "GET /depository//////////newest_tech/SanDisk%20announces%20world's%20highest%20capacity%20SD%20card%20%20512GB%20%20%20ITworld_files/fastbutton.htm HTTP/1.1" 200 30498
5.9.32.222 - - [24/Apr/2020:18:07:08 -0400] "GET /depository//////////newest_tech/SanDisk%20announces%20world's%20highest%20capacity%20SD%20card%20%20512GB%20%20%20ITworld_files/getAllAppDefault.esi HTTP/1.1" 200 162
114.119.165.29 - - [24/Apr/2020:18:07:10 -0400] "GET /depository/AI/Danger,%20danger%21%2010%20alarming%20examples%20of%20AI%20gone%20wild%20_%20ITworld_files/a_004.htm HTTP/1.1" 200 108
5.9.32.222 - - [24/Apr/2020:18:07:11 -0400] "GET /depository//////////newest_tech/SanDisk%20announces%20world's%20highest%20capacity%20SD%20card%20%20512GB%20%20%20ITworld_files/getCount2.php HTTP/1.1" 200 303
5.9.32.222 - - [24/Apr/2020:18:07:14 -0400] "GET /depository//////////newest_tech/SanDisk%20announces%20world's%20highest%20capacity%20SD%20card%20%20512GB%20%20%20ITworld_files/index.18e1c238a4cb008d943dfa8e4cb52b94.htm HTTP/1.1" 200 32867
213.180.203.118 - - [24/Apr/2020:18:07:34 -0400] "GET /7/sock_71.htm HTTP/1.1" 200 152313
213.180.203.118 - - [24/Apr/2020:18:07:43 -0400] "GET /depository/terabit/1_%F2%E5%F0%E0%E1%E8%F2_Ethernet_%EA_2015.mht HTTP/1.1" 200 600943
5.9.32.222 - - [24/Apr/2020:18:07:45 -0400] "GET /depository//////////newest_tech/SanDisk%20announces%20world's%20highest%20capacity%20SD%20card%20%20512GB%20%20%20ITworld_files/ip(1).json HTTP/1.1" 200 55
5.9.32.222 - - [24/Apr/2020:18:07:49 -0400] "GET /depository//////////newest_tech/SanDisk%20announces%20world's%20highest%20capacity%20SD%20card%20%20512GB%20%20%20ITworld_files/ip.json HTTP/1.1" 200 524
46.229.168.163 - - [24/Apr/2020:18:08:06 -0400] "GET /depository/watson/IBM%20Watson%20takes%20on%20cybercrime%20with%20new%20cloud-based%20cybersecurity%20technology%20-%20TechRepublic_files/a_012.htm HTTP/1.1" 200 33501
66.249.64.50 - - [24/Apr/2020:18:08:52 -0400] "GET /depository/backup/Why%20disk%20beat%20tape%20in%20the%20backup%20wars%20_%20Network%20World_files/article.js.%C1%E5%E7%20%ED%E0%E7%E2%E0%ED%E8%FF HTTP/1.1" 200 1721
114.119.160.250 - - [24/Apr/2020:18:09:23 -0400] "GET /depository/AI/DARPA%20sees%20IoT%20and%20A.I.%20as%20weapons%20to%20dominate%20wars%20_%20Computerworld_files/darpa-sees-iot-and-ai-as-weapons-to-dominate-wars_data_005 HTTP/1.1" 301 397
114.119.160.250 - - [24/Apr/2020:18:09:24 -0400] "GET /depository/AI/DARPA%20sees%20IoT%20and%20A.I.%20as%20weapons%20to%20dominate%20wars%20_%20Computerworld_files/darpa-sees-iot-and-ai-as-weapons-to-dominate-wars_data_005/ HTTP/1.1" 200 646
66.249.64.54 - - [24/Apr/2020:18:09:37 -0400] "GET /diagnostics.htm HTTP/1.1" 200 46161
46.72.117.135 - - [24/Apr/2020:18:09:41 -0400] "GET /10/ascii.htm HTTP/1.1" 200 36979
178.133.179.139 - - [24/Apr/2020:18:10:05 -0400] "GET /10/ascii.htm HTTP/1.1" 200 36979
46.229.168.146 - - [24/Apr/2020:18:10:09 -0400] "GET /search.htm HTTP/1.1" 404 208
5.9.32.222 - - [24/Apr/2020:18:11:16 -0400] "GET /depository//////////newest_tech/SanDisk%20announces%20world's%20highest%20capacity%20SD%20card%20%20512GB%20%20%20ITworld_files/jsapi HTTP/1.1" 200 24688
93.74.4.54 - - [24/Apr/2020:18:11:23 -0400] "GET /6/rfc2827.htm HTTP/1.1" 200 35774
5.9.32.222 - - [24/Apr/2020:18:11:30 -0400] "GET /depository//////////newest_tech/SanDisk%20announces%20world's%20highest%20capacity%20SD%20card%20%20512GB%20%20%20ITworld_files/like(1).htm HTTP/1.1" 200 19355
46.229.168.142 - - [24/Apr/2020:18:11:43 -0400] "GET /depository/V_real/NASA%20shows%20the%20world%20its%2020-year%20virtual%20reality%20experiment%20to%20train%20astronauts%20%20The%20inside%20story%20-%20TechRepublic_files/a_data_011/iframe.htm HTTP/1.1" 200 501
95.134.117.107 - - [24/Apr/2020:18:11:48 -0400] "GET /10/ascii.htm HTTP/1.1" 200 36979
46.229.168.146 - - [24/Apr/2020:18:12:10 -0400] "GET /inf_news.htm HTTP/1.1" 200 1854
46.229.168.138 - - [24/Apr/2020:18:12:31 -0400] "GET /depository/deep_learning/ HTTP/1.1" 200 1211
51.77.44.2 - - [24/Apr/2020:18:13:06 -0400] "GET /4/43/sdh_436.htm HTTP/1.1" 200 22926
176.59.47.201 - - [24/Apr/2020:18:13:06 -0400] "GET /4/net_4.htm HTTP/1.1" 200 99981
5.9.32.222 - - [24/Apr/2020:18:13:55 -0400] "GET /depository//////////newest_tech/SanDisk%20announces%20world's%20highest%20capacity%20SD%20card%20%20512GB%20%20%20ITworld_files/like.htm HTTP/1.1" 200 19358
75.168.121.19 - - [24/Apr/2020:18:13:57 -0400] "GET /depository/open_flow/SDN%20in%202014%20%20A%20year%20of%20non-stop%20action%20%20%20ITworld_files/ HTTP/1.1" 200 5953
46.229.168.144 - - [24/Apr/2020:18:14:24 -0400] "GET /depository/3D-print/3D%20printing%20%20The%20trends%20that%20will%20change%20the%20game%20in%202016%20-%20TechRepublic_files/event_002 HTTP/1.1" 200 4267
54.189.154.220 - - [24/Apr/2020:18:14:45 -0400] "GET /4/45/xmpp.htm HTTP/1.1" 200 169807
46.229.168.134 - - [24/Apr/2020:18:14:48 -0400] "GET /depository/data_center/Data%20center,%20cloud,%20SDN%20driving%20Ethernet%20switch%20market%20to%20$25B%20%20%20Computerworld_files/sso.html HTTP/1.1" 200 10431
114.119.163.55 - - [24/Apr/2020:18:14:59 -0400] "GET /depository/ethernet/Ethernet%27s%20400-Gigabit%20challenge%20is%20a%20good%20problem%20to%20have%20_%20PCWorld_files/in.js HTTP/1.1" 200 3768
66.249.64.46 - - [24/Apr/2020:18:15:02 -0400] "GET /depository/rfcs/8200/rfc8250.txt HTTP/1.1" 200 65232
178.218.117.146 - - [24/Apr/2020:18:15:43 -0400] "GET /6/cyberwar.htm HTTP/1.1" 200 23013
212.109.28.36 - - [24/Apr/2020:18:16:19 -0400] "GET /10/ascii.htm HTTP/1.1" 200 36979
213.180.203.118 - - [24/Apr/2020:18:16:48 -0400] "GET /depository/Computers%20could%20soon%20run%20cold,%20no%20heat%20generated%20%20%20Network%20World_files/ HTTP/1.1" 200 18089
5.9.32.222 - - [24/Apr/2020:18:16:53 -0400] "GET /depository//////////newest_tech/SanDisk%20announces%20world's%20highest%20capacity%20SD%20card%20%20512GB%20%20%20ITworld_files/login_button.htm HTTP/1.1" 200 18136
5.9.32.222 - - [24/Apr/2020:18:16:59 -0400] "GET /depository//////////newest_tech/SanDisk%20announces%20world's%20highest%20capacity%20SD%20card%20%20512GB%20%20%20ITworld_files/optout_check HTTP/1.1" 200 90
5.9.32.222 - - [24/Apr/2020:18:17:02 -0400] "GET /depository//////////newest_tech/SanDisk%20announces%20world's%20highest%20capacity%20SD%20card%20%20512GB%20%20%20ITworld_files/postmessageRelay.htm HTTP/1.1" 200 700
5.9.32.222 - - [24/Apr/2020:18:17:07 -0400] "GET /depository//////////newest_tech/SanDisk%20announces%20world's%20highest%20capacity%20SD%20card%20%20512GB%20%20%20ITworld_files/secureAnonymousFramework HTTP/1.1" 200 164551
5.9.32.222 - - [24/Apr/2020:18:17:13 -0400] "GET /depository//////////newest_tech/SanDisk%20announces%20world's%20highest%20capacity%20SD%20card%20%20512GB%20%20%20ITworld_files/svrGP.aspx HTTP/1.1" 200 49
5.9.32.222 - - [24/Apr/2020:18:17:15 -0400] "GET /depository//////////newest_tech/SanDisk%20announces%20world's%20highest%20capacity%20SD%20card%20%20512GB%20%20%20ITworld_files/ws-5.htm HTTP/1.1" 200 8711
213.180.203.118 - - [24/Apr/2020:18:17:16 -0400] "GET /depository/super_comp/Supercomputers.mht HTTP/1.1" 200 1046786
5.9.32.222 - - [24/Apr/2020:18:17:17 -0400] "GET /depository//////////newest_tech/SanDisk%20enters%20portable%20drive%20market%20with%20high-speed%20SSDs%20%20%20Computerworld_files/14339 HTTP/1.1" 200 43
5.9.32.222 - - [24/Apr/2020:18:17:19 -0400] "GET /depository//////////newest_tech/SanDisk%20enters%20portable%20drive%20market%20with%20high-speed%20SSDs%20%20%20Computerworld_files/1ldYU13brY_(1).html HTTP/1.1" 200 31085
5.9.32.222 - - [24/Apr/2020:18:17:22 -0400] "GET /depository//////////newest_tech/SanDisk%20enters%20portable%20drive%20market%20with%20high-speed%20SSDs%20%20%20Computerworld_files/1ldYU13brY_.html HTTP/1.1" 200 31087
5.9.32.222 - - [24/Apr/2020:18:17:24 -0400] "GET /depository//////////newest_tech/SanDisk%20enters%20portable%20drive%20market%20with%20high-speed%20SSDs%20%20%20Computerworld_files/button3.html HTTP/1.1" 200 8777
213.180.203.118 - - [24/Apr/2020:18:17:28 -0400] "GET /depository/robotics/Robots%20will%20transform,%20not%20replace,%20human%20work_files/Robots-will-transform-not-replace-human-work_data_002/ HTTP/1.1" 200 573
5.9.32.222 - - [24/Apr/2020:18:17:30 -0400] "GET /depository//////////newest_tech/SanDisk%20enters%20portable%20drive%20market%20with%20high-speed%20SSDs%20%20%20Computerworld_files/button_info.json HTTP/1.1" 200 124
5.9.32.222 - - [24/Apr/2020:18:17:32 -0400] "GET /depository//////////newest_tech/SanDisk%20enters%20portable%20drive%20market%20with%20high-speed%20SSDs%20%20%20Computerworld_files/cb=gapi.loaded_0 HTTP/1.1" 200 115455
5.9.32.222 - - [24/Apr/2020:18:17:37 -0400] "GET /depository//////////newest_tech/SanDisk%20enters%20portable%20drive%20market%20with%20high-speed%20SSDs%20%20%20Computerworld_files/cb=gapi.loaded_1 HTTP/1.1" 200 59936
178.63.26.114 - - [24/Apr/2020:18:17:40 -0400] "GET /depository/R&D/IDG%20Connect%20%D0%B2%D0%82%E2%80%9C%20Xiaomi%20%20The%20Future%20of%20Tech%20Innovation%20in%20China%20_files/IDG%20Connect%20%D0%B2%D0%82%E2%80%9C%20Xiaomi%20%20The%20Future%20of%20Tech%20Innovation%20in%20China%20.htm HTTP/1.1" 404 362
5.9.32.222 - - [24/Apr/2020:18:17:40 -0400] "GET /depository//////////newest_tech/SanDisk%20enters%20portable%20drive%20market%20with%20high-speed%20SSDs%20%20%20Computerworld_files/challenge HTTP/1.1" 200 9598
5.9.32.222 - - [24/Apr/2020:18:17:42 -0400] "GET /depository//////////newest_tech/SanDisk%20enters%20portable%20drive%20market%20with%20high-speed%20SSDs%20%20%20Computerworld_files/comments.getComments HTTP/1.1" 200 336
178.63.26.114 - - [24/Apr/2020:18:17:42 -0400] "GET /depository/R&D/IDG%20Connect%20%D0%B2%D0%82%E2%80%9C%20Xiaomi%20%20The%20Future%20of%20Tech%20Innovation%20in%20China%20_files/fastbutton.htm HTTP/1.1" 404 305
5.9.32.222 - - [24/Apr/2020:18:17:44 -0400] "GET /depository//////////newest_tech/SanDisk%20enters%20portable%20drive%20market%20with%20high-speed%20SSDs%20%20%20Computerworld_files/computerworld.com HTTP/1.1" 200 384
5.9.32.222 - - [24/Apr/2020:18:17:46 -0400] "GET /depository//////////newest_tech/SanDisk%20enters%20portable%20drive%20market%20with%20high-speed%20SSDs%20%20%20Computerworld_files/controltag HTTP/1.1" 200 8628
178.63.26.114 - - [24/Apr/2020:18:17:46 -0400] "GET /depository/R&D/IDG%20Connect%20%D0%B2%D0%82%E2%80%9C%20Xiaomi%20%20The%20Future%20of%20Tech%20Innovation%20in%20China%20_files/postmessageRelay.htm HTTP/1.1" 404 311
178.63.26.114 - - [24/Apr/2020:18:17:49 -0400] "GET /depository/R&D/IDG%20Connect%20%D0%B2%D0%82%E2%80%9C%20Xiaomi%20%20The%20Future%20of%20Tech%20Innovation%20in%20China%20_files/tweet_button.2dbfc52aff624254c17d0ae518d60e15.en.htm HTTP/1.1" 404 343
178.63.26.114 - - [24/Apr/2020:18:17:52 -0400] "GET /depository/analytics/Why%20data%20analytics%20initiatives%20still%20fail%20%20%20ITworld_files//%22%25%25%25CLICKTHROUGH_URL%25%25%25/%22 HTTP/1.1" 404 313
178.63.26.114 - - [24/Apr/2020:18:17:55 -0400] "GET /depository/annuals/3D%22http://digg.com/submit?url=3Dhttp://www.computerworlduk%252= HTTP/1.1" 404 247
5.9.32.222 - - [24/Apr/2020:18:17:56 -0400] "GET /depository//////////newest_tech/SanDisk%20enters%20portable%20drive%20market%20with%20high-speed%20SSDs%20%20%20Computerworld_files/controltag.js.875fd5b280a77e06def8c74a5a268e2c HTTP/1.1" 200 128396
178.63.26.114 - - [24/Apr/2020:18:17:58 -0400] "GET /depository/authentication/IDG%20Connect%20%D0%B2%D0%82%E2%80%9C%20Facelock%20Technology%20%20The%20Future%20of%20Passwords_files/IDG%20Connect%20%D0%B2%D0%82%E2%80%9C%20Facelock%20Technology%20%20The%20Future%20of%20Passwords.htm HTTP/1.1" 404 363
5.9.32.222 - - [24/Apr/2020:18:17:59 -0400] "GET /depository//////////newest_tech/SanDisk%20enters%20portable%20drive%20market%20with%20high-speed%20SSDs%20%20%20Computerworld_files/fastbutton.html HTTP/1.1" 200 33472
178.63.26.114 - - [24/Apr/2020:18:18:01 -0400] "GET /depository/authentication/IDG%20Connect%20%D0%B2%D0%82%E2%80%9C%20Facelock%20Technology%20%20The%20Future%20of%20Passwords_files/ZIZ-G4f9LgK(1).htm HTTP/1.1" 404 313
178.63.26.114 - - [24/Apr/2020:18:18:03 -0400] "GET /depository/authentication/IDG%20Connect%20%D0%B2%D0%82%E2%80%9C%20Facelock%20Technology%20%20The%20Future%20of%20Passwords_files/ZIZ-G4f9LgK.htm HTTP/1.1" 404 310
178.63.26.114 - - [24/Apr/2020:18:18:06 -0400] "GET /depository/authentication/IDG%20Connect%20%D0%B2%D0%82%E2%80%9C%20Facelock%20Technology%20%20The%20Future%20of%20Passwords_files/fastbutton.htm HTTP/1.1" 404 309
178.63.26.114 - - [24/Apr/2020:18:18:08 -0400] "GET /depository/authentication/IDG%20Connect%20%D0%B2%D0%82%E2%80%9C%20Facelock%20Technology%20%20The%20Future%20of%20Passwords_files/like.htm HTTP/1.1" 404 303
178.63.26.114 - - [24/Apr/2020:18:18:10 -0400] "GET /depository/authentication/IDG%20Connect%20%D0%B2%D0%82%E2%80%9C%20Facelock%20Technology%20%20The%20Future%20of%20Passwords_files/postmessageRelay.htm HTTP/1.1" 404 315
178.63.26.114 - - [24/Apr/2020:18:18:14 -0400] "GET /depository/authentication/IDG%20Connect%20%D0%B2%D0%82%E2%80%9C%20Facelock%20Technology%20%20The%20Future%20of%20Passwords_files/tweet_button.1407888064.htm HTTP/1.1" 404 322
37.187.78.50 - - [24/Apr/2020:18:18:19 -0400] "GET /depository/newest_tech/Western%20Digital%20and%20SanDisk%20deliver%20their%20first%20hybrid%20drive%20%20Storage%20-%20InfoWorld.mht HTTP/1.1" 200 901986
5.9.32.222 - - [24/Apr/2020:18:18:30 -0400] "GET /depository//////////newest_tech/SanDisk%20enters%20portable%20drive%20market%20with%20high-speed%20SSDs%20%20%20Computerworld_files/get HTTP/1.1" 200 254
5.9.32.222 - - [24/Apr/2020:18:18:51 -0400] "GET /depository//////////newest_tech/SanDisk%20enters%20portable%20drive%20market%20with%20high-speed%20SSDs%20%20%20Computerworld_files/gscounters.sendReport HTTP/1.1" 200 189
5.9.32.222 - - [24/Apr/2020:18:18:55 -0400] "GET /depository//////////newest_tech/SanDisk%20enters%20portable%20drive%20market%20with%20high-speed%20SSDs%20%20%20Computerworld_files/hub.f15fe2cd70788a40560e69fa17341d5e(1).html HTTP/1.1" 200 -
5.9.32.222 - - [24/Apr/2020:18:18:58 -0400] "GET /depository//////////newest_tech/SanDisk%20enters%20portable%20drive%20market%20with%20high-speed%20SSDs%20%20%20Computerworld_files/hub.f15fe2cd70788a40560e69fa17341d5e.html HTTP/1.1" 200 -
5.9.32.222 - - [24/Apr/2020:18:19:07 -0400] "GET /depository//////////newest_tech/SanDisk%20enters%20portable%20drive%20market%20with%20high-speed%20SSDs%20%20%20Computerworld_files/image HTTP/1.1" 200 3707
178.68.57.168 - - [24/Apr/2020:18:19:07 -0400] "GET /4/4/mcst_21.html HTTP/1.1" 200 56685
5.9.32.222 - - [24/Apr/2020:18:19:10 -0400] "GET /depository//////////newest_tech/SanDisk%20enters%20portable%20drive%20market%20with%20high-speed%20SSDs%20%20%20Computerworld_files/optout_check HTTP/1.1" 200 90
5.9.32.222 - - [24/Apr/2020:18:19:17 -0400] "GET /depository//////////newest_tech/SanDisk%20enters%20portable%20drive%20market%20with%20high-speed%20SSDs%20%20%20Computerworld_files/postmessageRelay.html HTTP/1.1" 200 693
213.180.203.118 - - [24/Apr/2020:18:19:18 -0400] "GET /depository/rfcs/7900/rfc7912.txt HTTP/1.1" 200 24087
5.9.32.222 - - [24/Apr/2020:18:19:19 -0400] "GET /depository//////////newest_tech/SanDisk%20enters%20portable%20drive%20market%20with%20high-speed%20SSDs%20%20%20Computerworld_files/secureAnonymousFramework HTTP/1.1" 200 164154
5.9.32.222 - - [24/Apr/2020:18:19:23 -0400] "GET /depository//////////newest_tech/SanDisk%20enters%20portable%20drive%20market%20with%20high-speed%20SSDs%20%20%20Computerworld_files/svrGP(1).aspx HTTP/1.1" 200 79
5.9.32.222 - - [24/Apr/2020:18:19:25 -0400] "GET /depository//////////newest_tech/SanDisk%20enters%20portable%20drive%20market%20with%20high-speed%20SSDs%20%20%20Computerworld_files/svrGP.aspx HTTP/1.1" 200 49
5.9.32.222 - - [24/Apr/2020:18:19:29 -0400] "GET /depository//////////newest_tech/SanDisk%20enters%20portable%20drive%20market%20with%20high-speed%20SSDs%20%20%20Computerworld_files/svrGP.html HTTP/1.1" 200 547
46.229.168.129 - - [24/Apr/2020:18:19:30 -0400] "GET /depository/bitcoin/Russian%20engineers%20arrested%20for%20mining%20cryptocurrency%20with%20office%20supercomputer%20-%20TechRepublic_files/container.htm HTTP/1.1" 200 121226
5.9.32.222 - - [24/Apr/2020:18:19:31 -0400] "GET /depository//////////newest_tech/SanDisk%20enters%20portable%20drive%20market%20with%20high-speed%20SSDs%20%20%20Computerworld_files/tweet_button.54460a335ba528591a034cfb509bdf51.en.html HTTP/1.1" 200 -
5.9.32.222 - - [24/Apr/2020:18:19:34 -0400] "GET /depository//////////newest_tech/SanDisk%20reveals%20world's%20first%201TB%20SD%20card%20_%20Computerworld_files/adsct HTTP/1.1" 200 31
5.9.32.222 - - [24/Apr/2020:18:19:38 -0400] "GET /depository//////////newest_tech/SanDisk%20reveals%20world's%20first%201TB%20SD%20card%20_%20Computerworld_files/adsct_002 HTTP/1.1" 200 31
213.180.203.118 - - [24/Apr/2020:18:20:02 -0400] "GET /depository/annuals/Cybersecurity%20in%202016%20%20Real%20change%20or%20more%20of%20the%20same%20%20--%20GCN_files/cbgapi.loaded_0 HTTP/1.1" 200 116418
31.13.144.51 - - [24/Apr/2020:18:20:03 -0400] "GET /10/ascii.htm HTTP/1.1" 200 36979
5.9.32.222 - - [24/Apr/2020:18:20:11 -0400] "GET /depository//////////newest_tech/SanDisk%20reveals%20world's%20first%201TB%20SD%20card%20_%20Computerworld_files/challenge HTTP/1.1" 200 9054
5.9.32.222 - - [24/Apr/2020:18:20:14 -0400] "GET /depository//////////newest_tech/SanDisk%20reveals%20world's%20first%201TB%20SD%20card%20_%20Computerworld_files/computerworld.com HTTP/1.1" 200 384
5.9.32.222 - - [24/Apr/2020:18:20:18 -0400] "GET /depository//////////newest_tech/SanDisk%20reveals%20world's%20first%201TB%20SD%20card%20_%20Computerworld_files/md5.htm HTTP/1.1" 200 1596
5.9.32.222 - - [24/Apr/2020:18:20:20 -0400] "GET /depository//////////newest_tech/SanDisk%20reveals%20world's%20first%201TB%20SD%20card%20_%20Computerworld_files/reload HTTP/1.1" 200 249
5.9.32.222 - - [24/Apr/2020:18:20:29 -0400] "GET /depository//////////newest_tech/SanDisk%20reveals%20world's%20first%201TB%20SD%20card%20_%20Computerworld_files/sandisk-reveals-worlds-first-1tb-sd-card.htm HTTP/1.1" 200 390
183.82.182.172 - - [24/Apr/2020:18:20:30 -0400] "GET /depository/open_flow/SDN%20in%202014%20%20A%20year%20of%20non-stop%20action%20%20%20ITworld_files/ HTTP/1.1" 200 5953
5.9.32.222 - - [24/Apr/2020:18:20:32 -0400] "GET /depository//////////newest_tech/SanDisk%20reveals%20world's%20first%201TB%20SD%20card%20_%20Computerworld_files/sandisk-reveals-worlds-first-1tb-sd-card_002.htm HTTP/1.1" 200 394
5.9.32.222 - - [24/Apr/2020:18:20:34 -0400] "GET /depository//////////newest_tech/SanDisk%20reveals%20world's%20first%201TB%20SD%20card%20_%20Computerworld_files/sandisk-reveals-worlds-first-1tb-sd-card_003.htm HTTP/1.1" 200 394
5.9.32.222 - - [24/Apr/2020:18:20:36 -0400] "GET /depository//////////newest_tech/SanDisk%20reveals%20world's%20first%201TB%20SD%20card%20_%20Computerworld_files/sandisk-reveals-worlds-first-1tb-sd-card_004.htm HTTP/1.1" 200 394
217.66.152.14 - - [24/Apr/2020:18:20:40 -0400] "GET /4/44/rut_4411.htm HTTP/1.1" 200 50775
5.9.32.222 - - [24/Apr/2020:18:20:45 -0400] "GET /depository//////////newest_tech/SanDisk%20reveals%20world's%20first%201TB%20SD%20card%20_%20Computerworld_files/sandisk-reveals-worlds-first-1tb-sd-card_005.htm HTTP/1.1" 200 394
5.9.32.222 - - [24/Apr/2020:18:20:55 -0400] "GET /depository//////////newest_tech/SanDisk%20reveals%20world's%20first%201TB%20SD%20card%20_%20Computerworld_files/sandisk-reveals-worlds-first-1tb-sd-card_006.htm HTTP/1.1" 200 394
5.9.32.222 - - [24/Apr/2020:18:20:57 -0400] "GET /depository//////////newest_tech/SanDisk%20reveals%20world's%20first%201TB%20SD%20card%20_%20Computerworld_files/sandisk-reveals-worlds-first-1tb-sd-card_007.htm HTTP/1.1" 200 394
5.9.32.222 - - [24/Apr/2020:18:20:58 -0400] "GET /depository//////////newest_tech/SanDisk%20reveals%20world's%20first%201TB%20SD%20card%20_%20Computerworld_files/sandisk-reveals-worlds-first-1tb-sd-card_008.htm HTTP/1.1" 200 394
5.9.32.222 - - [24/Apr/2020:18:21:01 -0400] "GET /depository//////////newest_tech/SanDisk%20reveals%20world's%20first%201TB%20SD%20card%20_%20Computerworld_files/sandisk-reveals-worlds-first-1tb-sd-card_data/ HTTP/1.1" 200 638
5.9.32.222 - - [24/Apr/2020:18:21:03 -0400] "GET /depository//////////newest_tech/SanDisk%20reveals%20world's%20first%201TB%20SD%20card%20_%20Computerworld_files/sandisk-reveals-worlds-first-1tb-sd-card_data_002/ HTTP/1.1" 200 646
5.9.32.222 - - [24/Apr/2020:18:21:06 -0400] "GET /depository//////////newest_tech/SanDisk%20reveals%20world's%20first%201TB%20SD%20card%20_%20Computerworld_files/sandisk-reveals-worlds-first-1tb-sd-card_data_003/ HTTP/1.1" 200 646
178.154.200.190 - - [24/Apr/2020:18:21:07 -0400] "GET /depository/rfcs/400/rfc430.txt HTTP/1.1" 200 19147
5.9.32.222 - - [24/Apr/2020:18:21:09 -0400] "GET /depository//////////newest_tech/SanDisk%20reveals%20world's%20first%201TB%20SD%20card%20_%20Computerworld_files/sandisk-reveals-worlds-first-1tb-sd-card_data_004/ HTTP/1.1" 200 646
5.9.32.222 - - [24/Apr/2020:18:21:11 -0400] "GET /depository//////////newest_tech/SanDisk%20reveals%20world's%20first%201TB%20SD%20card%20_%20Computerworld_files/sandisk-reveals-worlds-first-1tb-sd-card_data_005/ HTTP/1.1" 200 646
5.9.32.222 - - [24/Apr/2020:18:21:14 -0400] "GET /depository//////////newest_tech/SanDisk%20reveals%20world's%20first%201TB%20SD%20card%20_%20Computerworld_files/sandisk-reveals-worlds-first-1tb-sd-card_data_006/ HTTP/1.1" 200 646
5.9.32.222 - - [24/Apr/2020:18:21:16 -0400] "GET /depository//////////newest_tech/SanDisk%20reveals%20world's%20first%201TB%20SD%20card%20_%20Computerworld_files/sandisk-reveals-worlds-first-1tb-sd-card_data_007/ HTTP/1.1" 200 646
5.9.32.222 - - [24/Apr/2020:18:21:18 -0400] "GET /depository//////////newest_tech/SanDisk%20reveals%20world's%20first%201TB%20SD%20card%20_%20Computerworld_files/sandisk-reveals-worlds-first-1tb-sd-card_data_008/ HTTP/1.1" 200 646
5.9.32.222 - - [24/Apr/2020:18:21:26 -0400] "GET /depository//////////newest_tech/SanDisk%20reveals%20world's%20first%201TB%20SD%20card%20_%20Computerworld_files/svrGP.aspx HTTP/1.1" 200 79
5.9.32.222 - - [24/Apr/2020:18:21:28 -0400] "GET /depository//////////newest_tech/SanDisk%20reveals%20world's%20first%201TB%20SD%20card%20_%20Computerworld_files/t HTTP/1.1" 200 597
5.9.32.222 - - [24/Apr/2020:18:21:29 -0400] "GET /depository//////////newest_tech/SanDisk%20reveals%20world's%20first%201TB%20SD%20card%20_%20Computerworld_files/template.htm HTTP/1.1" 200 108
5.9.32.222 - - [24/Apr/2020:18:21:32 -0400] "GET /depository//////////newest_tech/SanDisk%20reveals%20world's%20first%201TB%20SD%20card%20_%20Computerworld_files/u HTTP/1.1" 200 13
5.9.32.222 - - [24/Apr/2020:18:21:39 -0400] "GET /depository//////////newest_tech/SanDisk's%20new%20128GB%20flash%20drive%20is%20the%20size%20of%20a%20penny%20%20%20ITworld_files/14347 HTTP/1.1" 200 43
5.9.32.222 - - [24/Apr/2020:18:21:42 -0400] "GET /depository//////////newest_tech/SanDisk's%20new%20128GB%20flash%20drive%20is%20the%20size%20of%20a%20penny%20%20%20ITworld_files/1ldYU13brY_(1).html HTTP/1.1" 200 31079
37.187.78.50 - - [24/Apr/2020:18:21:44 -0400] "GET /depository/newest_tech/billion_payments_go_through_Paym_by_2018.mht HTTP/1.1" 200 1791584
5.9.32.222 - - [24/Apr/2020:18:21:45 -0400] "GET /depository//////////newest_tech/SanDisk's%20new%20128GB%20flash%20drive%20is%20the%20size%20of%20a%20penny%20%20%20ITworld_files/1ldYU13brY_.html HTTP/1.1" 200 31081
5.9.32.222 - - [24/Apr/2020:18:21:49 -0400] "GET /depository//////////newest_tech/SanDisk's%20new%20128GB%20flash%20drive%20is%20the%20size%20of%20a%20penny%20%20%20ITworld_files/button3.html HTTP/1.1" 200 8652
5.9.32.222 - - [24/Apr/2020:18:21:51 -0400] "GET /depository//////////newest_tech/SanDisk's%20new%20128GB%20flash%20drive%20is%20the%20size%20of%20a%20penny%20%20%20ITworld_files/button_info.json HTTP/1.1" 200 124
5.9.32.222 - - [24/Apr/2020:18:21:53 -0400] "GET /depository//////////newest_tech/SanDisk's%20new%20128GB%20flash%20drive%20is%20the%20size%20of%20a%20penny%20%20%20ITworld_files/cb=gapi.loaded_0 HTTP/1.1" 200 115454
178.154.200.190 - - [24/Apr/2020:18:22:05 -0400] "GET /depository/rfcs/2400/rfc2491.txt HTTP/1.1" 200 103249
5.9.32.222 - - [24/Apr/2020:18:22:06 -0400] "GET /depository//////////newest_tech/SanDisk's%20new%20128GB%20flash%20drive%20is%20the%20size%20of%20a%20penny%20%20%20ITworld_files/cb=gapi.loaded_1 HTTP/1.1" 200 59936
168.235.194.146 - - [24/Apr/2020:18:22:18 -0400] "GET /depository/nlp/NaturalLanguageProcessingWithPython.pdf HTTP/1.1" 200 5428298
157.45.222.84 - - [24/Apr/2020:18:22:19 -0400] "GET /depository/nlp/NaturalLanguageProcessingWithPython.pdf HTTP/1.1" 200 5428298
157.45.222.84 - - [24/Apr/2020:18:22:23 -0400] "GET /depository/nlp/NaturalLanguageProcessingWithPython.pdf HTTP/1.1" 206 5428298
157.45.222.84 - - [24/Apr/2020:18:22:24 -0400] "GET /depository/nlp/NaturalLanguageProcessingWithPython.pdf HTTP/1.1" 206 1085659
5.9.32.222 - - [24/Apr/2020:18:22:24 -0400] "GET /depository//////////newest_tech/SanDisk's%20new%20128GB%20flash%20drive%20is%20the%20size%20of%20a%20penny%20%20%20ITworld_files/challenge HTTP/1.1" 200 9677
157.45.222.84 - - [24/Apr/2020:18:22:24 -0400] "GET /depository/nlp/NaturalLanguageProcessingWithPython.pdf HTTP/1.1" 206 1085660
5.9.32.222 - - [24/Apr/2020:18:22:29 -0400] "GET /depository//////////newest_tech/SanDisk's%20new%20128GB%20flash%20drive%20is%20the%20size%20of%20a%20penny%20%20%20ITworld_files/controltag HTTP/1.1" 200 8628
213.180.203.118 - - [24/Apr/2020:18:22:45 -0400] "GET /depository/rfcs/3800/rfc3812.txt HTTP/1.1" 200 140284
213.180.203.118 - - [24/Apr/2020:18:22:59 -0400] "GET /depository/forecasts/10_cloud_computing_predictions_for_2014.mht HTTP/1.1" 200 2577481
157.55.39.139 - - [24/Apr/2020:18:24:02 -0400] "GET /4/44/arp_446.htm HTTP/1.1" 304 -
5.9.32.222 - - [24/Apr/2020:18:24:15 -0400] "GET /depository//////////newest_tech/SanDisk's%20new%20128GB%20flash%20drive%20is%20the%20size%20of%20a%20penny%20%20%20ITworld_files/controltag.js.875fd5b280a77e06def8c74a5a268e2c HTTP/1.1" 200 128396
5.9.32.222 - - [24/Apr/2020:18:24:18 -0400] "GET /depository//////////newest_tech/SanDisk's%20new%20128GB%20flash%20drive%20is%20the%20size%20of%20a%20penny%20%20%20ITworld_files/count.json HTTP/1.1" 200 160
66.249.64.48 - - [24/Apr/2020:18:24:30 -0400] "GET /article/3204171/linux/what-is-docker-linux-containers-explained.html HTTP/1.1" 404 266
5.9.32.222 - - [24/Apr/2020:18:24:30 -0400] "GET /depository//////////newest_tech/SanDisk's%20new%20128GB%20flash%20drive%20is%20the%20size%20of%20a%20penny%20%20%20ITworld_files/fastbutton.html HTTP/1.1" 200 4622
5.9.32.222 - - [24/Apr/2020:18:24:33 -0400] "GET /depository//////////newest_tech/SanDisk's%20new%20128GB%20flash%20drive%20is%20the%20size%20of%20a%20penny%20%20%20ITworld_files/get HTTP/1.1" 200 254
5.9.32.222 - - [24/Apr/2020:18:24:36 -0400] "GET /depository//////////newest_tech/SanDisk's%20new%20128GB%20flash%20drive%20is%20the%20size%20of%20a%20penny%20%20%20ITworld_files/hub.f15fe2cd70788a40560e69fa17341d5e(1).html HTTP/1.1" 200 19527
5.9.32.222 - - [24/Apr/2020:18:24:38 -0400] "GET /depository//////////newest_tech/SanDisk's%20new%20128GB%20flash%20drive%20is%20the%20size%20of%20a%20penny%20%20%20ITworld_files/hub.f15fe2cd70788a40560e69fa17341d5e.html HTTP/1.1" 200 19526
213.180.203.118 - - [24/Apr/2020:18:24:38 -0400] "GET /depository/rfcs/8500/rfc8559.txt HTTP/1.1" 200 48454
5.9.32.222 - - [24/Apr/2020:18:24:39 -0400] "GET /depository//////////newest_tech/SanDisk's%20new%20128GB%20flash%20drive%20is%20the%20size%20of%20a%20penny%20%20%20ITworld_files/image HTTP/1.1" 200 3771
