5.9.32.222 - - [24/Apr/2020:15:00:36 -0400] "GET /depository//////////newest_tech/IBM%20creates%20artificial%20neurons%20from%20phase%20change%20memory%20for%20cognitive%20computing%20_%20Computerworld_files/ibm-creates-artificial-neurons-from-phase-change-memory-for-_006/ HTTP/1.1" 200 1104
5.9.32.222 - - [24/Apr/2020:15:00:40 -0400] "GET /depository//////////newest_tech/IBM%20creates%20artificial%20neurons%20from%20phase%20change%20memory%20for%20cognitive%20computing%20_%20Computerworld_files/ibm-creates-artificial-neurons-from-phase-change-memory-for-_007/ HTTP/1.1" 200 790
5.9.32.222 - - [24/Apr/2020:15:00:49 -0400] "GET /depository//////////newest_tech/IBM%20creates%20artificial%20neurons%20from%20phase%20change%20memory%20for%20cognitive%20computing%20_%20Computerworld_files/ibm-creates-artificial-neurons-from-phase-change-memory-for-_008/ HTTP/1.1" 200 790
5.9.32.222 - - [24/Apr/2020:15:00:52 -0400] "GET /depository//////////newest_tech/IBM%20creates%20artificial%20neurons%20from%20phase%20change%20memory%20for%20cognitive%20computing%20_%20Computerworld_files/ibm-creates-artificial-neurons-from-phase-change-memory-for-_009/ HTTP/1.1" 200 790
5.9.32.222 - - [24/Apr/2020:15:00:54 -0400] "GET /depository//////////newest_tech/IBM%20creates%20artificial%20neurons%20from%20phase%20change%20memory%20for%20cognitive%20computing%20_%20Computerworld_files/ibm-creates-artificial-neurons-from-phase-change-memory-for-_010/ HTTP/1.1" 200 790
5.9.32.222 - - [24/Apr/2020:15:00:55 -0400] "GET /depository//////////newest_tech/IBM%20creates%20artificial%20neurons%20from%20phase%20change%20memory%20for%20cognitive%20computing%20_%20Computerworld_files/ibm-creates-artificial-neurons-from-phase-change-memory-for-cogn/ HTTP/1.1" 200 1084
5.9.32.222 - - [24/Apr/2020:15:00:59 -0400] "GET /depository//////////newest_tech/IBM%20creates%20artificial%20neurons%20from%20phase%20change%20memory%20for%20cognitive%20computing%20_%20Computerworld_files/iframe.htm HTTP/1.1" 200 1175
46.229.168.143 - - [24/Apr/2020:15:01:32 -0400] "GET /depository/data_center/ExtraHop_boosts_wire_data_analysis_from_10_Gbps_to_sustained_40_Gbps.html HTTP/1.1" 200 137751
94.28.191.6 - - [24/Apr/2020:15:01:47 -0400] "GET /4/44/tcp_443.htm HTTP/1.1" 200 61723
213.180.203.118 - - [24/Apr/2020:15:01:51 -0400] "GET /depository/wireless/Samsung,%20SKT%20to%20demonstrate%207.5Gbps%20wireless%20data%20next%20week%20%20%20Computerworld_files/gscounters(1).sendReport HTTP/1.1" 200 189
213.180.203.118 - - [24/Apr/2020:15:02:17 -0400] "GET /depository/quant_crypt/Quantum%20random%20number%20generator%20set%20to%20transform%20internet%20security%20%20%20CSO%20Online_files/quantum-random-number-generator-set-to-transform-internet-se_002/render_post_ads_v1_data/?C=M;O=A HTTP/1.1" 200 796
91.221.218.20 - - [24/Apr/2020:15:02:25 -0400] "GET /4/45/radius1.htm HTTP/1.1" 200 90355
5.9.32.222 - - [24/Apr/2020:15:02:25 -0400] "GET /depository//////////newest_tech/IBM%20creates%20artificial%20neurons%20from%20phase%20change%20memory%20for%20cognitive%20computing%20_%20Computerworld_files/iframe_data/ HTTP/1.1" 200 1128
5.136.149.82 - - [24/Apr/2020:15:04:14 -0400] "GET /10/ascii.htm HTTP/1.1" 200 36979
37.214.79.113 - - [24/Apr/2020:15:04:27 -0400] "GET /10/ascii.htm HTTP/1.1" 200 36979
107.141.183.206 - - [24/Apr/2020:15:04:45 -0400] "GET /depository/open_flow/SDN%20in%202014%20%20A%20year%20of%20non-stop%20action%20%20%20ITworld_files/ HTTP/1.1" 200 5953
5.9.32.222 - - [24/Apr/2020:15:04:46 -0400] "GET /depository//////////newest_tech/IBM%20creates%20artificial%20neurons%20from%20phase%20change%20memory%20for%20cognitive%20computing%20_%20Computerworld_files/init HTTP/1.1" 200 232
136.243.95.186 - - [24/Apr/2020:15:04:55 -0400] "GET /3/optic_32.htm HTTP/1.1" 200 48761
5.9.32.222 - - [24/Apr/2020:15:05:19 -0400] "GET /depository//////////newest_tech/IBM%20creates%20artificial%20neurons%20from%20phase%20change%20memory%20for%20cognitive%20computing%20_%20Computerworld_files/jpt HTTP/1.1" 200 80
5.9.32.222 - - [24/Apr/2020:15:05:28 -0400] "GET /depository//////////newest_tech/IBM%20creates%20artificial%20neurons%20from%20phase%20change%20memory%20for%20cognitive%20computing%20_%20Computerworld_files/jpt_002 HTTP/1.1" 200 78
5.9.32.222 - - [24/Apr/2020:15:05:30 -0400] "GET /depository//////////newest_tech/IBM%20creates%20artificial%20neurons%20from%20phase%20change%20memory%20for%20cognitive%20computing%20_%20Computerworld_files/jpt_003 HTTP/1.1" 200 78
5.9.32.222 - - [24/Apr/2020:15:05:32 -0400] "GET /depository//////////newest_tech/IBM%20creates%20artificial%20neurons%20from%20phase%20change%20memory%20for%20cognitive%20computing%20_%20Computerworld_files/jpt_004 HTTP/1.1" 200 78
5.9.32.222 - - [24/Apr/2020:15:05:35 -0400] "GET /depository//////////newest_tech/IBM%20creates%20artificial%20neurons%20from%20phase%20change%20memory%20for%20cognitive%20computing%20_%20Computerworld_files/jpt_005 HTTP/1.1" 200 78
5.9.32.222 - - [24/Apr/2020:15:05:38 -0400] "GET /depository//////////newest_tech/IBM%20creates%20artificial%20neurons%20from%20phase%20change%20memory%20for%20cognitive%20computing%20_%20Computerworld_files/jpt_006 HTTP/1.1" 200 1750
5.9.32.222 - - [24/Apr/2020:15:05:40 -0400] "GET /depository//////////newest_tech/IBM%20creates%20artificial%20neurons%20from%20phase%20change%20memory%20for%20cognitive%20computing%20_%20Computerworld_files/jpt_007 HTTP/1.1" 200 1752
66.249.64.50 - - [24/Apr/2020:15:05:42 -0400] "GET /depository/rfcs/6200/rfc6278.txt HTTP/1.1" 200 36593
46.229.168.129 - - [24/Apr/2020:15:05:43 -0400] "GET /4/41/802_16.htm HTTP/1.1" 200 199315
79.164.74.190 - - [24/Apr/2020:15:05:46 -0400] "GET /10/ascii.htm HTTP/1.1" 200 36979
5.9.32.222 - - [24/Apr/2020:15:05:52 -0400] "GET /depository//////////newest_tech/IBM%20creates%20artificial%20neurons%20from%20phase%20change%20memory%20for%20cognitive%20computing%20_%20Computerworld_files/jpt_008 HTTP/1.1" 200 79
5.9.32.222 - - [24/Apr/2020:15:05:55 -0400] "GET /depository//////////newest_tech/IBM%20creates%20artificial%20neurons%20from%20phase%20change%20memory%20for%20cognitive%20computing%20_%20Computerworld_files/jpt_009 HTTP/1.1" 200 79
5.9.32.222 - - [24/Apr/2020:15:05:58 -0400] "GET /depository//////////newest_tech/IBM%20creates%20artificial%20neurons%20from%20phase%20change%20memory%20for%20cognitive%20computing%20_%20Computerworld_files/jpt_010 HTTP/1.1" 200 79
18.230.110.179 - - [24/Apr/2020:15:06:18 -0400] "GET /cgi-bin/luci HTTP/1.1" 404 210
18.230.110.179 - - [24/Apr/2020:15:06:19 -0400] "GET /remote/login?lang=en HTTP/1.1" 404 210
18.230.110.179 - - [24/Apr/2020:15:06:19 -0400] "GET /dana-na/auth/url_default/welcome.cgi HTTP/1.1" 404 234
18.230.110.179 - - [24/Apr/2020:15:06:20 -0400] "GET /index.asp HTTP/1.1" 404 207
18.230.110.179 - - [24/Apr/2020:15:06:20 -0400] "GET / HTTP/1.1" 200 4805
18.230.110.179 - - [24/Apr/2020:15:06:21 -0400] "GET /htmlV/welcomeMain.htm HTTP/1.1" 404 219
92.38.128.136 - - [24/Apr/2020:15:06:46 -0400] "GET /depository/rfcs/4700/rfc4786.txt HTTP/1.1" 200 58150
5.9.32.222 - - [24/Apr/2020:15:07:17 -0400] "GET /depository//////////newest_tech/IBM%20creates%20artificial%20neurons%20from%20phase%20change%20memory%20for%20cognitive%20computing%20_%20Computerworld_files/jpt_011 HTTP/1.1" 200 80
37.212.2.138 - - [24/Apr/2020:15:07:21 -0400] "GET /10/ascii.htm HTTP/1.1" 200 36979
46.229.168.129 - - [24/Apr/2020:15:07:23 -0400] "GET /content/msz.htm HTTP/1.1" 200 3417
5.9.32.222 - - [24/Apr/2020:15:07:33 -0400] "GET /depository//////////newest_tech/IBM%20creates%20artificial%20neurons%20from%20phase%20change%20memory%20for%20cognitive%20computing%20_%20Computerworld_files/jpt_012 HTTP/1.1" 200 78
5.9.32.222 - - [24/Apr/2020:15:07:42 -0400] "GET /depository//////////newest_tech/IBM%20creates%20artificial%20neurons%20from%20phase%20change%20memory%20for%20cognitive%20computing%20_%20Computerworld_files/md5.htm HTTP/1.1" 200 1596
46.229.168.152 - - [24/Apr/2020:15:07:47 -0400] "GET /depository/forecasts/Cloud%20traffic%20to%20jump%20262%25%20by%202020,%20according%20to%20Cisco%20Global%20Cloud%20Index%20-%20TechRepublic_files/container_003.htm HTTP/1.1" 200 82042
46.229.168.140 - - [24/Apr/2020:15:08:14 -0400] "GET /depository/iot/Microsoft%20adds%20IoT,%20big%20data%20orchestration%20services%20to%20Azure%20%20%20ITworld_files/tweet_button.d58098f8a7f0ff5a206e7f15442a6b30.en.htm HTTP/1.1" 200 45416
5.140.90.74 - - [24/Apr/2020:15:08:32 -0400] "GET /4/4/bgp_mpls.htm HTTP/1.1" 304 -
114.119.163.196 - - [24/Apr/2020:15:08:37 -0400] "GET /depository/quant_comp/How%20quantum%20computing%20could%20unpick%20encryption%20to%20reveal%20decades%20of%20online%20secrets%20-%20TechRepublic_files/a_006.htm HTTP/1.1" 200 1496
5.251.177.175 - - [24/Apr/2020:15:08:49 -0400] "GET /10/at_109.htm HTTP/1.1" 200 15423
5.9.32.222 - - [24/Apr/2020:15:09:18 -0400] "GET /depository//////////newest_tech/IBM%20creates%20artificial%20neurons%20from%20phase%20change%20memory%20for%20cognitive%20computing%20_%20Computerworld_files/reload HTTP/1.1" 200 335
5.9.32.222 - - [24/Apr/2020:15:09:42 -0400] "GET /depository//////////newest_tech/IBM%20creates%20artificial%20neurons%20from%20phase%20change%20memory%20for%20cognitive%20computing%20_%20Computerworld_files/svrGP.aspx HTTP/1.1" 200 79
5.9.32.222 - - [24/Apr/2020:15:09:47 -0400] "GET /depository//////////newest_tech/IBM%20creates%20artificial%20neurons%20from%20phase%20change%20memory%20for%20cognitive%20computing%20_%20Computerworld_files/svrGP.htm HTTP/1.1" 200 130
185.23.230.39 - - [24/Apr/2020:15:11:17 -0400] "GET /4/44/rtc_4493.htm HTTP/1.1" 200 66012
131.153.19.18 - - [24/Apr/2020:15:12:01 -0400] "GET /10/2019.htm HTTP/1.1" 200 227144
131.153.19.18 - - [24/Apr/2020:15:12:03 -0400] "GET //gainsboro HTTP/1.1" 404 207
213.180.203.118 - - [24/Apr/2020:15:12:06 -0400] "GET /depository/bgan/%C8%ED%EC%E0%F0%F1%E0%F2%20BGAN%20-%20%C2%EE%E7%EC%EE%E6%ED%EE%F1%F2%E8%20BGAN.mht HTTP/1.1" 200 93858
193.57.228.55 - - [24/Apr/2020:15:13:03 -0400] "GET /depository/blockchain/blockchain-by-melanie-swan.pdf HTTP/1.1" 200 3392796
114.119.160.250 - - [24/Apr/2020:15:13:07 -0400] "GET /depository/quant_comp/Quantum%20computing%20will%20break%20your%20encryption%20in%20a%20few%20years%20%20%20Network%20World_files/kiosked-loader.js HTTP/1.1" 200 259813
46.229.168.139 - - [24/Apr/2020:15:13:36 -0400] "GET /depository/open_flow/SDN%20vital%20to%20IoT%20%20%20ITworld_files/7r8gQb8MIqE(1).htm HTTP/1.1" 200 27707
46.242.14.159 - - [24/Apr/2020:15:13:45 -0400] "GET /10/ascii.htm HTTP/1.1" 200 36979
5.9.32.222 - - [24/Apr/2020:15:13:49 -0400] "GET /depository//////////newest_tech/IBM%20creates%20artificial%20neurons%20from%20phase%20change%20memory%20for%20cognitive%20computing%20_%20Computerworld_files/t HTTP/1.1" 200 576
5.9.32.222 - - [24/Apr/2020:15:13:51 -0400] "GET /depository//////////newest_tech/IDG%20Connect%20%96%20Graphene-based%20device%20offers%20smarter%20phone%20charging_files/7r8gQb8MIqE(1).htm HTTP/1.1" 200 27710
5.9.32.222 - - [24/Apr/2020:15:13:54 -0400] "GET /depository//////////newest_tech/IDG%20Connect%20%96%20Graphene-based%20device%20offers%20smarter%20phone%20charging_files/7r8gQb8MIqE.htm HTTP/1.1" 200 27712
5.9.32.222 - - [24/Apr/2020:15:13:57 -0400] "GET /depository//////////newest_tech/IDG%20Connect%20%96%20Graphene-based%20device%20offers%20smarter%20phone%20charging_files/cb=gapi.loaded_0 HTTP/1.1" 200 113171
88.201.214.51 - - [24/Apr/2020:15:13:57 -0400] "GET /10/ascii.htm HTTP/1.1" 200 36979
213.180.203.118 - - [24/Apr/2020:15:13:57 -0400] "GET /depository/blockchain/%C1%EB%EE%EA%F7%E5%E9%ED_%20%EA%F3%E4%E0%20%EF%F0%E8%E2%E5%E4%E5%F2%20%EC%E8%F0%20%ED%EE%E2%E0%FF%20%F2%E5%F5%ED%EE%EB%EE%E3%E8%FF%20_%20%D0%E0%F1%F8%E8%F0%FF%E5%EC%20%EA%F0%F3%E3%EE%E7%EE%F0%20_%20%C4%E8%F1%EA%F3%F1%F1%E8%E8%20_%20Global%20CIO.%20%CE%F4%E8%F6%E8%E0%EB%FC%ED%FB%E9%20%EF%EE%F0%F2%E0%EB%20%C8%D2-%E4%E8%F0%E5%EA%F2%EE%F0%EE%E2_files/rating.js.%E7%E0%E3%F0%F3%E6%E5%ED%EE HTTP/1.1" 200 1211
46.242.14.159 - - [24/Apr/2020:15:14:00 -0400] "GET /10/ascii.htm HTTP/1.1" 200 36979
37.204.248.73 - - [24/Apr/2020:15:14:36 -0400] "GET /10/ascii.htm HTTP/1.1" 200 36979
5.9.32.222 - - [24/Apr/2020:15:14:41 -0400] "GET /depository//////////newest_tech/IDG%20Connect%20%96%20Graphene-based%20device%20offers%20smarter%20phone%20charging_files/cb=gapi.loaded_1 HTTP/1.1" 200 59495
194.190.72.254 - - [24/Apr/2020:15:14:59 -0400] "GET /4/44/rtp_4492.htm HTTP/1.1" 200 61695
5.9.32.222 - - [24/Apr/2020:15:15:06 -0400] "GET /depository//////////newest_tech/IDG%20Connect%20%96%20Graphene-based%20device%20offers%20smarter%20phone%20charging_files/count.json HTTP/1.1" 200 137
66.249.64.48 - - [24/Apr/2020:15:15:10 -0400] "GET /depository/rfcs/8200/rfc8265.txt HTTP/1.1" 200 62558
46.229.168.150 - - [24/Apr/2020:15:15:10 -0400] "GET /depository/Network%20management%20projects%20top%20list%20of%202015%20IT%20initiatives_files/saved_resource(4) HTTP/1.1" 200 43
109.194.155.9 - - [24/Apr/2020:15:15:17 -0400] "GET /4/45/radius1.htm HTTP/1.1" 200 90355
46.229.168.131 - - [24/Apr/2020:15:15:21 -0400] "GET /depository/super_comp/NVIDIA's%20$3000%20TITAN%20V%20GPU%20could%20turn%20'PC%20into%20AI%20supercomputer'%20-%20TechRepublic_files/container.htm HTTP/1.1" 200 105829
193.176.86.57 - - [24/Apr/2020:15:15:22 -0400] "GET /3/serial/ HTTP/1.1" 200 264
213.180.203.118 - - [24/Apr/2020:15:15:25 -0400] "GET /depository/java/How_to_disable_Java_in_your_browsers_Web_browsers.mht HTTP/1.1" 200 869494
193.176.86.57 - - [24/Apr/2020:15:15:26 -0400] "GET /3/serial/ HTTP/1.1" 200 264
193.176.86.57 - - [24/Apr/2020:15:15:29 -0400] "GET /3/ HTTP/1.1" 200 2372
54.36.150.175 - - [24/Apr/2020:15:15:32 -0400] "GET /1/it_history.htm HTTP/1.1" 200 21326
46.229.168.162 - - [24/Apr/2020:15:15:33 -0400] "GET /depository/forecasts/Cybersecurity%20in%202020%20%20The%20future%20looks%20bleak%20-%20TechRepublic_files/a.htm HTTP/1.1" 200 41753
193.176.86.57 - - [24/Apr/2020:15:15:35 -0400] "GET /1/intro1.htm HTTP/1.1" 200 77738
85.113.213.16 - - [24/Apr/2020:15:15:44 -0400] "GET /11/response.htm HTTP/1.1" 200 81142
46.229.168.134 - - [24/Apr/2020:15:16:25 -0400] "GET /depository/newest_tech/Power%20company%20plugs%20data%20center%20directly%20into%20high-voltage%20grid%20%20%20ITworld_files/tweet_button.ff7d9077a26377d36b6a53b1a95be617.en.htm HTTP/1.1" 200 45582
66.249.64.46 - - [24/Apr/2020:15:16:29 -0400] "GET /4/44/smtp4414.htm HTTP/1.1" 200 20733
178.154.200.190 - - [24/Apr/2020:15:16:51 -0400] "GET /depository/rfcs/2000/rfc2077.txt HTTP/1.1" 200 30889
66.249.64.46 - - [24/Apr/2020:15:16:51 -0400] "GET /4/44/smtp4414.htm HTTP/1.1" 200 20733
185.82.247.160 - - [24/Apr/2020:15:17:50 -0400] "GET /10/ascii.htm HTTP/1.1" 200 36979
17.58.97.137 - - [24/Apr/2020:15:18:00 -0400] "GET /10/abbr/i.htm HTTP/1.1" 200 73573
5.18.242.244 - - [24/Apr/2020:15:18:04 -0400] "GET /10/ascii.htm HTTP/1.1" 200 36979
5.9.32.222 - - [24/Apr/2020:15:18:58 -0400] "GET /depository//////////newest_tech/IDG%20Connect%20%96%20Graphene-based%20device%20offers%20smarter%20phone%20charging_files/impression_capture HTTP/1.1" 200 43
5.9.32.222 - - [24/Apr/2020:15:19:01 -0400] "GET /depository//////////newest_tech/IDG%20Connect%20%96%20Graphene-based%20device%20offers%20smarter%20phone%20charging_files/like.htm HTTP/1.1" 200 20835
5.9.32.222 - - [24/Apr/2020:15:19:04 -0400] "GET /depository//////////newest_tech/IDG%20Connect%20%96%20Graphene-based%20device%20offers%20smarter%20phone%20charging_files/secureAnonymousFramework HTTP/1.1" 200 164588
5.9.32.222 - - [24/Apr/2020:15:19:10 -0400] "GET /depository//////////newest_tech/IDG%20Connect%20%96%20Graphene-based%20device%20offers%20smarter%20phone%20charging_files/simple_captcha HTTP/1.1" 200 1646
196.251.20.105 - - [24/Apr/2020:15:19:12 -0400] "GET /depository/diagnostics/ipj18.3.pdf HTTP/1.1" 200 5316678
5.9.32.222 - - [24/Apr/2020:15:19:13 -0400] "GET /depository//////////newest_tech/IDG%20Connect%20%96%20Graphene-based%20device%20offers%20smarter%20phone%20charging_files/tweet_button.c27d2d163408c0fe087fbfe1c687ce2b.en.htm HTTP/1.1" 200 44984
5.9.32.222 - - [24/Apr/2020:15:19:17 -0400] "GET /depository//////////newest_tech/IDG%20Connect%20%96%20The%20Modular%20Phone%20%20Phoneblocks,%20One%20Year%20On_files/2_ZudbRXWRs(1).htm HTTP/1.1" 200 27903
5.9.32.222 - - [24/Apr/2020:15:19:22 -0400] "GET /depository//////////newest_tech/IDG%20Connect%20%96%20The%20Modular%20Phone%20%20Phoneblocks,%20One%20Year%20On_files/2_ZudbRXWRs.htm HTTP/1.1" 200 27879
5.9.32.222 - - [24/Apr/2020:15:19:25 -0400] "GET /depository//////////newest_tech/IDG%20Connect%20%96%20The%20Modular%20Phone%20%20Phoneblocks,%20One%20Year%20On_files/cb=gapi.loaded_0 HTTP/1.1" 200 113583
213.180.203.118 - - [24/Apr/2020:15:19:31 -0400] "GET /depository/security/breaches/Private_market_growing_for_zero-day_exploits_and_vulnerabilities.mht HTTP/1.1" 200 758862
84.18.96.115 - - [24/Apr/2020:15:19:39 -0400] "GET /10/ascii.htm HTTP/1.1" 200 36979
5.9.32.222 - - [24/Apr/2020:15:19:54 -0400] "GET /depository//////////newest_tech/IDG%20Connect%20%96%20The%20Modular%20Phone%20%20Phoneblocks,%20One%20Year%20On_files/cb=gapi.loaded_1 HTTP/1.1" 200 56879
41.79.199.28 - - [24/Apr/2020:15:20:12 -0400] "GET /depository/security/APC_Fundamental_Principles_of_Network_Security.pdf HTTP/1.1" 206 90339
41.79.199.28 - - [24/Apr/2020:15:20:12 -0400] "GET /depository/security/APC_Fundamental_Principles_of_Network_Security.pdf HTTP/1.1" 206 270888
41.79.199.28 - - [24/Apr/2020:15:20:12 -0400] "GET /depository/security/APC_Fundamental_Principles_of_Network_Security.pdf HTTP/1.1" 206 180550
41.79.199.28 - - [24/Apr/2020:15:20:12 -0400] "GET /depository/security/APC_Fundamental_Principles_of_Network_Security.pdf HTTP/1.1" 206 723320
41.79.199.28 - - [24/Apr/2020:15:20:12 -0400] "GET /depository/security/APC_Fundamental_Principles_of_Network_Security.pdf HTTP/1.1" 200 1113300
41.79.199.28 - - [24/Apr/2020:15:20:12 -0400] "GET /depository/security/APC_Fundamental_Principles_of_Network_Security.pdf HTTP/1.1" 206 81208
41.79.199.28 - - [24/Apr/2020:15:20:12 -0400] "GET /depository/security/APC_Fundamental_Principles_of_Network_Security.pdf HTTP/1.1" 206 180613
41.79.199.28 - - [24/Apr/2020:15:20:12 -0400] "GET /depository/security/APC_Fundamental_Principles_of_Network_Security.pdf HTTP/1.1" 206 361098
41.79.199.28 - - [24/Apr/2020:15:20:14 -0400] "GET /depository/security/APC_Fundamental_Principles_of_Network_Security.pdf HTTP/1.1" 206 90337
41.79.199.28 - - [24/Apr/2020:15:20:14 -0400] "GET /depository/security/APC_Fundamental_Principles_of_Network_Security.pdf HTTP/1.1" 206 45202
41.79.199.28 - - [24/Apr/2020:15:20:17 -0400] "GET /depository/security/APC_Fundamental_Principles_of_Network_Security.pdf HTTP/1.1" 206 42622
41.79.199.28 - - [24/Apr/2020:15:20:18 -0400] "GET /depository/security/APC_Fundamental_Principles_of_Network_Security.pdf HTTP/1.1" 206 21407
5.9.32.222 - - [24/Apr/2020:15:20:21 -0400] "GET /depository//////////newest_tech/IDG%20Connect%20%96%20The%20Modular%20Phone%20%20Phoneblocks,%20One%20Year%20On_files/count.json HTTP/1.1" 200 134
5.9.32.222 - - [24/Apr/2020:15:20:28 -0400] "GET /depository//////////newest_tech/IDG%20Connect%20%96%20The%20Modular%20Phone%20%20Phoneblocks,%20One%20Year%20On_files/fastbutton.htm HTTP/1.1" 200 38468
46.229.168.132 - - [24/Apr/2020:15:20:29 -0400] "GET /depository/open_flow/SDN%20vital%20to%20IoT%20%20%20ITworld_files/7r8gQb8MIqE.htm HTTP/1.1" 200 27709
5.9.32.222 - - [24/Apr/2020:15:20:30 -0400] "GET /depository//////////newest_tech/IDG%20Connect%20%96%20The%20Modular%20Phone%20%20Phoneblocks,%20One%20Year%20On_files/impression_capture HTTP/1.1" 200 43
5.9.32.222 - - [24/Apr/2020:15:20:32 -0400] "GET /depository//////////newest_tech/IDG%20Connect%20%96%20The%20Modular%20Phone%20%20Phoneblocks,%20One%20Year%20On_files/like.htm HTTP/1.1" 200 20372
45.14.26.171 - - [24/Apr/2020:15:20:32 -0400] "GET /10/ascii.htm HTTP/1.1" 200 36979
84.42.73.214 - - [24/Apr/2020:15:20:36 -0400] "GET /4/4/mpls18.htm HTTP/1.1" 200 131819
5.9.32.222 - - [24/Apr/2020:15:20:41 -0400] "GET /depository//////////newest_tech/IDG%20Connect%20%96%20The%20Modular%20Phone%20%20Phoneblocks,%20One%20Year%20On_files/oDAw7vW7H0c.htm HTTP/1.1" 200 28772
66.249.64.48 - - [24/Apr/2020:15:20:49 -0400] "GET /10/cab_1017.htm HTTP/1.1" 200 9426
5.9.32.222 - - [24/Apr/2020:15:21:00 -0400] "GET /depository//////////newest_tech/IDG%20Connect%20%96%20The%20Modular%20Phone%20%20Phoneblocks,%20One%20Year%20On_files/postmessageRelay.htm HTTP/1.1" 200 705
5.9.32.222 - - [24/Apr/2020:15:21:02 -0400] "GET /depository//////////newest_tech/IDG%20Connect%20%96%20The%20Modular%20Phone%20%20Phoneblocks,%20One%20Year%20On_files/secureAnonymousFramework HTTP/1.1" 200 164551
5.9.32.222 - - [24/Apr/2020:15:21:05 -0400] "GET /depository//////////newest_tech/IDG%20Connect%20%96%20The%20Modular%20Phone%20%20Phoneblocks,%20One%20Year%20On_files/simple_captcha HTTP/1.1" 200 1862
5.9.32.222 - - [24/Apr/2020:15:21:11 -0400] "GET /depository//////////newest_tech/IDG%20Connect%20%96%20The%20Modular%20Phone%20%20Phoneblocks,%20One%20Year%20On_files/tweet_button.d4db41a5a14a4516e6d4ecf6250c7419.en.htm HTTP/1.1" 200 44704
5.9.32.222 - - [24/Apr/2020:15:21:13 -0400] "GET /depository//////////newest_tech/IDG%20Connect%20%96%20The%20rise%20of%20%91Telepathic%20Tech%92%20in%202015_files/cb=gapi.loaded_0 HTTP/1.1" 200 114483
5.9.32.222 - - [24/Apr/2020:15:21:19 -0400] "GET /depository//////////newest_tech/IDG%20Connect%20%96%20The%20rise%20of%20%91Telepathic%20Tech%92%20in%202015_files/cb=gapi.loaded_1 HTTP/1.1" 200 57553
5.9.32.222 - - [24/Apr/2020:15:21:23 -0400] "GET /depository//////////newest_tech/IDG%20Connect%20%96%20The%20rise%20of%20%91Telepathic%20Tech%92%20in%202015_files/count.json HTTP/1.1" 200 124
5.9.32.222 - - [24/Apr/2020:15:21:26 -0400] "GET /depository//////////newest_tech/IDG%20Connect%20%96%20The%20rise%20of%20%91Telepathic%20Tech%92%20in%202015_files/fastbutton.html HTTP/1.1" 200 40416
5.9.32.222 - - [24/Apr/2020:15:21:31 -0400] "GET /depository//////////newest_tech/IDG%20Connect%20%96%20The%20rise%20of%20%91Telepathic%20Tech%92%20in%202015_files/impression_capture HTTP/1.1" 200 43
114.119.163.196 - - [24/Apr/2020:15:22:05 -0400] "GET /depository/security/antimalware/Is%20antivirus%20getting%20worse%20%20ITworld_files/elqCfg.js HTTP/1.1" 200 2489
5.9.32.222 - - [24/Apr/2020:15:22:24 -0400] "GET /depository//////////newest_tech/IDG%20Connect%20%96%20The%20rise%20of%20%91Telepathic%20Tech%92%20in%202015_files/like.html HTTP/1.1" 200 20853
5.9.32.222 - - [24/Apr/2020:15:22:27 -0400] "GET /depository//////////newest_tech/IDG%20Connect%20%96%20The%20rise%20of%20%91Telepathic%20Tech%92%20in%202015_files/postmessageRelay.html HTTP/1.1" 200 680
85.115.224.139 - - [24/Apr/2020:15:22:32 -0400] "GET /4/44/udp_442.htm HTTP/1.1" 200 20746
46.229.168.129 - - [24/Apr/2020:15:22:35 -0400] "GET /depository/ethernet/Reversing%20course%20%96%20single-pair%20Ethernet%20cabling%20is%20the%20future%20%20%20Network%20World_files/async_usersync_data/da2e6c890e6e3636_data/pr.htm HTTP/1.1" 200 382
157.55.39.139 - - [24/Apr/2020:15:23:18 -0400] "GET /2/convrs_2.htm HTTP/1.1" 200 18919
54.36.150.76 - - [24/Apr/2020:15:23:43 -0400] "GET /p2p_2006.htm HTTP/1.1" 200 28629
66.249.64.50 - - [24/Apr/2020:15:23:49 -0400] "GET /depository/green_computing/dcwhpaper.pdf HTTP/1.1" 200 120970
95.68.173.46 - - [24/Apr/2020:15:23:55 -0400] "GET /4/45/radius1.htm HTTP/1.1" 200 90355
66.249.64.48 - - [24/Apr/2020:15:24:38 -0400] "GET /depository/rfcs/8200/rfc8261.txt HTTP/1.1" 200 21035
5.9.32.222 - - [24/Apr/2020:15:24:42 -0400] "GET /depository//////////newest_tech/IDG%20Connect%20%96%20The%20rise%20of%20%91Telepathic%20Tech%92%20in%202015_files/rFG58m7xAig(1).html HTTP/1.1" 200 28587
5.9.32.222 - - [24/Apr/2020:15:24:47 -0400] "GET /depository//////////newest_tech/IDG%20Connect%20%96%20The%20rise%20of%20%91Telepathic%20Tech%92%20in%202015_files/rFG58m7xAig.html HTTP/1.1" 200 28480
5.9.32.222 - - [24/Apr/2020:15:25:28 -0400] "GET /depository//////////newest_tech/IDG%20Connect%20%96%20The%20rise%20of%20%91Telepathic%20Tech%92%20in%202015_files/secureAnonymousFramework HTTP/1.1" 200 164209
5.9.32.222 - - [24/Apr/2020:15:25:49 -0400] "GET /depository//////////newest_tech/IDG%20Connect%20%96%20The%20rise%20of%20%91Telepathic%20Tech%92%20in%202015_files/simple_captcha HTTP/1.1" 200 -
5.9.32.222 - - [24/Apr/2020:15:25:50 -0400] "GET /depository//////////newest_tech/IDG%20Connect%20%96%20The%20rise%20of%20%91Telepathic%20Tech%92%20in%202015_files/tweet_button.26f01cfa05bff9af89657dcbd8f7b705.en.html HTTP/1.1" 200 35710
85.173.126.43 - - [24/Apr/2020:15:25:52 -0400] "GET /10/ascii.htm HTTP/1.1" 200 36979
5.9.32.222 - - [24/Apr/2020:15:25:53 -0400] "GET /depository//////////newest_tech/Intel%20could%20prolong%20Moore's%20Law%20with%20new%20materials,%20transistors%20%20%20Computerworld_files/14339 HTTP/1.1" 200 43
5.9.32.222 - - [24/Apr/2020:15:25:55 -0400] "GET /depository//////////newest_tech/Intel%20could%20prolong%20Moore's%20Law%20with%20new%20materials,%20transistors%20%20%20Computerworld_files/KvoNGODIqPG(1).html HTTP/1.1" 200 30064
107.172.67.158 - - [24/Apr/2020:15:26:02 -0400] "GET /depository/mptcp/CAIA-TR-130424A.pdf HTTP/1.0" 200 382560
5.9.32.222 - - [24/Apr/2020:15:26:03 -0400] "GET /depository//////////newest_tech/Intel%20could%20prolong%20Moore's%20Law%20with%20new%20materials,%20transistors%20%20%20Computerworld_files/KvoNGODIqPG.html HTTP/1.1" 200 30040
5.9.32.222 - - [24/Apr/2020:15:26:08 -0400] "GET /depository//////////newest_tech/Intel%20could%20prolong%20Moore's%20Law%20with%20new%20materials,%20transistors%20%20%20Computerworld_files/button3.html HTTP/1.1" 200 8782
5.9.32.222 - - [24/Apr/2020:15:26:09 -0400] "GET /depository//////////newest_tech/Intel%20could%20prolong%20Moore's%20Law%20with%20new%20materials,%20transistors%20%20%20Computerworld_files/button_info.json HTTP/1.1" 200 124
5.9.32.222 - - [24/Apr/2020:15:26:12 -0400] "GET /depository//////////newest_tech/Intel%20could%20prolong%20Moore's%20Law%20with%20new%20materials,%20transistors%20%20%20Computerworld_files/cb=gapi.loaded_0 HTTP/1.1" 200 115332
5.9.32.222 - - [24/Apr/2020:15:26:14 -0400] "GET /depository//////////newest_tech/Intel%20could%20prolong%20Moore's%20Law%20with%20new%20materials,%20transistors%20%20%20Computerworld_files/cb=gapi.loaded_1 HTTP/1.1" 200 60407
5.9.32.222 - - [24/Apr/2020:15:26:16 -0400] "GET /depository//////////newest_tech/Intel%20could%20prolong%20Moore's%20Law%20with%20new%20materials,%20transistors%20%20%20Computerworld_files/challenge HTTP/1.1" 200 9259
5.9.32.222 - - [24/Apr/2020:15:26:19 -0400] "GET /depository//////////newest_tech/Intel%20could%20prolong%20Moore's%20Law%20with%20new%20materials,%20transistors%20%20%20Computerworld_files/computerworld.com HTTP/1.1" 200 277
5.9.32.222 - - [24/Apr/2020:15:26:21 -0400] "GET /depository//////////newest_tech/Intel%20could%20prolong%20Moore's%20Law%20with%20new%20materials,%20transistors%20%20%20Computerworld_files/controltag HTTP/1.1" 200 8717
5.9.32.222 - - [24/Apr/2020:15:26:23 -0400] "GET /depository//////////newest_tech/Intel%20could%20prolong%20Moore's%20Law%20with%20new%20materials,%20transistors%20%20%20Computerworld_files/controltag.js.cf94643484cc8654373adf5516beca11 HTTP/1.1" 200 117767
5.9.32.222 - - [24/Apr/2020:15:26:25 -0400] "GET /depository//////////newest_tech/Intel%20could%20prolong%20Moore's%20Law%20with%20new%20materials,%20transistors%20%20%20Computerworld_files/count.json HTTP/1.1" 200 187
176.59.198.0 - - [24/Apr/2020:15:26:35 -0400] "GET /4/net_4.htm HTTP/1.1" 200 99981
5.9.32.222 - - [24/Apr/2020:15:26:49 -0400] "GET /depository//////////newest_tech/Intel%20could%20prolong%20Moore's%20Law%20with%20new%20materials,%20transistors%20%20%20Computerworld_files/fastbutton.html HTTP/1.1" 200 33319
5.9.32.222 - - [24/Apr/2020:15:26:52 -0400] "GET /depository//////////newest_tech/Intel%20could%20prolong%20Moore's%20Law%20with%20new%20materials,%20transistors%20%20%20Computerworld_files/hub.f15fe2cd70788a40560e69fa17341d5e(1).html HTTP/1.1" 200 19527
5.9.32.222 - - [24/Apr/2020:15:27:06 -0400] "GET /depository//////////newest_tech/Intel%20could%20prolong%20Moore's%20Law%20with%20new%20materials,%20transistors%20%20%20Computerworld_files/hub.f15fe2cd70788a40560e69fa17341d5e.html HTTP/1.1" 200 19526
5.9.32.222 - - [24/Apr/2020:15:27:09 -0400] "GET /depository//////////newest_tech/Intel%20could%20prolong%20Moore's%20Law%20with%20new%20materials,%20transistors%20%20%20Computerworld_files/image HTTP/1.1" 200 2584
5.9.32.222 - - [24/Apr/2020:15:27:12 -0400] "GET /depository//////////newest_tech/Intel%20could%20prolong%20Moore's%20Law%20with%20new%20materials,%20transistors%20%20%20Computerworld_files/like.html HTTP/1.1" 200 21986
207.46.13.25 - - [24/Apr/2020:15:27:12 -0400] "GET /1/deposi.htm HTTP/1.1" 200 28085
5.9.32.222 - - [24/Apr/2020:15:27:17 -0400] "GET /depository//////////newest_tech/Intel%20could%20prolong%20Moore's%20Law%20with%20new%20materials,%20transistors%20%20%20Computerworld_files/optout_check HTTP/1.1" 200 90
5.9.32.222 - - [24/Apr/2020:15:27:19 -0400] "GET /depository//////////newest_tech/Intel%20could%20prolong%20Moore's%20Law%20with%20new%20materials,%20transistors%20%20%20Computerworld_files/picture HTTP/1.1" 200 1030
46.229.168.137 - - [24/Apr/2020:15:27:34 -0400] "GET /depository/iot/Internet%20of%20Things%20Demands%20Security%20by%20Design%20%20%20CIO_files/challenge HTTP/1.1" 200 9383
5.9.32.222 - - [24/Apr/2020:15:27:45 -0400] "GET /depository//////////newest_tech/Intel%20could%20prolong%20Moore's%20Law%20with%20new%20materials,%20transistors%20%20%20Computerworld_files/ping.html HTTP/1.1" 200 2482
178.236.140.156 - - [24/Apr/2020:15:27:46 -0400] "GET /6/ipsec.htm HTTP/1.1" 200 45318
5.9.32.222 - - [24/Apr/2020:15:27:47 -0400] "GET /depository//////////newest_tech/Intel%20could%20prolong%20Moore's%20Law%20with%20new%20materials,%20transistors%20%20%20Computerworld_files/postmessageRelay.html HTTP/1.1" 200 683
213.108.141.40 - - [24/Apr/2020:15:27:50 -0400] "GET /10/ascii.htm HTTP/1.1" 200 36979
5.9.32.222 - - [24/Apr/2020:15:27:51 -0400] "GET /depository//////////newest_tech/Intel%20could%20prolong%20Moore's%20Law%20with%20new%20materials,%20transistors%20%20%20Computerworld_files/saved_resource HTTP/1.1" 200 14
39.101.128.217 - - [24/Apr/2020:15:28:05 -0400] "GET /router.php HTTP/1.1" 404 208
46.229.168.142 - - [24/Apr/2020:15:28:09 -0400] "GET /depository/analytics/How%20powerful%20data%20analytics%20can%20be%20with%20the%20right%20tools%20-%20TechRepublic_files/a_010.htm HTTP/1.1" 200 28418
5.9.32.222 - - [24/Apr/2020:15:28:11 -0400] "GET /depository//////////newest_tech/Intel%20could%20prolong%20Moore's%20Law%20with%20new%20materials,%20transistors%20%20%20Computerworld_files/secureAnonymousFramework HTTP/1.1" 200 164154
5.9.32.222 - - [24/Apr/2020:15:28:22 -0400] "GET /depository//////////newest_tech/Intel%20could%20prolong%20Moore's%20Law%20with%20new%20materials,%20transistors%20%20%20Computerworld_files/svrGP(1).aspx HTTP/1.1" 200 79
213.180.203.118 - - [24/Apr/2020:15:28:23 -0400] "GET /depository/security/conficker/?C=D;O=D HTTP/1.1" 200 496
5.9.32.222 - - [24/Apr/2020:15:28:24 -0400] "GET /depository//////////newest_tech/Intel%20could%20prolong%20Moore's%20Law%20with%20new%20materials,%20transistors%20%20%20Computerworld_files/svrGP.aspx HTTP/1.1" 200 49
46.229.168.163 - - [24/Apr/2020:15:28:27 -0400] "GET /depository/open_flow/SDN%20market%20could%20hit%20$18B%20by%202018%20%20%20Computerworld_files/ZEbdHPQfV3x(1).htm HTTP/1.1" 200 27331
5.9.32.222 - - [24/Apr/2020:15:28:29 -0400] "GET /depository//////////newest_tech/Intel%20could%20prolong%20Moore's%20Law%20with%20new%20materials,%20transistors%20%20%20Computerworld_files/svrGP.html HTTP/1.1" 200 551
5.9.32.222 - - [24/Apr/2020:15:28:31 -0400] "GET /depository//////////newest_tech/Intel%20could%20prolong%20Moore's%20Law%20with%20new%20materials,%20transistors%20%20%20Computerworld_files/tweet_button.46489b28ee1023601b810a443ee8af43.en.html HTTP/1.1" 200 35301
5.9.32.222 - - [24/Apr/2020:15:28:34 -0400] "GET /depository//////////newest_tech/Intel%20pits%20monster%2072-core%20Xeon%20Phi%20chip%20against%20GPUs%20%20ITworld_files/svrGP.htm HTTP/1.1" 200 458
178.32.56.32 - - [24/Apr/2020:15:28:41 -0400] "GET /4/41/feth4112.htm HTTP/1.0" 200 77825
213.180.203.118 - - [24/Apr/2020:15:28:45 -0400] "GET /depository/pon_gpon/CommsDesign%20-%20IEEE%20802_3ah%20OAM%20Helps%20Bridge%20Ethernet%20Management%20Gap.files/?C=S;O=D HTTP/1.1" 200 2828
5.9.32.222 - - [24/Apr/2020:15:28:46 -0400] "GET /depository//////////newest_tech/Intel%20pits%20monster%2072-core%20Xeon%20Phi%20chip%20against%20GPUs%20%20ITworld_files/svrGP_files/ HTTP/1.1" 200 589
5.9.32.222 - - [24/Apr/2020:15:28:49 -0400] "GET /depository//////////newest_tech/Intel%20plans%203D%20NAND%20flash%20next%20year%20for%20'as%20much%20storage%20as%20you%20want'%20%20%20ITworld_files/14347 HTTP/1.1" 200 43
47.113.87.53 - - [24/Apr/2020:15:29:02 -0400] "HEAD /dedea/login.php HTTP/1.1" 404 -
47.113.87.53 - - [24/Apr/2020:15:29:02 -0400] "HEAD /only/login.php HTTP/1.1" 404 -
47.113.87.53 - - [24/Apr/2020:15:29:02 -0400] "HEAD /dede/login.php HTTP/1.1" 404 -
47.113.87.53 - - [24/Apr/2020:15:29:02 -0400] "HEAD /login/login.php HTTP/1.1" 404 -
47.113.87.53 - - [24/Apr/2020:15:29:02 -0400] "HEAD /cgsw/login.php HTTP/1.1" 404 -
47.113.87.53 - - [24/Apr/2020:15:29:02 -0400] "HEAD /guanli/login.php HTTP/1.1" 404 -
47.113.87.53 - - [24/Apr/2020:15:29:02 -0400] "HEAD /cfwb/login.php HTTP/1.1" 404 -
47.113.87.53 - - [24/Apr/2020:15:29:02 -0400] "HEAD /caiyuan/login.php HTTP/1.1" 404 -
47.113.87.53 - - [24/Apr/2020:15:29:02 -0400] "HEAD /888/login.php HTTP/1.1" 404 -
47.113.87.53 - - [24/Apr/2020:15:29:02 -0400] "HEAD /cct/login.php HTTP/1.1" 404 -
47.113.87.53 - - [24/Apr/2020:15:29:02 -0400] "HEAD /admin1/login.php HTTP/1.1" 404 -
47.113.87.53 - - [24/Apr/2020:15:29:02 -0400] "HEAD /cms/login.php HTTP/1.1" 404 -
47.113.87.53 - - [24/Apr/2020:15:29:02 -0400] "HEAD /hehe/login.php HTTP/1.1" 404 -
47.113.87.53 - - [24/Apr/2020:15:29:02 -0400] "HEAD /xixi/login.php HTTP/1.1" 404 -
47.113.87.53 - - [24/Apr/2020:15:29:02 -0400] "HEAD /facai/login.php HTTP/1.1" 404 -
47.113.87.53 - - [24/Apr/2020:15:29:02 -0400] "HEAD /js/login.php HTTP/1.1" 404 -
47.113.87.53 - - [24/Apr/2020:15:29:02 -0400] "HEAD /cg/login.php HTTP/1.1" 404 -
47.113.87.53 - - [24/Apr/2020:15:29:02 -0400] "HEAD /cy/login.php HTTP/1.1" 404 -
47.113.87.53 - - [24/Apr/2020:15:29:02 -0400] "HEAD /1689/login.php HTTP/1.1" 404 -
47.113.87.53 - - [24/Apr/2020:15:29:02 -0400] "HEAD /8sunbet/login.php HTTP/1.1" 404 -
47.113.87.53 - - [24/Apr/2020:15:29:02 -0400] "HEAD /admin/login.php HTTP/1.1" 404 -
47.113.87.53 - - [24/Apr/2020:15:29:02 -0400] "HEAD /bob/login.php HTTP/1.1" 404 -
47.113.87.53 - - [24/Apr/2020:15:29:02 -0400] "HEAD /seo/login.php HTTP/1.1" 404 -
178.130.41.217 - - [24/Apr/2020:15:29:14 -0400] "GET /3/radio_33.htm HTTP/1.1" 200 51533
5.9.32.222 - - [24/Apr/2020:15:29:56 -0400] "GET /depository//////////newest_tech/Intel%20plans%203D%20NAND%20flash%20next%20year%20for%20'as%20much%20storage%20as%20you%20want'%20%20%20ITworld_files/7r8gQb8MIqE(1).htm HTTP/1.1" 200 27707
119.186.206.47 - - [24/Apr/2020:15:29:58 -0400] "GET /4/4/mime.htm HTTP/1.1" 200 218948
5.9.32.222 - - [24/Apr/2020:15:30:00 -0400] "GET /depository//////////newest_tech/Intel%20plans%203D%20NAND%20flash%20next%20year%20for%20'as%20much%20storage%20as%20you%20want'%20%20%20ITworld_files/7r8gQb8MIqE.htm HTTP/1.1" 200 27709
5.9.32.222 - - [24/Apr/2020:15:30:04 -0400] "GET /depository//////////newest_tech/Intel%20plans%203D%20NAND%20flash%20next%20year%20for%20'as%20much%20storage%20as%20you%20want'%20%20%20ITworld_files/button3.htm HTTP/1.1" 200 8601
5.9.32.222 - - [24/Apr/2020:15:30:10 -0400] "GET /depository//////////newest_tech/Intel%20plans%203D%20NAND%20flash%20next%20year%20for%20'as%20much%20storage%20as%20you%20want'%20%20%20ITworld_files/cb=gapi.loaded_0 HTTP/1.1" 200 113949
5.9.32.222 - - [24/Apr/2020:15:30:13 -0400] "GET /depository//////////newest_tech/Intel%20plans%203D%20NAND%20flash%20next%20year%20for%20'as%20much%20storage%20as%20you%20want'%20%20%20ITworld_files/cb=gapi.loaded_1 HTTP/1.1" 200 57825
5.9.32.222 - - [24/Apr/2020:15:30:14 -0400] "GET /depository//////////newest_tech/Intel%20plans%203D%20NAND%20flash%20next%20year%20for%20'as%20much%20storage%20as%20you%20want'%20%20%20ITworld_files/challenge HTTP/1.1" 200 12087
5.9.32.222 - - [24/Apr/2020:15:30:17 -0400] "GET /depository//////////newest_tech/Intel%20plans%203D%20NAND%20flash%20next%20year%20for%20'as%20much%20storage%20as%20you%20want'%20%20%20ITworld_files/comments.getComments HTTP/1.1" 200 3479
5.9.32.222 - - [24/Apr/2020:15:30:19 -0400] "GET /depository//////////newest_tech/Intel%20plans%203D%20NAND%20flash%20next%20year%20for%20'as%20much%20storage%20as%20you%20want'%20%20%20ITworld_files/controltag HTTP/1.1" 200 8152
5.9.32.222 - - [24/Apr/2020:15:30:22 -0400] "GET /depository//////////newest_tech/Intel%20plans%203D%20NAND%20flash%20next%20year%20for%20'as%20much%20storage%20as%20you%20want'%20%20%20ITworld_files/controltag.js.f99670595ccd46c65a517672ea749179 HTTP/1.1" 200 101482
94.51.218.165 - - [24/Apr/2020:15:30:29 -0400] "GET /10/ascii.htm HTTP/1.1" 200 36979
213.87.137.12 - - [24/Apr/2020:15:30:33 -0400] "GET /3/optic_32.htm HTTP/1.1" 200 48761
5.9.32.222 - - [24/Apr/2020:15:30:34 -0400] "GET /depository//////////newest_tech/Intel%20plans%203D%20NAND%20flash%20next%20year%20for%20'as%20much%20storage%20as%20you%20want'%20%20%20ITworld_files/gscounters(1).sendReport HTTP/1.1" 200 155
5.9.32.222 - - [24/Apr/2020:15:30:37 -0400] "GET /depository//////////newest_tech/Intel%20plans%203D%20NAND%20flash%20next%20year%20for%20'as%20much%20storage%20as%20you%20want'%20%20%20ITworld_files/gscounters.sendReport HTTP/1.1" 200 155
114.119.166.158 - - [24/Apr/2020:15:31:02 -0400] "GET /depository/security/trends/IT%20trends%20for%202015%20%20Power%20Systems,%20security%20and%20flash-as-memory%20%20%20Computerworld_files/vrs.js HTTP/1.1" 200 11669
92.38.76.80 - - [24/Apr/2020:15:31:08 -0400] "GET /10/ascii.htm HTTP/1.1" 200 36979
46.229.168.149 - - [24/Apr/2020:15:31:11 -0400] "GET /depository/AI/Intel%20introduces%20an%20AI-oriented%20processor%20_%20Network%20World_files/third-party-iframes.htm HTTP/1.1" 200 1230
178.252.84.171 - - [24/Apr/2020:15:31:11 -0400] "GET /2/27/erdet_27.htm HTTP/1.1" 200 7477
212.35.181.40 - - [24/Apr/2020:15:31:21 -0400] "GET /depository/SSD/Crucial_M4_(512GB)_fast-reading_slow-writing_high-capacity_SSD.mht HTTP/1.0" 200 1043717
101.24.190.11 - - [24/Apr/2020:15:31:38 -0400] "GET /4/4/mime.htm HTTP/1.1" 200 218948
66.249.93.82 - - [24/Apr/2020:15:31:48 -0400] "GET /1/intro1.htm HTTP/1.1" 200 77738
213.180.203.118 - - [24/Apr/2020:15:31:50 -0400] "GET /10/ascii.htm HTTP/1.1" 200 36979
123.231.109.36 - - [24/Apr/2020:15:32:05 -0400] "GET /3/serial/ HTTP/1.1" 200 264
5.9.32.222 - - [24/Apr/2020:15:32:08 -0400] "GET /depository//////////newest_tech/Intel%20plans%203D%20NAND%20flash%20next%20year%20for%20'as%20much%20storage%20as%20you%20want'%20%20%20ITworld_files/hub.fe4e93d64f1afc988e99833088f71057.htm HTTP/1.1" 200 21671
213.180.203.118 - - [24/Apr/2020:15:32:18 -0400] "GET /depository/configurators/?C=D;O=D HTTP/1.1" 200 345
212.35.181.40 - - [24/Apr/2020:15:32:27 -0400] "GET /depository/SSD/3Dhttp://itjobs.computerworld.com/a/all-jobs/search?comment=You+caan+have+wonderful+content%2C+great+products%2C+along+wit+a+beautiful+layout.+Even+when+it+is+inside+a+topic+that+someone+else+started%2C+merely+byy+giving+free+quality+information+will+make+your+reputation.++A++good+aand+well+designed+E-Commerce+web+site+design+will+convenience+the+visitors+plus+the+customers+in+very+appropriate+style.+http%3A%2F%2Fimailsupport.com%2Fcontactyahoosupport%2F+ HTTP/1.1" 404 264
212.35.181.40 - - [24/Apr/2020:15:32:28 -0400] "GET /depository/SSD/3Dhttp://itjobs.computerworld.com/a/all-jobs/search?comment=You+caan+have+wonderful+content%2C+great+products%2C+along+wit+a+beautiful+layout.+Even+when+it+is+inside+a+topic+that+someone+else+started%2C+merely+byy+giving+free+quality+information+will+make+your+reputation.++A++good+aand+well+designed+E-Commerce+web+site+design+will+convenience+the+visitors+plus+the+customers+in+very+appropriate+style.+http%3A%2F%2Fimailsupport.com%2Fcontactyahoosupport%2F+ HTTP/1.1" 404 264
212.35.181.40 - - [24/Apr/2020:15:32:29 -0400] "GET /depository/SSD/3Dhttp://itjobs.computerworld.com/a/all-jobs/search?comment=You+caan+have+wonderful+content%2C+great+products%2C+along+wit+a+beautiful+layout.+Even+when+it+is+inside+a+topic+that+someone+else+started%2C+merely+byy+giving+free+quality+information+will+make+your+reputation.++A++good+aand+well+designed+E-Commerce+web+site+design+will+convenience+the+visitors+plus+the+customers+in+very+appropriate+style.+http%3A%2F%2Fimailsupport.com%2Fcontactyahoosupport%2F+ HTTP/1.1" 404 264
212.35.181.40 - - [24/Apr/2020:15:32:30 -0400] "GET /depository/SSD/3Dhttp://itjobs.computerworld.com/a/all-jobs/search?comment=You+caan+have+wonderful+content%2C+great+products%2C+along+wit+a+beautiful+layout.+Even+when+it+is+inside+a+topic+that+someone+else+started%2C+merely+byy+giving+free+quality+information+will+make+your+reputation.++A++good+aand+well+designed+E-Commerce+web+site+design+will+convenience+the+visitors+plus+the+customers+in+very+appropriate+style.+http%3A%2F%2Fimailsupport.com%2Fcontactyahoosupport%2F+ HTTP/1.1" 404 264
213.180.203.118 - - [24/Apr/2020:15:33:10 -0400] "GET /10/html1019.htm HTTP/1.1" 200 176411
5.16.110.196 - - [24/Apr/2020:15:33:16 -0400] "GET /4/44/rtc_4493.htm HTTP/1.1" 200 66012
114.119.162.158 - - [24/Apr/2020:15:33:18 -0400] "GET /depository/quant_comp/Here%27s%20why%20Microsoft%20is%20%27all-in%27%20on%20quantum%20computing%20-%20TechRepublic_files/a_data_016/lounge.js HTTP/1.1" 200 356909
66.249.64.48 - - [24/Apr/2020:15:34:06 -0400] "GET /depository///rfcs/6800/rfc6811.txt HTTP/1.1" 200 20645
213.180.203.118 - - [24/Apr/2020:15:34:06 -0400] "GET /depository/rfcs/3800/rfc3865.txt HTTP/1.1" 200 41782
128.73.156.95 - - [24/Apr/2020:15:34:11 -0400] "GET /2/25/mpeg21.htm HTTP/1.1" 200 32661
31.173.82.135 - - [24/Apr/2020:15:34:23 -0400] "GET /4/44/smtp4414.htm HTTP/1.1" 200 20733
46.229.168.153 - - [24/Apr/2020:15:34:29 -0400] "GET /depository/analytics/How%20powerful%20data%20analytics%20can%20be%20with%20the%20right%20tools%20-%20TechRepublic_files/a_014.htm HTTP/1.1" 200 460
46.229.168.132 - - [24/Apr/2020:15:34:45 -0400] "GET /depository/cyberwar/Cyberweapons%20are%20now%20in%20play_%20From%20US%20sabotage%20of%20a%20North%20Korean%20missile%20test%20to%20hacked%20emergency%20sirens%20in%20Dallas%20-%20TechRepublic_files/535290342.js.%E7%E0%E3%F0%F3%E6%E5%ED%EE HTTP/1.1" 200 226999
5.9.32.222 - - [24/Apr/2020:15:34:53 -0400] "GET /depository//////////newest_tech/Intel%20plans%203D%20NAND%20flash%20next%20year%20for%20'as%20much%20storage%20as%20you%20want'%20%20%20ITworld_files/image HTTP/1.1" 200 2971
213.180.203.118 - - [24/Apr/2020:15:35:04 -0400] "GET /2/25/mpeg21.htm HTTP/1.1" 200 32661
5.165.233.99 - - [24/Apr/2020:15:35:57 -0400] "GET /4/41/bluetooth.htm HTTP/1.1" 200 46276
46.229.168.154 - - [24/Apr/2020:15:36:21 -0400] "GET /content/nikonov.htm HTTP/1.1" 200 3962
114.119.161.225 - - [24/Apr/2020:15:36:42 -0400] "GET /depository/iot/3D%22http:/core2.staticworld.net/images/article/2015/07/shut= HTTP/1.1" 404 277
213.180.203.118 - - [24/Apr/2020:15:36:46 -0400] "GET /depository/robotics/Why_robots_and_AI_won't_replace_most_jobs_any_time_soon.htm HTTP/1.1" 200 177894
46.229.168.132 - - [24/Apr/2020:15:37:00 -0400] "GET /depository/zero_day/Zero-Day%20Vulnerability%20Report%20May%202018_files/open_chat.htm HTTP/1.1" 200 42027
213.33.173.114 - - [24/Apr/2020:15:37:15 -0400] "GET /10/ports.htm HTTP/1.1" 200 494633
5.9.32.222 - - [24/Apr/2020:15:37:24 -0400] "GET /depository//////////newest_tech/Intel%20plans%203D%20NAND%20flash%20next%20year%20for%20'as%20much%20storage%20as%20you%20want'%20%20%20ITworld_files/ip.json HTTP/1.1" 200 552
5.9.32.222 - - [24/Apr/2020:15:37:36 -0400] "GET /depository//////////newest_tech/Intel%20plans%203D%20NAND%20flash%20next%20year%20for%20'as%20much%20storage%20as%20you%20want'%20%20%20ITworld_files/secureAnonymousFramework HTTP/1.1" 200 164551
212.164.38.226 - - [24/Apr/2020:15:37:36 -0400] "GET /4/41/openflow.htm HTTP/1.1" 200 142822
5.9.32.222 - - [24/Apr/2020:15:37:46 -0400] "GET /depository//////////newest_tech/Intel%20plans%203D%20NAND%20flash%20next%20year%20for%20'as%20much%20storage%20as%20you%20want'%20%20%20ITworld_files/sso.htm HTTP/1.1" 200 10477
5.9.32.222 - - [24/Apr/2020:15:37:48 -0400] "GET /depository//////////newest_tech/Intel%20plans%203D%20NAND%20flash%20next%20year%20for%20'as%20much%20storage%20as%20you%20want'%20%20%20ITworld_files/svrGP(1).aspx HTTP/1.1" 200 79
217.14.193.185 - - [24/Apr/2020:15:37:50 -0400] "GET /10/unix1018 HTTP/1.1" 200 96632
5.9.32.222 - - [24/Apr/2020:15:37:50 -0400] "GET /depository//////////newest_tech/Intel%20plans%203D%20NAND%20flash%20next%20year%20for%20'as%20much%20storage%20as%20you%20want'%20%20%20ITworld_files/svrGP.aspx HTTP/1.1" 200 49
5.9.32.222 - - [24/Apr/2020:15:37:51 -0400] "GET /depository//////////newest_tech/Intel%20plans%203D%20NAND%20flash%20next%20year%20for%20'as%20much%20storage%20as%20you%20want'%20%20%20ITworld_files/svrGP.htm HTTP/1.1" 200 534
5.9.32.222 - - [24/Apr/2020:15:37:54 -0400] "GET /depository//////////newest_tech/Intel%20works%20on%20next-generation%20Optane%20SSD,%20memory%20technologies%20%20Computerworld_files/svrGP.htm HTTP/1.1" 200 401
5.9.32.222 - - [24/Apr/2020:15:37:58 -0400] "GET /depository//////////newest_tech/Intel's%20New%20Chip-Level%20Security%20Tech%20Uses%20GPU%20Power,%20Machine%20Learning%20To%20Detect%20Threats_files/ADTECH HTTP/1.1" 200 950
5.9.32.222 - - [24/Apr/2020:15:38:00 -0400] "GET /depository//////////newest_tech/Intel's%20New%20Chip-Level%20Security%20Tech%20Uses%20GPU%20Power,%20Machine%20Learning%20To%20Detect%20Threats_files/ADTECH(1) HTTP/1.1" 200 569
5.9.32.222 - - [24/Apr/2020:15:38:02 -0400] "GET /depository//////////newest_tech/Intel's%20New%20Chip-Level%20Security%20Tech%20Uses%20GPU%20Power,%20Machine%20Learning%20To%20Detect%20Threats_files/ADTECH(2) HTTP/1.1" 200 359
5.9.32.222 - - [24/Apr/2020:15:38:03 -0400] "GET /depository//////////newest_tech/Intel's%20New%20Chip-Level%20Security%20Tech%20Uses%20GPU%20Power,%20Machine%20Learning%20To%20Detect%20Threats_files/ADTECH(3) HTTP/1.1" 200 359
5.9.32.222 - - [24/Apr/2020:15:38:22 -0400] "GET /depository//////////newest_tech/Intel's%20New%20Chip-Level%20Security%20Tech%20Uses%20GPU%20Power,%20Machine%20Learning%20To%20Detect%20Threats_files/ADTECH(4) HTTP/1.1" 200 127
5.9.32.222 - - [24/Apr/2020:15:38:24 -0400] "GET /depository//////////newest_tech/Intel's%20New%20Chip-Level%20Security%20Tech%20Uses%20GPU%20Power,%20Machine%20Learning%20To%20Detect%20Threats_files/ADTECH(5) HTTP/1.1" 200 359
213.180.203.118 - - [24/Apr/2020:15:38:30 -0400] "GET /10/unix1018 HTTP/1.1" 200 96632
46.242.11.25 - - [24/Apr/2020:15:38:42 -0400] "GET /6/defence.htm HTTP/1.1" 200 193079
5.9.32.222 - - [24/Apr/2020:15:38:48 -0400] "GET /depository//////////newest_tech/Intel's%20New%20Chip-Level%20Security%20Tech%20Uses%20GPU%20Power,%20Machine%20Learning%20To%20Detect%20Threats_files/ADTECH(6) HTTP/1.1" 200 338
136.243.95.186 - - [24/Apr/2020:15:38:56 -0400] "GET /3/cabel_31.htm HTTP/1.1" 200 25085
185.8.127.49 - - [24/Apr/2020:15:38:58 -0400] "GET /2/27/erdet_27.htm HTTP/1.1" 200 7477
213.180.203.118 - - [24/Apr/2020:15:39:00 -0400] "GET /10/symantec/2013/web_nonweb.cpt HTTP/1.1" 200 97521
213.180.203.118 - - [24/Apr/2020:15:39:20 -0400] "GET /6/defence.htm HTTP/1.1" 200 193079
5.9.32.222 - - [24/Apr/2020:15:39:30 -0400] "GET /depository//////////newest_tech/Intel's%20New%20Chip-Level%20Security%20Tech%20Uses%20GPU%20Power,%20Machine%20Learning%20To%20Detect%20Threats_files/ADTECH(7) HTTP/1.1" 200 950
213.180.203.118 - - [24/Apr/2020:15:40:07 -0400] "GET /depository/security/APT/MITRE_against_APT.mht HTTP/1.1" 200 252286
46.229.168.151 - - [24/Apr/2020:15:40:19 -0400] "GET /depository/analytics/How%20powerful%20data%20analytics%20can%20be%20with%20the%20right%20tools%20-%20TechRepublic_files/a_data_002/ HTTP/1.1" 200 628
213.180.203.118 - - [24/Apr/2020:15:40:29 -0400] "GET /4/44/dnssec/dnssec4.cdr HTTP/1.1" 200 14594
66.249.64.50 - - [24/Apr/2020:15:40:32 -0400] "GET /depository/backup/Why%20disk%20beat%20tape%20in%20the%20backup%20wars%20_%20Network%20World_files/elqScr.js.%C1%E5%E7%20%ED%E0%E7%E2%E0%ED%E8%FF HTTP/1.1" 200 334
45.87.144.204 - - [24/Apr/2020:15:41:11 -0400] "GET /4/44/ip_441.htm HTTP/1.1" 200 35968
114.119.162.158 - - [24/Apr/2020:15:41:13 -0400] "GET /depository/ethernet/Qualcomm,%20Intel%20and%20Brocade%20join%20group%20pushing%202.5G,%205G%20Ethernet%20%20%20ITworld_files/controltag.js.5ffe49ef4da035dc24222397895d5353 HTTP/1.1" 200 113929
95.107.40.40 - - [24/Apr/2020:15:41:26 -0400] "GET /10/ascii.htm HTTP/1.1" 200 36979
178.130.41.217 - - [24/Apr/2020:15:41:30 -0400] "GET /3/radio_33.htm HTTP/1.1" 200 51533
5.9.32.222 - - [24/Apr/2020:15:41:52 -0400] "GET /depository//////////newest_tech/Intel's%20New%20Chip-Level%20Security%20Tech%20Uses%20GPU%20Power,%20Machine%20Learning%20To%20Detect%20Threats_files/AdvertisementCode-18a.js.%e7%e0%e3%f0%f3%e6%e5%ed%ee HTTP/1.1" 200 20259
5.9.32.222 - - [24/Apr/2020:15:42:10 -0400] "GET /depository//////////newest_tech/Intel's%20New%20Chip-Level%20Security%20Tech%20Uses%20GPU%20Power,%20Machine%20Learning%20To%20Detect%20Threats_files/DAC.js.%e7%e0%e3%f0%f3%e6%e5%ed%ee HTTP/1.1" 200 47446
5.9.32.222 - - [24/Apr/2020:15:42:17 -0400] "GET /depository//////////newest_tech/Intel's%20New%20Chip-Level%20Security%20Tech%20Uses%20GPU%20Power,%20Machine%20Learning%20To%20Detect%20Threats_files/ad.html HTTP/1.1" 200 12413
