5.9.32.222 - - [24/Apr/2020:13:29:27 -0400] "GET /depository//////////newest_tech/Computing%20should%20be%20based%20on%20light,%20not%20electricity,%20scientists%20say%20_%20Network%20World_files/anchor_data/ HTTP/1.1" 200 734
5.9.32.222 - - [24/Apr/2020:13:29:30 -0400] "GET /depository//////////newest_tech/Computing%20should%20be%20based%20on%20light,%20not%20electricity,%20scientists%20say%20_%20Network%20World_files/auction HTTP/1.1" 200 19
213.180.203.118 - - [24/Apr/2020:13:29:31 -0400] "GET /depository/ethernet/Arista%20joins%20Juniper,%20Cisco%20in%20400G%20Ethernet%20race%20_%20Network%20World_files/callback=cc_auds HTTP/1.1" 200 964
5.9.32.222 - - [24/Apr/2020:13:29:33 -0400] "GET /depository//////////newest_tech/Computing%20should%20be%20based%20on%20light,%20not%20electricity,%20scientists%20say%20_%20Network%20World_files/auction_002 HTTP/1.1" 200 19
5.9.32.222 - - [24/Apr/2020:13:29:35 -0400] "GET /depository//////////newest_tech/Computing%20should%20be%20based%20on%20light,%20not%20electricity,%20scientists%20say%20_%20Network%20World_files/auction_003 HTTP/1.1" 200 19
93.91.165.39 - - [24/Apr/2020:13:29:38 -0400] "GET /4/44/qos_lan.htm HTTP/1.1" 200 36829
84.39.247.14 - - [24/Apr/2020:13:30:04 -0400] "GET /4/44/udp_442.htm HTTP/1.1" 200 20746
176.52.99.193 - - [24/Apr/2020:13:30:05 -0400] "GET /4/41/802_16.htm HTTP/1.1" 200 199315
5.9.32.222 - - [24/Apr/2020:13:30:12 -0400] "GET /depository//////////newest_tech/Computing%20should%20be%20based%20on%20light,%20not%20electricity,%20scientists%20say%20_%20Network%20World_files/auction_004 HTTP/1.1" 200 19
213.180.203.118 - - [24/Apr/2020:13:30:59 -0400] "GET /4/41/802_16.htm HTTP/1.1" 200 199315
37.194.222.127 - - [24/Apr/2020:13:31:14 -0400] "GET /4/44/udp_442.htm HTTP/1.1" 200 20746
78.37.41.132 - - [24/Apr/2020:13:31:28 -0400] "GET /10/ascii.htm HTTP/1.1" 200 36979
213.180.203.118 - - [24/Apr/2020:13:31:41 -0400] "GET /depository/rfc-index.txt.1 HTTP/1.1" 200 1736048
191.96.253.77 - - [24/Apr/2020:13:31:57 -0400] "GET /11/univers.htm HTTP/1.0" 200 30756
5.9.32.222 - - [24/Apr/2020:13:32:02 -0400] "GET /depository//////////newest_tech/Computing%20should%20be%20based%20on%20light,%20not%20electricity,%20scientists%20say%20_%20Network%20World_files/bframe.htm HTTP/1.1" 200 7810
94.73.225.121 - - [24/Apr/2020:13:32:02 -0400] "GET /10/ascii.htm HTTP/1.1" 200 36979
144.76.38.10 - - [24/Apr/2020:13:32:04 -0400] "GET /depository/security/APT/Stuxnet-like%20malware%20highlights%20need%20for%20skills%20and%20vigilance_files/cb=gapi.loaded_1 HTTP/1.1" 200 57762
95.31.145.127 - - [24/Apr/2020:13:32:08 -0400] "GET /4/44/udp_442.htm HTTP/1.1" 200 20746
144.76.38.10 - - [24/Apr/2020:13:32:10 -0400] "GET /depository/security/APT/Stuxnet-like%20malware%20highlights%20need%20for%20skills%20and%20vigilance_files/getUserFromCrs HTTP/1.1" 200 612
144.76.38.10 - - [24/Apr/2020:13:32:16 -0400] "GET /depository/security/APT/Stuxnet-like%20malware%20highlights%20need%20for%20skills%20and%20vigilance_files/pixel.php HTTP/1.1" 200 464685
144.76.38.10 - - [24/Apr/2020:13:32:18 -0400] "GET /depository/security/APT/Stuxnet-like%20malware%20highlights%20need%20for%20skills%20and%20vigilance_files/saved_resource(1) HTTP/1.1" 200 43
144.76.38.10 - - [24/Apr/2020:13:32:20 -0400] "GET /depository/security/APT/Stuxnet-like%20malware%20highlights%20need%20for%20skills%20and%20vigilance_files/secureAnonymousFramework HTTP/1.1" 200 164551
144.76.38.10 - - [24/Apr/2020:13:32:23 -0400] "GET /depository/security/APT/Stuxnet-like%20malware%20highlights%20need%20for%20skills%20and%20vigilance_files/seg HTTP/1.1" 200 43
144.76.38.10 - - [24/Apr/2020:13:32:25 -0400] "GET /depository/security/APT/Stuxnet-like%20malware%20highlights%20need%20for%20skills%20and%20vigilance_files/standard HTTP/1.1" 200 921
94.23.58.212 - - [24/Apr/2020:13:32:26 -0400] "GET /10/html1019.htm HTTP/1.1" 200 176411
144.76.38.10 - - [24/Apr/2020:13:32:31 -0400] "GET /depository/security/APT/The%20Advanced%20Persistent%20Threat%20Attack%20Model%20%20Malware%20Analysis.mht HTTP/1.1" 200 918766
144.76.38.10 - - [24/Apr/2020:13:32:34 -0400] "GET /depository/security/APT/Traces%20of%20Regin%20malware%20may%20date%20back%20to%202006%20%20%20ITworld_files/14347 HTTP/1.1" 200 43
144.76.38.10 - - [24/Apr/2020:13:32:37 -0400] "GET /depository/security/APT/Traces%20of%20Regin%20malware%20may%20date%20back%20to%202006%20%20%20ITworld_files/?C=D;O=A HTTP/1.1" 200 5344
144.76.38.10 - - [24/Apr/2020:13:32:39 -0400] "GET /depository/security/APT/Traces%20of%20Regin%20malware%20may%20date%20back%20to%202006%20%20%20ITworld_files/?C=D;O=D HTTP/1.1" 200 5344
144.76.38.10 - - [24/Apr/2020:13:32:41 -0400] "GET /depository/security/APT/Traces%20of%20Regin%20malware%20may%20date%20back%20to%202006%20%20%20ITworld_files/?C=M;O=A HTTP/1.1" 200 5344
144.76.38.10 - - [24/Apr/2020:13:32:43 -0400] "GET /depository/security/APT/Traces%20of%20Regin%20malware%20may%20date%20back%20to%202006%20%20%20ITworld_files/?C=M;O=D HTTP/1.1" 200 5344
144.76.38.10 - - [24/Apr/2020:13:32:45 -0400] "GET /depository/security/APT/Traces%20of%20Regin%20malware%20may%20date%20back%20to%202006%20%20%20ITworld_files/?C=N;O=A HTTP/1.1" 200 5344
144.76.38.10 - - [24/Apr/2020:13:32:47 -0400] "GET /depository/security/APT/Traces%20of%20Regin%20malware%20may%20date%20back%20to%202006%20%20%20ITworld_files/?C=N;O=D HTTP/1.1" 200 5344
144.76.38.10 - - [24/Apr/2020:13:32:48 -0400] "GET /depository/security/APT/Traces%20of%20Regin%20malware%20may%20date%20back%20to%202006%20%20%20ITworld_files/?C=S;O=A HTTP/1.1" 200 5344
144.76.38.10 - - [24/Apr/2020:13:32:50 -0400] "GET /depository/security/APT/Traces%20of%20Regin%20malware%20may%20date%20back%20to%202006%20%20%20ITworld_files/?C=S;O=D HTTP/1.1" 200 5344
144.76.38.10 - - [24/Apr/2020:13:32:51 -0400] "GET /depository/security/APT/Traces%20of%20Regin%20malware%20may%20date%20back%20to%202006%20%20%20ITworld_files/cb=gapi.loaded_1 HTTP/1.1" 200 57762
144.76.38.10 - - [24/Apr/2020:13:32:54 -0400] "GET /depository/security/APT/Traces%20of%20Regin%20malware%20may%20date%20back%20to%202006%20%20%20ITworld_files/challenge HTTP/1.1" 200 12039
144.76.38.10 - - [24/Apr/2020:13:32:57 -0400] "GET /depository/security/APT/Traces%20of%20Regin%20malware%20may%20date%20back%20to%202006%20%20%20ITworld_files/controltag HTTP/1.1" 200 8152
5.9.32.222 - - [24/Apr/2020:13:32:58 -0400] "GET /depository//////////newest_tech/Computing%20should%20be%20based%20on%20light,%20not%20electricity,%20scientists%20say%20_%20Network%20World_files/bframe_data/ HTTP/1.1" 200 712
144.76.38.10 - - [24/Apr/2020:13:33:00 -0400] "GET /depository/security/APT/Traces%20of%20Regin%20malware%20may%20date%20back%20to%202006%20%20%20ITworld_files/fastbutton.htm HTTP/1.1" 200 33250
144.76.38.10 - - [24/Apr/2020:13:33:02 -0400] "GET /depository/security/APT/Traces%20of%20Regin%20malware%20may%20date%20back%20to%202006%20%20%20ITworld_files/hub.fe4e93d64f1afc988e99833088f71057.htm HTTP/1.1" 200 21671
144.76.38.10 - - [24/Apr/2020:13:33:04 -0400] "GET /depository/security/APT/Traces%20of%20Regin%20malware%20may%20date%20back%20to%202006%20%20%20ITworld_files/like.htm HTTP/1.1" 200 20287
144.76.38.10 - - [24/Apr/2020:13:33:09 -0400] "GET /depository/security/APT/Traces%20of%20Regin%20malware%20may%20date%20back%20to%202006%20%20%20ITworld_files/optout_check HTTP/1.1" 200 90
144.76.38.10 - - [24/Apr/2020:13:33:12 -0400] "GET /depository/security/APT/Traces%20of%20Regin%20malware%20may%20date%20back%20to%202006%20%20%20ITworld_files/ping.htm HTTP/1.1" 200 2424
144.76.38.10 - - [24/Apr/2020:13:33:15 -0400] "GET /depository/security/APT/Traces%20of%20Regin%20malware%20may%20date%20back%20to%202006%20%20%20ITworld_files/postmessageRelay.htm HTTP/1.1" 200 699
144.76.38.10 - - [24/Apr/2020:13:33:17 -0400] "GET /depository/security/APT/Traces%20of%20Regin%20malware%20may%20date%20back%20to%202006%20%20%20ITworld_files/reload HTTP/1.1" 200 383
144.76.38.10 - - [24/Apr/2020:13:33:20 -0400] "GET /depository/security/APT/Traces%20of%20Regin%20malware%20may%20date%20back%20to%202006%20%20%20ITworld_files/saved_resource.htm HTTP/1.1" 200 34981
144.76.38.10 - - [24/Apr/2020:13:33:23 -0400] "GET /depository/security/APT/Traces%20of%20Regin%20malware%20may%20date%20back%20to%202006%20%20%20ITworld_files/secureAnonymousFramework HTTP/1.1" 200 164551
37.146.207.124 - - [24/Apr/2020:13:33:24 -0400] "GET /10/ascii.htm HTTP/1.1" 200 36979
93.91.165.39 - - [24/Apr/2020:13:33:24 -0400] "GET /4/4/mpls17.htm HTTP/1.1" 200 67028
144.76.38.10 - - [24/Apr/2020:13:33:26 -0400] "GET /depository/security/APT/Traces%20of%20Regin%20malware%20may%20date%20back%20to%202006%20%20%20ITworld_files/sso.htm HTTP/1.1" 200 10477
144.76.38.10 - - [24/Apr/2020:13:33:29 -0400] "GET /depository/security/APT/Traces%20of%20Regin%20malware%20may%20date%20back%20to%202006%20%20%20ITworld_files/svrGP(1).aspx HTTP/1.1" 200 79
144.76.38.10 - - [24/Apr/2020:13:33:32 -0400] "GET /depository/security/APT/Traces%20of%20Regin%20malware%20may%20date%20back%20to%202006%20%20%20ITworld_files/svrGP.aspx HTTP/1.1" 200 49
144.76.38.10 - - [24/Apr/2020:13:33:36 -0400] "GET /depository/security/APT/Traces%20of%20Regin%20malware%20may%20date%20back%20to%202006%20%20%20ITworld_files/svrGP.htm HTTP/1.1" 200 516
144.76.38.10 - - [24/Apr/2020:13:33:39 -0400] "GET /depository/security/APT/apt.htm HTTP/1.1" 200 6530
144.76.38.10 - - [24/Apr/2020:13:33:41 -0400] "GET /depository/security/Apple/?C=D;O=A HTTP/1.1" 200 274
144.76.38.10 - - [24/Apr/2020:13:33:43 -0400] "GET /depository/security/Apple/?C=D;O=D HTTP/1.1" 200 274
144.76.38.10 - - [24/Apr/2020:13:33:45 -0400] "GET /depository/security/Apple/?C=M;O=A HTTP/1.1" 200 274
144.76.38.10 - - [24/Apr/2020:13:33:48 -0400] "GET /depository/security/Apple/?C=M;O=D HTTP/1.1" 200 274
144.76.38.10 - - [24/Apr/2020:13:33:49 -0400] "GET /depository/security/Apple/?C=N;O=A HTTP/1.1" 200 274
144.76.38.10 - - [24/Apr/2020:13:33:53 -0400] "GET /depository/security/Apple/?C=N;O=D HTTP/1.1" 200 274
144.76.38.10 - - [24/Apr/2020:13:33:56 -0400] "GET /depository/security/Apple/?C=S;O=A HTTP/1.1" 200 274
144.76.38.10 - - [24/Apr/2020:13:33:59 -0400] "GET /depository/security/Apple/?C=S;O=D HTTP/1.1" 200 274
144.76.38.10 - - [24/Apr/2020:13:34:01 -0400] "GET /depository/security/CERT/?C=D;O=A HTTP/1.1" 200 1040
128.69.177.35 - - [24/Apr/2020:13:34:04 -0400] "GET /4/44/asn44132.htm HTTP/1.1" 200 48377
144.76.38.10 - - [24/Apr/2020:13:34:04 -0400] "GET /depository/security/CERT/?C=D;O=D HTTP/1.1" 200 1040
66.249.64.48 - - [24/Apr/2020:13:34:04 -0400] "GET /depository/rfcs/8200/rfc8211.txt HTTP/1.1" 200 64041
144.76.38.10 - - [24/Apr/2020:13:34:06 -0400] "GET /depository/security/CERT/?C=M;O=A HTTP/1.1" 200 1040
144.76.38.10 - - [24/Apr/2020:13:34:09 -0400] "GET /depository/security/CERT/?C=M;O=D HTTP/1.1" 200 1040
213.180.203.118 - - [24/Apr/2020:13:34:09 -0400] "GET /depository/ethernet/Reversing%20course%20%96%20single-pair%20Ethernet%20cabling%20is%20the%20future%20%20%20Network%20World_files/arj_008.json HTTP/1.1" 200 189
144.76.38.10 - - [24/Apr/2020:13:34:11 -0400] "GET /depository/security/CERT/?C=N;O=A HTTP/1.1" 200 1040
144.76.38.10 - - [24/Apr/2020:13:34:13 -0400] "GET /depository/security/CERT/?C=N;O=D HTTP/1.1" 200 1040
5.9.32.222 - - [24/Apr/2020:13:34:14 -0400] "GET /depository//////////newest_tech/Computing%20should%20be%20based%20on%20light,%20not%20electricity,%20scientists%20say%20_%20Network%20World_files/computing-should-be-based-on-light-not-electricity-scientists-sa/ HTTP/1.1" 200 970
144.76.38.10 - - [24/Apr/2020:13:34:15 -0400] "GET /depository/security/DoS/?C=D;O=A HTTP/1.1" 200 1332
144.76.38.10 - - [24/Apr/2020:13:34:20 -0400] "GET /depository/security/DoS/?C=D;O=D HTTP/1.1" 200 1332
144.76.38.10 - - [24/Apr/2020:13:34:22 -0400] "GET /depository/security/DoS/?C=M;O=A HTTP/1.1" 200 1332
144.76.38.10 - - [24/Apr/2020:13:34:24 -0400] "GET /depository/security/DoS/?C=M;O=D HTTP/1.1" 200 1332
5.9.32.222 - - [24/Apr/2020:13:34:24 -0400] "GET /depository//////////newest_tech/Computing%20should%20be%20based%20on%20light,%20not%20electricity,%20scientists%20say%20_%20Network%20World_files/dqv0ur5V4Cs-sdDE9H9bsP3WgC1LlBx8HZFjFi_JvbuKw3CM9LpqFxmZt5HhSWsA HTTP/1.1" 200 80649
144.76.38.10 - - [24/Apr/2020:13:34:26 -0400] "GET /depository/security/DoS/?C=N;O=A HTTP/1.1" 200 1332
5.9.32.222 - - [24/Apr/2020:13:34:27 -0400] "GET /depository//////////newest_tech/Computing%20should%20be%20based%20on%20light,%20not%20electricity,%20scientists%20say%20_%20Network%20World_files/front.htm HTTP/1.1" 200 2122
144.76.38.10 - - [24/Apr/2020:13:34:29 -0400] "GET /depository/security/DoS/?C=N;O=D HTTP/1.1" 200 1332
144.76.38.10 - - [24/Apr/2020:13:34:31 -0400] "GET /depository/security/DoS/?C=S;O=A HTTP/1.1" 200 1332
183.136.225.45 - - [24/Apr/2020:13:34:32 -0400] "GET / HTTP/1.1" 200 4805
144.76.38.10 - - [24/Apr/2020:13:34:34 -0400] "GET /depository/security/DoS/?C=S;O=D HTTP/1.1" 200 1332
144.76.38.10 - - [24/Apr/2020:13:34:36 -0400] "GET /depository/security/DoS/ddos.files/?C=D;O=A HTTP/1.1" 200 696
144.76.38.10 - - [24/Apr/2020:13:34:38 -0400] "GET /depository/security/DoS/ddos.files/?C=D;O=D HTTP/1.1" 200 696
144.76.38.10 - - [24/Apr/2020:13:34:40 -0400] "GET /depository/security/DoS/ddos.files/?C=M;O=A HTTP/1.1" 200 696
144.76.38.10 - - [24/Apr/2020:13:34:42 -0400] "GET /depository/security/DoS/ddos.files/?C=M;O=D HTTP/1.1" 200 696
144.76.38.10 - - [24/Apr/2020:13:34:44 -0400] "GET /depository/security/DoS/ddos.files/?C=N;O=A HTTP/1.1" 200 696
144.76.38.10 - - [24/Apr/2020:13:34:46 -0400] "GET /depository/security/DoS/ddos.files/?C=N;O=D HTTP/1.1" 200 696
144.76.38.10 - - [24/Apr/2020:13:34:48 -0400] "GET /depository/security/DoS/ddos.files/?C=S;O=A HTTP/1.1" 200 696
144.76.38.10 - - [24/Apr/2020:13:34:50 -0400] "GET /depository/security/DoS/ddos.files/?C=S;O=D HTTP/1.1" 200 696
144.76.38.10 - - [24/Apr/2020:13:34:51 -0400] "GET /depository/security/DoS/ddos.files/filelist.xml HTTP/1.1" 200 354
144.76.38.10 - - [24/Apr/2020:13:34:53 -0400] "GET /depository/security/DoS/ddos.htm HTTP/1.1" 200 4301
144.76.38.10 - - [24/Apr/2020:13:34:55 -0400] "GET /depository/security/Firewall/?C=D;O=A HTTP/1.1" 200 1048
144.76.38.10 - - [24/Apr/2020:13:34:57 -0400] "GET /depository/security/Firewall/?C=D;O=D HTTP/1.1" 200 1048
144.76.38.10 - - [24/Apr/2020:13:34:59 -0400] "GET /depository/security/Firewall/?C=M;O=A HTTP/1.1" 200 1048
144.76.38.10 - - [24/Apr/2020:13:35:02 -0400] "GET /depository/security/Firewall/?C=M;O=D HTTP/1.1" 200 1048
144.76.38.10 - - [24/Apr/2020:13:35:05 -0400] "GET /depository/security/Firewall/?C=N;O=A HTTP/1.1" 200 1048
144.76.38.10 - - [24/Apr/2020:13:35:07 -0400] "GET /depository/security/Firewall/?C=N;O=D HTTP/1.1" 200 1048
144.76.38.10 - - [24/Apr/2020:13:35:10 -0400] "GET /depository/security/Firewall/?C=S;O=A HTTP/1.1" 200 1048
144.76.38.10 - - [24/Apr/2020:13:35:13 -0400] "GET /depository/security/Firewall/?C=S;O=D HTTP/1.1" 200 1048
5.9.32.222 - - [24/Apr/2020:13:35:13 -0400] "GET /depository//////////newest_tech/Computing%20should%20be%20based%20on%20light,%20not%20electricity,%20scientists%20say%20_%20Network%20World_files/get HTTP/1.1" 200 27423
5.9.32.222 - - [24/Apr/2020:13:35:16 -0400] "GET /depository//////////newest_tech/Computing%20should%20be%20based%20on%20light,%20not%20electricity,%20scientists%20say%20_%20Network%20World_files/imsync.htm HTTP/1.1" 200 17
144.76.38.10 - - [24/Apr/2020:13:35:16 -0400] "GET /depository/security/Firewall/firewall.htm HTTP/1.1" 200 3888
144.76.38.10 - - [24/Apr/2020:13:35:19 -0400] "GET /depository/security/Hackers%20break%20into%20two%20FreeBSD%20Project%20servers%20using%20stolen%20SSH%20keys%20%20Security%20-%20InfoWorld.mht HTTP/1.1" 200 825023
5.9.32.222 - - [24/Apr/2020:13:35:20 -0400] "GET /depository//////////newest_tech/Computing%20should%20be%20based%20on%20light,%20not%20electricity,%20scientists%20say%20_%20Network%20World_files/portal.htm HTTP/1.1" 200 1516
5.9.32.222 - - [24/Apr/2020:13:35:22 -0400] "GET /depository//////////newest_tech/Computing%20should%20be%20based%20on%20light,%20not%20electricity,%20scientists%20say%20_%20Network%20World_files/serving HTTP/1.1" 200 161
144.76.38.10 - - [24/Apr/2020:13:35:22 -0400] "GET /depository/security/Hardware/?C=D;O=A HTTP/1.1" 200 694
144.76.38.10 - - [24/Apr/2020:13:35:24 -0400] "GET /depository/security/Hardware/?C=D;O=D HTTP/1.1" 200 694
144.76.38.10 - - [24/Apr/2020:13:35:26 -0400] "GET /depository/security/Hardware/?C=M;O=A HTTP/1.1" 200 694
144.76.38.10 - - [24/Apr/2020:13:35:29 -0400] "GET /depository/security/Hardware/?C=M;O=D HTTP/1.1" 200 694
144.76.38.10 - - [24/Apr/2020:13:35:32 -0400] "GET /depository/security/Hardware/?C=N;O=A HTTP/1.1" 200 694
94.143.240.104 - - [24/Apr/2020:13:35:32 -0400] "GET /4/44/rut_4411.htm HTTP/1.1" 200 50775
144.76.38.10 - - [24/Apr/2020:13:35:35 -0400] "GET /depository/security/Hardware/?C=N;O=D HTTP/1.1" 200 694
144.76.38.10 - - [24/Apr/2020:13:35:37 -0400] "GET /depository/security/Hardware/?C=S;O=A HTTP/1.1" 200 694
37.140.57.154 - - [24/Apr/2020:13:35:38 -0400] "GET /10/ascii.htm HTTP/1.1" 200 36979
144.76.38.10 - - [24/Apr/2020:13:35:39 -0400] "GET /depository/security/Hardware/?C=S;O=D HTTP/1.1" 200 694
144.76.38.10 - - [24/Apr/2020:13:35:40 -0400] "GET /depository/security/Hardware/Amazon%20and%20Apple%20deny%20claims%20Chinese%20government%20bugged%20their%20servers_files/?C=D;O=A HTTP/1.1" 200 1113
144.76.38.10 - - [24/Apr/2020:13:35:42 -0400] "GET /depository/security/Hardware/Amazon%20and%20Apple%20deny%20claims%20Chinese%20government%20bugged%20their%20servers_files/?C=D;O=D HTTP/1.1" 200 1113
193.84.77.77 - - [24/Apr/2020:13:35:42 -0400] "GET /10/ascii.htm HTTP/1.1" 304 -
144.76.38.10 - - [24/Apr/2020:13:35:44 -0400] "GET /depository/security/Hardware/Amazon%20and%20Apple%20deny%20claims%20Chinese%20government%20bugged%20their%20servers_files/?C=M;O=A HTTP/1.1" 200 1113
193.84.77.77 - - [24/Apr/2020:13:35:44 -0400] "GET /10/ascii.htm HTTP/1.1" 304 -
5.9.32.222 - - [24/Apr/2020:13:35:44 -0400] "GET /depository//////////newest_tech/Computing%20should%20be%20based%20on%20light,%20not%20electricity,%20scientists%20say%20_%20Network%20World_files/sponsored-links.htm HTTP/1.1" 200 6511
144.76.38.10 - - [24/Apr/2020:13:35:45 -0400] "GET /depository/security/Hardware/Amazon%20and%20Apple%20deny%20claims%20Chinese%20government%20bugged%20their%20servers_files/?C=M;O=D HTTP/1.1" 200 1113
188.213.49.210 - - [24/Apr/2020:13:35:46 -0400] "GET /wp-login.php HTTP/1.1" 404 210
5.9.32.222 - - [24/Apr/2020:13:35:46 -0400] "GET /depository//////////newest_tech/Computing%20should%20be%20based%20on%20light,%20not%20electricity,%20scientists%20say%20_%20Network%20World_files/sqqFzvsH4TAuTzAPR5MtVkHLe_x0zdCQoi9FfacKBGzU4lLRypbpZfEkXO29jz0e HTTP/1.1" 200 177815
144.76.38.10 - - [24/Apr/2020:13:35:47 -0400] "GET /depository/security/Hardware/Amazon%20and%20Apple%20deny%20claims%20Chinese%20government%20bugged%20their%20servers_files/?C=N;O=A HTTP/1.1" 200 1113
188.213.49.210 - - [24/Apr/2020:13:35:47 -0400] "GET /11/wp-login.php HTTP/1.1" 404 213
144.76.38.10 - - [24/Apr/2020:13:35:50 -0400] "GET /depository/security/Hardware/Amazon%20and%20Apple%20deny%20claims%20Chinese%20government%20bugged%20their%20servers_files/?C=N;O=D HTTP/1.1" 200 1113
144.76.38.10 - - [24/Apr/2020:13:35:53 -0400] "GET /depository/security/Hardware/Amazon%20and%20Apple%20deny%20claims%20Chinese%20government%20bugged%20their%20servers_files/?C=S;O=A HTTP/1.1" 200 1113
144.76.38.10 - - [24/Apr/2020:13:35:55 -0400] "GET /depository/security/Hardware/Amazon%20and%20Apple%20deny%20claims%20Chinese%20government%20bugged%20their%20servers_files/Amazon-and-Apple-deny-claims-Chinese-government-bugged-their_003/?C=N;O=A HTTP/1.1" 200 938
144.76.38.10 - - [24/Apr/2020:13:35:58 -0400] "GET /depository/security/Hardware/Amazon%20and%20Apple%20deny%20claims%20Chinese%20government%20bugged%20their%20servers_files/Amazon-and-Apple-deny-claims-Chinese-government-bugged-their_003/?C=N;O=D HTTP/1.1" 200 938
5.9.32.222 - - [24/Apr/2020:13:35:58 -0400] "GET /depository//////////newest_tech/Computing%20should%20be%20based%20on%20light,%20not%20electricity,%20scientists%20say%20_%20Network%20World_files/sync HTTP/1.1" 200 2566
144.76.38.10 - - [24/Apr/2020:13:36:00 -0400] "GET /depository/security/Hardware/Amazon%20and%20Apple%20deny%20claims%20Chinese%20government%20bugged%20their%20servers_files/Amazon-and-Apple-deny-claims-Chinese-government-bugged-their_003/?C=S;O=A HTTP/1.1" 200 938
5.9.32.222 - - [24/Apr/2020:13:36:01 -0400] "GET /depository//////////newest_tech/Computing%20should%20be%20based%20on%20light,%20not%20electricity,%20scientists%20say%20_%20Network%20World_files/t HTTP/1.1" 200 83
144.76.38.10 - - [24/Apr/2020:13:36:02 -0400] "GET /depository/security/Hardware/Amazon%20and%20Apple%20deny%20claims%20Chinese%20government%20bugged%20their%20servers_files/Amazon-and-Apple-deny-claims-Chinese-government-bugged-their_003/?C=S;O=D HTTP/1.1" 200 938
46.229.168.139 - - [24/Apr/2020:13:36:04 -0400] "GET /depository/forecasts/Cloud%20traffic%20to%20jump%20262%25%20by%202020,%20according%20to%20Cisco%20Global%20Cloud%20Index%20-%20TechRepublic_files/container_005.htm HTTP/1.1" 200 37466
144.76.38.10 - - [24/Apr/2020:13:36:04 -0400] "GET /depository/security/Hardware/Amazon%20and%20Apple%20deny%20claims%20Chinese%20government%20bugged%20their%20servers_files/Amazon-and-Apple-deny-claims-Chinese-government-bugged-their_003/a.htm HTTP/1.1" 200 108
144.76.38.10 - - [24/Apr/2020:13:36:06 -0400] "GET /depository/security/Hardware/Amazon%20and%20Apple%20deny%20claims%20Chinese%20government%20bugged%20their%20servers_files/Amazon-and-Apple-deny-claims-Chinese-government-bugged-their_003/ads HTTP/1.1" 200 9534
144.76.38.10 - - [24/Apr/2020:13:36:08 -0400] "GET /depository/security/Hardware/Amazon%20and%20Apple%20deny%20claims%20Chinese%20government%20bugged%20their%20servers_files/Amazon-and-Apple-deny-claims-Chinese-government-bugged-their_003/showad_002.htm HTTP/1.1" 200 34681
144.76.38.10 - - [24/Apr/2020:13:36:09 -0400] "GET /depository/security/Hardware/hardware.htm HTTP/1.1" 200 4278
5.9.32.222 - - [24/Apr/2020:13:36:11 -0400] "GET /depository//////////newest_tech/Computing%20should%20be%20based%20on%20light,%20not%20electricity,%20scientists%20say%20_%20Network%20World_files/tag.aspx HTTP/1.1" 200 24053
144.76.38.10 - - [24/Apr/2020:13:36:11 -0400] "GET /depository/security/Heartbleed/?C=D;O=A HTTP/1.1" 200 666
144.76.38.10 - - [24/Apr/2020:13:36:13 -0400] "GET /depository/security/Heartbleed/?C=D;O=D HTTP/1.1" 200 666
144.76.38.10 - - [24/Apr/2020:13:36:14 -0400] "GET /depository/security/Heartbleed/?C=M;O=A HTTP/1.1" 200 666
5.9.32.222 - - [24/Apr/2020:13:36:15 -0400] "GET /depository//////////newest_tech/Computing%20should%20be%20based%20on%20light,%20not%20electricity,%20scientists%20say%20_%20Network%20World_files/u HTTP/1.1" 200 13
144.76.38.10 - - [24/Apr/2020:13:36:16 -0400] "GET /depository/security/Heartbleed/?C=M;O=D HTTP/1.1" 200 666
144.76.38.10 - - [24/Apr/2020:13:36:18 -0400] "GET /depository/security/Heartbleed/?C=N;O=A HTTP/1.1" 200 666
144.76.38.10 - - [24/Apr/2020:13:36:19 -0400] "GET /depository/security/Heartbleed/?C=N;O=D HTTP/1.1" 200 666
144.76.38.10 - - [24/Apr/2020:13:36:21 -0400] "GET /depository/security/Heartbleed/?C=S;O=A HTTP/1.1" 200 666
144.76.38.10 - - [24/Apr/2020:13:36:22 -0400] "GET /depository/security/Heartbleed/?C=S;O=D HTTP/1.1" 200 666
144.76.38.10 - - [24/Apr/2020:13:36:26 -0400] "GET /depository/security/Heartbleed/Protect%20vulnerable%20routers%20from%20the%20wireless%20Heartbleed%20flaw_files/1068cf12f6 HTTP/1.1" 200 25
144.76.38.10 - - [24/Apr/2020:13:36:27 -0400] "GET /depository/security/Heartbleed/Protect%20vulnerable%20routers%20from%20the%20wireless%20Heartbleed%20flaw_files/?C=D;O=A HTTP/1.1" 200 2447
144.76.38.10 - - [24/Apr/2020:13:36:29 -0400] "GET /depository/security/Heartbleed/Protect%20vulnerable%20routers%20from%20the%20wireless%20Heartbleed%20flaw_files/?C=D;O=D HTTP/1.1" 200 2447
144.76.38.10 - - [24/Apr/2020:13:36:30 -0400] "GET /depository/security/Heartbleed/Protect%20vulnerable%20routers%20from%20the%20wireless%20Heartbleed%20flaw_files/getuid HTTP/1.1" 200 43
144.76.38.10 - - [24/Apr/2020:13:36:32 -0400] "GET /depository/security/SHA/?C=N;O=A HTTP/1.1" 200 884
144.76.38.10 - - [24/Apr/2020:13:36:34 -0400] "GET /depository/security/SHA/?C=S;O=A HTTP/1.1" 200 884
144.76.38.10 - - [24/Apr/2020:13:36:35 -0400] "GET /depository/security/SHA/?C=S;O=D HTTP/1.1" 200 884
144.76.38.10 - - [24/Apr/2020:13:36:39 -0400] "GET /depository/security/SHA/SHA-2%20algorithm%20%20The%20how%20and%20why%20of%20the%20transition_files/?C=D;O=A HTTP/1.1" 200 2050
144.76.38.10 - - [24/Apr/2020:13:36:40 -0400] "GET /depository/security/SHA/SHA-2%20algorithm%20%20The%20how%20and%20why%20of%20the%20transition_files/?C=D;O=D HTTP/1.1" 200 2050
5.9.32.222 - - [24/Apr/2020:13:36:42 -0400] "GET /depository//////////newest_tech/Computing%20should%20be%20based%20on%20light,%20not%20electricity,%20scientists%20say%20_%20Network%20World_files/utsync.ashx HTTP/1.1" 200 34
144.76.38.10 - - [24/Apr/2020:13:36:42 -0400] "GET /depository/security/SHA/SHA-2%20algorithm%20%20The%20how%20and%20why%20of%20the%20transition_files/?C=M;O=A HTTP/1.1" 200 2050
144.76.38.10 - - [24/Apr/2020:13:36:44 -0400] "GET /depository/security/SHA/SHA-2%20algorithm%20%20The%20how%20and%20why%20of%20the%20transition_files/?C=M;O=D HTTP/1.1" 200 2050
144.76.38.10 - - [24/Apr/2020:13:36:45 -0400] "GET /depository/security/SHA/SHA-2%20algorithm%20%20The%20how%20and%20why%20of%20the%20transition_files/?C=N;O=A HTTP/1.1" 200 2050
5.9.32.222 - - [24/Apr/2020:13:36:46 -0400] "GET /depository//////////newest_tech/Demonstration%20of%20End-to-End%20Automation%20of%20DNA%20Data%20Storage%20_%20Scientific%20Reports_files/EU HTTP/1.1" 200 33
144.76.38.10 - - [24/Apr/2020:13:36:47 -0400] "GET /depository/security/SHA/SHA-2%20algorithm%20%20The%20how%20and%20why%20of%20the%20transition_files/?C=N;O=D HTTP/1.1" 200 2050
5.9.32.222 - - [24/Apr/2020:13:36:49 -0400] "GET /depository//////////newest_tech/Demonstration%20of%20End-to-End%20Automation%20of%20DNA%20Data%20Storage%20_%20Scientific%20Reports_files/MathJax.htm HTTP/1.1" 200 53253
144.76.38.10 - - [24/Apr/2020:13:36:49 -0400] "GET /depository/security/SHA/SHA-2%20algorithm%20%20The%20how%20and%20why%20of%20the%20transition_files/?C=S;O=A HTTP/1.1" 200 2050
144.76.38.10 - - [24/Apr/2020:13:36:51 -0400] "GET /depository/security/SHA/SHA-2%20algorithm%20%20The%20how%20and%20why%20of%20the%20transition_files/?C=S;O=D HTTP/1.1" 200 2050
144.76.38.10 - - [24/Apr/2020:13:36:52 -0400] "GET /depository/security/SHA/SHA-2%20algorithm%20%20The%20how%20and%20why%20of%20the%20transition_files/getuid HTTP/1.1" 200 43
213.180.203.118 - - [24/Apr/2020:13:36:53 -0400] "GET /depository/bgan/Possibilities_BGAN.mht HTTP/1.1" 200 93858
144.76.38.10 - - [24/Apr/2020:13:36:55 -0400] "GET /depository/security/SHA/SHA-2%20algorithm%20%20The%20how%20and%20why%20of%20the%20transition_files/pixel.php HTTP/1.1" 200 470723
5.9.32.222 - - [24/Apr/2020:13:36:56 -0400] "GET /depository//////////newest_tech/Demonstration%20of%20End-to-End%20Automation%20of%20DNA%20Data%20Storage%20_%20Scientific%20Reports_files/a.htm HTTP/1.1" 200 281
185.67.252.71 - - [24/Apr/2020:13:36:58 -0400] "GET /4/44/qos_lan.htm HTTP/1.1" 200 36829
5.9.32.222 - - [24/Apr/2020:13:36:59 -0400] "GET /depository//////////newest_tech/Demonstration%20of%20End-to-End%20Automation%20of%20DNA%20Data%20Storage%20_%20Scientific%20Reports_files/a_data/ HTTP/1.1" 200 678
144.76.38.10 - - [24/Apr/2020:13:37:00 -0400] "GET /depository/security/SHA/SHA-2%20algorithm%20%20The%20how%20and%20why%20of%20the%20transition_files/saved_resource HTTP/1.1" 200 43
5.9.32.222 - - [24/Apr/2020:13:37:02 -0400] "GET /depository//////////newest_tech/Demonstration%20of%20End-to-End%20Automation%20of%20DNA%20Data%20Storage%20_%20Scientific%20Reports_files/controltag HTTP/1.1" 200 24566
144.76.38.10 - - [24/Apr/2020:13:37:02 -0400] "GET /depository/security/SHA/SHA-2%20algorithm%20%20The%20how%20and%20why%20of%20the%20transition_files/seg HTTP/1.1" 200 43
144.76.38.10 - - [24/Apr/2020:13:37:04 -0400] "GET /depository/security/Successfully%20Securing%20Your%20Endpoints.htm HTTP/1.1" 200 739
144.76.38.10 - - [24/Apr/2020:13:37:07 -0400] "GET /depository/security/TCO/?C=D;O=A HTTP/1.1" 200 378
5.9.32.222 - - [24/Apr/2020:13:37:08 -0400] "GET /depository//////////newest_tech/Demonstration%20of%20End-to-End%20Automation%20of%20DNA%20Data%20Storage%20_%20Scientific%20Reports_files/ping HTTP/1.1" 200 469
144.76.38.10 - - [24/Apr/2020:13:37:10 -0400] "GET /depository/security/TCO/?C=D;O=D HTTP/1.1" 200 378
5.9.32.222 - - [24/Apr/2020:13:37:10 -0400] "GET /depository//////////newest_tech/Efforts%20to%20restart%20smart-gun%20innovation%20could%20misfire%20again%20_%20Computerworld_files/JPwomfOMeAM.htm HTTP/1.1" 200 52329
144.76.38.10 - - [24/Apr/2020:13:37:13 -0400] "GET /depository/security/TCO/?C=M;O=A HTTP/1.1" 200 378
5.9.32.222 - - [24/Apr/2020:13:37:14 -0400] "GET /depository//////////newest_tech/Efforts%20to%20restart%20smart-gun%20innovation%20could%20misfire%20again%20_%20Computerworld_files/JPwomfOMeAM_data/ HTTP/1.1" 200 904
144.76.38.10 - - [24/Apr/2020:13:37:15 -0400] "GET /depository/security/TCO/?C=M;O=D HTTP/1.1" 200 378
144.76.38.10 - - [24/Apr/2020:13:37:17 -0400] "GET /depository/security/TCO/?C=N;O=A HTTP/1.1" 200 378
197.157.195.241 - - [24/Apr/2020:13:37:18 -0400] "GET /1/intr_1.htm HTTP/1.1" 200 112611
144.76.38.10 - - [24/Apr/2020:13:37:19 -0400] "GET /depository/security/TCO/?C=N;O=D HTTP/1.1" 200 378
144.76.38.10 - - [24/Apr/2020:13:37:21 -0400] "GET /depository/security/TCO/?C=S;O=A HTTP/1.1" 200 378
144.76.38.10 - - [24/Apr/2020:13:37:23 -0400] "GET /depository/security/TCO/?C=S;O=D HTTP/1.1" 200 378
197.157.195.241 - - [24/Apr/2020:13:37:24 -0400] "GET //gainsboro HTTP/1.1" 404 207
144.76.38.10 - - [24/Apr/2020:13:37:25 -0400] "GET /depository/security/TCO/tco.htm HTTP/1.1" 200 3252
144.76.38.10 - - [24/Apr/2020:13:37:26 -0400] "GET /depository/security/Threat%20Intelligence%20%20CTU%20Intelligence%20%20Dell%20SecureWorks.htm HTTP/1.1" 200 557
144.76.38.10 - - [24/Apr/2020:13:37:28 -0400] "GET /depository/security/WEB-security/?C=D;O=A HTTP/1.1" 200 2140
144.76.38.10 - - [24/Apr/2020:13:37:30 -0400] "GET /depository/security/WEB-security/?C=D;O=D HTTP/1.1" 200 2140
144.76.38.10 - - [24/Apr/2020:13:37:31 -0400] "GET /depository/security/WEB-security/?C=M;O=A HTTP/1.1" 200 2140
144.76.38.10 - - [24/Apr/2020:13:37:33 -0400] "GET /depository/security/WEB-security/?C=M;O=D HTTP/1.1" 200 2140
144.76.38.10 - - [24/Apr/2020:13:37:34 -0400] "GET /depository/security/WEB-security/?C=N;O=A HTTP/1.1" 200 2140
144.76.38.10 - - [24/Apr/2020:13:37:36 -0400] "GET /depository/security/WEB-security/?C=N;O=D HTTP/1.1" 200 2140
144.76.38.10 - - [24/Apr/2020:13:37:38 -0400] "GET /depository/security/WEB-security/?C=S;O=A HTTP/1.1" 200 2140
144.76.38.10 - - [24/Apr/2020:13:37:40 -0400] "GET /depository/security/WEB-security/?C=S;O=D HTTP/1.1" 200 2140
144.76.38.10 - - [24/Apr/2020:13:37:41 -0400] "GET /depository/security/WEB-security/Securing%20Your%20Web%20Browser.files/?C=D;O=A HTTP/1.1" 200 3257
144.76.38.10 - - [24/Apr/2020:13:37:43 -0400] "GET /depository/security/WEB-security/Securing%20Your%20Web%20Browser.files/?C=D;O=D HTTP/1.1" 200 3257
144.76.38.10 - - [24/Apr/2020:13:37:45 -0400] "GET /depository/security/WEB-security/Securing%20Your%20Web%20Browser.files/?C=M;O=A HTTP/1.1" 200 3257
144.76.38.10 - - [24/Apr/2020:13:37:46 -0400] "GET /depository/security/WEB-security/Securing%20Your%20Web%20Browser.files/?C=M;O=D HTTP/1.1" 200 3257
144.76.38.10 - - [24/Apr/2020:13:37:48 -0400] "GET /depository/security/WEB-security/Securing%20Your%20Web%20Browser.files/?C=N;O=A HTTP/1.1" 200 3257
144.76.38.10 - - [24/Apr/2020:13:37:50 -0400] "GET /depository/security/WEB-security/Securing%20Your%20Web%20Browser.files/?C=N;O=D HTTP/1.1" 200 3257
144.76.38.10 - - [24/Apr/2020:13:37:52 -0400] "GET /depository/security/WEB-security/Securing%20Your%20Web%20Browser.files/?C=S;O=A HTTP/1.1" 200 3257
144.76.38.10 - - [24/Apr/2020:13:37:53 -0400] "GET /depository/security/WEB-security/Securing%20Your%20Web%20Browser.files/?C=S;O=D HTTP/1.1" 200 3257
46.229.168.152 - - [24/Apr/2020:13:37:56 -0400] "GET /10/abbr/b.htm HTTP/1.1" 200 40422
144.76.38.10 - - [24/Apr/2020:13:37:58 -0400] "GET /depository/security/WEB-security/Web%20Security%20Standards%20-%20ZapMeta%20Search%20Results_files/?C=D;O=A HTTP/1.1" 200 1013
144.76.38.10 - - [24/Apr/2020:13:37:59 -0400] "GET /depository/security/WEB-security/Web%20Security%20Standards%20-%20ZapMeta%20Search%20Results_files/?C=D;O=D HTTP/1.1" 200 1013
144.76.38.10 - - [24/Apr/2020:13:38:01 -0400] "GET /depository/security/WEB-security/Web%20Security%20Standards%20-%20ZapMeta%20Search%20Results_files/?C=M;O=A HTTP/1.1" 200 1013
144.76.38.10 - - [24/Apr/2020:13:38:02 -0400] "GET /depository/security/WEB-security/Web%20Security%20Standards%20-%20ZapMeta%20Search%20Results_files/?C=M;O=D HTTP/1.1" 200 1013
109.95.126.93 - - [24/Apr/2020:13:38:02 -0400] "GET /depository/blockchain/blockchain-by-melanie-swan.pdf HTTP/1.1" 200 3392796
144.76.38.10 - - [24/Apr/2020:13:38:04 -0400] "GET /depository/security/WEB-security/Web%20Security%20Standards%20-%20ZapMeta%20Search%20Results_files/?C=N;O=A HTTP/1.1" 200 1013
144.76.38.10 - - [24/Apr/2020:13:38:06 -0400] "GET /depository/security/WEB-security/Web%20Security%20Standards%20-%20ZapMeta%20Search%20Results_files/?C=N;O=D HTTP/1.1" 200 1013
144.76.38.10 - - [24/Apr/2020:13:38:07 -0400] "GET /depository/security/WEB-security/Web%20Security%20Standards%20-%20ZapMeta%20Search%20Results_files/?C=S;O=A HTTP/1.1" 200 1013
144.76.38.10 - - [24/Apr/2020:13:38:09 -0400] "GET /depository/security/WEB-security/Web%20Security%20Standards%20-%20ZapMeta%20Search%20Results_files/?C=S;O=D HTTP/1.1" 200 1013
144.76.38.10 - - [24/Apr/2020:13:38:11 -0400] "GET /depository/security/WEB-security/Web%20Security%20Standards%20-%20ZapMeta%20Search%20Results_files/saved_resource HTTP/1.1" 200 42
144.76.38.10 - - [24/Apr/2020:13:38:13 -0400] "GET /depository/security/WEB-security/web_security.htm HTTP/1.1" 200 11867
144.76.38.10 - - [24/Apr/2020:13:38:14 -0400] "GET /depository/security/XSS/?C=D;O=A HTTP/1.1" 200 1060
144.76.38.10 - - [24/Apr/2020:13:38:16 -0400] "GET /depository/security/XSS/?C=D;O=D HTTP/1.1" 200 1060
144.76.38.10 - - [24/Apr/2020:13:38:18 -0400] "GET /depository/security/XSS/?C=M;O=A HTTP/1.1" 200 1060
144.76.38.10 - - [24/Apr/2020:13:38:20 -0400] "GET /depository/security/XSS/?C=M;O=D HTTP/1.1" 200 1060
144.76.38.10 - - [24/Apr/2020:13:38:22 -0400] "GET /depository/security/XSS/?C=N;O=A HTTP/1.1" 200 1060
144.76.38.10 - - [24/Apr/2020:13:38:23 -0400] "GET /depository/security/XSS/?C=N;O=D HTTP/1.1" 200 1060
144.76.38.10 - - [24/Apr/2020:13:38:25 -0400] "GET /depository/security/XSS/?C=S;O=A HTTP/1.1" 200 1060
144.76.38.10 - - [24/Apr/2020:13:38:28 -0400] "GET /depository/security/XSS/?C=S;O=D HTTP/1.1" 200 1060
144.76.38.10 - - [24/Apr/2020:13:38:30 -0400] "GET /depository/security/XSS/xss.htm HTTP/1.1" 200 3860
144.76.38.10 - - [24/Apr/2020:13:38:32 -0400] "GET /depository/security/android/?C=D;O=A HTTP/1.1" 200 636
144.76.38.10 - - [24/Apr/2020:13:38:34 -0400] "GET /depository/security/android/?C=D;O=D HTTP/1.1" 200 636
144.76.38.10 - - [24/Apr/2020:13:38:35 -0400] "GET /depository/security/android/?C=M;O=A HTTP/1.1" 200 636
144.76.38.10 - - [24/Apr/2020:13:38:37 -0400] "GET /depository/security/android/?C=M;O=D HTTP/1.1" 200 636
144.76.38.10 - - [24/Apr/2020:13:38:39 -0400] "GET /depository/security/android/?C=N;O=A HTTP/1.1" 200 636
144.76.38.10 - - [24/Apr/2020:13:38:41 -0400] "GET /depository/security/android/?C=N;O=D HTTP/1.1" 200 636
144.76.38.10 - - [24/Apr/2020:13:38:43 -0400] "GET /depository/security/android/?C=S;O=A HTTP/1.1" 200 636
144.76.38.10 - - [24/Apr/2020:13:38:45 -0400] "GET /depository/security/android/?C=S;O=D HTTP/1.1" 200 636
144.76.38.10 - - [24/Apr/2020:13:38:47 -0400] "GET /depository/security/android/Android%20Security%20Bulletin%20March%202017%20What%20you%20need%20to%20know%20-%20TechRepublic_files/?C=D;O=A HTTP/1.1" 200 1808
144.76.38.10 - - [24/Apr/2020:13:38:48 -0400] "GET /depository/security/android/Android%20Security%20Bulletin%20March%202017%20What%20you%20need%20to%20know%20-%20TechRepublic_files/?C=D;O=D HTTP/1.1" 200 1808
144.76.38.10 - - [24/Apr/2020:13:38:50 -0400] "GET /depository/security/android/Android%20Security%20Bulletin%20March%202017%20What%20you%20need%20to%20know%20-%20TechRepublic_files/?C=M;O=A HTTP/1.1" 200 1808
217.107.115.149 - - [24/Apr/2020:13:38:51 -0400] "GET /4/45/ftp_454.htm HTTP/1.1" 200 35778
144.76.38.10 - - [24/Apr/2020:13:38:52 -0400] "GET /depository/security/android/Android%20Security%20Bulletin%20March%202017%20What%20you%20need%20to%20know%20-%20TechRepublic_files/?C=M;O=D HTTP/1.1" 200 1808
144.76.38.10 - - [24/Apr/2020:13:38:53 -0400] "GET /depository/security/android/Android%20Security%20Bulletin%20March%202017%20What%20you%20need%20to%20know%20-%20TechRepublic_files/?C=N;O=A HTTP/1.1" 200 1808
144.76.38.10 - - [24/Apr/2020:13:38:55 -0400] "GET /depository/security/android/Android%20Security%20Bulletin%20March%202017%20What%20you%20need%20to%20know%20-%20TechRepublic_files/?C=S;O=A HTTP/1.1" 200 1808
54.36.148.0 - - [24/Apr/2020:13:38:57 -0400] "GET /4/41/p2p.htm HTTP/1.1" 200 37088
144.76.38.10 - - [24/Apr/2020:13:38:57 -0400] "GET /depository/security/android/Android%20Security%20Bulletin%20March%202017%20What%20you%20need%20to%20know%20-%20TechRepublic_files/?C=S;O=D HTTP/1.1" 200 1808
144.76.38.10 - - [24/Apr/2020:13:39:07 -0400] "GET /depository/security/annuals/?C=D;O=A HTTP/1.1" 200 2104
144.76.38.10 - - [24/Apr/2020:13:39:09 -0400] "GET /depository/security/annuals/?C=D;O=D HTTP/1.1" 200 2104
144.76.38.10 - - [24/Apr/2020:13:39:11 -0400] "GET /depository/security/annuals/Security%20attack%20%20New%20defenses%20in%202016%20escape%20compromise_files/?C=D;O=A HTTP/1.1" 200 4938
213.180.203.118 - - [24/Apr/2020:13:39:11 -0400] "GET /depository/rfcs/7300/rfc7365.txt HTTP/1.1" 200 57811
144.76.38.10 - - [24/Apr/2020:13:39:13 -0400] "GET /depository/security/annuals/Security%20attack%20%20New%20defenses%20in%202016%20escape%20compromise_files/?C=M;O=A HTTP/1.1" 200 4938
144.76.38.10 - - [24/Apr/2020:13:39:14 -0400] "GET /depository/security/annuals/Security%20attack%20%20New%20defenses%20in%202016%20escape%20compromise_files/?C=N;O=D HTTP/1.1" 200 4938
144.76.38.10 - - [24/Apr/2020:13:39:16 -0400] "GET /depository/security/annuals/Security%20attack%20%20New%20defenses%20in%202016%20escape%20compromise_files/?C=S;O=A HTTP/1.1" 200 4938
144.76.38.10 - - [24/Apr/2020:13:39:18 -0400] "GET /depository/security/annuals/Security%20attack%20%20New%20defenses%20in%202016%20escape%20compromise_files/Security-attack-New-defenses-in-2016-escape-compromise_007.htm HTTP/1.1" 200 17946
144.76.38.10 - - [24/Apr/2020:13:39:19 -0400] "GET /depository/security/annuals/Security%20attack%20%20New%20defenses%20in%202016%20escape%20compromise_files/Security-attack-New-defenses-in-2016-escape-compromise_008.htm HTTP/1.1" 200 356
144.76.38.10 - - [24/Apr/2020:13:39:21 -0400] "GET /depository/security/annuals/Security%20attack%20%20New%20defenses%20in%202016%20escape%20compromise_files/Security-attack-New-defenses-in-2016-escape-compromise_data/?C=D;O=A HTTP/1.1" 200 654
144.76.38.10 - - [24/Apr/2020:13:39:23 -0400] "GET /depository/security/annuals/Security%20attack%20%20New%20defenses%20in%202016%20escape%20compromise_files/Security-attack-New-defenses-in-2016-escape-compromise_data/?C=M;O=A HTTP/1.1" 200 654
144.76.38.10 - - [24/Apr/2020:13:39:24 -0400] "GET /depository/security/annuals/Security%20attack%20%20New%20defenses%20in%202016%20escape%20compromise_files/Security-attack-New-defenses-in-2016-escape-compromise_data/?C=N;O=D HTTP/1.1" 200 654
144.76.38.10 - - [24/Apr/2020:13:39:26 -0400] "GET /depository/security/annuals/Security%20attack%20%20New%20defenses%20in%202016%20escape%20compromise_files/Security-attack-New-defenses-in-2016-escape-compromise_data/?C=S;O=A HTTP/1.1" 200 654
144.76.38.10 - - [24/Apr/2020:13:39:28 -0400] "GET /depository/security/annuals/Security%20attack%20%20New%20defenses%20in%202016%20escape%20compromise_files/Security-attack-New-defenses-in-2016-escape-compromise_data_002/?C=D;O=A HTTP/1.1" 200 648
144.76.38.10 - - [24/Apr/2020:13:39:29 -0400] "GET /depository/security/annuals/Security%20attack%20%20New%20defenses%20in%202016%20escape%20compromise_files/Security-attack-New-defenses-in-2016-escape-compromise_data_002/?C=M;O=A HTTP/1.1" 200 648
144.76.38.10 - - [24/Apr/2020:13:39:31 -0400] "GET /depository/security/annuals/Security%20attack%20%20New%20defenses%20in%202016%20escape%20compromise_files/Security-attack-New-defenses-in-2016-escape-compromise_data_002/?C=N;O=D HTTP/1.1" 200 648
144.76.38.10 - - [24/Apr/2020:13:39:33 -0400] "GET /depository/security/annuals/Security%20attack%20%20New%20defenses%20in%202016%20escape%20compromise_files/Security-attack-New-defenses-in-2016-escape-compromise_data_002/?C=S;O=A HTTP/1.1" 200 648
144.76.38.10 - - [24/Apr/2020:13:39:35 -0400] "GET /depository/security/annuals/Security%20attack%20%20New%20defenses%20in%202016%20escape%20compromise_files/Security-attack-New-defenses-in-2016-escape-compromise_data_002/ads HTTP/1.1" 200 23675
144.76.38.10 - - [24/Apr/2020:13:39:37 -0400] "GET /depository/security/annuals/Security%20attack%20%20New%20defenses%20in%202016%20escape%20compromise_files/Security-attack-New-defenses-in-2016-escape-compromise_data_004/?C=D;O=A HTTP/1.1" 200 648
144.76.38.10 - - [24/Apr/2020:13:39:38 -0400] "GET /depository/security/annuals/Security%20attack%20%20New%20defenses%20in%202016%20escape%20compromise_files/Security-attack-New-defenses-in-2016-escape-compromise_data_004/?C=M;O=A HTTP/1.1" 200 648
144.76.38.10 - - [24/Apr/2020:13:39:40 -0400] "GET /depository/security/annuals/Security%20attack%20%20New%20defenses%20in%202016%20escape%20compromise_files/Security-attack-New-defenses-in-2016-escape-compromise_data_004/?C=N;O=D HTTP/1.1" 200 648
144.76.38.10 - - [24/Apr/2020:13:39:42 -0400] "GET /depository/security/annuals/Security%20attack%20%20New%20defenses%20in%202016%20escape%20compromise_files/Security-attack-New-defenses-in-2016-escape-compromise_data_004/?C=S;O=A HTTP/1.1" 200 648
144.76.38.10 - - [24/Apr/2020:13:39:43 -0400] "GET /depository/security/annuals/Security%20attack%20%20New%20defenses%20in%202016%20escape%20compromise_files/Security-attack-New-defenses-in-2016-escape-compromise_data_004/ads HTTP/1.1" 200 23467
144.76.38.10 - - [24/Apr/2020:13:39:45 -0400] "GET /depository/security/annuals/Security%20attack%20%20New%20defenses%20in%202016%20escape%20compromise_files/Security-attack-New-defenses-in-2016-escape-compromise_data_006/?C=D;O=A HTTP/1.1" 200 648
144.76.38.10 - - [24/Apr/2020:13:39:47 -0400] "GET /depository/security/annuals/Security%20attack%20%20New%20defenses%20in%202016%20escape%20compromise_files/Security-attack-New-defenses-in-2016-escape-compromise_data_006/?C=S;O=A HTTP/1.1" 200 648
144.76.38.10 - - [24/Apr/2020:13:39:48 -0400] "GET /depository/security/annuals/Security%20attack%20%20New%20defenses%20in%202016%20escape%20compromise_files/Security-attack-New-defenses-in-2016-escape-compromise_data_008/?C=M;O=A HTTP/1.1" 200 648
144.76.38.10 - - [24/Apr/2020:13:39:50 -0400] "GET /depository/security/annuals/Security%20attack%20%20New%20defenses%20in%202016%20escape%20compromise_files/Security-attack-New-defenses-in-2016-escape-compromise_data_008/?C=N;O=D HTTP/1.1" 200 648
144.76.38.10 - - [24/Apr/2020:13:39:52 -0400] "GET /depository/security/annuals/Security%20attack%20%20New%20defenses%20in%202016%20escape%20compromise_files/Security-attack-New-defenses-in-2016-escape-compromise_data_008/?C=S;O=A HTTP/1.1" 200 648
144.76.38.10 - - [24/Apr/2020:13:39:53 -0400] "GET /depository/security/annuals/Security%20attack%20%20New%20defenses%20in%202016%20escape%20compromise_files/Security-attack-New-defenses-in-2016-escape-compromise_data_008/ads HTTP/1.1" 200 23469
144.76.38.10 - - [24/Apr/2020:13:39:55 -0400] "GET /depository/security/annuals/Security%20attack%20%20New%20defenses%20in%202016%20escape%20compromise_files/container.htm HTTP/1.1" 200 4007
95.143.115.50 - - [24/Apr/2020:13:39:56 -0400] "GET /10/ascii.htm HTTP/1.1" 200 36979
144.76.38.10 - - [24/Apr/2020:13:40:07 -0400] "GET /depository/security/annuals/Security%20attack%20%20New%20defenses%20in%202016%20escape%20compromise_files/oeu1449489883470r0.3261160327433057 HTTP/1.1" 200 2429
144.76.38.10 - - [24/Apr/2020:13:40:12 -0400] "GET /depository/security/anomaly/?C=D;O=A HTTP/1.1" 200 1458
144.76.38.10 - - [24/Apr/2020:13:40:14 -0400] "GET /depository/security/anomaly/?C=D;O=D HTTP/1.1" 200 1458
144.76.38.10 - - [24/Apr/2020:13:40:16 -0400] "GET /depository/security/anomaly/?C=M;O=A HTTP/1.1" 200 1458
144.76.38.10 - - [24/Apr/2020:13:40:18 -0400] "GET /depository/security/anomaly/?C=M;O=D HTTP/1.1" 200 1458
144.76.38.10 - - [24/Apr/2020:13:40:19 -0400] "GET /depository/security/anomaly/?C=N;O=D HTTP/1.1" 200 1458
144.76.38.10 - - [24/Apr/2020:13:40:21 -0400] "GET /depository/security/anomaly/Network%20anomaly%20detection%20%20The%20essential%20antimalware%20tool_files/?C=N;O=D HTTP/1.1" 200 2640
144.76.38.10 - - [24/Apr/2020:13:40:23 -0400] "GET /depository/security/anomaly/Network%20anomaly%20detection%20%20The%20essential%20antimalware%20tool_files/?C=S;O=A HTTP/1.1" 200 2640
144.76.38.10 - - [24/Apr/2020:13:40:24 -0400] "GET /depository/security/anomaly/Network%20anomaly%20detection%20%20The%20essential%20antimalware%20tool_files/container.html HTTP/1.1" 200 43
144.76.38.10 - - [24/Apr/2020:13:40:26 -0400] "GET /depository/security/anomaly/Network%20anomaly%20detection%20%20The%20essential%20antimalware%20tool_files/getuid HTTP/1.1" 200 43
213.180.203.63 - - [24/Apr/2020:13:40:28 -0400] "GET /depository/blockchain/Blockchain%20%20The%20smart%20person's%20guide%20-%20TechRepublic_files/a_003.htm HTTP/1.1" 200 514
144.76.38.10 - - [24/Apr/2020:13:40:28 -0400] "GET /depository/security/anomaly/Network%20anomaly%20detection%20%20The%20essential%20antimalware%20tool_files/pixel.php HTTP/1.1" 200 498720
144.76.38.10 - - [24/Apr/2020:13:40:30 -0400] "GET /depository/security/anomaly/Network%20anomaly%20detection%20%20The%20essential%20antimalware%20tool_files/saved_resource HTTP/1.1" 200 43
66.249.64.46 - - [24/Apr/2020:13:40:30 -0400] "GET /depository/soft_errors/soft_errors.htm HTTP/1.1" 200 17562
144.76.38.10 - - [24/Apr/2020:13:40:32 -0400] "GET /depository/security/anomaly/Network%20anomaly%20detection%20%20The%20essential%20antimalware%20tool_files/saved_resource(4) HTTP/1.1" 200 43
144.76.38.10 - - [24/Apr/2020:13:40:33 -0400] "GET /depository/security/anomaly/Network%20anomaly%20detection%20%20The%20essential%20antimalware%20tool_files/seg HTTP/1.1" 200 43
144.76.38.10 - - [24/Apr/2020:13:40:35 -0400] "GET /depository/security/antimalware/?C=D;O=A HTTP/1.1" 200 808
144.76.38.10 - - [24/Apr/2020:13:40:37 -0400] "GET /depository/security/antimalware/?C=D;O=D HTTP/1.1" 200 808
213.180.203.63 - - [24/Apr/2020:13:40:37 -0400] "GET /depository/rfcs/4900/rfc4937.txt HTTP/1.1" 200 11409
144.76.38.10 - - [24/Apr/2020:13:40:39 -0400] "GET /depository/security/antimalware/?C=M;O=A HTTP/1.1" 200 808
144.76.38.10 - - [24/Apr/2020:13:40:41 -0400] "GET /depository/security/antimalware/?C=M;O=D HTTP/1.1" 200 808
144.76.38.10 - - [24/Apr/2020:13:40:43 -0400] "GET /depository/security/antimalware/?C=N;O=A HTTP/1.1" 200 808
144.76.38.10 - - [24/Apr/2020:13:40:45 -0400] "GET /depository/security/application_security/?C=M;O=D HTTP/1.1" 200 624
144.76.38.10 - - [24/Apr/2020:13:40:46 -0400] "GET /depository/security/application_security/application_security.htm HTTP/1.1" 200 2167
144.76.38.10 - - [24/Apr/2020:13:40:48 -0400] "GET /depository/security/banking/?C=D;O=A HTTP/1.1" 200 610
144.76.38.10 - - [24/Apr/2020:13:40:50 -0400] "GET /depository/security/banking/?C=D;O=D HTTP/1.1" 200 610
144.76.38.10 - - [24/Apr/2020:13:40:52 -0400] "GET /depository/security/banking/?C=M;O=A HTTP/1.1" 200 610
144.76.38.10 - - [24/Apr/2020:13:40:53 -0400] "GET /depository/security/banking/?C=M;O=D HTTP/1.1" 200 610
144.76.38.10 - - [24/Apr/2020:13:40:55 -0400] "GET /depository/security/banking/?C=N;O=A HTTP/1.1" 200 610
144.76.38.10 - - [24/Apr/2020:13:40:56 -0400] "GET /depository/security/banking/?C=N;O=D HTTP/1.1" 200 610
144.76.38.10 - - [24/Apr/2020:13:40:58 -0400] "GET /depository/security/banking/?C=S;O=A HTTP/1.1" 200 610
144.76.38.10 - - [24/Apr/2020:13:41:00 -0400] "GET /depository/security/banking/?C=S;O=D HTTP/1.1" 200 610
5.9.32.222 - - [24/Apr/2020:13:41:00 -0400] "GET /depository//////////newest_tech/Efforts%20to%20restart%20smart-gun%20innovation%20could%20misfire%20again%20_%20Computerworld_files/adsct HTTP/1.1" 200 31
144.76.38.10 - - [24/Apr/2020:13:41:01 -0400] "GET /depository/security/botnet/?C=N;O=A HTTP/1.1" 200 1820
144.76.38.10 - - [24/Apr/2020:13:41:03 -0400] "GET /depository/security/botnet/?C=N;O=D HTTP/1.1" 200 1820
5.9.32.222 - - [24/Apr/2020:13:41:03 -0400] "GET /depository//////////newest_tech/Efforts%20to%20restart%20smart-gun%20innovation%20could%20misfire%20again%20_%20Computerworld_files/adsct_002 HTTP/1.1" 200 31
144.76.38.10 - - [24/Apr/2020:13:41:05 -0400] "GET /depository/security/botnet/?C=S;O=A HTTP/1.1" 200 1820
144.76.38.10 - - [24/Apr/2020:13:41:07 -0400] "GET /depository/security/botnet/?C=S;O=D HTTP/1.1" 200 1820
144.76.38.10 - - [24/Apr/2020:13:41:10 -0400] "GET /depository/security/botnet/Botnets%20They%20do%20have%20the%20option%20to%20self-destruct%20%20IT%20Security%20%20TechRepublic_com.files/2009.05.27.07.17.files/?C=D;O=A HTTP/1.1" 200 751
