5.9.32.222 - - [24/Apr/2020:08:45:13 -0400] "GET /depository//////////iot/IoT%20in%20the%20enterprise%20up%20three-fold,%20study%20finds%20%20%20ITworld_files/like.htm HTTP/1.1" 200 20346
5.9.32.222 - - [24/Apr/2020:08:45:15 -0400] "GET /depository//////////iot/IoT%20in%20the%20enterprise%20up%20three-fold,%20study%20finds%20%20%20ITworld_files/ping.htm HTTP/1.1" 200 2424
5.9.32.222 - - [24/Apr/2020:08:46:02 -0400] "GET /depository//////////iot/IoT%20in%20the%20enterprise%20up%20three-fold,%20study%20finds%20%20%20ITworld_files/saved_resource(1).htm HTTP/1.1" 200 -
213.180.203.118 - - [24/Apr/2020:08:46:08 -0400] "GET /depository/big_data/asus/AsusUpdate_V1.01.02/ImageResource/asacpiex.dll HTTP/1.1" 200 677376
80.254.50.47 - - [24/Apr/2020:08:46:12 -0400] "GET /4/4/mime.htm HTTP/1.1" 200 218948
176.59.34.104 - - [24/Apr/2020:08:46:14 -0400] "GET /10/ascii.htm HTTP/1.1" 200 36979
46.229.168.163 - - [24/Apr/2020:08:46:20 -0400] "GET /depository/cyberwar/Programmer%20tried%20to%20sell%20cyberweapon%20on%20dark%20web%20for%20$50M%20%20Reminder%20to%20secure%20employees%20-%20TechRepublic_files/a_data_013/ HTTP/1.1" 200 767
46.229.168.148 - - [24/Apr/2020:08:46:23 -0400] "GET /depository/rfc_4000.htm HTTP/1.1" 200 14219
66.249.64.46 - - [24/Apr/2020:08:47:02 -0400] "GET /depository//rfcs/6200/rfc6280.txt HTTP/1.1" 200 99801
213.180.203.118 - - [24/Apr/2020:08:47:05 -0400] "GET /depository/rfcs/8500/rfc8538.txt HTTP/1.1" 200 21229
5.9.32.222 - - [24/Apr/2020:08:47:06 -0400] "GET /depository//////////iot/IoT%20in%20the%20enterprise%20up%20three-fold,%20study%20finds%20%20%20ITworld_files/saved_resource.htm HTTP/1.1" 200 34981
5.9.32.222 - - [24/Apr/2020:08:47:08 -0400] "GET /depository//////////iot/IoT%20in%20the%20enterprise%20up%20three-fold,%20study%20finds%20%20%20ITworld_files/secureAnonymousFramework HTTP/1.1" 200 164551
213.180.203.118 - - [24/Apr/2020:08:47:10 -0400] "GET /depository/AI/IdeaFestival%202017_%20Algorithms,%20AI%20and%20other%20Frankenstein-like%20technologies%20-%20TechRepublic_files/Z2duorNoYeF.html HTTP/1.1" 200 43389
5.9.32.222 - - [24/Apr/2020:08:47:11 -0400] "GET /depository//////////iot/IoT%20in%20the%20enterprise%20up%20three-fold,%20study%20finds%20%20%20ITworld_files/sso.htm HTTP/1.1" 200 10477
5.9.32.222 - - [24/Apr/2020:08:47:13 -0400] "GET /depository//////////iot/IoT%20in%20the%20enterprise%20up%20three-fold,%20study%20finds%20%20%20ITworld_files/svrGP(1).aspx HTTP/1.1" 200 79
5.9.32.222 - - [24/Apr/2020:08:47:14 -0400] "GET /depository//////////iot/IoT%20in%20the%20enterprise%20up%20three-fold,%20study%20finds%20%20%20ITworld_files/svrGP.aspx HTTP/1.1" 200 49
5.9.32.222 - - [24/Apr/2020:08:47:17 -0400] "GET /depository//////////iot/IoT%20in%20the%20enterprise%20up%20three-fold,%20study%20finds%20%20%20ITworld_files/template.htm HTTP/1.1" 200 175
5.9.32.222 - - [24/Apr/2020:08:47:22 -0400] "GET /depository//////////iot/IoT%20tech%20goes%20from%20planning%20stage%20to%20execution%20_%20Computerworld_files/a.htm HTTP/1.1" 200 107
213.180.203.118 - - [24/Apr/2020:08:47:45 -0400] "GET /depository/rfcs/8500/rfc8590.txt HTTP/1.1" 200 39444
114.119.166.158 - - [24/Apr/2020:08:48:51 -0400] "GET /depository/quant_comp/quant_comp/Experts%20split%20on%20how%20soon%20quantum%20computing%20is%20coming,%20but%20say%20we%20should%20start%20preparing%20now%20_%20ITworld_files HTTP/1.1" 301 404
114.119.166.158 - - [24/Apr/2020:08:48:52 -0400] "GET /depository/quant_comp/quant_comp/Experts%20split%20on%20how%20soon%20quantum%20computing%20is%20coming,%20but%20say%20we%20should%20start%20preparing%20now%20_%20ITworld_files/ HTTP/1.1" 200 5439
5.9.32.222 - - [24/Apr/2020:08:49:18 -0400] "GET /depository//////////iot/IoT%20tech%20goes%20from%20planning%20stage%20to%20execution%20_%20Computerworld_files/challenge HTTP/1.1" 200 8094
5.9.32.222 - - [24/Apr/2020:08:49:20 -0400] "GET /depository//////////iot/IoT%20tech%20goes%20from%20planning%20stage%20to%20execution%20_%20Computerworld_files/computerworld.com HTTP/1.1" 200 385
207.46.13.74 - - [24/Apr/2020:08:49:22 -0400] "GET /4/44/nd.htm HTTP/1.1" 200 145617
5.9.32.222 - - [24/Apr/2020:08:49:32 -0400] "GET /depository//////////iot/IoT%20tech%20goes%20from%20planning%20stage%20to%20execution%20_%20Computerworld_files/iot-tech-goes-from-planning-stage-to-execution.htm HTTP/1.1" 200 1482
5.9.32.222 - - [24/Apr/2020:08:49:35 -0400] "GET /depository//////////iot/IoT%20tech%20goes%20from%20planning%20stage%20to%20execution%20_%20Computerworld_files/svrGP.aspx HTTP/1.1" 200 79
5.9.32.222 - - [24/Apr/2020:08:49:36 -0400] "GET /depository//////////iot/IoT%20tech%20goes%20from%20planning%20stage%20to%20execution%20_%20Computerworld_files/svrGP.htm HTTP/1.1" 200 1000
5.9.32.222 - - [24/Apr/2020:08:49:39 -0400] "GET /depository//////////iot/IoT%20tech%20goes%20from%20planning%20stage%20to%20execution%20_%20Computerworld_files/svrGP_data/ HTTP/1.1" 200 561
5.9.32.222 - - [24/Apr/2020:08:49:42 -0400] "GET /depository//////////iot/IoT%20tech%20goes%20from%20planning%20stage%20to%20execution%20_%20Computerworld_files/t HTTP/1.1" 200 577
171.22.122.67 - - [24/Apr/2020:08:49:42 -0400] "GET /depository/it_med/GS_DIGITAL_MED_1199.pdf HTTP/1.0" 200 1265185
5.9.32.222 - - [24/Apr/2020:08:49:43 -0400] "GET /depository//////////iot/Is%202017%20the%20year%20IoT%20standards%20finally%20make%20sense%20%20_%20Computerworld_files/a.htm HTTP/1.1" 200 107
5.9.32.222 - - [24/Apr/2020:08:49:45 -0400] "GET /depository//////////iot/Is%202017%20the%20year%20IoT%20standards%20finally%20make%20sense%20%20_%20Computerworld_files/acset.json HTTP/1.1" 200 72
5.9.32.222 - - [24/Apr/2020:08:49:46 -0400] "GET /depository//////////iot/Is%202017%20the%20year%20IoT%20standards%20finally%20make%20sense%20%20_%20Computerworld_files/adsct HTTP/1.1" 200 31
5.9.32.222 - - [24/Apr/2020:08:49:48 -0400] "GET /depository//////////iot/Is%202017%20the%20year%20IoT%20standards%20finally%20make%20sense%20%20_%20Computerworld_files/adsct_002 HTTP/1.1" 200 31
5.9.32.222 - - [24/Apr/2020:08:49:51 -0400] "GET /depository//////////iot/Is%202017%20the%20year%20IoT%20standards%20finally%20make%20sense%20%20_%20Computerworld_files/onejs HTTP/1.1" 200 23971
51.77.44.2 - - [24/Apr/2020:08:49:53 -0400] "GET /4/44/tcp_443.htm HTTP/1.1" 200 61723
5.9.32.222 - - [24/Apr/2020:08:49:55 -0400] "GET /depository//////////iot/Is%202017%20the%20year%20IoT%20standards%20finally%20make%20sense%20%20_%20Computerworld_files/serve.htm HTTP/1.1" 200 18
5.9.32.222 - - [24/Apr/2020:08:49:59 -0400] "GET /depository//////////iot/Is%202017%20the%20year%20IoT%20standards%20finally%20make%20sense%20%20_%20Computerworld_files/t HTTP/1.1" 200 83
114.119.165.29 - - [24/Apr/2020:08:50:00 -0400] "GET /depository/security/trends/IT_trends_for_2015_Power_Systems_security_and_flash-as-memory.htm HTTP/1.1" 200 346669
5.9.32.222 - - [24/Apr/2020:08:50:07 -0400] "GET /depository//////////iot/Is%202017%20the%20year%20IoT%20standards%20finally%20make%20sense%20%20_%20Computerworld_files/template.htm HTTP/1.1" 200 284323
5.9.32.222 - - [24/Apr/2020:08:50:13 -0400] "GET /depository//////////iot/LTE%20looks%20to%20slim%20down%20for%20IoT%20_%20Computerworld_files/a.htm HTTP/1.1" 200 108
5.9.32.222 - - [24/Apr/2020:08:50:15 -0400] "GET /depository//////////iot/LTE%20looks%20to%20slim%20down%20for%20IoT%20_%20Computerworld_files/a_002.htm HTTP/1.1" 200 108
77.35.201.60 - - [24/Apr/2020:08:50:18 -0400] "GET /3/optic_32.htm HTTP/1.1" 200 48761
5.9.32.222 - - [24/Apr/2020:08:50:18 -0400] "GET /depository//////////iot/LTE%20looks%20to%20slim%20down%20for%20IoT%20_%20Computerworld_files/challenge HTTP/1.1" 200 8813
5.9.32.222 - - [24/Apr/2020:08:50:21 -0400] "GET /depository//////////iot/LTE%20looks%20to%20slim%20down%20for%20IoT%20_%20Computerworld_files/computerworld.com HTTP/1.1" 200 384
5.9.32.222 - - [24/Apr/2020:08:50:23 -0400] "GET /depository//////////iot/LTE%20looks%20to%20slim%20down%20for%20IoT%20_%20Computerworld_files/controltag HTTP/1.1" 200 8346
5.9.32.222 - - [24/Apr/2020:08:50:25 -0400] "GET /depository//////////iot/LTE%20looks%20to%20slim%20down%20for%20IoT%20_%20Computerworld_files/controltag.e0ce6829d34e23edb3c90f3615dd81e0 HTTP/1.1" 200 146101
1.10.156.85 - - [24/Apr/2020:08:50:30 -0400] "GET /depository/telework/Aerohive-Telework-ebook.pdf?fbclid=IwAR0DfX4kutgmyQeHMHLIzkknadhzM7YFoqJa7HI7YTu3KLeqHkYxrQKoBLs HTTP/1.1" 200 560490
66.249.64.46 - - [24/Apr/2020:08:50:50 -0400] "GET /4/7/appl_nets.htm HTTP/1.1" 200 7851
5.9.32.222 - - [24/Apr/2020:08:50:50 -0400] "GET /depository//////////iot/LTE%20looks%20to%20slim%20down%20for%20IoT%20_%20Computerworld_files/get HTTP/1.1" 200 254
40.77.167.138 - - [24/Apr/2020:08:50:52 -0400] "GET /6/n_s_p_k.htm HTTP/1.1" 200 18308
5.9.32.222 - - [24/Apr/2020:08:50:52 -0400] "GET /depository//////////iot/LTE%20looks%20to%20slim%20down%20for%20IoT%20_%20Computerworld_files/lte-looks-to-slim-down-for-iot.htm HTTP/1.1" 200 1496
5.9.32.222 - - [24/Apr/2020:08:50:56 -0400] "GET /depository//////////iot/LTE%20looks%20to%20slim%20down%20for%20IoT%20_%20Computerworld_files/optout_check HTTP/1.1" 200 90
213.180.203.118 - - [24/Apr/2020:08:50:57 -0400] "GET /4/41/FE/ HTTP/1.1" 200 1631
5.9.32.222 - - [24/Apr/2020:08:51:03 -0400] "GET /depository//////////iot/LTE%20looks%20to%20slim%20down%20for%20IoT%20_%20Computerworld_files/reload HTTP/1.1" 200 362
5.9.32.222 - - [24/Apr/2020:08:51:07 -0400] "GET /depository//////////iot/LTE%20looks%20to%20slim%20down%20for%20IoT%20_%20Computerworld_files/svrGP.aspx HTTP/1.1" 200 79
5.9.32.222 - - [24/Apr/2020:08:51:09 -0400] "GET /depository//////////iot/LTE%20looks%20to%20slim%20down%20for%20IoT%20_%20Computerworld_files/svrGP.htm HTTP/1.1" 200 1001
5.9.32.222 - - [24/Apr/2020:08:51:12 -0400] "GET /depository//////////iot/LTE%20looks%20to%20slim%20down%20for%20IoT%20_%20Computerworld_files/svrGP_data/ HTTP/1.1" 200 511
5.9.32.222 - - [24/Apr/2020:08:51:18 -0400] "GET /depository//////////iot/LTE%20looks%20to%20slim%20down%20for%20IoT%20_%20Computerworld_files/t HTTP/1.1" 200 592
213.180.203.118 - - [24/Apr/2020:08:51:19 -0400] "GET /depository/rfcs/2400/rfc2439.txt HTTP/1.1" 200 88477
5.9.32.222 - - [24/Apr/2020:08:51:20 -0400] "GET /depository//////////iot/Leaky%20IoT%20devices%20help%20hackers%20attack%20e-commerce%20sites%20_%20ITworld_files/adsct HTTP/1.1" 200 31
5.9.32.222 - - [24/Apr/2020:08:51:22 -0400] "GET /depository//////////iot/Leaky%20IoT%20devices%20help%20hackers%20attack%20e-commerce%20sites%20_%20ITworld_files/adsct_002 HTTP/1.1" 200 31
46.229.168.154 - - [24/Apr/2020:08:51:25 -0400] "GET /html.cgi/txt/app/motor/index_motor.htm HTTP/1.1" 403 240
213.180.203.118 - - [24/Apr/2020:08:51:29 -0400] "GET /depository/security/ssl/Can_open_source_cryptography_libraries_be_trusted.htm HTTP/1.1" 200 129014
5.9.32.222 - - [24/Apr/2020:08:51:41 -0400] "GET /depository//////////iot/Leaky%20IoT%20devices%20help%20hackers%20attack%20e-commerce%20sites%20_%20ITworld_files/challenge HTTP/1.1" 200 8908
31.13.145.17 - - [24/Apr/2020:08:52:43 -0400] "GET /4/44/l2pr.htm HTTP/1.1" 200 142474
213.180.203.118 - - [24/Apr/2020:08:53:06 -0400] "GET /4/44/l2pr.htm HTTP/1.1" 200 142474
95.163.255.192 - - [24/Apr/2020:08:53:07 -0400] "GET /content/aspirants.htm HTTP/1.1" 200 6425
5.9.32.222 - - [24/Apr/2020:08:53:19 -0400] "GET /depository//////////iot/Leaky%20IoT%20devices%20help%20hackers%20attack%20e-commerce%20sites%20_%20ITworld_files/itworld.com HTTP/1.1" 200 365
5.9.32.222 - - [24/Apr/2020:08:53:21 -0400] "GET /depository//////////iot/Leaky%20IoT%20devices%20help%20hackers%20attack%20e-commerce%20sites%20_%20ITworld_files/md5.htm HTTP/1.1" 200 1596
5.9.32.222 - - [24/Apr/2020:08:53:33 -0400] "GET /depository//////////iot/Leaky%20IoT%20devices%20help%20hackers%20attack%20e-commerce%20sites%20_%20ITworld_files/reload HTTP/1.1" 200 271
5.9.32.222 - - [24/Apr/2020:08:53:37 -0400] "GET /depository//////////iot/Leaky%20IoT%20devices%20help%20hackers%20attack%20e-commerce%20sites%20_%20ITworld_files/svrGP.aspx HTTP/1.1" 200 79
5.9.32.222 - - [24/Apr/2020:08:53:38 -0400] "GET /depository//////////iot/Leaky%20IoT%20devices%20help%20hackers%20attack%20e-commerce%20sites%20_%20ITworld_files/t HTTP/1.1" 200 1284
34.69.121.153 - - [24/Apr/2020:08:53:39 -0400] "GET /depository////////IT_busines/Government_calls_for_more_data_scientists_in_the_UK.mht HTTP/1.1" 200 1299824
5.9.32.222 - - [24/Apr/2020:08:53:42 -0400] "GET /depository//////////iot/Leaky%20IoT%20devices%20help%20hackers%20attack%20e-commerce%20sites%20_%20ITworld_files/template.htm HTTP/1.1" 200 108
5.9.32.222 - - [24/Apr/2020:08:53:43 -0400] "GET /depository//////////iot/Malicious%20IoT%20hackers%20have%20a%20new%20enemy%20%20%20Network%20World_files/1 HTTP/1.1" 200 60
5.9.32.222 - - [24/Apr/2020:08:53:45 -0400] "GET /depository//////////iot/Malicious%20IoT%20hackers%20have%20a%20new%20enemy%20%20%20Network%20World_files/14351.htm HTTP/1.1" 200 407
5.9.32.222 - - [24/Apr/2020:08:53:47 -0400] "GET /depository//////////iot/Malicious%20IoT%20hackers%20have%20a%20new%20enemy%20%20%20Network%20World_files/14351_data/ HTTP/1.1" 200 537
5.9.32.222 - - [24/Apr/2020:08:53:48 -0400] "GET /depository//////////iot/Malicious%20IoT%20hackers%20have%20a%20new%20enemy%20%20%20Network%20World_files/1_002 HTTP/1.1" 200 60
5.9.32.222 - - [24/Apr/2020:08:53:51 -0400] "GET /depository//////////iot/Malicious%20IoT%20hackers%20have%20a%20new%20enemy%20%20%20Network%20World_files/9282 HTTP/1.1" 200 320
5.9.32.222 - - [24/Apr/2020:08:53:52 -0400] "GET /depository//////////iot/Malicious%20IoT%20hackers%20have%20a%20new%20enemy%20%20%20Network%20World_files/ADTECH HTTP/1.1" 200 71
5.9.32.222 - - [24/Apr/2020:08:53:55 -0400] "GET /depository//////////iot/Malicious%20IoT%20hackers%20have%20a%20new%20enemy%20%20%20Network%20World_files/ADTECH_002 HTTP/1.1" 200 72
217.150.32.230 - - [24/Apr/2020:08:53:57 -0400] "GET /4/41/feth4112.htm HTTP/1.1" 200 77825
5.9.32.222 - - [24/Apr/2020:08:53:58 -0400] "GET /depository//////////iot/Malicious%20IoT%20hackers%20have%20a%20new%20enemy%20%20%20Network%20World_files/ADTECH_003 HTTP/1.1" 200 72
5.9.32.222 - - [24/Apr/2020:08:53:59 -0400] "GET /depository//////////iot/Malicious%20IoT%20hackers%20have%20a%20new%20enemy%20%20%20Network%20World_files/AdCallAggregator.htm HTTP/1.1" 200 1964
58.213.29.2 - - [24/Apr/2020:08:54:01 -0400] "GET /depository/rfc_4300.htm HTTP/1.1" 200 14996
5.9.32.222 - - [24/Apr/2020:08:54:02 -0400] "GET /depository//////////iot/Malicious%20IoT%20hackers%20have%20a%20new%20enemy%20%20%20Network%20World_files/AdCallAggregator_002.htm HTTP/1.1" 200 1964
34.69.121.153 - - [24/Apr/2020:08:54:04 -0400] "POST /depository////IT_busines/Government_calls_for_more_data_scientists_in_the_UK.mht/trackback/ HTTP/1.1" 404 289
5.9.32.222 - - [24/Apr/2020:08:54:04 -0400] "GET /depository//////////iot/Malicious%20IoT%20hackers%20have%20a%20new%20enemy%20%20%20Network%20World_files/AdCallAggregator_003.htm HTTP/1.1" 200 1964
5.9.32.222 - - [24/Apr/2020:08:54:05 -0400] "GET /depository//////////iot/Malicious%20IoT%20hackers%20have%20a%20new%20enemy%20%20%20Network%20World_files/WMVM8Q3R.htm HTTP/1.1" 200 36247
58.213.29.2 - - [24/Apr/2020:08:54:06 -0400] "GET /depository/rfc_2200.htm HTTP/1.1" 200 12831
5.9.32.222 - - [24/Apr/2020:08:54:07 -0400] "GET /depository//////////iot/Malicious%20IoT%20hackers%20have%20a%20new%20enemy%20%20%20Network%20World_files/a HTTP/1.1" 200 262
5.9.32.222 - - [24/Apr/2020:08:54:08 -0400] "GET /depository//////////iot/Malicious%20IoT%20hackers%20have%20a%20new%20enemy%20%20%20Network%20World_files/a.htm HTTP/1.1" 200 108
5.9.32.222 - - [24/Apr/2020:08:54:12 -0400] "GET /depository//////////iot/Malicious%20IoT%20hackers%20have%20a%20new%20enemy%20%20%20Network%20World_files/a_002.htm HTTP/1.1" 200 108
58.213.29.2 - - [24/Apr/2020:08:54:12 -0400] "GET /depository/rfcs/2200/rfc2236.txt HTTP/1.1" 200 52395
5.9.32.222 - - [24/Apr/2020:08:54:13 -0400] "GET /depository//////////iot/Malicious%20IoT%20hackers%20have%20a%20new%20enemy%20%20%20Network%20World_files/a_003.htm HTTP/1.1" 200 108
5.9.32.222 - - [24/Apr/2020:08:54:15 -0400] "GET /depository//////////iot/Malicious%20IoT%20hackers%20have%20a%20new%20enemy%20%20%20Network%20World_files/a_004.htm HTTP/1.1" 200 108
5.9.32.222 - - [24/Apr/2020:08:54:17 -0400] "GET /depository//////////iot/Malicious%20IoT%20hackers%20have%20a%20new%20enemy%20%20%20Network%20World_files/a_005.htm HTTP/1.1" 200 108
5.9.32.222 - - [24/Apr/2020:08:54:26 -0400] "GET /depository//////////iot/Malicious%20IoT%20hackers%20have%20a%20new%20enemy%20%20%20Network%20World_files/a_006.htm HTTP/1.1" 200 108
5.9.32.222 - - [24/Apr/2020:08:54:27 -0400] "GET /depository//////////iot/Malicious%20IoT%20hackers%20have%20a%20new%20enemy%20%20%20Network%20World_files/acset.json HTTP/1.1" 200 72
5.9.32.222 - - [24/Apr/2020:08:54:32 -0400] "GET /depository//////////iot/Malicious%20IoT%20hackers%20have%20a%20new%20enemy%20%20%20Network%20World_files/adsct HTTP/1.1" 200 31
86.102.13.211 - - [24/Apr/2020:08:54:40 -0400] "GET /4/44/rut_4411.htm HTTP/1.1" 200 50775
5.9.32.222 - - [24/Apr/2020:08:54:42 -0400] "GET /depository//////////iot/Malicious%20IoT%20hackers%20have%20a%20new%20enemy%20%20%20Network%20World_files/adsct_002 HTTP/1.1" 200 31
5.9.32.222 - - [24/Apr/2020:08:54:46 -0400] "GET /depository//////////iot/Malicious%20IoT%20hackers%20have%20a%20new%20enemy%20%20%20Network%20World_files/anchor.htm HTTP/1.1" 200 27138
5.9.32.222 - - [24/Apr/2020:08:54:57 -0400] "GET /depository//////////iot/Malicious%20IoT%20hackers%20have%20a%20new%20enemy%20%20%20Network%20World_files/anchor_data/ HTTP/1.1" 200 619
5.9.32.222 - - [24/Apr/2020:08:54:59 -0400] "GET /depository//////////iot/Malicious%20IoT%20hackers%20have%20a%20new%20enemy%20%20%20Network%20World_files/arj.json HTTP/1.1" 200 190
5.9.32.222 - - [24/Apr/2020:08:55:06 -0400] "GET /depository//////////iot/Malicious%20IoT%20hackers%20have%20a%20new%20enemy%20%20%20Network%20World_files/arj_002.json HTTP/1.1" 200 190
5.9.32.222 - - [24/Apr/2020:08:55:08 -0400] "GET /depository//////////iot/Malicious%20IoT%20hackers%20have%20a%20new%20enemy%20%20%20Network%20World_files/arj_003.json HTTP/1.1" 200 189
5.9.32.222 - - [24/Apr/2020:08:55:11 -0400] "GET /depository//////////iot/Malicious%20IoT%20hackers%20have%20a%20new%20enemy%20%20%20Network%20World_files/async_usersync.htm HTTP/1.1" 200 2112
5.9.32.222 - - [24/Apr/2020:08:55:13 -0400] "GET /depository//////////iot/Malicious%20IoT%20hackers%20have%20a%20new%20enemy%20%20%20Network%20World_files/async_usersync_data/ HTTP/1.1" 200 1117
5.9.32.222 - - [24/Apr/2020:08:55:15 -0400] "GET /depository//////////iot/Malicious%20IoT%20hackers%20have%20a%20new%20enemy%20%20%20Network%20World_files/auction HTTP/1.1" 200 69
157.55.39.139 - - [24/Apr/2020:08:55:15 -0400] "GET /2/25/mpeg_7.htm HTTP/1.1" 200 154234
157.55.39.139 - - [24/Apr/2020:08:55:17 -0400] "GET /4/6/bitcoin.htm HTTP/1.1" 200 30202
5.9.32.222 - - [24/Apr/2020:08:55:29 -0400] "GET /depository//////////iot/Malicious%20IoT%20hackers%20have%20a%20new%20enemy%20%20%20Network%20World_files/auction_002 HTTP/1.1" 200 68
5.9.32.222 - - [24/Apr/2020:08:55:35 -0400] "GET /depository//////////iot/Malicious%20IoT%20hackers%20have%20a%20new%20enemy%20%20%20Network%20World_files/auction_003 HTTP/1.1" 200 67
5.9.32.222 - - [24/Apr/2020:08:55:37 -0400] "GET /depository//////////iot/Malicious%20IoT%20hackers%20have%20a%20new%20enemy%20%20%20Network%20World_files/auction_004 HTTP/1.1" 200 69
5.9.32.222 - - [24/Apr/2020:08:55:44 -0400] "GET /depository//////////iot/Malicious%20IoT%20hackers%20have%20a%20new%20enemy%20%20%20Network%20World_files/bframe.htm HTTP/1.1" 200 7656
5.9.32.222 - - [24/Apr/2020:08:55:47 -0400] "GET /depository//////////iot/Malicious%20IoT%20hackers%20have%20a%20new%20enemy%20%20%20Network%20World_files/bframe_data/ HTTP/1.1" 200 557
5.9.32.222 - - [24/Apr/2020:08:55:50 -0400] "GET /depository//////////iot/Malicious%20IoT%20hackers%20have%20a%20new%20enemy%20%20%20Network%20World_files/callbackcc_auds HTTP/1.1" 200 612
213.180.203.118 - - [24/Apr/2020:08:55:51 -0400] "GET /3/radio_33.htm HTTP/1.1" 200 51533
58.213.29.2 - - [24/Apr/2020:08:55:51 -0400] "GET /depository/rfc_3300.htm HTTP/1.1" 200 14222
58.213.29.2 - - [24/Apr/2020:08:55:55 -0400] "GET /depository/rfcs/3300/rfc3376.txt HTTP/1.1" 200 122699
5.9.32.222 - - [24/Apr/2020:08:56:16 -0400] "GET /depository//////////iot/Malicious%20IoT%20hackers%20have%20a%20new%20enemy%20%20%20Network%20World_files/container.htm HTTP/1.1" 200 41622
213.180.203.118 - - [24/Apr/2020:08:56:21 -0400] "GET /depository/super_comp/China%92s%20policing%20robot%20%20Cattle%20prod%20meets%20supercomputer%20_%20ITworld_files/reddit.svg HTTP/1.1" 200 1556
136.243.95.154 - - [24/Apr/2020:08:56:23 -0400] "GET /1/intr_1.htm HTTP/1.1" 200 112611
5.9.32.222 - - [24/Apr/2020:08:56:25 -0400] "GET /depository//////////iot/Malicious%20IoT%20hackers%20have%20a%20new%20enemy%20%20%20Network%20World_files/container_data/ HTTP/1.1" 200 585
66.249.64.50 - - [24/Apr/2020:08:56:30 -0400] "GET /depository//rfcs/4200/rfc4275.txt HTTP/1.1" 200 79673
213.180.203.118 - - [24/Apr/2020:08:56:40 -0400] "GET /depository/big_data/What_is_big_data.mht HTTP/1.1" 200 928054
5.9.32.222 - - [24/Apr/2020:08:56:41 -0400] "GET /depository//////////iot/Malicious%20IoT%20hackers%20have%20a%20new%20enemy%20%20%20Network%20World_files/dbapi HTTP/1.1" 200 239
5.9.32.222 - - [24/Apr/2020:08:56:42 -0400] "GET /depository//////////iot/Malicious%20IoT%20hackers%20have%20a%20new%20enemy%20%20%20Network%20World_files/iframe.htm HTTP/1.1" 200 729
5.9.32.222 - - [24/Apr/2020:08:56:47 -0400] "GET /depository//////////iot/Malicious%20IoT%20hackers%20have%20a%20new%20enemy%20%20%20Network%20World_files/iframe_data/ HTTP/1.1" 200 641
83.149.47.6 - - [24/Apr/2020:08:56:50 -0400] "GET /4/44/rtc_4493.htm HTTP/1.1" 200 66012
5.9.32.222 - - [24/Apr/2020:08:56:50 -0400] "GET /depository//////////iot/Malicious%20IoT%20hackers%20have%20a%20new%20enemy%20%20%20Network%20World_files/init HTTP/1.1" 200 144
5.9.32.222 - - [24/Apr/2020:08:56:52 -0400] "GET /depository//////////iot/Malicious%20IoT%20hackers%20have%20a%20new%20enemy%20%20%20Network%20World_files/jload HTTP/1.1" 200 36261
5.9.32.222 - - [24/Apr/2020:08:56:54 -0400] "GET /depository//////////iot/Malicious%20IoT%20hackers%20have%20a%20new%20enemy%20%20%20Network%20World_files/jpt HTTP/1.1" 200 81
5.9.32.222 - - [24/Apr/2020:08:56:58 -0400] "GET /depository//////////iot/Malicious%20IoT%20hackers%20have%20a%20new%20enemy%20%20%20Network%20World_files/jpt_002 HTTP/1.1" 200 2461
5.9.32.222 - - [24/Apr/2020:08:57:03 -0400] "GET /depository//////////iot/Malicious%20IoT%20hackers%20have%20a%20new%20enemy%20%20%20Network%20World_files/jpt_003 HTTP/1.1" 200 2447
95.179.21.149 - - [24/Apr/2020:08:57:06 -0400] "GET /10/ascii.htm HTTP/1.1" 200 36979
5.9.32.222 - - [24/Apr/2020:08:57:09 -0400] "GET /depository//////////iot/Malicious%20IoT%20hackers%20have%20a%20new%20enemy%20%20%20Network%20World_files/malicious-iot-hackers-have-a-new-enemy.htm HTTP/1.1" 200 363
45.132.87.43 - - [24/Apr/2020:08:57:16 -0400] "GET /4/41/eth_4111.htm HTTP/1.1" 200 34903
5.9.32.222 - - [24/Apr/2020:08:57:19 -0400] "GET /depository//////////iot/Malicious%20IoT%20hackers%20have%20a%20new%20enemy%20%20%20Network%20World_files/malicious-iot-hackers-have-a-new-enemy_002.htm HTTP/1.1" 200 7446
34.83.105.203 - - [24/Apr/2020:08:57:22 -0400] "GET /1/intro1.htm HTTP/1.1" 200 77738
5.9.32.222 - - [24/Apr/2020:08:58:38 -0400] "GET /depository//////////iot/Malicious%20IoT%20hackers%20have%20a%20new%20enemy%20%20%20Network%20World_files/malicious-iot-hackers-have-a-new-enemy_003.htm HTTP/1.1" 200 676145
5.9.32.222 - - [24/Apr/2020:08:58:54 -0400] "GET /depository//////////iot/Malicious%20IoT%20hackers%20have%20a%20new%20enemy%20%20%20Network%20World_files/malicious-iot-hackers-have-a-new-enemy_004.htm HTTP/1.1" 200 7482
5.9.32.222 - - [24/Apr/2020:08:58:57 -0400] "GET /depository//////////iot/Malicious%20IoT%20hackers%20have%20a%20new%20enemy%20%20%20Network%20World_files/malicious-iot-hackers-have-a-new-enemy_005.htm HTTP/1.1" 200 625361
5.9.32.222 - - [24/Apr/2020:08:59:09 -0400] "GET /depository//////////iot/Malicious%20IoT%20hackers%20have%20a%20new%20enemy%20%20%20Network%20World_files/malicious-iot-hackers-have-a-new-enemy_006.htm HTTP/1.1" 200 2225
5.9.32.222 - - [24/Apr/2020:08:59:10 -0400] "GET /depository//////////iot/Malicious%20IoT%20hackers%20have%20a%20new%20enemy%20%20%20Network%20World_files/malicious-iot-hackers-have-a-new-enemy_007.htm HTTP/1.1" 200 455
5.9.32.222 - - [24/Apr/2020:08:59:12 -0400] "GET /depository//////////iot/Malicious%20IoT%20hackers%20have%20a%20new%20enemy%20%20%20Network%20World_files/malicious-iot-hackers-have-a-new-enemy_008.htm HTTP/1.1" 200 6170
5.9.32.222 - - [24/Apr/2020:08:59:13 -0400] "GET /depository//////////iot/Malicious%20IoT%20hackers%20have%20a%20new%20enemy%20%20%20Network%20World_files/malicious-iot-hackers-have-a-new-enemy_009.htm HTTP/1.1" 200 2225
5.9.32.222 - - [24/Apr/2020:08:59:16 -0400] "GET /depository//////////iot/Malicious%20IoT%20hackers%20have%20a%20new%20enemy%20%20%20Network%20World_files/malicious-iot-hackers-have-a-new-enemy_010.htm HTTP/1.1" 200 455
5.9.32.222 - - [24/Apr/2020:08:59:18 -0400] "GET /depository//////////iot/Malicious%20IoT%20hackers%20have%20a%20new%20enemy%20%20%20Network%20World_files/malicious-iot-hackers-have-a-new-enemy_011.htm HTTP/1.1" 200 2470
5.9.32.222 - - [24/Apr/2020:08:59:20 -0400] "GET /depository//////////iot/Malicious%20IoT%20hackers%20have%20a%20new%20enemy%20%20%20Network%20World_files/malicious-iot-hackers-have-a-new-enemy_012.htm HTTP/1.1" 200 455
5.9.32.222 - - [24/Apr/2020:08:59:22 -0400] "GET /depository//////////iot/Malicious%20IoT%20hackers%20have%20a%20new%20enemy%20%20%20Network%20World_files/malicious-iot-hackers-have-a-new-enemy_data/ HTTP/1.1" 200 659
5.9.32.222 - - [24/Apr/2020:08:59:27 -0400] "GET /depository//////////iot/Malicious%20IoT%20hackers%20have%20a%20new%20enemy%20%20%20Network%20World_files/malicious-iot-hackers-have-a-new-enemy_data_002/ HTTP/1.1" 200 1197
5.9.32.222 - - [24/Apr/2020:08:59:38 -0400] "GET /depository//////////iot/Malicious%20IoT%20hackers%20have%20a%20new%20enemy%20%20%20Network%20World_files/malicious-iot-hackers-have-a-new-enemy_data_003/ HTTP/1.1" 200 661
5.9.32.222 - - [24/Apr/2020:08:59:41 -0400] "GET /depository//////////iot/Malicious%20IoT%20hackers%20have%20a%20new%20enemy%20%20%20Network%20World_files/malicious-iot-hackers-have-a-new-enemy_data_004/ HTTP/1.1" 200 1197
5.9.32.222 - - [24/Apr/2020:08:59:43 -0400] "GET /depository//////////iot/Malicious%20IoT%20hackers%20have%20a%20new%20enemy%20%20%20Network%20World_files/malicious-iot-hackers-have-a-new-enemy_data_005/ HTTP/1.1" 200 657
5.9.32.222 - - [24/Apr/2020:08:59:45 -0400] "GET /depository//////////iot/Malicious%20IoT%20hackers%20have%20a%20new%20enemy%20%20%20Network%20World_files/malicious-iot-hackers-have-a-new-enemy_data_006/ HTTP/1.1" 200 869
5.9.32.222 - - [24/Apr/2020:08:59:48 -0400] "GET /depository//////////iot/Malicious%20IoT%20hackers%20have%20a%20new%20enemy%20%20%20Network%20World_files/malicious-iot-hackers-have-a-new-enemy_data_007/ HTTP/1.1" 200 707
5.9.32.222 - - [24/Apr/2020:08:59:50 -0400] "GET /depository//////////iot/Malicious%20IoT%20hackers%20have%20a%20new%20enemy%20%20%20Network%20World_files/malicious-iot-hackers-have-a-new-enemy_data_008/ HTTP/1.1" 200 1083
5.9.32.222 - - [24/Apr/2020:08:59:52 -0400] "GET /depository//////////iot/Malicious%20IoT%20hackers%20have%20a%20new%20enemy%20%20%20Network%20World_files/malicious-iot-hackers-have-a-new-enemy_data_009/ HTTP/1.1" 200 869
5.9.32.222 - - [24/Apr/2020:08:59:54 -0400] "GET /depository//////////iot/Malicious%20IoT%20hackers%20have%20a%20new%20enemy%20%20%20Network%20World_files/malicious-iot-hackers-have-a-new-enemy_data_010/ HTTP/1.1" 200 699
5.9.32.222 - - [24/Apr/2020:08:59:56 -0400] "GET /depository//////////iot/Malicious%20IoT%20hackers%20have%20a%20new%20enemy%20%20%20Network%20World_files/malicious-iot-hackers-have-a-new-enemy_data_011/ HTTP/1.1" 200 1347
5.9.32.222 - - [24/Apr/2020:08:59:58 -0400] "GET /depository//////////iot/Malicious%20IoT%20hackers%20have%20a%20new%20enemy%20%20%20Network%20World_files/malicious-iot-hackers-have-a-new-enemy_data_012/ HTTP/1.1" 200 657
5.9.32.222 - - [24/Apr/2020:09:00:02 -0400] "GET /depository//////////iot/Malicious%20IoT%20hackers%20have%20a%20new%20enemy%20%20%20Network%20World_files/nUVRd0YWunM.htm HTTP/1.1" 200 70366
84.53.247.198 - - [24/Apr/2020:09:00:04 -0400] "GET /3/optic_32.htm HTTP/1.1" 200 48761
5.9.32.222 - - [24/Apr/2020:09:00:05 -0400] "GET /depository//////////iot/Malicious%20IoT%20hackers%20have%20a%20new%20enemy%20%20%20Network%20World_files/nUVRd0YWunM_data/ HTTP/1.1" 200 901
5.9.32.222 - - [24/Apr/2020:09:00:06 -0400] "GET /depository//////////iot/Malicious%20IoT%20hackers%20have%20a%20new%20enemy%20%20%20Network%20World_files/rtifr.htm HTTP/1.1" 200 1407
5.9.32.222 - - [24/Apr/2020:09:00:07 -0400] "GET /depository//////////iot/Malicious%20IoT%20hackers%20have%20a%20new%20enemy%20%20%20Network%20World_files/rtifr_data/ HTTP/1.1" 200 715
5.9.32.222 - - [24/Apr/2020:09:00:09 -0400] "GET /depository//////////iot/Malicious%20IoT%20hackers%20have%20a%20new%20enemy%20%20%20Network%20World_files/serving HTTP/1.1" 200 160
5.9.32.222 - - [24/Apr/2020:09:00:11 -0400] "GET /depository//////////iot/Malicious%20IoT%20hackers%20have%20a%20new%20enemy%20%20%20Network%20World_files/sponsored-links.htm HTTP/1.1" 200 7980
114.119.163.55 - - [24/Apr/2020:09:00:20 -0400] "GET /depository/ethernet/Reversing%20course%20%96%20single-pair%20Ethernet%20cabling%20is%20the%20future%20%20%20Network%20World_files/AdCallAggregator_002.htm HTTP/1.1" 200 435
5.9.32.222 - - [24/Apr/2020:09:00:33 -0400] "GET /depository//////////iot/Malicious%20IoT%20hackers%20have%20a%20new%20enemy%20%20%20Network%20World_files/svrGP.aspx HTTP/1.1" 200 79
5.9.32.222 - - [24/Apr/2020:09:00:55 -0400] "GET /depository//////////iot/Malicious%20IoT%20hackers%20have%20a%20new%20enemy%20%20%20Network%20World_files/svrGP.htm HTTP/1.1" 200 130
5.9.32.222 - - [24/Apr/2020:09:00:59 -0400] "GET /depository//////////iot/Malicious%20IoT%20hackers%20have%20a%20new%20enemy%20%20%20Network%20World_files/sync HTTP/1.1" 200 2636
5.9.32.222 - - [24/Apr/2020:09:01:00 -0400] "GET /depository//////////iot/Malicious%20IoT%20hackers%20have%20a%20new%20enemy%20%20%20Network%20World_files/t HTTP/1.1" 200 7574
5.9.32.222 - - [24/Apr/2020:09:01:12 -0400] "GET /depository//////////iot/Malicious%20IoT%20hackers%20have%20a%20new%20enemy%20%20%20Network%20World_files/tag.aspx HTTP/1.1" 200 24053
5.9.32.222 - - [24/Apr/2020:09:01:16 -0400] "GET /depository//////////iot/Malicious%20IoT%20hackers%20have%20a%20new%20enemy%20%20%20Network%20World_files/third-party-iframes.htm HTTP/1.1" 200 2787
217.107.115.14 - - [24/Apr/2020:09:01:17 -0400] "GET /10/ascii.htm HTTP/1.1" 200 36979
5.9.32.222 - - [24/Apr/2020:09:01:18 -0400] "GET /depository//////////iot/Malicious%20IoT%20hackers%20have%20a%20new%20enemy%20%20%20Network%20World_files/third-party-iframes_data/ HTTP/1.1" 200 2047
5.9.32.222 - - [24/Apr/2020:09:01:21 -0400] "GET /depository//////////iot/Malicious%20IoT%20hackers%20have%20a%20new%20enemy%20%20%20Network%20World_files/u HTTP/1.1" 200 13
176.57.72.107 - - [24/Apr/2020:09:01:22 -0400] "GET /10/ascii.htm HTTP/1.1" 200 36979
5.9.32.222 - - [24/Apr/2020:09:01:25 -0400] "GET /depository//////////iot/Microsoft%20adds%20IoT,%20big%20data%20orchestration%20services%20to%20Azure%20%20%20ITworld_files/14347 HTTP/1.1" 200 43
46.229.168.140 - - [24/Apr/2020:09:01:26 -0400] "GET /depository/soft_errors/Report%20%20Software%20failure%20caused%20$1.7%20trillion%20in%20financial%20losses%20in%202017%20-%20TechRepublic_files/container_002.htm HTTP/1.1" 200 28380
5.9.32.222 - - [24/Apr/2020:09:01:30 -0400] "GET /depository//////////iot/Microsoft%20adds%20IoT,%20big%20data%20orchestration%20services%20to%20Azure%20%20%20ITworld_files/QjK2hWv6uak(1).htm HTTP/1.1" 200 27707
5.9.32.222 - - [24/Apr/2020:09:01:32 -0400] "GET /depository//////////iot/Microsoft%20adds%20IoT,%20big%20data%20orchestration%20services%20to%20Azure%20%20%20ITworld_files/QjK2hWv6uak.htm HTTP/1.1" 200 27709
5.9.32.222 - - [24/Apr/2020:09:01:34 -0400] "GET /depository//////////iot/Microsoft%20adds%20IoT,%20big%20data%20orchestration%20services%20to%20Azure%20%20%20ITworld_files/button3.htm HTTP/1.1" 200 8629
5.9.32.222 - - [24/Apr/2020:09:01:41 -0400] "GET /depository//////////iot/Microsoft%20adds%20IoT,%20big%20data%20orchestration%20services%20to%20Azure%20%20%20ITworld_files/cb=gapi.loaded_0 HTTP/1.1" 200 113606
5.9.32.222 - - [24/Apr/2020:09:01:43 -0400] "GET /depository//////////iot/Microsoft%20adds%20IoT,%20big%20data%20orchestration%20services%20to%20Azure%20%20%20ITworld_files/cb=gapi.loaded_1 HTTP/1.1" 200 56879
5.9.32.222 - - [24/Apr/2020:09:01:45 -0400] "GET /depository//////////iot/Microsoft%20adds%20IoT,%20big%20data%20orchestration%20services%20to%20Azure%20%20%20ITworld_files/challenge HTTP/1.1" 200 11880
5.9.32.222 - - [24/Apr/2020:09:01:46 -0400] "GET /depository//////////iot/Microsoft%20adds%20IoT,%20big%20data%20orchestration%20services%20to%20Azure%20%20%20ITworld_files/controltag HTTP/1.1" 200 8152
5.9.32.222 - - [24/Apr/2020:09:01:48 -0400] "GET /depository//////////iot/Microsoft%20adds%20IoT,%20big%20data%20orchestration%20services%20to%20Azure%20%20%20ITworld_files/controltag.js.f99670595ccd46c65a517672ea749179 HTTP/1.1" 200 101482
5.9.32.222 - - [24/Apr/2020:09:01:51 -0400] "GET /depository//////////iot/Microsoft%20adds%20IoT,%20big%20data%20orchestration%20services%20to%20Azure%20%20%20ITworld_files/count.json HTTP/1.1" 200 155
207.46.13.74 - - [24/Apr/2020:09:02:03 -0400] "GET /1/intr_1.htm HTTP/1.1" 200 112611
5.9.32.222 - - [24/Apr/2020:09:02:05 -0400] "GET /depository//////////iot/Microsoft%20adds%20IoT,%20big%20data%20orchestration%20services%20to%20Azure%20%20%20ITworld_files/fastbutton.htm HTTP/1.1" 200 31178
5.9.32.222 - - [24/Apr/2020:09:02:09 -0400] "GET /depository//////////iot/Microsoft%20adds%20IoT,%20big%20data%20orchestration%20services%20to%20Azure%20%20%20ITworld_files/hub.1c5a573e465d84666458a45e49b0a735(1).htm HTTP/1.1" 200 21256
5.9.32.222 - - [24/Apr/2020:09:02:33 -0400] "GET /depository//////////iot/Microsoft%20adds%20IoT,%20big%20data%20orchestration%20services%20to%20Azure%20%20%20ITworld_files/hub.1c5a573e465d84666458a45e49b0a735.htm HTTP/1.1" 200 21255
5.9.32.222 - - [24/Apr/2020:09:02:36 -0400] "GET /depository//////////iot/Microsoft%20adds%20IoT,%20big%20data%20orchestration%20services%20to%20Azure%20%20%20ITworld_files/image HTTP/1.1" 200 1750
5.9.32.222 - - [24/Apr/2020:09:02:54 -0400] "GET /depository//////////iot/Microsoft%20adds%20IoT,%20big%20data%20orchestration%20services%20to%20Azure%20%20%20ITworld_files/ip.json HTTP/1.1" 200 552
5.9.32.222 - - [24/Apr/2020:09:02:57 -0400] "GET /depository//////////iot/Microsoft%20adds%20IoT,%20big%20data%20orchestration%20services%20to%20Azure%20%20%20ITworld_files/like.htm HTTP/1.1" 200 20005
136.243.95.186 - - [24/Apr/2020:09:03:06 -0400] "GET /4/41/mov_4181.htm HTTP/1.1" 200 32115
5.9.32.222 - - [24/Apr/2020:09:03:16 -0400] "GET /depository//////////iot/Microsoft%20adds%20IoT,%20big%20data%20orchestration%20services%20to%20Azure%20%20%20ITworld_files/optout_check HTTP/1.1" 200 90
5.9.32.222 - - [24/Apr/2020:09:03:18 -0400] "GET /depository//////////iot/Microsoft%20adds%20IoT,%20big%20data%20orchestration%20services%20to%20Azure%20%20%20ITworld_files/ping.htm HTTP/1.1" 200 2424
5.9.32.222 - - [24/Apr/2020:09:03:19 -0400] "GET /depository//////////iot/Microsoft%20adds%20IoT,%20big%20data%20orchestration%20services%20to%20Azure%20%20%20ITworld_files/postmessageRelay.htm HTTP/1.1" 200 701
5.9.32.222 - - [24/Apr/2020:09:03:21 -0400] "GET /depository//////////iot/Microsoft%20adds%20IoT,%20big%20data%20orchestration%20services%20to%20Azure%20%20%20ITworld_files/reload HTTP/1.1" 200 383
5.9.32.222 - - [24/Apr/2020:09:03:24 -0400] "GET /depository//////////iot/Microsoft%20adds%20IoT,%20big%20data%20orchestration%20services%20to%20Azure%20%20%20ITworld_files/saved_resource.htm HTTP/1.1" 200 1426
5.9.32.222 - - [24/Apr/2020:09:03:26 -0400] "GET /depository//////////iot/Microsoft%20adds%20IoT,%20big%20data%20orchestration%20services%20to%20Azure%20%20%20ITworld_files/secureAnonymousFramework HTTP/1.1" 200 164551
5.9.32.222 - - [24/Apr/2020:09:03:34 -0400] "GET /depository//////////iot/Microsoft%20adds%20IoT,%20big%20data%20orchestration%20services%20to%20Azure%20%20%20ITworld_files/sso.htm HTTP/1.1" 200 10477
5.9.32.222 - - [24/Apr/2020:09:03:37 -0400] "GET /depository//////////iot/Microsoft%20adds%20IoT,%20big%20data%20orchestration%20services%20to%20Azure%20%20%20ITworld_files/svrGP(1).aspx HTTP/1.1" 200 79
5.9.32.222 - - [24/Apr/2020:09:03:40 -0400] "GET /depository//////////iot/Microsoft%20adds%20IoT,%20big%20data%20orchestration%20services%20to%20Azure%20%20%20ITworld_files/svrGP.aspx HTTP/1.1" 200 49
5.9.32.222 - - [24/Apr/2020:09:03:42 -0400] "GET /depository//////////iot/Microsoft%20adds%20IoT,%20big%20data%20orchestration%20services%20to%20Azure%20%20%20ITworld_files/svrGP.htm HTTP/1.1" 200 449
5.9.32.222 - - [24/Apr/2020:09:03:45 -0400] "GET /depository//////////iot/Microsoft%20adds%20IoT,%20big%20data%20orchestration%20services%20to%20Azure%20%20%20ITworld_files/tweet_button.d58098f8a7f0ff5a206e7f15442a6b30.en.htm HTTP/1.1" 200 45416
5.9.32.222 - - [24/Apr/2020:09:03:49 -0400] "GET /depository//////////iot/Securing%20the%20Internet%20of%20Things_files/1068cf12f6 HTTP/1.1" 200 20
5.9.32.222 - - [24/Apr/2020:09:03:51 -0400] "GET /depository//////////iot/Securing%20the%20Internet%20of%20Things_files/pixel.php HTTP/1.1" 200 446776
5.9.32.222 - - [24/Apr/2020:09:03:56 -0400] "GET /depository//////////iot/Securing%20the%20Internet%20of%20Things_files/saved_resource HTTP/1.1" 200 43
5.9.32.222 - - [24/Apr/2020:09:03:57 -0400] "GET /depository//////////iot/Securing%20the%20Internet%20of%20Things_files/saved_resource(1) HTTP/1.1" 200 85
5.9.32.222 - - [24/Apr/2020:09:04:12 -0400] "GET /depository//////////iot/Securing%20the%20Internet%20of%20Things_files/saved_resource(2) HTTP/1.1" 200 43
5.9.32.222 - - [24/Apr/2020:09:04:14 -0400] "GET /depository//////////iot/Securing%20the%20Internet%20of%20Things_files/saved_resource(3) HTTP/1.1" 200 43
5.9.32.222 - - [24/Apr/2020:09:04:17 -0400] "GET /depository//////////iot/Securing%20the%20Internet%20of%20Things_files/seg HTTP/1.1" 200 43
5.9.32.222 - - [24/Apr/2020:09:04:35 -0400] "GET /depository//////////iot/Texas%20Instruments%20builds%20an%20alternative%20energy%20for%20the%20Internet%20of%20Things%20%20%20ITworld_files/7r8gQb8MIqE(1).htm HTTP/1.1" 200 27705
46.229.168.145 - - [24/Apr/2020:09:05:12 -0400] "GET /depository/iot/How%20to%20develop%20applications%20for%20the%20Internet%20of%20Things%20%20%20Computerworld_files/svrGP.aspx HTTP/1.1" 200 49
66.249.88.140 - - [24/Apr/2020:09:05:22 -0400] "GET /4/41/pon.htm HTTP/1.1" 200 52444
103.225.160.109 - - [24/Apr/2020:09:08:18 -0400] "GET / HTTP/1.1" 200 322
46.229.168.163 - - [24/Apr/2020:09:08:19 -0400] "GET /depository/forecasts/2015%20prediction%20%20Expect%20massive%20spikes%20in%20global%20information%20security%20threats%20-%20TechRepublic_files/BannerServer(1).htm HTTP/1.1" 200 8054
103.225.160.109 - - [24/Apr/2020:09:08:19 -0400] "GET /0;URL=http://book.itep.ru/1/intro1.htm HTTP/1.1" 404 236
213.180.203.118 - - [24/Apr/2020:09:08:22 -0400] "GET /4/45/nntp_457.htm HTTP/1.1" 200 36462
5.9.32.222 - - [24/Apr/2020:09:08:38 -0400] "GET /depository//////////iot/Texas%20Instruments%20builds%20an%20alternative%20energy%20for%20the%20Internet%20of%20Things%20%20%20ITworld_files/7r8gQb8MIqE.htm HTTP/1.1" 200 27707
178.46.73.225 - - [24/Apr/2020:09:09:09 -0400] "GET /10/ascii.htm HTTP/1.1" 200 36979
5.9.32.222 - - [24/Apr/2020:09:09:12 -0400] "GET /depository//////////iot/Texas%20Instruments%20builds%20an%20alternative%20energy%20for%20the%20Internet%20of%20Things%20%20%20ITworld_files/button3.htm HTTP/1.1" 200 8695
5.9.32.222 - - [24/Apr/2020:09:09:16 -0400] "GET /depository//////////iot/Texas%20Instruments%20builds%20an%20alternative%20energy%20for%20the%20Internet%20of%20Things%20%20%20ITworld_files/cb=gapi.loaded_0 HTTP/1.1" 200 113171
5.9.32.222 - - [24/Apr/2020:09:09:19 -0400] "GET /depository//////////iot/Texas%20Instruments%20builds%20an%20alternative%20energy%20for%20the%20Internet%20of%20Things%20%20%20ITworld_files/cb=gapi.loaded_1 HTTP/1.1" 200 59482
66.249.64.50 - - [24/Apr/2020:09:09:28 -0400] "GET /depository//rfcs/7600/rfc7615.txt HTTP/1.1" 200 12239
5.9.32.222 - - [24/Apr/2020:09:09:31 -0400] "GET /depository//////////iot/Texas%20Instruments%20builds%20an%20alternative%20energy%20for%20the%20Internet%20of%20Things%20%20%20ITworld_files/challenge HTTP/1.1" 200 9319
114.119.160.250 - - [24/Apr/2020:09:09:32 -0400] "GET /depository/quant_comp/quant_comp/10%20hot%20quantum-computing%20startups%20to%20watch%20%20%20Network%20World_files/10-hot-quantum-computing-startups-to-watch_data_009/native_v1.js HTTP/1.1" 200 60143
5.9.32.222 - - [24/Apr/2020:09:09:35 -0400] "GET /depository//////////iot/Texas%20Instruments%20builds%20an%20alternative%20energy%20for%20the%20Internet%20of%20Things%20%20%20ITworld_files/comments.getComments HTTP/1.1" 200 5518
213.180.203.118 - - [24/Apr/2020:09:09:42 -0400] "GET /depository/storage/File-based_unified_storage_systems.mht HTTP/1.1" 200 839300
5.9.32.222 - - [24/Apr/2020:09:09:44 -0400] "GET /depository//////////iot/Texas%20Instruments%20builds%20an%20alternative%20energy%20for%20the%20Internet%20of%20Things%20%20%20ITworld_files/controltag HTTP/1.1" 200 8455
5.9.32.222 - - [24/Apr/2020:09:09:46 -0400] "GET /depository//////////iot/Texas%20Instruments%20builds%20an%20alternative%20energy%20for%20the%20Internet%20of%20Things%20%20%20ITworld_files/controltag.js.f99670595ccd46c65a517672ea749179 HTTP/1.1" 200 101482
5.9.32.222 - - [24/Apr/2020:09:09:48 -0400] "GET /depository//////////iot/Texas%20Instruments%20builds%20an%20alternative%20energy%20for%20the%20Internet%20of%20Things%20%20%20ITworld_files/count.json HTTP/1.1" 200 169
83.246.199.135 - - [24/Apr/2020:09:10:19 -0400] "GET /4/4/dnssec.htm HTTP/1.1" 200 171922
213.180.203.118 - - [24/Apr/2020:09:10:59 -0400] "GET /depository/blockchain/%C1%EB%EE%EA%F7%E5%E9%ED_%20%EA%F3%E4%E0%20%EF%F0%E8%E2%E5%E4%E5%F2%20%EC%E8%F0%20%ED%EE%E2%E0%FF%20%F2%E5%F5%ED%EE%EB%EE%E3%E8%FF%20_%20%D0%E0%F1%F8%E8%F0%FF%E5%EC%20%EA%F0%F3%E3%EE%E7%EE%F0%20_%20%C4%E8%F1%EA%F3%F1%F1%E8%E8%20_%20Global%20CIO.%20%CE%F4%E8%F6%E8%E0%EB%FC%ED%FB%E9%20%EF%EE%F0%F2%E0%EB%20%C8%D2-%E4%E8%F0%E5%EA%F2%EE%F0%EE%E2_files/rpc-shindig_random.js.%E7%E0%E3%F0%F3%E6%E5%ED%EE HTTP/1.1" 200 12451
83.246.199.135 - - [24/Apr/2020:09:11:08 -0400] "GET /4/44/dns_4412.htm HTTP/1.1" 200 49805
47.9.122.144 - - [24/Apr/2020:09:11:29 -0400] "GET /depository/cyberwar/P.W.Singer_Allan_Friedman_Cybersecurity_and_Cyberwar_What_Everyone_Needs_to_Know_2014_Oxford_University_Press.pdf HTTP/1.1" 200 1421025
66.249.64.48 - - [24/Apr/2020:09:11:50 -0400] "GET /10/cab_1017.htm HTTP/1.1" 304 -
213.87.157.26 - - [24/Apr/2020:09:12:17 -0400] "GET /3/optic_32.htm HTTP/1.1" 200 48761
93.170.75.155 - - [24/Apr/2020:09:12:18 -0400] "GET /3/cabel_31.htm HTTP/1.1" 200 25085
46.229.168.138 - - [24/Apr/2020:09:12:32 -0400] "GET /depository/3D-print/3D%20printing%20%20The%20trends%20that%20will%20change%20the%20game%20in%202016%20-%20TechRepublic_files/a_010.htm HTTP/1.1" 200 19886
175.167.146.248 - - [24/Apr/2020:09:12:34 -0400] "GET /depository/rfc_4300.htm HTTP/1.1" 200 14996
5.9.32.222 - - [24/Apr/2020:09:12:42 -0400] "GET /depository//////////iot/Texas%20Instruments%20builds%20an%20alternative%20energy%20for%20the%20Internet%20of%20Things%20%20%20ITworld_files/fastbutton.htm HTTP/1.1" 200 33245
5.9.32.222 - - [24/Apr/2020:09:12:45 -0400] "GET /depository//////////iot/Texas%20Instruments%20builds%20an%20alternative%20energy%20for%20the%20Internet%20of%20Things%20%20%20ITworld_files/gscounters(1).sendReport HTTP/1.1" 200 155
5.9.32.222 - - [24/Apr/2020:09:12:46 -0400] "GET /depository//////////iot/Texas%20Instruments%20builds%20an%20alternative%20energy%20for%20the%20Internet%20of%20Things%20%20%20ITworld_files/gscounters.sendReport HTTP/1.1" 200 155
5.9.32.222 - - [24/Apr/2020:09:12:53 -0400] "GET /depository//////////iot/Texas%20Instruments%20builds%20an%20alternative%20energy%20for%20the%20Internet%20of%20Things%20%20%20ITworld_files/hub.fe4e93d64f1afc988e99833088f71057(1).htm HTTP/1.1" 200 21672
178.126.150.141 - - [24/Apr/2020:09:12:55 -0400] "GET /4/44/dccp.htm HTTP/1.1" 200 35290
5.9.32.222 - - [24/Apr/2020:09:12:57 -0400] "GET /depository//////////iot/Texas%20Instruments%20builds%20an%20alternative%20energy%20for%20the%20Internet%20of%20Things%20%20%20ITworld_files/hub.fe4e93d64f1afc988e99833088f71057.htm HTTP/1.1" 200 21671
5.9.32.222 - - [24/Apr/2020:09:12:59 -0400] "GET /depository//////////iot/Texas%20Instruments%20builds%20an%20alternative%20energy%20for%20the%20Internet%20of%20Things%20%20%20ITworld_files/image HTTP/1.1" 200 3751
5.9.32.222 - - [24/Apr/2020:09:13:01 -0400] "GET /depository//////////iot/Texas%20Instruments%20builds%20an%20alternative%20energy%20for%20the%20Internet%20of%20Things%20%20%20ITworld_files/ip.json HTTP/1.1" 200 552
5.9.32.222 - - [24/Apr/2020:09:13:03 -0400] "GET /depository//////////iot/Texas%20Instruments%20builds%20an%20alternative%20energy%20for%20the%20Internet%20of%20Things%20%20%20ITworld_files/optout_check HTTP/1.1" 200 90
5.9.32.222 - - [24/Apr/2020:09:13:05 -0400] "GET /depository//////////iot/Texas%20Instruments%20builds%20an%20alternative%20energy%20for%20the%20Internet%20of%20Things%20%20%20ITworld_files/reload HTTP/1.1" 200 383
5.9.32.222 - - [24/Apr/2020:09:13:07 -0400] "GET /depository//////////iot/Texas%20Instruments%20builds%20an%20alternative%20energy%20for%20the%20Internet%20of%20Things%20%20%20ITworld_files/secureAnonymousFramework HTTP/1.1" 200 164588
5.137.67.225 - - [24/Apr/2020:09:13:14 -0400] "GET /4/43/sdh_436.htm HTTP/1.1" 200 22926
5.9.32.222 - - [24/Apr/2020:09:13:17 -0400] "GET /depository//////////iot/Texas%20Instruments%20builds%20an%20alternative%20energy%20for%20the%20Internet%20of%20Things%20%20%20ITworld_files/sso.htm HTTP/1.1" 200 10477
5.9.32.222 - - [24/Apr/2020:09:13:18 -0400] "GET /depository//////////iot/Texas%20Instruments%20builds%20an%20alternative%20energy%20for%20the%20Internet%20of%20Things%20%20%20ITworld_files/svrGP(1).aspx HTTP/1.1" 200 79
5.9.32.222 - - [24/Apr/2020:09:13:21 -0400] "GET /depository//////////iot/Texas%20Instruments%20builds%20an%20alternative%20energy%20for%20the%20Internet%20of%20Things%20%20%20ITworld_files/svrGP.aspx HTTP/1.1" 200 49
5.9.32.222 - - [24/Apr/2020:09:13:24 -0400] "GET /depository//////////iot/Texas%20Instruments%20builds%20an%20alternative%20energy%20for%20the%20Internet%20of%20Things%20%20%20ITworld_files/template.htm HTTP/1.1" 200 -
5.9.32.222 - - [24/Apr/2020:09:13:26 -0400] "GET /depository//////////iot/Texas%20Instruments%20builds%20an%20alternative%20energy%20for%20the%20Internet%20of%20Things%20%20%20ITworld_files/tweet_button.c27d2d163408c0fe087fbfe1c687ce2b.en.htm HTTP/1.1" 200 45616
213.180.203.118 - - [24/Apr/2020:09:13:43 -0400] "GET /4/43/sdh_436.htm HTTP/1.1" 200 22926
5.9.32.222 - - [24/Apr/2020:09:13:54 -0400] "GET /depository//////////iot/The%20security%20tsunami%20of%20the%20Internet%20of%20Things%20is%20coming,%20are%20you%20ready%20%20-%20TechRepublic_files/a HTTP/1.1" 200 39985
5.9.32.222 - - [24/Apr/2020:09:13:57 -0400] "GET /depository//////////iot/The%20security%20tsunami%20of%20the%20Internet%20of%20Things%20is%20coming,%20are%20you%20ready%20%20-%20TechRepublic_files/a.htm HTTP/1.1" 200 249
213.180.203.118 - - [24/Apr/2020:09:14:08 -0400] "GET /4/4/rsvp_te/rsvp_te4.cdr HTTP/1.1" 200 14456
213.180.203.118 - - [24/Apr/2020:09:14:14 -0400] "GET /content/kerbikov.htm HTTP/1.1" 200 5720
66.249.64.46 - - [24/Apr/2020:09:15:26 -0400] "GET /depository//rfcs/4200/rfc4228.txt HTTP/1.1" 200 78691
114.119.160.250 - - [24/Apr/2020:09:16:24 -0400] "GET /depository/AI/IdeaFestival%202017_%20Algorithms,%20AI%20and%20other%20Frankenstein-like%20technologies%20-%20TechRepublic_files/lounge.bundle.f70d641213ff2b7d8720b76747efe591.js HTTP/1.1" 200 343469
217.74.241.51 - - [24/Apr/2020:09:16:32 -0400] "GET /10/ascii.htm HTTP/1.1" 200 36979
5.9.32.222 - - [24/Apr/2020:09:16:42 -0400] "GET /depository//////////iot/The%20security%20tsunami%20of%20the%20Internet%20of%20Things%20is%20coming,%20are%20you%20ready%20%20-%20TechRepublic_files/a_002 HTTP/1.1" 200 26763
5.9.32.222 - - [24/Apr/2020:09:16:47 -0400] "GET /depository//////////iot/The%20security%20tsunami%20of%20the%20Internet%20of%20Things%20is%20coming,%20are%20you%20ready%20%20-%20TechRepublic_files/a_002.htm HTTP/1.1" 200 515
5.9.32.222 - - [24/Apr/2020:09:16:49 -0400] "GET /depository//////////iot/The%20security%20tsunami%20of%20the%20Internet%20of%20Things%20is%20coming,%20are%20you%20ready%20%20-%20TechRepublic_files/a_003.htm HTTP/1.1" 200 108
136.169.168.181 - - [24/Apr/2020:09:16:51 -0400] "GET /6/tls.htm HTTP/1.1" 200 160262
5.9.32.222 - - [24/Apr/2020:09:16:52 -0400] "GET /depository//////////iot/The%20security%20tsunami%20of%20the%20Internet%20of%20Things%20is%20coming,%20are%20you%20ready%20%20-%20TechRepublic_files/a_data/ HTTP/1.1" 200 728
5.9.32.222 - - [24/Apr/2020:09:16:54 -0400] "GET /depository//////////iot/The%20security%20tsunami%20of%20the%20Internet%20of%20Things%20is%20coming,%20are%20you%20ready%20%20-%20TechRepublic_files/a_data_002/ HTTP/1.1" 200 738
5.9.32.222 - - [24/Apr/2020:09:16:57 -0400] "GET /depository//////////iot/The%20security%20tsunami%20of%20the%20Internet%20of%20Things%20is%20coming,%20are%20you%20ready%20%20-%20TechRepublic_files/dest5.htm HTTP/1.1" 200 8948
