213.180.203.118 - - [24/Apr/2020:11:15:32 -0400] "GET /depository/big_data/Big_data_1_9M_IT.htm HTTP/1.1" 200 123564
46.229.168.139 - - [24/Apr/2020:11:15:36 -0400] "GET /depository/ipv6/IPv6%20deployment%20guide%20_%20Network%20World_files/third-party-iframes.htm HTTP/1.1" 200 1396
5.9.32.222 - - [24/Apr/2020:11:15:41 -0400] "GET /depository//////////mptcp/A%2050%20Gbps%20Connection%20With%20Multipath%20TCP%20-%20Slashdot_files/saved_resource HTTP/1.1" 200 122680
159.69.167.42 - - [24/Apr/2020:11:15:46 -0400] "HEAD /4/45/ftp_454.htm HTTP/1.1" 200 -
5.9.32.222 - - [24/Apr/2020:11:15:51 -0400] "GET /depository//////////mptcp/A%2050%20Gbps%20Connection%20With%20Multipath%20TCP%20-%20Slashdot_files/container(1).htm HTTP/1.1" 200 84148
5.9.32.222 - - [24/Apr/2020:11:16:01 -0400] "GET /depository//////////mptcp/A%2050%20Gbps%20Connection%20With%20Multipath%20TCP%20-%20Slashdot_files/container.htm HTTP/1.1" 200 4018
5.9.32.222 - - [24/Apr/2020:11:16:02 -0400] "GET /depository//////////mptcp/A%2050%20Gbps%20Connection%20With%20Multipath%20TCP%20-%20Slashdot_files/en HTTP/1.1" 200 13080
5.9.32.222 - - [24/Apr/2020:11:16:04 -0400] "GET /depository//////////mptcp/A%2050%20Gbps%20Connection%20With%20Multipath%20TCP%20-%20Slashdot_files/login-share HTTP/1.1" 200 266605
213.180.203.118 - - [24/Apr/2020:11:16:05 -0400] "GET /depository/rfcs/2400/rfc2463.txt HTTP/1.1" 200 35201
58.213.29.2 - - [24/Apr/2020:11:16:14 -0400] "GET /depository/rfc_4800.htm HTTP/1.1" 200 14026
5.9.32.222 - - [24/Apr/2020:11:16:15 -0400] "GET /depository//////////mptcp/A%2050%20Gbps%20Connection%20With%20Multipath%20TCP%20-%20Slashdot_files/push HTTP/1.1" 200 43
5.9.32.222 - - [24/Apr/2020:11:16:18 -0400] "GET /depository//////////mptcp/A%2050%20Gbps%20Connection%20With%20Multipath%20TCP%20-%20Slashdot_files/s HTTP/1.1" 200 43
58.213.29.2 - - [24/Apr/2020:11:16:21 -0400] "GET /depository/rfcs/4800/rfc4855.txt HTTP/1.1" 200 25023
5.9.32.222 - - [24/Apr/2020:11:16:22 -0400] "GET /depository//////////mptcp/A%2050%20Gbps%20Connection%20With%20Multipath%20TCP%20-%20Slashdot_files/saved_resource(1) HTTP/1.1" 200 43
5.9.32.222 - - [24/Apr/2020:11:16:24 -0400] "GET /depository//////////mptcp/MultiPath%20TCP%20-%20Linux%20Kernel%20implementation%20%20%20Main%20-%2050%20Gbps%20browse_files/DU1Ia251o0y(1).html HTTP/1.1" 200 28322
46.229.168.146 - - [24/Apr/2020:11:16:25 -0400] "GET /depository/driverless_car/8%20truths%20and%20myths%20of%20driverless%20cars%20-%20TechRepublic_files/BannerServer(1).htm HTTP/1.1" 200 7083
5.9.32.222 - - [24/Apr/2020:11:16:27 -0400] "GET /depository//////////mptcp/MultiPath%20TCP%20-%20Linux%20Kernel%20implementation%20%20%20Main%20-%2050%20Gbps%20browse_files/DU1Ia251o0y.html HTTP/1.1" 200 28407
5.9.32.222 - - [24/Apr/2020:11:16:30 -0400] "GET /depository//////////mptcp/MultiPath%20TCP%20-%20Linux%20Kernel%20implementation%20%20%20Main%20-%2050%20Gbps%20browse_files/VMdPI9Cfi9k.html HTTP/1.1" 200 27118
5.9.32.222 - - [24/Apr/2020:11:16:32 -0400] "GET /depository//////////mptcp/MultiPath%20TCP%20-%20Linux%20Kernel%20implementation%20%20%20Main%20-%2050%20Gbps%20browse_files/cb=gapi.loaded_0 HTTP/1.1" 200 113541
5.9.32.222 - - [24/Apr/2020:11:16:35 -0400] "GET /depository//////////mptcp/MultiPath%20TCP%20-%20Linux%20Kernel%20implementation%20%20%20Main%20-%2050%20Gbps%20browse_files/cb=gapi.loaded_1 HTTP/1.1" 200 57410
5.9.32.222 - - [24/Apr/2020:11:16:39 -0400] "GET /depository//////////mptcp/MultiPath%20TCP%20-%20Linux%20Kernel%20implementation%20%20%20Main%20-%2050%20Gbps%20browse_files/count.json HTTP/1.1" 200 77
213.180.203.118 - - [24/Apr/2020:11:16:45 -0400] "GET /depository/ethernet/Reversing%20course%20%96%20single-pair%20Ethernet%20cabling%20is%20the%20future%20%20%20Network%20World_files/third-party-iframes_data/lotame_bcp.htm HTTP/1.1" 200 334
46.229.168.154 - - [24/Apr/2020:11:16:48 -0400] "GET /depository/defence/How%20to%20develop%20a%20bug%20bounty%20program%20-%20TechRepublic_files/ HTTP/1.1" 200 2303
5.9.32.222 - - [24/Apr/2020:11:16:59 -0400] "GET /depository//////////mptcp/MultiPath%20TCP%20-%20Linux%20Kernel%20implementation%20%20%20Main%20-%2050%20Gbps%20browse_files/fastbutton.html HTTP/1.1" 200 40404
5.9.32.222 - - [24/Apr/2020:11:17:02 -0400] "GET /depository//////////mptcp/MultiPath%20TCP%20-%20Linux%20Kernel%20implementation%20%20%20Main%20-%2050%20Gbps%20browse_files/like.html HTTP/1.1" 200 19878
5.9.32.222 - - [24/Apr/2020:11:17:06 -0400] "GET /depository//////////mptcp/MultiPath%20TCP%20-%20Linux%20Kernel%20implementation%20%20%20Main%20-%2050%20Gbps%20browse_files/postmessageRelay.html HTTP/1.1" 200 679
114.119.166.158 - - [24/Apr/2020:11:17:10 -0400] "GET /depository/ethernet/Ethernet's%20400-Gigabit%20challenge%20is%20a%20good%20problem%20to%20have%20_%20PCWorld_files/adData_data/ HTTP/1.1" 200 649
114.119.166.158 - - [24/Apr/2020:11:17:10 -0400] "GET /depository/ethernet/Ethernet%27s%20400-Gigabit%20challenge%20is%20a%20good%20problem%20to%20have%20_%20PCWorld_files/adData_data HTTP/1.1" 301 355
5.9.32.222 - - [24/Apr/2020:11:17:10 -0400] "GET /depository//////////mptcp/MultiPath%20TCP%20-%20Linux%20Kernel%20implementation%20%20%20Main%20-%2050%20Gbps%20browse_files/tweet_button.d8beb5db2b3f29fe16e117201cd7934a.en.html HTTP/1.1" 200 35292
5.9.32.222 - - [24/Apr/2020:11:17:14 -0400] "GET /depository//////////mptcp/What%20are%20the%20security%20implications%20of%20multipath%20TCP%20_files/1068cf12f6 HTTP/1.1" 200 41
5.9.32.222 - - [24/Apr/2020:11:17:17 -0400] "GET /depository//////////mptcp/What%20are%20the%20security%20implications%20of%20multipath%20TCP%20_files/container.htm HTTP/1.1" 200 4018
5.9.32.222 - - [24/Apr/2020:11:17:41 -0400] "GET /depository//////////mptcp/What%20are%20the%20security%20implications%20of%20multipath%20TCP%20_files/container.html HTTP/1.1" 200 43
213.180.203.118 - - [24/Apr/2020:11:17:42 -0400] "GET /depository/bgan/%CF%F0%E8%ED%F6%E8%EF_%F0%E0%E1%EE%F2%FB_BGAN.mht HTTP/1.1" 200 180295
5.9.32.222 - - [24/Apr/2020:11:17:43 -0400] "GET /depository//////////mptcp/What%20are%20the%20security%20implications%20of%20multipath%20TCP%20_files/getuid HTTP/1.1" 200 43
5.9.32.222 - - [24/Apr/2020:11:17:56 -0400] "GET /depository//////////mptcp/What%20are%20the%20security%20implications%20of%20multipath%20TCP%20_files/pixel.php HTTP/1.1" 200 474531
66.249.64.50 - - [24/Apr/2020:11:18:30 -0400] "GET /depository//rfcs/4200/rfc4260.txt HTTP/1.1" 200 36120
5.9.32.222 - - [24/Apr/2020:11:18:40 -0400] "GET /depository//////////mptcp/What%20are%20the%20security%20implications%20of%20multipath%20TCP%20_files/saved_resource HTTP/1.1" 200 43
5.9.32.222 - - [24/Apr/2020:11:18:42 -0400] "GET /depository//////////mptcp/What%20are%20the%20security%20implications%20of%20multipath%20TCP%20_files/saved_resource(1) HTTP/1.1" 200 85
5.9.32.222 - - [24/Apr/2020:11:18:50 -0400] "GET /depository//////////mptcp/What%20are%20the%20security%20implications%20of%20multipath%20TCP%20_files/saved_resource(2) HTTP/1.1" 200 85
176.107.222.253 - - [24/Apr/2020:11:19:03 -0400] "GET /4/44/ip_441.htm HTTP/1.1" 200 35968
95.163.255.150 - - [24/Apr/2020:11:19:08 -0400] "GET /depository/rfcs/6800/rfc6831.txt HTTP/1.1" 200 71901
195.230.70.76 - - [24/Apr/2020:11:19:11 -0400] "GET /4/44/rut_4411.htm HTTP/1.1" 200 50775
188.235.62.221 - - [24/Apr/2020:11:19:42 -0400] "GET /10/ascii.htm HTTP/1.1" 200 36979
5.34.59.99 - - [24/Apr/2020:11:19:44 -0400] "GET /10/ascii.htm HTTP/1.1" 200 36979
106.205.175.245 - - [24/Apr/2020:11:19:53 -0400] "GET /depository/bitcoin/ HTTP/1.1" 200 3619
40.77.167.138 - - [24/Apr/2020:11:20:39 -0400] "GET /4/44/udp_442.htm HTTP/1.1" 200 20746
213.87.127.135 - - [24/Apr/2020:11:20:45 -0400] "GET /4/7/memory.htm HTTP/1.1" 200 35794
46.146.113.142 - - [24/Apr/2020:11:21:01 -0400] "GET /1/intro1.htm HTTP/1.1" 200 77738
5.9.32.222 - - [24/Apr/2020:11:21:04 -0400] "GET /depository//////////mptcp/What%20are%20the%20security%20implications%20of%20multipath%20TCP%20_files/saved_resource(3) HTTP/1.1" 200 43
5.9.32.222 - - [24/Apr/2020:11:21:07 -0400] "GET /depository//////////mptcp/What%20are%20the%20security%20implications%20of%20multipath%20TCP%20_files/seg HTTP/1.1" 200 43
5.9.32.222 - - [24/Apr/2020:11:21:09 -0400] "GET /depository//////////neuro/Thinking%20in%20Silicon_files/300lo.json HTTP/1.1" 200 224
5.9.32.222 - - [24/Apr/2020:11:21:11 -0400] "GET /depository//////////neuro/Thinking%20in%20Silicon_files/Mjk2ODIxOm5pZF81MjI0NzY.json HTTP/1.1" 200 173
5.9.32.222 - - [24/Apr/2020:11:21:13 -0400] "GET /depository//////////neuro/Thinking%20in%20Silicon_files/a HTTP/1.1" 200 220
5.9.32.222 - - [24/Apr/2020:11:21:15 -0400] "GET /depository//////////neuro/Thinking%20in%20Silicon_files/a.htm HTTP/1.1" 200 41517
5.9.32.222 - - [24/Apr/2020:11:21:17 -0400] "GET /depository//////////neuro/Thinking%20in%20Silicon_files/a_002.htm HTTP/1.1" 200 303
5.9.32.222 - - [24/Apr/2020:11:21:21 -0400] "GET /depository//////////neuro/Thinking%20in%20Silicon_files/a_003.htm HTTP/1.1" 200 24801
188.235.62.221 - - [24/Apr/2020:11:21:33 -0400] "GET /10/keys.htm HTTP/1.1" 200 14304
5.9.32.222 - - [24/Apr/2020:11:21:35 -0400] "GET /depository//////////neuro/Thinking%20in%20Silicon_files/a_004.htm HTTP/1.1" 200 303
5.9.32.222 - - [24/Apr/2020:11:21:37 -0400] "GET /depository//////////neuro/Thinking%20in%20Silicon_files/a_005.htm HTTP/1.1" 200 41521
213.180.203.118 - - [24/Apr/2020:11:22:54 -0400] "GET /depository/mptcp/MultiPath_TCP-Linux_Kernel_implementation_Main-50_Gbps_browse.html HTTP/1.1" 200 29893
5.9.32.222 - - [24/Apr/2020:11:23:33 -0400] "GET /depository//////////neuro/Thinking%20in%20Silicon_files/a_006.htm HTTP/1.1" 200 303
95.163.255.164 - - [24/Apr/2020:11:24:12 -0400] "GET /depository/e_money/ HTTP/1.1" 200 2257
119.74.234.147 - - [24/Apr/2020:11:24:21 -0400] "GET /depository/open_flow/SDN%20in%202014%20%20A%20year%20of%20non-stop%20action%20%20%20ITworld_files/ HTTP/1.1" 200 5953
178.17.179.15 - - [24/Apr/2020:11:24:21 -0400] "GET /4/45/http4561.htm HTTP/1.1" 200 372880
176.105.109.234 - - [24/Apr/2020:11:24:36 -0400] "GET /10/ascii.htm HTTP/1.1" 200 36979
37.17.36.180 - - [24/Apr/2020:11:24:44 -0400] "GET /10/ascii.htm HTTP/1.1" 200 36979
5.9.32.222 - - [24/Apr/2020:11:24:49 -0400] "GET /depository//////////neuro/Thinking%20in%20Silicon_files/a_007.htm HTTP/1.1" 200 41368
5.9.32.222 - - [24/Apr/2020:11:24:54 -0400] "GET /depository//////////neuro/Thinking%20in%20Silicon_files/a_008.htm HTTP/1.1" 200 303
5.9.32.222 - - [24/Apr/2020:11:24:55 -0400] "GET /depository//////////neuro/Thinking%20in%20Silicon_files/a_009.htm HTTP/1.1" 200 41477
5.9.32.222 - - [24/Apr/2020:11:24:57 -0400] "GET /depository//////////neuro/Thinking%20in%20Silicon_files/a_010.htm HTTP/1.1" 200 303
5.9.32.222 - - [24/Apr/2020:11:25:00 -0400] "GET /depository//////////neuro/Thinking%20in%20Silicon_files/a_011.htm HTTP/1.1" 200 41565
213.180.203.118 - - [24/Apr/2020:11:25:44 -0400] "GET /depository/rfcs/7200/rfc7257.txt HTTP/1.1" 200 89099
5.9.32.222 - - [24/Apr/2020:11:25:48 -0400] "GET /depository//////////neuro/Thinking%20in%20Silicon_files/a_012.htm HTTP/1.1" 200 303
213.180.203.118 - - [24/Apr/2020:11:25:50 -0400] "GET /depository/newest_tech/Artificial_intelligence_system_can_predict_data_theft_by_scanning_email.htm HTTP/1.1" 200 219103
5.9.32.222 - - [24/Apr/2020:11:25:50 -0400] "GET /depository//////////neuro/Thinking%20in%20Silicon_files/a_013.htm HTTP/1.1" 200 41524
213.180.203.118 - - [24/Apr/2020:11:25:53 -0400] "GET /depository/rfcs/3800/rfc3811.txt HTTP/1.1" 200 41474
213.109.232.144 - - [24/Apr/2020:11:26:03 -0400] "GET / HTTP/1.1" 200 322
213.109.232.144 - - [24/Apr/2020:11:26:03 -0400] "GET /wp-login.php HTTP/1.1" 404 210
213.180.203.118 - - [24/Apr/2020:11:26:07 -0400] "GET /depository/new/Supercomputers%20face%20growing%20resilience%20problems%20-%20Computerworld.mht HTTP/1.1" 200 1046786
114.119.166.3 - - [24/Apr/2020:11:26:09 -0400] "GET /depository/quant_comp/How%20quantum%20computers%20will%20destroy%20and%20%28maybe%29%20save%20cryptography%20_%20CSO%20Online_files/init_device.js HTTP/1.1" 200 586
176.116.141.37 - - [24/Apr/2020:11:26:28 -0400] "GET /4/44/tcp_443.htm HTTP/1.1" 200 61723
213.180.203.118 - - [24/Apr/2020:11:26:28 -0400] "GET /depository/security/Heartbleed/Protect%20vulnerable%20routers%20from%20the%20wireless%20Heartbleed%20flaw_files/saved_resource(1) HTTP/1.1" 200 85
213.180.203.118 - - [24/Apr/2020:11:26:33 -0400] "GET /depository/rfcs/1400/RFC1441.TXT HTTP/1.1" 200 26462
5.9.32.222 - - [24/Apr/2020:11:26:50 -0400] "GET /depository//////////neuro/Thinking%20in%20Silicon_files/a_014.htm HTTP/1.1" 200 303
5.9.32.222 - - [24/Apr/2020:11:26:56 -0400] "GET /depository//////////neuro/Thinking%20in%20Silicon_files/a_015.htm HTTP/1.1" 200 43506
5.9.32.222 - - [24/Apr/2020:11:26:59 -0400] "GET /depository//////////neuro/Thinking%20in%20Silicon_files/a_016.htm HTTP/1.1" 200 303
5.9.32.222 - - [24/Apr/2020:11:27:02 -0400] "GET /depository//////////neuro/Thinking%20in%20Silicon_files/a_017.htm HTTP/1.1" 200 41499
5.9.32.222 - - [24/Apr/2020:11:27:04 -0400] "GET /depository//////////neuro/Thinking%20in%20Silicon_files/a_018.htm HTTP/1.1" 200 303
5.9.32.222 - - [24/Apr/2020:11:27:06 -0400] "GET /depository//////////neuro/Thinking%20in%20Silicon_files/a_019.htm HTTP/1.1" 200 41368
5.9.32.222 - - [24/Apr/2020:11:27:08 -0400] "GET /depository//////////neuro/Thinking%20in%20Silicon_files/a_020.htm HTTP/1.1" 200 304
5.9.32.222 - - [24/Apr/2020:11:27:13 -0400] "GET /depository//////////neuro/Thinking%20in%20Silicon_files/a_021.htm HTTP/1.1" 200 108
5.9.32.222 - - [24/Apr/2020:11:27:15 -0400] "GET /depository//////////neuro/Thinking%20in%20Silicon_files/a_data/ HTTP/1.1" 200 492
5.9.32.222 - - [24/Apr/2020:11:27:17 -0400] "GET /depository//////////neuro/Thinking%20in%20Silicon_files/a_data_002/ HTTP/1.1" 200 416
5.9.32.222 - - [24/Apr/2020:11:27:26 -0400] "GET /depository//////////neuro/Thinking%20in%20Silicon_files/a_data_003/ HTTP/1.1" 200 744
5.9.32.222 - - [24/Apr/2020:11:27:39 -0400] "GET /depository//////////neuro/Thinking%20in%20Silicon_files/a_data_004/ HTTP/1.1" 200 416
14.192.215.53 - - [24/Apr/2020:11:27:40 -0400] "GET /depository/open_flow/SDN%20in%202014%20%20A%20year%20of%20non-stop%20action%20%20%20ITworld_files/ HTTP/1.1" 200 5953
5.9.32.222 - - [24/Apr/2020:11:27:42 -0400] "GET /depository//////////neuro/Thinking%20in%20Silicon_files/a_data_005/ HTTP/1.1" 200 420
5.9.32.222 - - [24/Apr/2020:11:27:45 -0400] "GET /depository//////////neuro/Thinking%20in%20Silicon_files/a_data_006/ HTTP/1.1" 200 416
14.192.215.53 - - [24/Apr/2020:11:27:57 -0400] "GET /depository/open_flow/SDN%20in%202014%20%20A%20year%20of%20non-stop%20action%20%20%20ITworld_files/ HTTP/1.1" 200 5953
66.249.64.48 - - [24/Apr/2020:11:27:58 -0400] "GET /depository//rfcs/5200/rfc5277.txt HTTP/1.1" 200 70878
145.255.10.224 - - [24/Apr/2020:11:28:11 -0400] "GET /3/optic_32.htm HTTP/1.1" 200 48761
5.9.32.222 - - [24/Apr/2020:11:28:13 -0400] "GET /depository//////////neuro/Thinking%20in%20Silicon_files/a_data_007/ HTTP/1.1" 200 536
213.180.203.118 - - [24/Apr/2020:11:28:34 -0400] "GET /depository/security/ HTTP/1.1" 200 34371
46.229.168.141 - - [24/Apr/2020:11:28:46 -0400] "GET /depository/ddos/Inside%20the%20changing%20DDoS%20threat%20and%20how%20to%20mitigate%20it_files/ HTTP/1.1" 200 4870
185.91.254.213 - - [24/Apr/2020:11:28:58 -0400] "GET /3/cabel_31.htm HTTP/1.1" 200 25085
5.9.32.222 - - [24/Apr/2020:11:29:25 -0400] "GET /depository//////////neuro/Thinking%20in%20Silicon_files/a_data_008/ HTTP/1.1" 200 416
77.222.103.52 - - [24/Apr/2020:11:29:35 -0400] "GET /10/ascii.htm HTTP/1.1" 200 36979
54.36.148.249 - - [24/Apr/2020:11:29:50 -0400] "GET /depository/quant_comp/Quantum%20Computers%20%20The%20End%20of%20Cryptography_files/a_data_010/a_data/ads_data/ads_data/FYLkes4d-W29vkRbXp45ppPkubryct9YAXTQ7t8dN0I.js HTTP/1.1" 200 11750
5.9.32.222 - - [24/Apr/2020:11:29:55 -0400] "GET /depository//////////neuro/Thinking%20in%20Silicon_files/a_data_009/ HTTP/1.1" 200 572
134.17.30.67 - - [24/Apr/2020:11:30:03 -0400] "GET /10/sec_alg_proto.htm HTTP/1.1" 200 7239
213.180.203.118 - - [24/Apr/2020:11:30:08 -0400] "GET /depository/IT_busines/CW500%20%20IT%20infrastructure%20for%20data%20protection_files/saved_resource(1) HTTP/1.1" 200 85
31.173.24.166 - - [24/Apr/2020:11:31:07 -0400] "GET /6/i2p.htm HTTP/1.1" 200 103907
31.173.24.166 - - [24/Apr/2020:11:31:08 -0400] "GET /6/i2p/i2p3A.bmp HTTP/1.1" 200 251802
31.173.24.166 - - [24/Apr/2020:11:31:08 -0400] "GET /6/i2p/i2p3B.bmp HTTP/1.1" 200 317070
31.173.24.166 - - [24/Apr/2020:11:31:08 -0400] "GET /6/i2p/i2p3.bmp HTTP/1.1" 200 445830
31.173.24.166 - - [24/Apr/2020:11:31:08 -0400] "GET /6/i2p/i2p3C.bmp HTTP/1.1" 200 534630
213.180.203.118 - - [24/Apr/2020:11:31:09 -0400] "GET /depository/annuals/The%20most%20innovative%20and%20damaging%20hacks%20of%202015%20_%20InfoWorld_files/stumbleupon.svg HTTP/1.1" 200 1061
5.9.32.222 - - [24/Apr/2020:11:31:11 -0400] "GET /depository//////////neuro/Thinking%20in%20Silicon_files/a_data_010/ HTTP/1.1" 200 416
207.46.13.25 - - [24/Apr/2020:11:31:11 -0400] "GET /10/html1019.htm HTTP/1.1" 200 176411
5.9.32.222 - - [24/Apr/2020:11:31:14 -0400] "GET /depository//////////neuro/Thinking%20in%20Silicon_files/a_data_011/ HTTP/1.1" 200 536
198.144.149.253 - - [24/Apr/2020:11:31:23 -0400] "GET /depository/cyberwar/Mandiant%27s+Richard+Bejtlich+on+China,+IP+and+the+new+cyber+war++Computerworld+Blogs.mht HTTP/1.0" 404 305
198.144.149.253 - - [24/Apr/2020:11:31:24 -0400] "GET / HTTP/1.0" 200 322
198.144.149.253 - - [24/Apr/2020:11:31:24 -0400] "GET /1/intro1.htm HTTP/1.0" 200 77738
5.9.32.222 - - [24/Apr/2020:11:31:27 -0400] "GET /depository//////////neuro/Thinking%20in%20Silicon_files/a_data_012/ HTTP/1.1" 200 416
198.144.149.253 - - [24/Apr/2020:11:31:29 -0400] "GET /4/6/bitcoin.htm HTTP/1.0" 200 30202
5.9.32.222 - - [24/Apr/2020:11:31:32 -0400] "GET /depository//////////neuro/Thinking%20in%20Silicon_files/a_data_013/ HTTP/1.1" 200 538
5.9.32.222 - - [24/Apr/2020:11:31:35 -0400] "GET /depository//////////neuro/Thinking%20in%20Silicon_files/a_data_014/ HTTP/1.1" 200 416
213.180.203.118 - - [24/Apr/2020:11:31:36 -0400] "GET /depository/wan/WAN%20aggregation,%20SDN%20the%20best%20next%20steps%20for%20network%20optimization_files/saved_resource(3) HTTP/1.1" 200 85
5.9.32.222 - - [24/Apr/2020:11:31:38 -0400] "GET /depository//////////neuro/Thinking%20in%20Silicon_files/a_data_015/ HTTP/1.1" 200 572
5.9.32.222 - - [24/Apr/2020:11:31:43 -0400] "GET /depository//////////neuro/Thinking%20in%20Silicon_files/a_data_016/ HTTP/1.1" 200 416
5.9.32.222 - - [24/Apr/2020:11:31:46 -0400] "GET /depository//////////neuro/Thinking%20in%20Silicon_files/a_data_017/ HTTP/1.1" 200 540
5.9.32.222 - - [24/Apr/2020:11:31:52 -0400] "GET /depository//////////neuro/Thinking%20in%20Silicon_files/a_data_018/ HTTP/1.1" 200 416
5.9.32.222 - - [24/Apr/2020:11:32:02 -0400] "GET /depository//////////neuro/Thinking%20in%20Silicon_files/a_data_019/ HTTP/1.1" 200 538
46.229.168.134 - - [24/Apr/2020:11:32:06 -0400] "GET /depository/defence/Marcus%20Ranum%20decodes%20hardware%20vulnerabilities%20with%20Joe%20Grand_files/Marcus-Ranum-decodes-hardware-vulnerabilities-with-Joe-Grand_008/ HTTP/1.1" 200 756
5.9.32.222 - - [24/Apr/2020:11:32:06 -0400] "GET /depository//////////neuro/Thinking%20in%20Silicon_files/a_data_020/ HTTP/1.1" 200 416
5.9.32.222 - - [24/Apr/2020:11:32:09 -0400] "GET /depository//////////neuro/Thinking%20in%20Silicon_files/boost HTTP/1.1" 200 142
213.180.203.118 - - [24/Apr/2020:11:32:18 -0400] "GET /depository/security/anomaly/Network%20anomaly%20detection%20%20The%20essential%20antimalware%20tool_files/saved_resource(1) HTTP/1.1" 200 85
5.9.32.222 - - [24/Apr/2020:11:32:28 -0400] "GET /depository//////////neuro/Thinking%20in%20Silicon_files/container.htm HTTP/1.1" 200 4007
77.75.78.164 - - [24/Apr/2020:11:32:35 -0400] "GET /4/4/rfc4761.htm HTTP/1.1" 304 -
5.9.32.222 - - [24/Apr/2020:11:32:38 -0400] "GET /depository//////////neuro/Thinking%20in%20Silicon_files/sh.htm HTTP/1.1" 200 69269
109.106.141.1 - - [24/Apr/2020:11:32:39 -0400] "GET /4/7/cloud.htm HTTP/1.1" 200 38410
5.9.32.222 - - [24/Apr/2020:11:32:56 -0400] "GET /depository//////////neuro/Thinking%20in%20Silicon_files/technologyreview.com HTTP/1.1" 200 388
46.229.168.135 - - [24/Apr/2020:11:32:58 -0400] "GET /depository/entropy/How%20to%20add%20more%20entropy%20to%20improve%20cryptographic%20randomness%20on%20Linux%20-%20TechRepublic_files/a_006.htm HTTP/1.1" 200 108
5.9.32.222 - - [24/Apr/2020:11:32:58 -0400] "GET /depository//////////new/3D%22https://www.infoworld.com/%22 HTTP/1.1" 404 262
5.9.32.222 - - [24/Apr/2020:11:33:00 -0400] "GET /depository//////////new/3D%22http://www.computerworld.com/s/article/9233931/Supercomputers_fac= HTTP/1.1" 404 296
5.9.32.222 - - [24/Apr/2020:11:33:03 -0400] "GET /depository//////////new/3D%22http://www.computerweekly.com/?vgnextfmt=3Dportfolio%22 HTTP/1.1" 404 260
17.58.97.137 - - [24/Apr/2020:11:33:09 -0400] "GET /5/ic_dg_52.htm HTTP/1.1" 200 13413
5.9.32.222 - - [24/Apr/2020:11:33:12 -0400] "GET /depository//////////new/3D%22http://www.computerweekly.com/news%22 HTTP/1.1" 404 270
66.249.64.46 - - [24/Apr/2020:11:33:16 -0400] "GET /depository/mptcp/MultiPath_TCP-Linux_Kernel_implementation_Main-50_Gbps_browse.html HTTP/1.1" 304 -
5.9.32.222 - - [24/Apr/2020:11:33:19 -0400] "GET /depository//////////newest_tech/3D%22http://www.computerweekly.com/?vgnextfmt=3Dportfolio%22 HTTP/1.1" 404 268
5.9.32.222 - - [24/Apr/2020:11:33:21 -0400] "GET /depository//////////newest_tech/3D%22http://www.computerweekly.com/news%22 HTTP/1.1" 404 278
198.46.208.179 - - [24/Apr/2020:11:33:30 -0400] "GET /depository/forecasts/2015-tech-trends.htm HTTP/1.0" 200 313019
5.9.32.222 - - [24/Apr/2020:11:33:43 -0400] "GET /depository//////////newest_tech/IDG%20Connect%20%E2%80%93%20The%20Modular%20Phone%20%20Phoneblocks,%20One%20Year%20On_files/IDG%20Connect%20%E2%80%93%20The%20Modular%20Phone%20%20Phoneblocks,%20One%20Year%20On.htm HTTP/1.1" 404 359
5.9.32.222 - - [24/Apr/2020:11:34:12 -0400] "GET /depository//////////newest_tech/IDG%20Connect%20%E2%80%93%20Graphene-based%20device%20offers%20smarter%20phone%20charging_files/IDG%20Connect%20%E2%80%93%20Graphene-based%20device%20offers%20smarter%20phone%20charging.htm HTTP/1.1" 404 375
5.9.32.222 - - [24/Apr/2020:11:34:16 -0400] "GET /depository//////////newest_tech/Samsung%20mass-produces%20laptop%20SSD%20with%202.1Gbps%20speeds%20%20%20Computerworld_files/Samsung%20mass-produces%20laptop%20SSD%20with%202.1Gbps%20speeds%20%20%20Computerworld.htm HTTP/1.1" 404 377
5.9.32.222 - - [24/Apr/2020:11:34:19 -0400] "GET /depository//////////newest_tech/IDG%20Connect%20%E2%80%93%20The%20rise%20of%20%E2%80%98Telepathic%20Tech%E2%80%99%20in%202015_files/IDG%20Connect%20%E2%80%93%20The%20rise%20of%20%E2%80%98Telepathic%20Tech%E2%80%99%20in%202015.html HTTP/1.1" 404 356
5.9.32.222 - - [24/Apr/2020:11:34:22 -0400] "GET /depository//////////newest_tech/Why%20HDD%20factory%20closure%20means%20you%20may%20need%20to%20migrate%20to%20solid%20state%20-%20TechRepublic_files/a_002.htm HTTP/1.1" 200 367
5.9.32.222 - - [24/Apr/2020:11:34:24 -0400] "GET /depository//////////newest_tech/'Poor%20man's%20qubit'%20can%20solve%20quantum%20problems%20without%20going%20quantum_%20Researchers%20demonstrate%20the%20first%20hardware%20for%20a%20'probabilistic%20computer'%20--%20ScienceDaily_files/19cb1bfc173dcb98ccec HTTP/1.1" 200 64
5.9.32.222 - - [24/Apr/2020:11:34:26 -0400] "GET /depository//////////newest_tech/'Poor%20man's%20qubit'%20can%20solve%20quantum%20problems%20without%20going%20quantum_%20Researchers%20demonstrate%20the%20first%20hardware%20for%20a%20'probabilistic%20computer'%20--%20ScienceDaily_files/6358057934462519985 HTTP/1.1" 200 43
5.9.32.222 - - [24/Apr/2020:11:34:28 -0400] "GET /depository//////////newest_tech/'Poor%20man's%20qubit'%20can%20solve%20quantum%20problems%20without%20going%20quantum_%20Researchers%20demonstrate%20the%20first%20hardware%20for%20a%20'probabilistic%20computer'%20--%20ScienceDaily_files/analytics.js.%c1%e5%e7%20%ed%e0%e7%e2%e0%ed%e8%ff HTTP/1.1" 200 44470
5.9.32.222 - - [24/Apr/2020:11:34:30 -0400] "GET /depository//////////newest_tech/'Poor%20man's%20qubit'%20can%20solve%20quantum%20problems%20without%20going%20quantum_%20Researchers%20demonstrate%20the%20first%20hardware%20for%20a%20'probabilistic%20computer'%20--%20ScienceDaily_files/apstag.js.%c1%e5%e7%20%ed%e0%e7%e2%e0%ed%e8%ff HTTP/1.1" 200 79085
5.9.32.222 - - [24/Apr/2020:11:34:32 -0400] "GET /depository//////////newest_tech/'Poor%20man's%20qubit'%20can%20solve%20quantum%20problems%20without%20going%20quantum_%20Researchers%20demonstrate%20the%20first%20hardware%20for%20a%20'probabilistic%20computer'%20--%20ScienceDaily_files/async_usersync HTTP/1.1" 200 1617
5.9.32.222 - - [24/Apr/2020:11:34:34 -0400] "GET /depository//////////newest_tech/'Poor%20man's%20qubit'%20can%20solve%20quantum%20problems%20without%20going%20quantum_%20Researchers%20demonstrate%20the%20first%20hardware%20for%20a%20'probabilistic%20computer'%20--%20ScienceDaily_files/async_usersync.html HTTP/1.1" 200 1962
5.9.32.222 - - [24/Apr/2020:11:34:35 -0400] "GET /depository//////////newest_tech/'Poor%20man's%20qubit'%20can%20solve%20quantum%20problems%20without%20going%20quantum_%20Researchers%20demonstrate%20the%20first%20hardware%20for%20a%20'probabilistic%20computer'%20--%20ScienceDaily_files/bootstrap.min.js.%c1%e5%e7%20%ed%e0%e7%e2%e0%ed%e8%ff HTTP/1.1" 200 27161
5.9.32.222 - - [24/Apr/2020:11:34:37 -0400] "GET /depository//////////newest_tech/'Poor%20man's%20qubit'%20can%20solve%20quantum%20problems%20without%20going%20quantum_%20Researchers%20demonstrate%20the%20first%20hardware%20for%20a%20'probabilistic%20computer'%20--%20ScienceDaily_files/c.html HTTP/1.1" 200 387
5.9.32.222 - - [24/Apr/2020:11:34:38 -0400] "GET /depository//////////newest_tech/'Poor%20man's%20qubit'%20can%20solve%20quantum%20problems%20without%20going%20quantum_%20Researchers%20demonstrate%20the%20first%20hardware%20for%20a%20'probabilistic%20computer'%20--%20ScienceDaily_files/check.html HTTP/1.1" 200 1349
5.9.32.222 - - [24/Apr/2020:11:34:40 -0400] "GET /depository//////////newest_tech/'Poor%20man's%20qubit'%20can%20solve%20quantum%20problems%20without%20going%20quantum_%20Researchers%20demonstrate%20the%20first%20hardware%20for%20a%20'probabilistic%20computer'%20--%20ScienceDaily_files/cm HTTP/1.1" 200 43
5.9.32.222 - - [24/Apr/2020:11:34:47 -0400] "GET /depository//////////newest_tech/'Poor%20man's%20qubit'%20can%20solve%20quantum%20problems%20without%20going%20quantum_%20Researchers%20demonstrate%20the%20first%20hardware%20for%20a%20'probabilistic%20computer'%20--%20ScienceDaily_files/cm(1) HTTP/1.1" 200 43
193.28.44.76 - - [24/Apr/2020:11:34:56 -0400] "GET /10/ascii.htm HTTP/1.1" 200 36979
217.77.215.205 - - [24/Apr/2020:11:34:58 -0400] "GET /10/ascii.htm HTTP/1.1" 200 36979
5.9.32.222 - - [24/Apr/2020:11:35:00 -0400] "GET /depository//////////newest_tech/'Poor%20man's%20qubit'%20can%20solve%20quantum%20problems%20without%20going%20quantum_%20Researchers%20demonstrate%20the%20first%20hardware%20for%20a%20'probabilistic%20computer'%20--%20ScienceDaily_files/cs HTTP/1.1" 200 23
5.9.32.222 - - [24/Apr/2020:11:35:03 -0400] "GET /depository//////////newest_tech/'Poor%20man's%20qubit'%20can%20solve%20quantum%20problems%20without%20going%20quantum_%20Researchers%20demonstrate%20the%20first%20hardware%20for%20a%20'probabilistic%20computer'%20--%20ScienceDaily_files/custom-201805181033.js.%c1%e5%e7%20%ed%e0%e7%e2%e0%ed%e8%ff HTTP/1.1" 200 6806
5.9.32.222 - - [24/Apr/2020:11:35:06 -0400] "GET /depository//////////newest_tech/'Poor%20man's%20qubit'%20can%20solve%20quantum%20problems%20without%20going%20quantum_%20Researchers%20demonstrate%20the%20first%20hardware%20for%20a%20'probabilistic%20computer'%20--%20ScienceDaily_files/d27aa256-f528-4724-b49a-bc089b9a3ae1 HTTP/1.1" 200 23
5.9.32.222 - - [24/Apr/2020:11:35:13 -0400] "GET /depository//////////newest_tech/'Poor%20man's%20qubit'%20can%20solve%20quantum%20problems%20without%20going%20quantum_%20Researchers%20demonstrate%20the%20first%20hardware%20for%20a%20'probabilistic%20computer'%20--%20ScienceDaily_files/dfp.sciencedaily.com.js.%c1%e5%e7%20%ed%e0%e7%e2%e0%ed%e8%ff HTTP/1.1" 200 367416
5.9.32.222 - - [24/Apr/2020:11:35:16 -0400] "GET /depository//////////newest_tech/'Poor%20man's%20qubit'%20can%20solve%20quantum%20problems%20without%20going%20quantum_%20Researchers%20demonstrate%20the%20first%20hardware%20for%20a%20'probabilistic%20computer'%20--%20ScienceDaily_files/dpg.js.%c1%e5%e7%20%ed%e0%e7%e2%e0%ed%e8%ff HTTP/1.1" 200 31148
5.9.32.222 - - [24/Apr/2020:11:35:19 -0400] "GET /depository//////////newest_tech/'Poor%20man's%20qubit'%20can%20solve%20quantum%20problems%20without%20going%20quantum_%20Researchers%20demonstrate%20the%20first%20hardware%20for%20a%20'probabilistic%20computer'%20--%20ScienceDaily_files/dpixel HTTP/1.1" 200 43
5.9.32.222 - - [24/Apr/2020:11:35:21 -0400] "GET /depository//////////newest_tech/'Poor%20man's%20qubit'%20can%20solve%20quantum%20problems%20without%20going%20quantum_%20Researchers%20demonstrate%20the%20first%20hardware%20for%20a%20'probabilistic%20computer'%20--%20ScienceDaily_files/generic HTTP/1.1" 200 43
5.9.32.222 - - [24/Apr/2020:11:35:24 -0400] "GET /depository//////////newest_tech/'Poor%20man's%20qubit'%20can%20solve%20quantum%20problems%20without%20going%20quantum_%20Researchers%20demonstrate%20the%20first%20hardware%20for%20a%20'probabilistic%20computer'%20--%20ScienceDaily_files/generic(1) HTTP/1.1" 200 43
5.9.32.222 - - [24/Apr/2020:11:35:26 -0400] "GET /depository//////////newest_tech/'Poor%20man's%20qubit'%20can%20solve%20quantum%20problems%20without%20going%20quantum_%20Researchers%20demonstrate%20the%20first%20hardware%20for%20a%20'probabilistic%20computer'%20--%20ScienceDaily_files/getuid HTTP/1.1" 200 23
5.9.32.222 - - [24/Apr/2020:11:35:29 -0400] "GET /depository//////////newest_tech/'Poor%20man's%20qubit'%20can%20solve%20quantum%20problems%20without%20going%20quantum_%20Researchers%20demonstrate%20the%20first%20hardware%20for%20a%20'probabilistic%20computer'%20--%20ScienceDaily_files/gpt.js.%c1%e5%e7%20%ed%e0%e7%e2%e0%ed%e8%ff HTTP/1.1" 200 48089
5.9.32.222 - - [24/Apr/2020:11:35:31 -0400] "GET /depository//////////newest_tech/'Poor%20man's%20qubit'%20can%20solve%20quantum%20problems%20without%20going%20quantum_%20Researchers%20demonstrate%20the%20first%20hardware%20for%20a%20'probabilistic%20computer'%20--%20ScienceDaily_files/gtm.js.%c1%e5%e7%20%ed%e0%e7%e2%e0%ed%e8%ff HTTP/1.1" 200 58262
5.9.32.222 - - [24/Apr/2020:11:35:32 -0400] "GET /depository//////////newest_tech/'Poor%20man's%20qubit'%20can%20solve%20quantum%20problems%20without%20going%20quantum_%20Researchers%20demonstrate%20the%20first%20hardware%20for%20a%20'probabilistic%20computer'%20--%20ScienceDaily_files/ie10-viewport-bug-workaround.js.%c1%e5%e7%20%ed%e0%e7%e2%e0%ed%e8%ff HTTP/1.1" 200 695
5.9.32.222 - - [24/Apr/2020:11:35:35 -0400] "GET /depository//////////newest_tech/'Poor%20man's%20qubit'%20can%20solve%20quantum%20problems%20without%20going%20quantum_%20Researchers%20demonstrate%20the%20first%20hardware%20for%20a%20'probabilistic%20computer'%20--%20ScienceDaily_files/iframe.html HTTP/1.1" 200 570
5.9.32.222 - - [24/Apr/2020:11:35:42 -0400] "GET /depository//////////newest_tech/'Poor%20man's%20qubit'%20can%20solve%20quantum%20problems%20without%20going%20quantum_%20Researchers%20demonstrate%20the%20first%20hardware%20for%20a%20'probabilistic%20computer'%20--%20ScienceDaily_files/img HTTP/1.1" 200 43
5.9.32.222 - - [24/Apr/2020:11:35:44 -0400] "GET /depository//////////newest_tech/'Poor%20man's%20qubit'%20can%20solve%20quantum%20problems%20without%20going%20quantum_%20Researchers%20demonstrate%20the%20first%20hardware%20for%20a%20'probabilistic%20computer'%20--%20ScienceDaily_files/img(1) HTTP/1.1" 200 23
5.9.32.222 - - [24/Apr/2020:11:35:46 -0400] "GET /depository//////////newest_tech/'Poor%20man's%20qubit'%20can%20solve%20quantum%20problems%20without%20going%20quantum_%20Researchers%20demonstrate%20the%20first%20hardware%20for%20a%20'probabilistic%20computer'%20--%20ScienceDaily_files/jQuery.print.js.%c1%e5%e7%20%ed%e0%e7%e2%e0%ed%e8%ff HTTP/1.1" 200 9042
5.9.32.222 - - [24/Apr/2020:11:35:49 -0400] "GET /depository//////////newest_tech/'Poor%20man's%20qubit'%20can%20solve%20quantum%20problems%20without%20going%20quantum_%20Researchers%20demonstrate%20the%20first%20hardware%20for%20a%20'probabilistic%20computer'%20--%20ScienceDaily_files/jquery.min.js.%c1%e5%e7%20%ed%e0%e7%e2%e0%ed%e8%ff HTTP/1.1" 200 95930
5.9.32.222 - - [24/Apr/2020:11:35:50 -0400] "GET /depository//////////newest_tech/'Poor%20man's%20qubit'%20can%20solve%20quantum%20problems%20without%20going%20quantum_%20Researchers%20demonstrate%20the%20first%20hardware%20for%20a%20'probabilistic%20computer'%20--%20ScienceDaily_files/jquery.newsTicker.min.js.%c1%e5%e7%20%ed%e0%e7%e2%e0%ed%e8%ff HTTP/1.1" 200 3667
5.9.32.222 - - [24/Apr/2020:11:35:52 -0400] "GET /depository//////////newest_tech/'Poor%20man's%20qubit'%20can%20solve%20quantum%20problems%20without%20going%20quantum_%20Researchers%20demonstrate%20the%20first%20hardware%20for%20a%20'probabilistic%20computer'%20--%20ScienceDaily_files/mapuid HTTP/1.1" 200 43
5.9.32.222 - - [24/Apr/2020:11:35:54 -0400] "GET /depository//////////newest_tech/'Poor%20man's%20qubit'%20can%20solve%20quantum%20problems%20without%20going%20quantum_%20Researchers%20demonstrate%20the%20first%20hardware%20for%20a%20'probabilistic%20computer'%20--%20ScienceDaily_files/multi-sync.html HTTP/1.1" 200 6430
5.9.32.222 - - [24/Apr/2020:11:35:56 -0400] "GET /depository//////////newest_tech/'Poor%20man's%20qubit'%20can%20solve%20quantum%20problems%20without%20going%20quantum_%20Researchers%20demonstrate%20the%20first%20hardware%20for%20a%20'probabilistic%20computer'%20--%20ScienceDaily_files/ox HTTP/1.1" 200 43
5.9.32.222 - - [24/Apr/2020:11:35:58 -0400] "GET /depository//////////newest_tech/'Poor%20man's%20qubit'%20can%20solve%20quantum%20problems%20without%20going%20quantum_%20Researchers%20demonstrate%20the%20first%20hardware%20for%20a%20'probabilistic%20computer'%20--%20ScienceDaily_files/ox(1) HTTP/1.1" 200 43
5.9.32.222 - - [24/Apr/2020:11:36:00 -0400] "GET /depository//////////newest_tech/'Poor%20man's%20qubit'%20can%20solve%20quantum%20problems%20without%20going%20quantum_%20Researchers%20demonstrate%20the%20first%20hardware%20for%20a%20'probabilistic%20computer'%20--%20ScienceDaily_files/pd.html HTTP/1.1" 200 530
5.9.32.222 - - [24/Apr/2020:11:36:10 -0400] "GET /depository//////////newest_tech/'Poor%20man's%20qubit'%20can%20solve%20quantum%20problems%20without%20going%20quantum_%20Researchers%20demonstrate%20the%20first%20hardware%20for%20a%20'probabilistic%20computer'%20--%20ScienceDaily_files/pixel HTTP/1.1" 200 43
5.9.32.222 - - [24/Apr/2020:11:36:14 -0400] "GET /depository//////////newest_tech/'Poor%20man's%20qubit'%20can%20solve%20quantum%20problems%20without%20going%20quantum_%20Researchers%20demonstrate%20the%20first%20hardware%20for%20a%20'probabilistic%20computer'%20--%20ScienceDaily_files/pixel(1) HTTP/1.1" 200 43
5.9.32.222 - - [24/Apr/2020:11:36:16 -0400] "GET /depository//////////newest_tech/'Poor%20man's%20qubit'%20can%20solve%20quantum%20problems%20without%20going%20quantum_%20Researchers%20demonstrate%20the%20first%20hardware%20for%20a%20'probabilistic%20computer'%20--%20ScienceDaily_files/pubads_impl_2019102101.js.%c1%e5%e7%20%ed%e0%e7%e2%e0%ed%e8%ff HTTP/1.1" 200 160142
5.9.32.222 - - [24/Apr/2020:11:36:20 -0400] "GET /depository//////////newest_tech/'Poor%20man's%20qubit'%20can%20solve%20quantum%20problems%20without%20going%20quantum_%20Researchers%20demonstrate%20the%20first%20hardware%20for%20a%20'probabilistic%20computer'%20--%20ScienceDaily_files/pubads_impl_rendering_2019102101.js.%c1%e5%e7%20%ed%e0%e7%e2%e0%ed%e8%ff HTTP/1.1" 200 65281
5.9.32.222 - - [24/Apr/2020:11:36:29 -0400] "GET /depository//////////newest_tech/'Poor%20man's%20qubit'%20can%20solve%20quantum%20problems%20without%20going%20quantum_%20Researchers%20demonstrate%20the%20first%20hardware%20for%20a%20'probabilistic%20computer'%20--%20ScienceDaily_files/redirect HTTP/1.1" 200 43
5.9.32.222 - - [24/Apr/2020:11:36:31 -0400] "GET /depository//////////newest_tech/'Poor%20man's%20qubit'%20can%20solve%20quantum%20problems%20without%20going%20quantum_%20Researchers%20demonstrate%20the%20first%20hardware%20for%20a%20'probabilistic%20computer'%20--%20ScienceDaily_files/saved_resource HTTP/1.1" 200 42
5.9.32.222 - - [24/Apr/2020:11:36:34 -0400] "GET /depository//////////newest_tech/'Poor%20man's%20qubit'%20can%20solve%20quantum%20problems%20without%20going%20quantum_%20Researchers%20demonstrate%20the%20first%20hardware%20for%20a%20'probabilistic%20computer'%20--%20ScienceDaily_files/social-share-kit.min.js.%c1%e5%e7%20%ed%e0%e7%e2%e0%ed%e8%ff HTTP/1.1" 200 6044
5.9.32.222 - - [24/Apr/2020:11:36:36 -0400] "GET /depository//////////newest_tech/'Poor%20man's%20qubit'%20can%20solve%20quantum%20problems%20without%20going%20quantum_%20Researchers%20demonstrate%20the%20first%20hardware%20for%20a%20'probabilistic%20computer'%20--%20ScienceDaily_files/sync HTTP/1.1" 200 170
5.9.32.222 - - [24/Apr/2020:11:36:37 -0400] "GET /depository//////////newest_tech/'Poor%20man's%20qubit'%20can%20solve%20quantum%20problems%20without%20going%20quantum_%20Researchers%20demonstrate%20the%20first%20hardware%20for%20a%20'probabilistic%20computer'%20--%20ScienceDaily_files/trendmd.min.js.%c1%e5%e7%20%ed%e0%e7%e2%e0%ed%e8%ff HTTP/1.1" 200 84934
5.9.32.222 - - [24/Apr/2020:11:36:46 -0400] "GET /depository//////////newest_tech/'Poor%20man's%20qubit'%20can%20solve%20quantum%20problems%20without%20going%20quantum_%20Researchers%20demonstrate%20the%20first%20hardware%20for%20a%20'probabilistic%20computer'%20--%20ScienceDaily_files/usersync.aspx HTTP/1.1" 200 43
5.9.32.222 - - [24/Apr/2020:11:36:49 -0400] "GET /depository//////////newest_tech/'Poor%20man's%20qubit'%20can%20solve%20quantum%20problems%20without%20going%20quantum_%20Researchers%20demonstrate%20the%20first%20hardware%20for%20a%20'probabilistic%20computer'%20--%20ScienceDaily_files/usync(1).html HTTP/1.1" 200 27311
5.9.32.222 - - [24/Apr/2020:11:36:52 -0400] "GET /depository//////////newest_tech/'Poor%20man's%20qubit'%20can%20solve%20quantum%20problems%20without%20going%20quantum_%20Researchers%20demonstrate%20the%20first%20hardware%20for%20a%20'probabilistic%20computer'%20--%20ScienceDaily_files/usync.html HTTP/1.1" 200 27325
5.9.32.222 - - [24/Apr/2020:11:36:55 -0400] "GET /depository//////////newest_tech/10TB%20SSD%20drives%20inch%20closer%20to%20reality%20%20%20ITworld_files/14347 HTTP/1.1" 200 43
5.9.32.222 - - [24/Apr/2020:11:37:15 -0400] "GET /depository//////////newest_tech/10TB%20SSD%20drives%20inch%20closer%20to%20reality%20%20%20ITworld_files/6Dg4oLkBbYq(1).html HTTP/1.1" 200 29966
171.48.108.77 - - [24/Apr/2020:11:37:24 -0400] "GET /depository/bitcoin/ HTTP/1.1" 200 3619
66.249.64.50 - - [24/Apr/2020:11:37:26 -0400] "GET /depository//rfcs/5200/rfc5259.txt HTTP/1.1" 200 63831
106.205.175.245 - - [24/Apr/2020:11:37:28 -0400] "GET /depository/ HTTP/1.1" 200 21290
5.9.32.222 - - [24/Apr/2020:11:37:35 -0400] "GET /depository//////////newest_tech/10TB%20SSD%20drives%20inch%20closer%20to%20reality%20%20%20ITworld_files/6Dg4oLkBbYq.html HTTP/1.1" 200 29859
5.9.32.222 - - [24/Apr/2020:11:37:37 -0400] "GET /depository//////////newest_tech/10TB%20SSD%20drives%20inch%20closer%20to%20reality%20%20%20ITworld_files/button3.html HTTP/1.1" 200 8527
5.9.32.222 - - [24/Apr/2020:11:37:40 -0400] "GET /depository//////////newest_tech/10TB%20SSD%20drives%20inch%20closer%20to%20reality%20%20%20ITworld_files/button_info.json HTTP/1.1" 200 124
5.9.32.222 - - [24/Apr/2020:11:37:43 -0400] "GET /depository//////////newest_tech/10TB%20SSD%20drives%20inch%20closer%20to%20reality%20%20%20ITworld_files/cb=gapi.loaded_0 HTTP/1.1" 200 114969
5.9.32.222 - - [24/Apr/2020:11:37:47 -0400] "GET /depository//////////newest_tech/10TB%20SSD%20drives%20inch%20closer%20to%20reality%20%20%20ITworld_files/cb=gapi.loaded_1 HTTP/1.1" 200 57618
46.229.168.138 - - [24/Apr/2020:11:37:51 -0400] "GET /depository/iot/9%20IoT%20global%20trends%20for%202017%20-%20TechRepublic_files/a_012.htm HTTP/1.1" 200 108
5.9.32.222 - - [24/Apr/2020:11:37:51 -0400] "GET /depository//////////newest_tech/10TB%20SSD%20drives%20inch%20closer%20to%20reality%20%20%20ITworld_files/challenge HTTP/1.1" 200 9181
5.9.32.222 - - [24/Apr/2020:11:37:53 -0400] "GET /depository//////////newest_tech/10TB%20SSD%20drives%20inch%20closer%20to%20reality%20%20%20ITworld_files/comments(1).getComments HTTP/1.1" 200 336
5.9.32.222 - - [24/Apr/2020:11:37:54 -0400] "GET /depository//////////newest_tech/10TB%20SSD%20drives%20inch%20closer%20to%20reality%20%20%20ITworld_files/comments.getComments HTTP/1.1" 200 3678
5.9.32.222 - - [24/Apr/2020:11:37:57 -0400] "GET /depository//////////newest_tech/10TB%20SSD%20drives%20inch%20closer%20to%20reality%20%20%20ITworld_files/controltag HTTP/1.1" 200 8602
171.48.108.77 - - [24/Apr/2020:11:38:00 -0400] "GET /depository/crypto/ HTTP/1.1" 200 1053
5.9.32.222 - - [24/Apr/2020:11:38:00 -0400] "GET /depository//////////newest_tech/10TB%20SSD%20drives%20inch%20closer%20to%20reality%20%20%20ITworld_files/controltag.js.cf94643484cc8654373adf5516beca11 HTTP/1.1" 200 117767
5.9.32.222 - - [24/Apr/2020:11:38:02 -0400] "GET /depository//////////newest_tech/10TB%20SSD%20drives%20inch%20closer%20to%20reality%20%20%20ITworld_files/count.json HTTP/1.1" 200 137
106.205.175.245 - - [24/Apr/2020:11:38:05 -0400] "GET /depository/dark-data/ HTTP/1.1" 200 369
95.67.163.74 - - [24/Apr/2020:11:38:08 -0400] "GET /3/optic_32.htm HTTP/1.1" 200 48761
5.9.32.222 - - [24/Apr/2020:11:38:10 -0400] "GET /depository//////////newest_tech/10TB%20SSD%20drives%20inch%20closer%20to%20reality%20%20%20ITworld_files/fastbutton.html HTTP/1.1" 200 -
5.9.32.222 - - [24/Apr/2020:11:38:12 -0400] "GET /depository//////////newest_tech/10TB%20SSD%20drives%20inch%20closer%20to%20reality%20%20%20ITworld_files/gscounters.sendReport HTTP/1.1" 200 189
5.9.32.222 - - [24/Apr/2020:11:38:14 -0400] "GET /depository//////////newest_tech/10TB%20SSD%20drives%20inch%20closer%20to%20reality%20%20%20ITworld_files/hub.5e35c44edb867aec88b804135e0a46c4(1).html HTTP/1.1" 200 19475
5.9.32.222 - - [24/Apr/2020:11:38:18 -0400] "GET /depository//////////newest_tech/10TB%20SSD%20drives%20inch%20closer%20to%20reality%20%20%20ITworld_files/hub.5e35c44edb867aec88b804135e0a46c4.html HTTP/1.1" 200 19474
5.9.32.222 - - [24/Apr/2020:11:38:20 -0400] "GET /depository//////////newest_tech/10TB%20SSD%20drives%20inch%20closer%20to%20reality%20%20%20ITworld_files/image HTTP/1.1" 200 1765
128.75.131.47 - - [24/Apr/2020:11:38:30 -0400] "GET /depository/terabit/3D%22http:/www.ciena.com/connect/blog/Ciena-to-announce-Q42012-and-ye= HTTP/1.0" 404 290
5.9.32.222 - - [24/Apr/2020:11:38:33 -0400] "GET /depository//////////newest_tech/10TB%20SSD%20drives%20inch%20closer%20to%20reality%20%20%20ITworld_files/itworld.com HTTP/1.1" 200 258
106.205.175.245 - - [24/Apr/2020:11:38:36 -0400] "GET /depository/e_commerce/ HTTP/1.1" 200 585
5.9.32.222 - - [24/Apr/2020:11:38:37 -0400] "GET /depository//////////newest_tech/10TB%20SSD%20drives%20inch%20closer%20to%20reality%20%20%20ITworld_files/postmessageRelay.html HTTP/1.1" 200 677
171.48.108.77 - - [24/Apr/2020:11:38:39 -0400] "GET /depository/education/ HTTP/1.1" 200 737
5.9.32.222 - - [24/Apr/2020:11:38:39 -0400] "GET /depository//////////newest_tech/10TB%20SSD%20drives%20inch%20closer%20to%20reality%20%20%20ITworld_files/reload HTTP/1.1" 200 341
171.48.108.77 - - [24/Apr/2020:11:38:51 -0400] "GET /depository/green_computing/ HTTP/1.1" 200 1869
80.72.225.198 - - [24/Apr/2020:11:38:52 -0400] "GET /10/ascii.htm HTTP/1.1" 200 36979
37.110.49.190 - - [24/Apr/2020:11:38:56 -0400] "GET /10/ascii.htm HTTP/1.1" 200 36979
106.205.175.245 - - [24/Apr/2020:11:38:58 -0400] "GET /depository/jobs/ HTTP/1.1" 200 429
5.9.32.222 - - [24/Apr/2020:11:39:03 -0400] "GET /depository//////////newest_tech/10TB%20SSD%20drives%20inch%20closer%20to%20reality%20%20%20ITworld_files/secureAnonymousFramework HTTP/1.1" 200 164154
5.9.32.222 - - [24/Apr/2020:11:39:14 -0400] "GET /depository//////////newest_tech/10TB%20SSD%20drives%20inch%20closer%20to%20reality%20%20%20ITworld_files/share HTTP/1.1" 200 164
106.205.175.245 - - [24/Apr/2020:11:39:15 -0400] "GET /depository/pilotless/ HTTP/1.1" 200 1675
5.9.32.222 - - [24/Apr/2020:11:39:17 -0400] "GET /depository//////////newest_tech/10TB%20SSD%20drives%20inch%20closer%20to%20reality%20%20%20ITworld_files/svrGP(1).aspx HTTP/1.1" 200 79
17.58.97.137 - - [24/Apr/2020:11:39:20 -0400] "GET /10/Apache.htm HTTP/1.1" 200 48472
5.9.32.222 - - [24/Apr/2020:11:39:21 -0400] "GET /depository//////////newest_tech/10TB%20SSD%20drives%20inch%20closer%20to%20reality%20%20%20ITworld_files/svrGP.aspx HTTP/1.1" 200 49
114.119.166.3 - - [24/Apr/2020:11:39:39 -0400] "GET /depository/security/trends/Application%20Security%20Trends%20For%202016%20_%20Research%20Blog%20_%20Indusface_files/gprofiles.js HTTP/1.1" 200 20650
5.18.171.196 - - [24/Apr/2020:11:39:57 -0400] "GET /10/ascii.htm HTTP/1.1" 200 36979
5.141.193.96 - - [24/Apr/2020:11:40:02 -0400] "GET /4/41/eth_4111.htm HTTP/1.1" 200 34903
5.9.32.222 - - [24/Apr/2020:11:40:17 -0400] "GET /depository//////////newest_tech/10TB%20SSD%20drives%20inch%20closer%20to%20reality%20%20%20ITworld_files/svrGP.html HTTP/1.1" 200 529
5.9.32.222 - - [24/Apr/2020:11:40:20 -0400] "GET /depository//////////newest_tech/10TB%20SSD%20drives%20inch%20closer%20to%20reality%20%20%20ITworld_files/tweet_button.7d9dd43d4f18b1bb51cc9d8f0997995e.en.html HTTP/1.1" 200 34966
5.9.32.222 - - [24/Apr/2020:11:40:25 -0400] "GET /depository//////////newest_tech/2015%20tech%20trends%20to%20watch%20%20Smartwatches,%20algorithms,%20'glance%20media,'%20and%20more%20-%20TechRepublic_files/42349656.htm HTTP/1.1" 200 73452
171.48.108.77 - - [24/Apr/2020:11:40:27 -0400] "GET /depository/security/ HTTP/1.1" 200 34371
5.9.32.222 - - [24/Apr/2020:11:40:28 -0400] "GET /depository//////////newest_tech/2015%20tech%20trends%20to%20watch%20%20Smartwatches,%20algorithms,%20'glance%20media,'%20and%20more%20-%20TechRepublic_files/ajax HTTP/1.1" 200 247
5.9.32.222 - - [24/Apr/2020:11:40:31 -0400] "GET /depository//////////newest_tech/2015%20tech%20trends%20to%20watch%20%20Smartwatches,%20algorithms,%20'glance%20media,'%20and%20more%20-%20TechRepublic_files/container.htm HTTP/1.1" 200 4018
5.9.32.222 - - [24/Apr/2020:11:40:33 -0400] "GET /depository//////////newest_tech/2015%20tech%20trends%20to%20watch%20%20Smartwatches,%20algorithms,%20'glance%20media,'%20and%20more%20-%20TechRepublic_files/dest4.htm HTTP/1.1" 200 8645
171.48.108.77 - - [24/Apr/2020:11:40:35 -0400] "GET /depository/trends/ HTTP/1.1" 200 4377
5.9.32.222 - - [24/Apr/2020:11:40:36 -0400] "GET /depository//////////newest_tech/2015%20tech%20trends%20to%20watch%20%20Smartwatches,%20algorithms,%20'glance%20media,'%20and%20more%20-%20TechRepublic_files/event HTTP/1.1" 200 2307
5.181.209.15 - - [24/Apr/2020:11:40:37 -0400] "GET /10/keys.htm HTTP/1.1" 200 14304
5.9.32.222 - - [24/Apr/2020:11:40:38 -0400] "GET /depository//////////newest_tech/2015%20tech%20trends%20to%20watch%20%20Smartwatches,%20algorithms,%20'glance%20media,'%20and%20more%20-%20TechRepublic_files/id HTTP/1.1" 200 157
217.12.73.40 - - [24/Apr/2020:11:40:40 -0400] "GET /1/intro1.htm HTTP/1.1" 200 77738
106.205.175.245 - - [24/Apr/2020:11:40:42 -0400] "GET /depository/weapon/ HTTP/1.1" 200 1065
217.12.73.40 - - [24/Apr/2020:11:40:45 -0400] "GET /3/optic_32.htm HTTP/1.1" 200 48761
46.118.126.39 - - [24/Apr/2020:11:40:46 -0400] "GET /4/45/html4562.htm HTTP/1.0" 200 431918
46.118.126.39 - - [24/Apr/2020:11:40:49 -0400] "GET /4/45/90% HTTP/1.0" 400 226
106.205.175.245 - - [24/Apr/2020:11:40:49 -0400] "GET /1/intro1.htm HTTP/1.1" 200 77738
79.110.130.179 - - [24/Apr/2020:11:40:52 -0400] "GET /4/45/modl4517.htm HTTP/1.1" 200 31204
158.101.196.14 - - [24/Apr/2020:11:40:54 -0400] "GET /cgi-bin/luci HTTP/1.1" 404 210
158.101.196.14 - - [24/Apr/2020:11:40:54 -0400] "GET /dana-na/auth/url_default/welcome.cgi HTTP/1.1" 404 234
158.101.196.14 - - [24/Apr/2020:11:40:54 -0400] "GET / HTTP/1.1" 200 4805
158.101.196.14 - - [24/Apr/2020:11:40:54 -0400] "GET /htmlV/welcomeMain.htm HTTP/1.1" 404 219
158.101.196.14 - - [24/Apr/2020:11:40:54 -0400] "GET /remote/login?lang=en HTTP/1.1" 404 210
158.101.196.14 - - [24/Apr/2020:11:40:54 -0400] "GET /index.asp HTTP/1.1" 404 207
5.9.32.222 - - [24/Apr/2020:11:41:00 -0400] "GET /depository//////////newest_tech/2015%20tech%20trends%20to%20watch%20%20Smartwatches,%20algorithms,%20'glance%20media,'%20and%20more%20-%20TechRepublic_files/id(1) HTTP/1.1" 200 155
5.9.32.222 - - [24/Apr/2020:11:41:03 -0400] "GET /depository//////////newest_tech/2015%20tech%20trends%20to%20watch%20%20Smartwatches,%20algorithms,%20'glance%20media,'%20and%20more%20-%20TechRepublic_files/id(2) HTTP/1.1" 200 156
176.193.194.140 - - [24/Apr/2020:11:41:03 -0400] "GET /3/optic_32.htm HTTP/1.1" 200 48761
5.9.32.222 - - [24/Apr/2020:11:41:05 -0400] "GET /depository//////////newest_tech/2015%20tech%20trends%20to%20watch%20%20Smartwatches,%20algorithms,%20'glance%20media,'%20and%20more%20-%20TechRepublic_files/profile.json HTTP/1.1" 200 40
5.9.32.222 - - [24/Apr/2020:11:41:07 -0400] "GET /depository//////////newest_tech/2015%20tech%20trends%20to%20watch%20%20Smartwatches,%20algorithms,%20'glance%20media,'%20and%20more%20-%20TechRepublic_files/yad-iframe.73d42ba.htm HTTP/1.1" 200 -
213.180.203.118 - - [24/Apr/2020:11:41:08 -0400] "GET /10/keys.htm HTTP/1.1" 200 14304
46.229.168.161 - - [24/Apr/2020:11:41:11 -0400] "GET /depository/cyberwar/Report%20suggests%20that%20U.S.%20helped%20create%20super%20cyber%20weapon%20%20%20ZDNet_files/event HTTP/1.1" 200 2643
