5.9.32.222 - - [24/Apr/2020:21:07:05 -0400] "GET /depository//////////open_flow/HP%20switches%20fortify%20campus%20SDNs%20_%20Computerworld_files/postmessageRelay_002.htm HTTP/1.1" 200 577
192.99.160.200 - - [24/Apr/2020:21:07:05 -0400] "GET /depository/cyberwar/The%20future%20of%20cyberwar%20%20%E2%80%8BWeaponised%20ransomware,%20IoT%20attacks%20and%20a%20new%20arms%20race%20-%20TechRepublic_files/a_data_017/a_data_002/?C=S;O=D HTTP/1.1" 200 822
5.9.32.222 - - [24/Apr/2020:21:07:09 -0400] "GET /depository//////////open_flow/HP%20switches%20fortify%20campus%20SDNs%20_%20Computerworld_files/postmessageRelay_data/ HTTP/1.1" 200 570
5.9.32.222 - - [24/Apr/2020:21:07:11 -0400] "GET /depository//////////open_flow/HP%20switches%20fortify%20campus%20SDNs%20_%20Computerworld_files/postmessageRelay_data_002/ HTTP/1.1" 200 642
178.90.14.202 - - [24/Apr/2020:21:07:15 -0400] "GET /2/24/sound_24.htm HTTP/1.1" 200 18875
140.238.19.197 - - [24/Apr/2020:21:07:15 -0400] "GET /depository/i2p/specs%20%96%20I2P.mht HTTP/1.1" 200 224992
5.9.32.222 - - [24/Apr/2020:21:07:16 -0400] "GET /depository//////////open_flow/HP%20switches%20fortify%20campus%20SDNs%20_%20Computerworld_files/reload HTTP/1.1" 200 341
192.99.160.200 - - [24/Apr/2020:21:07:16 -0400] "GET /depository/cyberwar/The%20future%20of%20cyberwar%20%20%E2%80%8BWeaponised%20ransomware,%20IoT%20attacks%20and%20a%20new%20arms%20race%20-%20TechRepublic_files/a_data_017/a_data_003/?C=D;O=A HTTP/1.1" 200 738
5.9.32.222 - - [24/Apr/2020:21:07:18 -0400] "GET /depository//////////open_flow/HP%20switches%20fortify%20campus%20SDNs%20_%20Computerworld_files/saved_resource.xhtml HTTP/1.1" 200 26804
5.9.32.222 - - [24/Apr/2020:21:07:21 -0400] "GET /depository//////////open_flow/HP%20switches%20fortify%20campus%20SDNs%20_%20Computerworld_files/saved_resource_002.xhtml HTTP/1.1" 200 26804
213.180.203.118 - - [24/Apr/2020:21:07:28 -0400] "GET /depository/cyberwar/Inside_secret_digital_arms_race_Facing_threat_of_global_cyberwar.mht HTTP/1.1" 200 1769673
185.245.85.57 - - [24/Apr/2020:21:07:29 -0400] "GET /6/bl_ice.htm HTTP/1.0" 200 131531
167.86.70.217 - - [24/Apr/2020:21:07:30 -0400] "GET /depository/cyberwar/Cyberweapons%20are%20now%20in%20play_%20From%20US%20sabotage%20of%20a%20North%20Korean%20missile%20test%20to%20hacked%20emergency%20sirens%20in%20Dallas%20-%20TechRepublic_files/redir HTTP/1.1" 200 43
192.99.160.200 - - [24/Apr/2020:21:07:33 -0400] "GET /depository/cyberwar/The%20future%20of%20cyberwar%20%20%E2%80%8BWeaponised%20ransomware,%20IoT%20attacks%20and%20a%20new%20arms%20race%20-%20TechRepublic_files/a_data_017/a_data_003/?C=D;O=D HTTP/1.1" 200 738
167.86.70.217 - - [24/Apr/2020:21:07:41 -0400] "GET /depository/cyberwar/Cyberweapons%20are%20now%20in%20play_%20From%20US%20sabotage%20of%20a%20North%20Korean%20missile%20test%20to%20hacked%20emergency%20sirens%20in%20Dallas%20-%20TechRepublic_files/redir(1) HTTP/1.1" 200 43
5.9.32.222 - - [24/Apr/2020:21:07:41 -0400] "GET /depository//////////open_flow/HP%20switches%20fortify%20campus%20SDNs%20_%20Computerworld_files/saved_resource_data/ HTTP/1.1" 200 566
192.99.160.200 - - [24/Apr/2020:21:07:45 -0400] "GET /depository/cyberwar/The%20future%20of%20cyberwar%20%20%E2%80%8BWeaponised%20ransomware,%20IoT%20attacks%20and%20a%20new%20arms%20race%20-%20TechRepublic_files/a_data_017/a_data_003/jload HTTP/1.1" 200 11147
192.99.160.200 - - [24/Apr/2020:21:07:50 -0400] "GET /depository/cyberwar/The%20future%20of%20cyberwar%20%20%E2%80%8BWeaponised%20ransomware,%20IoT%20attacks%20and%20a%20new%20arms%20race%20-%20TechRepublic_files/a_data_017/a_data_005/IPCheck.txt HTTP/1.1" 200 -
167.86.70.217 - - [24/Apr/2020:21:08:00 -0400] "GET /depository/cyberwar/Cyberweapons%20are%20now%20in%20play_%20From%20US%20sabotage%20of%20a%20North%20Korean%20missile%20test%20to%20hacked%20emergency%20sirens%20in%20Dallas%20-%20TechRepublic_files/redir(2) HTTP/1.1" 200 43
192.99.160.200 - - [24/Apr/2020:21:08:01 -0400] "GET /depository/cyberwar/The%20future%20of%20cyberwar%20%20%E2%80%8BWeaponised%20ransomware,%20IoT%20attacks%20and%20a%20new%20arms%20race%20-%20TechRepublic_files/a_data_017/a_data_005/IPCheck_data/ HTTP/1.1" 200 751
5.9.32.222 - - [24/Apr/2020:21:08:10 -0400] "GET /depository//////////open_flow/HP%20switches%20fortify%20campus%20SDNs%20_%20Computerworld_files/sso.htm HTTP/1.1" 200 11212
213.180.203.118 - - [24/Apr/2020:21:08:11 -0400] "GET /2/24/sound_24.htm HTTP/1.1" 200 18875
167.86.70.217 - - [24/Apr/2020:21:08:11 -0400] "GET /depository/cyberwar/Cyberweapons%20are%20now%20in%20play_%20From%20US%20sabotage%20of%20a%20North%20Korean%20missile%20test%20to%20hacked%20emergency%20sirens%20in%20Dallas%20-%20TechRepublic_files/redir(3) HTTP/1.1" 200 43
192.99.160.200 - - [24/Apr/2020:21:08:16 -0400] "GET /depository/cyberwar/The%20future%20of%20cyberwar%20%20%E2%80%8BWeaponised%20ransomware,%20IoT%20attacks%20and%20a%20new%20arms%20race%20-%20TechRepublic_files/a_data_018/a_data/ HTTP/1.1" 200 698
84.237.53.78 - - [24/Apr/2020:21:08:20 -0400] "GET /10/ascii.htm HTTP/1.1" 200 36979
167.86.70.217 - - [24/Apr/2020:21:08:24 -0400] "GET /depository/cyberwar/Cyberweapons%20are%20now%20in%20play_%20From%20US%20sabotage%20of%20a%20North%20Korean%20missile%20test%20to%20hacked%20emergency%20sirens%20in%20Dallas%20-%20TechRepublic_files/redir(4) HTTP/1.1" 200 43
91.224.69.166 - - [24/Apr/2020:21:08:27 -0400] "GET /4/41/pon.htm HTTP/1.1" 200 52444
5.9.32.222 - - [24/Apr/2020:21:08:28 -0400] "GET /depository//////////open_flow/HP%20switches%20fortify%20campus%20SDNs%20_%20Computerworld_files/svrGP.htm HTTP/1.1" 200 531
192.99.160.200 - - [24/Apr/2020:21:08:29 -0400] "GET /depository/cyberwar/The%20future%20of%20cyberwar%20%20%E2%80%8BWeaponised%20ransomware,%20IoT%20attacks%20and%20a%20new%20arms%20race%20-%20TechRepublic_files/a_data_018/a_data_002/ HTTP/1.1" 200 706
95.31.12.218 - - [24/Apr/2020:21:08:33 -0400] "GET /4/44/rtc_4493.htm HTTP/1.1" 200 66012
167.86.70.217 - - [24/Apr/2020:21:08:38 -0400] "GET /depository/cyberwar/Cyberweapons%20are%20now%20in%20play_%20From%20US%20sabotage%20of%20a%20North%20Korean%20missile%20test%20to%20hacked%20emergency%20sirens%20in%20Dallas%20-%20TechRepublic_files/saved_resource HTTP/1.1" 200 37599
192.99.160.200 - - [24/Apr/2020:21:08:42 -0400] "GET /depository/cyberwar/The%20future%20of%20cyberwar%20%20%E2%80%8BWeaponised%20ransomware,%20IoT%20attacks%20and%20a%20new%20arms%20race%20-%20TechRepublic_files/a_data_019/ HTTP/1.1" 200 673
80.88.55.203 - - [24/Apr/2020:21:08:42 -0400] "GET /4/41/pon.htm HTTP/1.1" 200 52444
167.86.70.217 - - [24/Apr/2020:21:08:47 -0400] "GET /depository/cyberwar/Cyberweapons%20are%20now%20in%20play_%20From%20US%20sabotage%20of%20a%20North%20Korean%20missile%20test%20to%20hacked%20emergency%20sirens%20in%20Dallas%20-%20TechRepublic_files/saved_resource(1).html HTTP/1.1" 200 647
192.99.160.200 - - [24/Apr/2020:21:08:51 -0400] "GET /depository/cyberwar/The%20future%20of%20cyberwar%20%20%E2%80%8BWeaponised%20ransomware,%20IoT%20attacks%20and%20a%20new%20arms%20race%20-%20TechRepublic_files/a_data_020/a_data/a_data/zrt_lookup.htm HTTP/1.1" 200 16228
192.99.160.200 - - [24/Apr/2020:21:09:01 -0400] "GET /depository/cyberwar/The%20future%20of%20cyberwar%20%20%E2%80%8BWeaponised%20ransomware,%20IoT%20attacks%20and%20a%20new%20arms%20race%20-%20TechRepublic_files/a_data_020/jstag HTTP/1.1" 200 63968
167.86.70.217 - - [24/Apr/2020:21:09:06 -0400] "GET /depository/cyberwar/Cyberweapons%20are%20now%20in%20play_%20From%20US%20sabotage%20of%20a%20North%20Korean%20missile%20test%20to%20hacked%20emergency%20sirens%20in%20Dallas%20-%20TechRepublic_files/saved_resource(10).html HTTP/1.1" 200 149
5.188.210.87 - - [24/Apr/2020:21:09:12 -0400] "GET /4/7/ HTTP/1.0" 200 6406
213.180.203.118 - - [24/Apr/2020:21:09:16 -0400] "GET /depository/rfcs/1400/RFC1492.TXT HTTP/1.1" 200 43058
192.99.160.200 - - [24/Apr/2020:21:09:18 -0400] "GET /depository/cyberwar/The%20future%20of%20cyberwar%20%20%E2%80%8BWeaponised%20ransomware,%20IoT%20attacks%20and%20a%20new%20arms%20race%20-%20TechRepublic_files/a_data_020/pd.htm HTTP/1.1" 200 323
207.46.13.74 - - [24/Apr/2020:21:09:19 -0400] "GET /4/43/?C=N;O=A HTTP/1.1" 200 4602
167.86.70.217 - - [24/Apr/2020:21:09:21 -0400] "GET /depository/cyberwar/Cyberweapons%20are%20now%20in%20play_%20From%20US%20sabotage%20of%20a%20North%20Korean%20missile%20test%20to%20hacked%20emergency%20sirens%20in%20Dallas%20-%20TechRepublic_files/saved_resource(2).html HTTP/1.1" 200 8062
91.204.114.25 - - [24/Apr/2020:21:09:26 -0400] "GET /10/keys.htm HTTP/1.1" 200 14304
192.99.160.200 - - [24/Apr/2020:21:09:29 -0400] "GET /depository/cyberwar/The%20future%20of%20cyberwar%20%20%E2%80%8BWeaponised%20ransomware,%20IoT%20attacks%20and%20a%20new%20arms%20race%20-%20TechRepublic_files/a_data_020/pd_002.htm HTTP/1.1" 200 142
95.26.194.226 - - [24/Apr/2020:21:09:32 -0400] "GET /10/ascii.htm HTTP/1.1" 200 36979
167.86.70.217 - - [24/Apr/2020:21:09:33 -0400] "GET /depository/cyberwar/Cyberweapons%20are%20now%20in%20play_%20From%20US%20sabotage%20of%20a%20North%20Korean%20missile%20test%20to%20hacked%20emergency%20sirens%20in%20Dallas%20-%20TechRepublic_files/saved_resource(3).html HTTP/1.1" 200 8131
213.180.203.118 - - [24/Apr/2020:21:09:37 -0400] "GET /4/41/pon.htm HTTP/1.1" 200 52444
192.99.160.200 - - [24/Apr/2020:21:09:42 -0400] "GET /depository/cyberwar/The%20future%20of%20cyberwar%20%20%E2%80%8BWeaponised%20ransomware,%20IoT%20attacks%20and%20a%20new%20arms%20race%20-%20TechRepublic_files/a_data_020/pd_data/ HTTP/1.1" 200 896
5.9.32.222 - - [24/Apr/2020:21:09:45 -0400] "GET /depository//////////open_flow/HP%20switches%20fortify%20campus%20SDNs%20_%20Computerworld_files/svrGP_002.aspx HTTP/1.1" 200 79
167.86.70.217 - - [24/Apr/2020:21:09:49 -0400] "GET /depository/cyberwar/Cyberweapons%20are%20now%20in%20play_%20From%20US%20sabotage%20of%20a%20North%20Korean%20missile%20test%20to%20hacked%20emergency%20sirens%20in%20Dallas%20-%20TechRepublic_files/saved_resource(4).html HTTP/1.1" 200 7635
213.180.203.118 - - [24/Apr/2020:21:09:49 -0400] "GET /depository/rfcs/1400/RFC1498.TXT HTTP/1.1" 200 25260
46.229.168.150 - - [24/Apr/2020:21:09:51 -0400] "GET /4/6/set_66.htm HTTP/1.1" 200 459112
192.99.160.200 - - [24/Apr/2020:21:09:59 -0400] "GET /depository/cyberwar/The%20future%20of%20cyberwar%20%20%E2%80%8BWeaponised%20ransomware,%20IoT%20attacks%20and%20a%20new%20arms%20race%20-%20TechRepublic_files/a_data_020/pd_data/19cb1bfc173dcb98ccec.htm HTTP/1.1" 200 219
167.86.70.217 - - [24/Apr/2020:21:10:01 -0400] "GET /depository/cyberwar/Cyberweapons%20are%20now%20in%20play_%20From%20US%20sabotage%20of%20a%20North%20Korean%20missile%20test%20to%20hacked%20emergency%20sirens%20in%20Dallas%20-%20TechRepublic_files/saved_resource(5).html HTTP/1.1" 200 183
192.99.160.200 - - [24/Apr/2020:21:10:06 -0400] "GET /depository/cyberwar/The%20future%20of%20cyberwar%20%20%E2%80%8BWeaponised%20ransomware,%20IoT%20attacks%20and%20a%20new%20arms%20race%20-%20TechRepublic_files/a_data_020/pd_data/cm.htm HTTP/1.1" 200 705
167.86.70.217 - - [24/Apr/2020:21:10:12 -0400] "GET /depository/cyberwar/Cyberweapons%20are%20now%20in%20play_%20From%20US%20sabotage%20of%20a%20North%20Korean%20missile%20test%20to%20hacked%20emergency%20sirens%20in%20Dallas%20-%20TechRepublic_files/saved_resource(6).html HTTP/1.1" 200 7646
82.40.120.130 - - [24/Apr/2020:21:10:16 -0400] "GET /depository/iot/ HTTP/1.1" 200 15075
192.99.160.200 - - [24/Apr/2020:21:10:18 -0400] "GET /depository/cyberwar/The%20future%20of%20cyberwar%20%20%E2%80%8BWeaponised%20ransomware,%20IoT%20attacks%20and%20a%20new%20arms%20race%20-%20TechRepublic_files/a_data_020/pd_data/cm_002.htm HTTP/1.1" 200 717
167.86.70.217 - - [24/Apr/2020:21:10:20 -0400] "GET /depository/cyberwar/Cyberweapons%20are%20now%20in%20play_%20From%20US%20sabotage%20of%20a%20North%20Korean%20missile%20test%20to%20hacked%20emergency%20sirens%20in%20Dallas%20-%20TechRepublic_files/saved_resource(7).html HTTP/1.1" 200 7629
192.99.160.200 - - [24/Apr/2020:21:10:26 -0400] "GET /depository/cyberwar/The%20future%20of%20cyberwar%20%20%E2%80%8BWeaponised%20ransomware,%20IoT%20attacks%20and%20a%20new%20arms%20race%20-%20TechRepublic_files/a_data_020/pd_data/cs.htm HTTP/1.1" 200 700
167.86.70.217 - - [24/Apr/2020:21:10:30 -0400] "GET /depository/cyberwar/Cyberweapons%20are%20now%20in%20play_%20From%20US%20sabotage%20of%20a%20North%20Korean%20missile%20test%20to%20hacked%20emergency%20sirens%20in%20Dallas%20-%20TechRepublic_files/saved_resource(8).html HTTP/1.1" 200 7661
5.9.32.222 - - [24/Apr/2020:21:10:33 -0400] "GET /depository//////////open_flow/HP%20switches%20fortify%20campus%20SDNs%20_%20Computerworld_files/tweet_button.htm HTTP/1.1" 200 108
167.86.70.217 - - [24/Apr/2020:21:10:36 -0400] "GET /depository/cyberwar/Cyberweapons%20are%20now%20in%20play_%20From%20US%20sabotage%20of%20a%20North%20Korean%20missile%20test%20to%20hacked%20emergency%20sirens%20in%20Dallas%20-%20TechRepublic_files/saved_resource(9).html HTTP/1.1" 200 7633
192.99.160.200 - - [24/Apr/2020:21:10:37 -0400] "GET /depository/cyberwar/The%20future%20of%20cyberwar%20%20%E2%80%8BWeaponised%20ransomware,%20IoT%20attacks%20and%20a%20new%20arms%20race%20-%20TechRepublic_files/a_data_021/ HTTP/1.1" 200 709
213.180.203.118 - - [24/Apr/2020:21:10:40 -0400] "GET /depository/big_data/asus/DrvResource/Io/AsIO64.sys HTTP/1.1" 200 13440
192.99.160.200 - - [24/Apr/2020:21:10:46 -0400] "GET /depository/cyberwar/The%20future%20of%20cyberwar%20%20%E2%80%8BWeaponised%20ransomware,%20IoT%20attacks%20and%20a%20new%20arms%20race%20-%20TechRepublic_files/a_data_023/ HTTP/1.1" 200 693
213.180.203.118 - - [24/Apr/2020:21:10:47 -0400] "GET /depository/open_flow/Where_do_SDNs_fit_in_the_data_center.mht HTTP/1.1" 200 2438548
192.99.160.200 - - [24/Apr/2020:21:10:51 -0400] "GET /depository/cyberwar/The%20future%20of%20cyberwar%20%20%E2%80%8BWeaponised%20ransomware,%20IoT%20attacks%20and%20a%20new%20arms%20race%20-%20TechRepublic_files/authorize HTTP/1.1" 200 1593
167.86.70.217 - - [24/Apr/2020:21:10:52 -0400] "GET /depository/cyberwar/Cyberweapons%20are%20now%20in%20play_%20From%20US%20sabotage%20of%20a%20North%20Korean%20missile%20test%20to%20hacked%20emergency%20sirens%20in%20Dallas%20-%20TechRepublic_files/saved_resource.html HTTP/1.1" 200 421
192.99.160.200 - - [24/Apr/2020:21:10:59 -0400] "GET /depository/cyberwar/The%20future%20of%20cyberwar%20%20%E2%80%8BWeaponised%20ransomware,%20IoT%20attacks%20and%20a%20new%20arms%20race%20-%20TechRepublic_files/bridge3.htm HTTP/1.1" 200 489282
39.98.124.123 - - [24/Apr/2020:21:11:01 -0400] "GET /data/admin/allowurl.txt HTTP/1.1" 404 221
167.86.70.217 - - [24/Apr/2020:21:11:03 -0400] "GET /depository/cyberwar/DARPA%20sees%20IoT%20and%20A.I.%20as%20weapons%20to%20dominate%20wars%20_%20Computerworld_files/darpa-sees-iot-and-ai-as-weapons-to-dominate-wars_data_005/?C=M;O=D HTTP/1.1" 200 664
213.180.203.118 - - [24/Apr/2020:21:11:18 -0400] "GET /4/7/resources.htm HTTP/1.1" 200 157575
167.86.70.217 - - [24/Apr/2020:21:11:19 -0400] "GET /depository/cyberwar/DARPA%20sees%20IoT%20and%20A.I.%20as%20weapons%20to%20dominate%20wars%20_%20Computerworld_files/darpa-sees-iot-and-ai-as-weapons-to-dominate-wars_data_005/?C=N;O=D HTTP/1.1" 200 664
192.99.160.200 - - [24/Apr/2020:21:11:21 -0400] "GET /depository/cyberwar/The%20future%20of%20cyberwar%20%20%E2%80%8BWeaponised%20ransomware,%20IoT%20attacks%20and%20a%20new%20arms%20race%20-%20TechRepublic_files/container.htm HTTP/1.1" 200 15948
192.99.160.200 - - [24/Apr/2020:21:11:39 -0400] "GET /depository/cyberwar/The%20future%20of%20cyberwar%20%20%E2%80%8BWeaponised%20ransomware,%20IoT%20attacks%20and%20a%20new%20arms%20race%20-%20TechRepublic_files/container_data/ HTTP/1.1" 200 81146
192.99.160.200 - - [24/Apr/2020:21:11:54 -0400] "GET /depository/cyberwar/The%20future%20of%20cyberwar%20%20%E2%80%8BWeaponised%20ransomware,%20IoT%20attacks%20and%20a%20new%20arms%20race%20-%20TechRepublic_files/container_data_002/ HTTP/1.1" 200 701
192.99.160.200 - - [24/Apr/2020:21:12:06 -0400] "GET /depository/cyberwar/The%20future%20of%20cyberwar%20%20%E2%80%8BWeaponised%20ransomware,%20IoT%20attacks%20and%20a%20new%20arms%20race%20-%20TechRepublic_files/container_data_002/?C=D;O=A HTTP/1.1" 200 701
192.99.160.200 - - [24/Apr/2020:21:12:13 -0400] "GET /depository/cyberwar/The%20future%20of%20cyberwar%20%20%E2%80%8BWeaponised%20ransomware,%20IoT%20attacks%20and%20a%20new%20arms%20race%20-%20TechRepublic_files/container_data_002/?C=M;O=A HTTP/1.1" 200 701
192.99.160.200 - - [24/Apr/2020:21:12:22 -0400] "GET /depository/cyberwar/The%20future%20of%20cyberwar%20%20%E2%80%8BWeaponised%20ransomware,%20IoT%20attacks%20and%20a%20new%20arms%20race%20-%20TechRepublic_files/container_data_002/?C=M;O=D HTTP/1.1" 200 701
192.99.160.200 - - [24/Apr/2020:21:12:30 -0400] "GET /depository/cyberwar/The%20future%20of%20cyberwar%20%20%E2%80%8BWeaponised%20ransomware,%20IoT%20attacks%20and%20a%20new%20arms%20race%20-%20TechRepublic_files/container_data_002/?C=N;O=A HTTP/1.1" 200 701
136.243.95.186 - - [24/Apr/2020:21:12:36 -0400] "GET /6/defence.htm HTTP/1.1" 200 193079
46.47.194.54 - - [24/Apr/2020:21:12:45 -0400] "GET /depository/newest_tech/From%20self-assembling%20furniture%20to%20curving%20racing%20car%20wings,%20seven%20GIFs%20that%20show%20the%20future%20of%204D%20printing%20-%20TechRepublic_files/5VS23-BHL36-JUED4-78U6Z-ZT97H HTTP/1.1" 200 65318
192.99.160.200 - - [24/Apr/2020:21:12:48 -0400] "GET /depository/cyberwar/The%20future%20of%20cyberwar%20%20%E2%80%8BWeaponised%20ransomware,%20IoT%20attacks%20and%20a%20new%20arms%20race%20-%20TechRepublic_files/container_data_002/?C=N;O=D HTTP/1.1" 200 701
192.99.160.200 - - [24/Apr/2020:21:13:01 -0400] "GET /depository/cyberwar/The%20future%20of%20cyberwar%20%20%E2%80%8BWeaponised%20ransomware,%20IoT%20attacks%20and%20a%20new%20arms%20race%20-%20TechRepublic_files/container_data_002/?C=S;O=A HTTP/1.1" 200 701
46.47.194.54 - - [24/Apr/2020:21:13:01 -0400] "GET /1/intro1.htm HTTP/1.1" 200 77738
5.9.32.222 - - [24/Apr/2020:21:13:08 -0400] "GET /depository//////////open_flow/Incremental%20SDN%20%20Automating%20network%20device%20configuration%20%20%20ITworld_files/14347 HTTP/1.1" 200 43
192.99.160.200 - - [24/Apr/2020:21:13:10 -0400] "GET /depository/cyberwar/The%20future%20of%20cyberwar%20%20%E2%80%8BWeaponised%20ransomware,%20IoT%20attacks%20and%20a%20new%20arms%20race%20-%20TechRepublic_files/container_data_002/?C=S;O=D HTTP/1.1" 200 701
5.9.32.222 - - [24/Apr/2020:21:13:10 -0400] "GET /depository//////////open_flow/Incremental%20SDN%20%20Automating%20network%20device%20configuration%20%20%20ITworld_files/7r8gQb8MIqE(1).htm HTTP/1.1" 200 27707
192.99.160.200 - - [24/Apr/2020:21:13:21 -0400] "GET /depository/cyberwar/The%20future%20of%20cyberwar%20%20%E2%80%8BWeaponised%20ransomware,%20IoT%20attacks%20and%20a%20new%20arms%20race%20-%20TechRepublic_files/container_data_002/cookie_push.htm HTTP/1.1" 200 1265
192.99.160.200 - - [24/Apr/2020:21:13:27 -0400] "GET /depository/cyberwar/The%20future%20of%20cyberwar%20%20%E2%80%8BWeaponised%20ransomware,%20IoT%20attacks%20and%20a%20new%20arms%20race%20-%20TechRepublic_files/container_data_003/ HTTP/1.1" 200 863
192.99.160.200 - - [24/Apr/2020:21:13:35 -0400] "GET /depository/cyberwar/The%20future%20of%20cyberwar%20%20%E2%80%8BWeaponised%20ransomware,%20IoT%20attacks%20and%20a%20new%20arms%20race%20-%20TechRepublic_files/container_data_003/?C=D;O=A HTTP/1.1" 200 863
213.180.203.118 - - [24/Apr/2020:21:13:42 -0400] "GET /depository/open_flow/SDN%20in%202014%20%20A%20year%20of%20non-stop%20action%20%20%20ITworld_files/template.htm HTTP/1.1" 200 175
192.99.160.200 - - [24/Apr/2020:21:13:50 -0400] "GET /depository/cyberwar/The%20future%20of%20cyberwar%20%20%E2%80%8BWeaponised%20ransomware,%20IoT%20attacks%20and%20a%20new%20arms%20race%20-%20TechRepublic_files/container_data_003/?C=D;O=D HTTP/1.1" 200 863
5.9.32.222 - - [24/Apr/2020:21:14:01 -0400] "GET /depository//////////open_flow/Incremental%20SDN%20%20Automating%20network%20device%20configuration%20%20%20ITworld_files/7r8gQb8MIqE.htm HTTP/1.1" 200 27709
192.99.160.200 - - [24/Apr/2020:21:14:02 -0400] "GET /depository/cyberwar/The%20future%20of%20cyberwar%20%20%E2%80%8BWeaponised%20ransomware,%20IoT%20attacks%20and%20a%20new%20arms%20race%20-%20TechRepublic_files/container_data_003/?C=M;O=A HTTP/1.1" 200 863
192.99.160.200 - - [24/Apr/2020:21:14:07 -0400] "GET /depository/cyberwar/The%20future%20of%20cyberwar%20%20%E2%80%8BWeaponised%20ransomware,%20IoT%20attacks%20and%20a%20new%20arms%20race%20-%20TechRepublic_files/container_data_003/?C=M;O=D HTTP/1.1" 200 863
46.229.168.147 - - [24/Apr/2020:21:14:14 -0400] "GET /depository/super_comp/Supercomputing%20is%20becoming%20super-efficient,%20Top500%20list%20shows%20_%20ITworld_files/beacon.htm HTTP/1.1" 200 2689
192.99.160.200 - - [24/Apr/2020:21:14:19 -0400] "GET /depository/cyberwar/The%20future%20of%20cyberwar%20%20%E2%80%8BWeaponised%20ransomware,%20IoT%20attacks%20and%20a%20new%20arms%20race%20-%20TechRepublic_files/container_data_003/?C=N;O=A HTTP/1.1" 200 863
192.99.160.200 - - [24/Apr/2020:21:14:25 -0400] "GET /depository/cyberwar/The%20future%20of%20cyberwar%20%20%E2%80%8BWeaponised%20ransomware,%20IoT%20attacks%20and%20a%20new%20arms%20race%20-%20TechRepublic_files/container_data_003/?C=N;O=D HTTP/1.1" 200 863
46.229.168.131 - - [24/Apr/2020:21:14:29 -0400] "GET /depository/UC/Unified%20Communications%20Done%20Right.htm HTTP/1.1" 200 16532
66.249.64.54 - - [24/Apr/2020:21:14:31 -0400] "GET /content/data_base/DB_Karpova.htm HTTP/1.1" 304 -
5.9.32.222 - - [24/Apr/2020:21:14:32 -0400] "GET /depository//////////open_flow/Incremental%20SDN%20%20Automating%20network%20device%20configuration%20%20%20ITworld_files/button3.htm HTTP/1.1" 200 8680
192.99.160.200 - - [24/Apr/2020:21:14:34 -0400] "GET /depository/cyberwar/The%20future%20of%20cyberwar%20%20%E2%80%8BWeaponised%20ransomware,%20IoT%20attacks%20and%20a%20new%20arms%20race%20-%20TechRepublic_files/container_data_003/?C=S;O=A HTTP/1.1" 200 863
77.243.106.181 - - [24/Apr/2020:21:14:37 -0400] "GET /10/ascii.htm HTTP/1.1" 200 36979
5.9.32.222 - - [24/Apr/2020:21:14:41 -0400] "GET /depository//////////open_flow/Incremental%20SDN%20%20Automating%20network%20device%20configuration%20%20%20ITworld_files/button_info.json HTTP/1.1" 200 124
192.99.160.200 - - [24/Apr/2020:21:14:42 -0400] "GET /depository/cyberwar/The%20future%20of%20cyberwar%20%20%E2%80%8BWeaponised%20ransomware,%20IoT%20attacks%20and%20a%20new%20arms%20race%20-%20TechRepublic_files/container_data_003/?C=S;O=D HTTP/1.1" 200 863
5.9.32.222 - - [24/Apr/2020:21:14:43 -0400] "GET /depository//////////open_flow/Incremental%20SDN%20%20Automating%20network%20device%20configuration%20%20%20ITworld_files/cb=gapi.loaded_0 HTTP/1.1" 200 113171
5.9.32.222 - - [24/Apr/2020:21:14:45 -0400] "GET /depository//////////open_flow/Incremental%20SDN%20%20Automating%20network%20device%20configuration%20%20%20ITworld_files/cb=gapi.loaded_1 HTTP/1.1" 200 59482
5.9.32.222 - - [24/Apr/2020:21:14:48 -0400] "GET /depository//////////open_flow/Incremental%20SDN%20%20Automating%20network%20device%20configuration%20%20%20ITworld_files/challenge HTTP/1.1" 200 9080
5.9.32.222 - - [24/Apr/2020:21:14:52 -0400] "GET /depository//////////open_flow/Incremental%20SDN%20%20Automating%20network%20device%20configuration%20%20%20ITworld_files/controltag HTTP/1.1" 200 7536
66.249.64.50 - - [24/Apr/2020:21:14:54 -0400] "GET /depository//rfcs/6200/rfc6244.txt HTTP/1.1" 200 63276
5.9.32.222 - - [24/Apr/2020:21:14:54 -0400] "GET /depository//////////open_flow/Incremental%20SDN%20%20Automating%20network%20device%20configuration%20%20%20ITworld_files/controltag.js.f99670595ccd46c65a517672ea749179 HTTP/1.1" 200 101482
5.9.32.222 - - [24/Apr/2020:21:14:56 -0400] "GET /depository//////////open_flow/Incremental%20SDN%20%20Automating%20network%20device%20configuration%20%20%20ITworld_files/count.json HTTP/1.1" 200 164
213.180.203.118 - - [24/Apr/2020:21:14:59 -0400] "GET /depository/rfcs/2600/rfc2657.txt HTTP/1.1" 200 19926
5.9.32.222 - - [24/Apr/2020:21:15:00 -0400] "GET /depository//////////open_flow/Incremental%20SDN%20%20Automating%20network%20device%20configuration%20%20%20ITworld_files/fastbutton.htm HTTP/1.1" 200 33207
45.222.48.254 - - [24/Apr/2020:21:15:02 -0400] "GET /depository/power_consumption/energy_logic_for_telecom_white_paper.pdf HTTP/1.1" 206 344296
41.66.220.88 - - [24/Apr/2020:21:15:02 -0400] "GET /depository/power_consumption/energy_logic_for_telecom_white_paper.pdf HTTP/1.1" 206 1403132
45.222.48.254 - - [24/Apr/2020:21:15:02 -0400] "GET /depository/power_consumption/energy_logic_for_telecom_white_paper.pdf HTTP/1.1" 200 1663232
41.66.220.88 - - [24/Apr/2020:21:15:02 -0400] "GET /depository/power_consumption/energy_logic_for_telecom_white_paper.pdf HTTP/1.1" 206 688591
45.222.48.254 - - [24/Apr/2020:21:15:03 -0400] "GET /depository/power_consumption/energy_logic_for_telecom_white_paper.pdf HTTP/1.1" 206 157612
41.66.220.88 - - [24/Apr/2020:21:15:03 -0400] "GET /depository/power_consumption/energy_logic_for_telecom_white_paper.pdf HTTP/1.1" 206 471247
41.66.220.88 - - [24/Apr/2020:21:15:03 -0400] "GET /depository/power_consumption/energy_logic_for_telecom_white_paper.pdf HTTP/1.1" 206 157713
45.222.48.254 - - [24/Apr/2020:21:15:03 -0400] "GET /depository/power_consumption/energy_logic_for_telecom_white_paper.pdf HTTP/1.1" 206 315159
41.66.220.88 - - [24/Apr/2020:21:15:03 -0400] "GET /depository/power_consumption/energy_logic_for_telecom_white_paper.pdf HTTP/1.1" 206 127116
5.9.32.222 - - [24/Apr/2020:21:15:04 -0400] "GET /depository//////////open_flow/Incremental%20SDN%20%20Automating%20network%20device%20configuration%20%20%20ITworld_files/hub.fe4e93d64f1afc988e99833088f71057(1).htm HTTP/1.1" 200 21672
192.99.160.200 - - [24/Apr/2020:21:15:08 -0400] "GET /depository/cyberwar/The%20future%20of%20cyberwar%20%20%E2%80%8BWeaponised%20ransomware,%20IoT%20attacks%20and%20a%20new%20arms%20race%20-%20TechRepublic_files/dest5.htm HTTP/1.1" 200 7350
192.99.160.200 - - [24/Apr/2020:21:15:16 -0400] "GET /depository/cyberwar/The%20future%20of%20cyberwar%20%20%E2%80%8BWeaponised%20ransomware,%20IoT%20attacks%20and%20a%20new%20arms%20race%20-%20TechRepublic_files/dest5_002.htm HTTP/1.1" 200 7350
5.9.32.222 - - [24/Apr/2020:21:15:19 -0400] "GET /depository//////////open_flow/Incremental%20SDN%20%20Automating%20network%20device%20configuration%20%20%20ITworld_files/hub.fe4e93d64f1afc988e99833088f71057.htm HTTP/1.1" 200 21671
5.9.32.222 - - [24/Apr/2020:21:15:22 -0400] "GET /depository//////////open_flow/Incremental%20SDN%20%20Automating%20network%20device%20configuration%20%20%20ITworld_files/image HTTP/1.1" 200 3644
5.9.32.222 - - [24/Apr/2020:21:15:25 -0400] "GET /depository//////////open_flow/Incremental%20SDN%20%20Automating%20network%20device%20configuration%20%20%20ITworld_files/ip.json HTTP/1.1" 200 552
5.9.32.222 - - [24/Apr/2020:21:15:28 -0400] "GET /depository//////////open_flow/Incremental%20SDN%20%20Automating%20network%20device%20configuration%20%20%20ITworld_files/like.htm HTTP/1.1" 200 20453
213.180.203.118 - - [24/Apr/2020:21:15:29 -0400] "GET /depository/security/DoS/DDoS_toolkits_boost_attacks_in_first_quarter_of_2014.mht HTTP/1.1" 200 2049542
5.9.32.222 - - [24/Apr/2020:21:15:30 -0400] "GET /depository//////////open_flow/Incremental%20SDN%20%20Automating%20network%20device%20configuration%20%20%20ITworld_files/optout_check HTTP/1.1" 200 90
5.9.32.222 - - [24/Apr/2020:21:15:34 -0400] "GET /depository//////////open_flow/Incremental%20SDN%20%20Automating%20network%20device%20configuration%20%20%20ITworld_files/ping.htm HTTP/1.1" 200 2424
192.99.160.200 - - [24/Apr/2020:21:15:35 -0400] "GET /depository/cyberwar/The%20future%20of%20cyberwar%20%20%E2%80%8BWeaponised%20ransomware,%20IoT%20attacks%20and%20a%20new%20arms%20race%20-%20TechRepublic_files/ff8d88b HTTP/1.1" 200 30639
5.9.32.222 - - [24/Apr/2020:21:15:37 -0400] "GET /depository//////////open_flow/Incremental%20SDN%20%20Automating%20network%20device%20configuration%20%20%20ITworld_files/postmessageRelay.htm HTTP/1.1" 200 676
5.9.32.222 - - [24/Apr/2020:21:15:40 -0400] "GET /depository//////////open_flow/Incremental%20SDN%20%20Automating%20network%20device%20configuration%20%20%20ITworld_files/secureAnonymousFramework HTTP/1.1" 200 164588
5.9.32.222 - - [24/Apr/2020:21:15:42 -0400] "GET /depository//////////open_flow/Incremental%20SDN%20%20Automating%20network%20device%20configuration%20%20%20ITworld_files/sso.htm HTTP/1.1" 200 10477
5.9.32.222 - - [24/Apr/2020:21:15:47 -0400] "GET /depository//////////open_flow/Incremental%20SDN%20%20Automating%20network%20device%20configuration%20%20%20ITworld_files/svrGP(1).aspx HTTP/1.1" 200 79
192.99.160.200 - - [24/Apr/2020:21:15:48 -0400] "GET /depository/cyberwar/The%20future%20of%20cyberwar%20%20%E2%80%8BWeaponised%20ransomware,%20IoT%20attacks%20and%20a%20new%20arms%20race%20-%20TechRepublic_files/iframe_data/ HTTP/1.1" 200 709
213.180.203.118 - - [24/Apr/2020:21:15:49 -0400] "GET /depository/security/antimalware/Is%20antivirus%20getting%20worse%20%20ITworld_files/gplus.svg HTTP/1.1" 200 879
5.9.32.222 - - [24/Apr/2020:21:15:54 -0400] "GET /depository//////////open_flow/Incremental%20SDN%20%20Automating%20network%20device%20configuration%20%20%20ITworld_files/svrGP.aspx HTTP/1.1" 200 49
192.99.160.200 - - [24/Apr/2020:21:15:55 -0400] "GET /depository/cyberwar/The%20future%20of%20cyberwar%20%20%E2%80%8BWeaponised%20ransomware,%20IoT%20attacks%20and%20a%20new%20arms%20race%20-%20TechRepublic_files/iframe_data/?C=M;O=A HTTP/1.1" 200 709
5.9.32.222 - - [24/Apr/2020:21:16:00 -0400] "GET /depository//////////open_flow/Incremental%20SDN%20%20Automating%20network%20device%20configuration%20%20%20ITworld_files/template.htm HTTP/1.1" 200 175
192.99.160.200 - - [24/Apr/2020:21:16:02 -0400] "GET /depository/cyberwar/The%20future%20of%20cyberwar%20%20%E2%80%8BWeaponised%20ransomware,%20IoT%20attacks%20and%20a%20new%20arms%20race%20-%20TechRepublic_files/iframe_data/?C=M;O=D HTTP/1.1" 200 709
5.9.32.222 - - [24/Apr/2020:21:16:03 -0400] "GET /depository//////////open_flow/Incremental%20SDN%20%20Automating%20network%20device%20configuration%20%20%20ITworld_files/tweet_button.c27d2d163408c0fe087fbfe1c687ce2b.en.htm HTTP/1.1" 200 45368
5.9.32.222 - - [24/Apr/2020:21:16:05 -0400] "GET /depository//////////open_flow/3D%22http://www.computerworld.com/s/article/9236641/Intel_invests_in_S= HTTP/1.1" 404 302
5.9.32.222 - - [24/Apr/2020:21:16:08 -0400] "GET /depository//////////open_flow/3D%22https://www.opennetworking.org/index.php%22 HTTP/1.1" 404 282
192.99.160.200 - - [24/Apr/2020:21:16:13 -0400] "GET /depository/cyberwar/The%20future%20of%20cyberwar%20%20%E2%80%8BWeaponised%20ransomware,%20IoT%20attacks%20and%20a%20new%20arms%20race%20-%20TechRepublic_files/iframe_data/?C=N;O=A HTTP/1.1" 200 709
5.9.32.222 - - [24/Apr/2020:21:16:17 -0400] "GET /depository//////////open_flow/3D%22https://www.opennetworking.org/blog%22 HTTP/1.1" 404 277
5.9.32.222 - - [24/Apr/2020:21:16:19 -0400] "GET /depository//////////open_flow/3D%22https://www.opennetworking.org/japanese/about%22 HTTP/1.1" 404 287
5.9.32.222 - - [24/Apr/2020:21:16:23 -0400] "GET /depository//////////open_flow/3D%22https://www.opennetworking.org/%22 HTTP/1.1" 404 273
213.180.203.118 - - [24/Apr/2020:21:16:24 -0400] "GET /depository/v2v/Feds%20want%20cars%20to%20talk%20to%20each%20other%20to%20avoid%20crashes%20_%20ITworld_files/linkedin.svg HTTP/1.1" 200 786
192.99.160.200 - - [24/Apr/2020:21:16:27 -0400] "GET /depository/cyberwar/The%20future%20of%20cyberwar%20%20%E2%80%8BWeaponised%20ransomware,%20IoT%20attacks%20and%20a%20new%20arms%20race%20-%20TechRepublic_files/iframe_data/?C=N;O=D HTTP/1.1" 200 709
5.9.32.222 - - [24/Apr/2020:21:16:32 -0400] "GET /depository//////////open_flow/3D%22https://www.opennetworking.org/standards/intro-to-openflow%22 HTTP/1.1" 404 300
5.9.32.222 - - [24/Apr/2020:21:16:34 -0400] "GET /depository//////////open_flow/It's%20time%20for%20a%20software-defined%20networking%20architecture_files/1068cf12f6 HTTP/1.1" 200 25
5.9.32.222 - - [24/Apr/2020:21:16:37 -0400] "GET /depository//////////open_flow/It's%20time%20for%20a%20software-defined%20networking%20architecture_files/container.html HTTP/1.1" 200 43
5.9.32.222 - - [24/Apr/2020:21:16:41 -0400] "GET /depository//////////open_flow/It's%20time%20for%20a%20software-defined%20networking%20architecture_files/getuid HTTP/1.1" 200 43
95.153.129.155 - - [24/Apr/2020:21:16:41 -0400] "GET /10/ascii.htm HTTP/1.1" 200 36979
192.99.160.200 - - [24/Apr/2020:21:16:41 -0400] "GET /depository/cyberwar/The%20future%20of%20cyberwar%20%20%E2%80%8BWeaponised%20ransomware,%20IoT%20attacks%20and%20a%20new%20arms%20race%20-%20TechRepublic_files/iframe_data/?C=S;O=A HTTP/1.1" 200 709
5.9.32.222 - - [24/Apr/2020:21:16:43 -0400] "GET /depository//////////open_flow/It's%20time%20for%20a%20software-defined%20networking%20architecture_files/pixel.php HTTP/1.1" 200 473091
5.9.32.222 - - [24/Apr/2020:21:16:48 -0400] "GET /depository//////////open_flow/It's%20time%20for%20a%20software-defined%20networking%20architecture_files/saved_resource HTTP/1.1" 200 43
5.9.32.222 - - [24/Apr/2020:21:16:50 -0400] "GET /depository//////////open_flow/It's%20time%20for%20a%20software-defined%20networking%20architecture_files/saved_resource(1) HTTP/1.1" 200 85
5.9.32.222 - - [24/Apr/2020:21:16:53 -0400] "GET /depository//////////open_flow/It's%20time%20for%20a%20software-defined%20networking%20architecture_files/saved_resource(2) HTTP/1.1" 200 85
192.99.160.200 - - [24/Apr/2020:21:16:55 -0400] "GET /depository/cyberwar/The%20future%20of%20cyberwar%20%20%E2%80%8BWeaponised%20ransomware,%20IoT%20attacks%20and%20a%20new%20arms%20race%20-%20TechRepublic_files/ls_data/ HTTP/1.1" 200 677
5.9.32.222 - - [24/Apr/2020:21:16:56 -0400] "GET /depository//////////open_flow/It's%20time%20for%20a%20software-defined%20networking%20architecture_files/saved_resource(3) HTTP/1.1" 200 85
5.9.32.222 - - [24/Apr/2020:21:17:01 -0400] "GET /depository//////////open_flow/It's%20time%20for%20a%20software-defined%20networking%20architecture_files/saved_resource(4) HTTP/1.1" 200 43
5.9.32.222 - - [24/Apr/2020:21:17:03 -0400] "GET /depository//////////open_flow/It's%20time%20for%20a%20software-defined%20networking%20architecture_files/seg HTTP/1.1" 200 43
192.99.160.200 - - [24/Apr/2020:21:17:04 -0400] "GET /depository/cyberwar/The%20future%20of%20cyberwar%20%20%E2%80%8BWeaponised%20ransomware,%20IoT%20attacks%20and%20a%20new%20arms%20race%20-%20TechRepublic_files/rtifr_data/ HTTP/1.1" 200 1401
5.9.32.222 - - [24/Apr/2020:21:17:05 -0400] "GET /depository//////////open_flow/OpenFlow%20-%20Enabling%20Innovation%20in%20Your%20Network.files/brand HTTP/1.1" 200 2504
5.9.32.222 - - [24/Apr/2020:21:17:07 -0400] "GET /depository//////////open_flow/OpenFlow%20SDN%20protocol%20flaw%20affects%20all%20versions,%20could%20lead%20to%20DoS%20attack%20-%20TechRepublic_files/Asset.php HTTP/1.1" 200 59347
5.9.32.222 - - [24/Apr/2020:21:17:09 -0400] "GET /depository//////////open_flow/OpenFlow%20SDN%20protocol%20flaw%20affects%20all%20versions,%20could%20lead%20to%20DoS%20attack%20-%20TechRepublic_files/BannerServer.htm HTTP/1.1" 200 8201
5.9.32.222 - - [24/Apr/2020:21:17:12 -0400] "GET /depository//////////open_flow/OpenFlow%20SDN%20protocol%20flaw%20affects%20all%20versions,%20could%20lead%20to%20DoS%20attack%20-%20TechRepublic_files/a HTTP/1.1" 200 50621
83.149.46.155 - - [24/Apr/2020:21:17:22 -0400] "GET /4/41/pon.htm HTTP/1.1" 200 52444
95.104.227.70 - - [24/Apr/2020:21:17:24 -0400] "GET /4/45/radius1.htm HTTP/1.1" 200 90355
192.99.160.200 - - [24/Apr/2020:21:17:25 -0400] "GET /depository/cyberwar/The%20future%20of%20cyberwar%20%20%E2%80%8BWeaponised%20ransomware,%20IoT%20attacks%20and%20a%20new%20arms%20race%20-%20TechRepublic_files/v2_002 HTTP/1.1" 200 601
5.9.32.222 - - [24/Apr/2020:21:17:30 -0400] "GET /depository//////////open_flow/OpenFlow%20SDN%20protocol%20flaw%20affects%20all%20versions,%20could%20lead%20to%20DoS%20attack%20-%20TechRepublic_files/a.htm HTTP/1.1" 200 249
192.99.160.200 - - [24/Apr/2020:21:17:36 -0400] "GET /depository/cyberwar/What%20is%20a%20zero-day%20exploit%20%20A%20powerful%20but%20fragile%20weapon%20_%20ITworld_files/?C=N;O=D HTTP/1.1" 200 6568
192.99.160.200 - - [24/Apr/2020:21:17:47 -0400] "GET /depository/cyberwar/What%20is%20a%20zero-day%20exploit%20%20A%20powerful%20but%20fragile%20weapon%20_%20ITworld_files/a.htm HTTP/1.1" 200 107
5.19.1.7 - - [24/Apr/2020:21:17:56 -0400] "GET /4/44/tcp_443.htm HTTP/1.1" 200 61723
192.99.160.200 - - [24/Apr/2020:21:17:57 -0400] "GET /depository/cyberwar/What%20is%20a%20zero-day%20exploit%20%20A%20powerful%20but%20fragile%20weapon%20_%20ITworld_files/a_002.htm HTTP/1.1" 200 107
213.170.105.102 - - [24/Apr/2020:21:18:05 -0400] "GET /10/ascii.htm HTTP/1.1" 200 36979
192.99.160.200 - - [24/Apr/2020:21:18:06 -0400] "GET /depository/cyberwar/What%20is%20a%20zero-day%20exploit%20%20A%20powerful%20but%20fragile%20weapon%20_%20ITworld_files/adsct HTTP/1.1" 200 31
192.99.160.200 - - [24/Apr/2020:21:18:13 -0400] "GET /depository/cyberwar/What%20is%20a%20zero-day%20exploit%20%20A%20powerful%20but%20fragile%20weapon%20_%20ITworld_files/adsct_002 HTTP/1.1" 200 31
192.99.160.200 - - [24/Apr/2020:21:18:23 -0400] "GET /depository/cyberwar/What%20is%20a%20zero-day%20exploit%20%20A%20powerful%20but%20fragile%20weapon%20_%20ITworld_files/anchor_data/ HTTP/1.1" 200 650
157.55.39.139 - - [24/Apr/2020:21:18:30 -0400] "GET /2/25/pic_25.htm HTTP/1.1" 200 65472
192.99.160.200 - - [24/Apr/2020:21:18:34 -0400] "GET /depository/cyberwar/What%20is%20a%20zero-day%20exploit%20%20A%20powerful%20but%20fragile%20weapon%20_%20ITworld_files/anchor_data/?C=D;O=D HTTP/1.1" 200 650
176.59.146.25 - - [24/Apr/2020:21:18:41 -0400] "GET /10/ascii.htm HTTP/1.1" 200 36979
192.99.160.200 - - [24/Apr/2020:21:18:43 -0400] "GET /depository/cyberwar/What%20is%20a%20zero-day%20exploit%20%20A%20powerful%20but%20fragile%20weapon%20_%20ITworld_files/anchor_data/?C=M;O=A HTTP/1.1" 200 650
192.99.160.200 - - [24/Apr/2020:21:18:58 -0400] "GET /depository/cyberwar/What%20is%20a%20zero-day%20exploit%20%20A%20powerful%20but%20fragile%20weapon%20_%20ITworld_files/anchor_data/?C=M;O=D HTTP/1.1" 200 650
5.9.32.222 - - [24/Apr/2020:21:19:02 -0400] "GET /depository//////////open_flow/OpenFlow%20SDN%20protocol%20flaw%20affects%20all%20versions,%20could%20lead%20to%20DoS%20attack%20-%20TechRepublic_files/a328981956.htm HTTP/1.1" 200 1489
5.9.32.222 - - [24/Apr/2020:21:19:04 -0400] "GET /depository//////////open_flow/OpenFlow%20SDN%20protocol%20flaw%20affects%20all%20versions,%20could%20lead%20to%20DoS%20attack%20-%20TechRepublic_files/a_002.htm HTTP/1.1" 200 242
192.99.160.200 - - [24/Apr/2020:21:19:13 -0400] "GET /depository/cyberwar/What%20is%20a%20zero-day%20exploit%20%20A%20powerful%20but%20fragile%20weapon%20_%20ITworld_files/anchor_data/?C=N;O=A HTTP/1.1" 200 650
5.9.32.222 - - [24/Apr/2020:21:19:17 -0400] "GET /depository//////////open_flow/OpenFlow%20SDN%20protocol%20flaw%20affects%20all%20versions,%20could%20lead%20to%20DoS%20attack%20-%20TechRepublic_files/a_003.htm HTTP/1.1" 200 308
213.180.203.118 - - [24/Apr/2020:21:19:20 -0400] "GET /depository/rfcs/900/rfc903.txt HTTP/1.1" 200 9572
5.9.32.222 - - [24/Apr/2020:21:19:20 -0400] "GET /depository//////////open_flow/OpenFlow%20SDN%20protocol%20flaw%20affects%20all%20versions,%20could%20lead%20to%20DoS%20attack%20-%20TechRepublic_files/a_004.htm HTTP/1.1" 200 316
5.9.32.222 - - [24/Apr/2020:21:19:24 -0400] "GET /depository//////////open_flow/OpenFlow%20SDN%20protocol%20flaw%20affects%20all%20versions,%20could%20lead%20to%20DoS%20attack%20-%20TechRepublic_files/a_005.htm HTTP/1.1" 200 316
192.99.160.200 - - [24/Apr/2020:21:19:26 -0400] "GET /depository/cyberwar/What%20is%20a%20zero-day%20exploit%20%20A%20powerful%20but%20fragile%20weapon%20_%20ITworld_files/anchor_data/?C=N;O=D HTTP/1.1" 200 650
5.9.32.222 - - [24/Apr/2020:21:19:26 -0400] "GET /depository//////////open_flow/OpenFlow%20SDN%20protocol%20flaw%20affects%20all%20versions,%20could%20lead%20to%20DoS%20attack%20-%20TechRepublic_files/a_006.htm HTTP/1.1" 200 316
5.9.32.222 - - [24/Apr/2020:21:19:31 -0400] "GET /depository//////////open_flow/OpenFlow%20SDN%20protocol%20flaw%20affects%20all%20versions,%20could%20lead%20to%20DoS%20attack%20-%20TechRepublic_files/a_007.htm HTTP/1.1" 200 1416
5.9.32.222 - - [24/Apr/2020:21:19:34 -0400] "GET /depository//////////open_flow/OpenFlow%20SDN%20protocol%20flaw%20affects%20all%20versions,%20could%20lead%20to%20DoS%20attack%20-%20TechRepublic_files/a_008.htm HTTP/1.1" 200 441
213.180.203.118 - - [24/Apr/2020:21:19:35 -0400] "GET /depository/russia/IDG%20Connect%20%96%20Can%20the%20Internet%20Help%20Curb%20Corruption%20in%20Russia%20.htm HTTP/1.1" 200 122460
5.9.32.222 - - [24/Apr/2020:21:19:36 -0400] "GET /depository//////////open_flow/OpenFlow%20SDN%20protocol%20flaw%20affects%20all%20versions,%20could%20lead%20to%20DoS%20attack%20-%20TechRepublic_files/a_009.htm HTTP/1.1" 200 15356
5.9.32.222 - - [24/Apr/2020:21:19:39 -0400] "GET /depository//////////open_flow/OpenFlow%20SDN%20protocol%20flaw%20affects%20all%20versions,%20could%20lead%20to%20DoS%20attack%20-%20TechRepublic_files/a_010.htm HTTP/1.1" 200 1684
5.9.32.222 - - [24/Apr/2020:21:19:41 -0400] "GET /depository//////////open_flow/OpenFlow%20SDN%20protocol%20flaw%20affects%20all%20versions,%20could%20lead%20to%20DoS%20attack%20-%20TechRepublic_files/a_011.htm HTTP/1.1" 200 15448
5.9.32.222 - - [24/Apr/2020:21:19:43 -0400] "GET /depository//////////open_flow/OpenFlow%20SDN%20protocol%20flaw%20affects%20all%20versions,%20could%20lead%20to%20DoS%20attack%20-%20TechRepublic_files/a_012.htm HTTP/1.1" 200 12545
192.99.160.200 - - [24/Apr/2020:21:19:45 -0400] "GET /depository/cyberwar/What%20is%20a%20zero-day%20exploit%20%20A%20powerful%20but%20fragile%20weapon%20_%20ITworld_files/auction_003 HTTP/1.1" 200 19
95.142.196.17 - - [24/Apr/2020:21:19:46 -0400] "GET /10/ascii.htm HTTP/1.1" 206 36979
195.211.23.209 - - [24/Apr/2020:21:19:46 -0400] "GET /10/ascii.htm HTTP/1.1" 200 36979
192.99.160.200 - - [24/Apr/2020:21:20:01 -0400] "GET /depository/cyberwar/What%20is%20a%20zero-day%20exploit%20%20A%20powerful%20but%20fragile%20weapon%20_%20ITworld_files/bframe_data/ HTTP/1.1" 200 628
5.9.32.222 - - [24/Apr/2020:21:20:03 -0400] "GET /depository//////////open_flow/OpenFlow%20SDN%20protocol%20flaw%20affects%20all%20versions,%20could%20lead%20to%20DoS%20attack%20-%20TechRepublic_files/a_013.htm HTTP/1.1" 200 14634
5.9.32.222 - - [24/Apr/2020:21:20:06 -0400] "GET /depository//////////open_flow/OpenFlow%20SDN%20protocol%20flaw%20affects%20all%20versions,%20could%20lead%20to%20DoS%20attack%20-%20TechRepublic_files/a_014.htm HTTP/1.1" 200 19990
192.99.160.200 - - [24/Apr/2020:21:20:10 -0400] "GET /depository/cyberwar/What%20is%20a%20zero-day%20exploit%20%20A%20powerful%20but%20fragile%20weapon%20_%20ITworld_files/bframe_data/?C=D;O=A HTTP/1.1" 200 628
5.9.32.222 - - [24/Apr/2020:21:20:13 -0400] "GET /depository//////////open_flow/OpenFlow%20SDN%20protocol%20flaw%20affects%20all%20versions,%20could%20lead%20to%20DoS%20attack%20-%20TechRepublic_files/a_015.htm HTTP/1.1" 200 355
5.9.32.222 - - [24/Apr/2020:21:20:24 -0400] "GET /depository//////////open_flow/OpenFlow%20SDN%20protocol%20flaw%20affects%20all%20versions,%20could%20lead%20to%20DoS%20attack%20-%20TechRepublic_files/a_016.htm HTTP/1.1" 200 355
5.9.32.222 - - [24/Apr/2020:21:20:27 -0400] "GET /depository//////////open_flow/OpenFlow%20SDN%20protocol%20flaw%20affects%20all%20versions,%20could%20lead%20to%20DoS%20attack%20-%20TechRepublic_files/a_017.htm HTTP/1.1" 200 15358
5.9.32.222 - - [24/Apr/2020:21:20:30 -0400] "GET /depository//////////open_flow/OpenFlow%20SDN%20protocol%20flaw%20affects%20all%20versions,%20could%20lead%20to%20DoS%20attack%20-%20TechRepublic_files/a_018.htm HTTP/1.1" 200 43136
213.180.203.118 - - [24/Apr/2020:21:20:31 -0400] "GET /depository/i2p/Index%20to%20Technical%20Documentation%20-%20I2P.mht HTTP/1.1" 200 52140
213.180.203.118 - - [24/Apr/2020:21:20:33 -0400] "GET /10/symantec/2015/smart_watch HTTP/1.1" 200 13012
192.99.160.200 - - [24/Apr/2020:21:20:33 -0400] "GET /depository/cyberwar/What%20is%20a%20zero-day%20exploit%20%20A%20powerful%20but%20fragile%20weapon%20_%20ITworld_files/portal.htm HTTP/1.1" 200 1474
5.9.32.222 - - [24/Apr/2020:21:20:34 -0400] "GET /depository//////////open_flow/OpenFlow%20SDN%20protocol%20flaw%20affects%20all%20versions,%20could%20lead%20to%20DoS%20attack%20-%20TechRepublic_files/a_019.htm HTTP/1.1" 200 28064
5.9.32.222 - - [24/Apr/2020:21:20:36 -0400] "GET /depository//////////open_flow/OpenFlow%20SDN%20protocol%20flaw%20affects%20all%20versions,%20could%20lead%20to%20DoS%20attack%20-%20TechRepublic_files/a_020.htm HTTP/1.1" 200 43256
5.9.32.222 - - [24/Apr/2020:21:20:39 -0400] "GET /depository//////////open_flow/OpenFlow%20SDN%20protocol%20flaw%20affects%20all%20versions,%20could%20lead%20to%20DoS%20attack%20-%20TechRepublic_files/a_021.htm HTTP/1.1" 200 15365
5.9.32.222 - - [24/Apr/2020:21:20:42 -0400] "GET /depository//////////open_flow/OpenFlow%20SDN%20protocol%20flaw%20affects%20all%20versions,%20could%20lead%20to%20DoS%20attack%20-%20TechRepublic_files/a_022.htm HTTP/1.1" 200 44294
5.9.32.222 - - [24/Apr/2020:21:20:44 -0400] "GET /depository//////////open_flow/OpenFlow%20SDN%20protocol%20flaw%20affects%20all%20versions,%20could%20lead%20to%20DoS%20attack%20-%20TechRepublic_files/a_023.htm HTTP/1.1" 200 108
5.9.32.222 - - [24/Apr/2020:21:20:46 -0400] "GET /depository//////////open_flow/OpenFlow%20SDN%20protocol%20flaw%20affects%20all%20versions,%20could%20lead%20to%20DoS%20attack%20-%20TechRepublic_files/a_024.htm HTTP/1.1" 200 467
192.99.160.200 - - [24/Apr/2020:21:20:46 -0400] "GET /depository/security/surveys/Kaspersky%20Security%20Bulletin%202014.%20%D0%9E%D1%81%D0%BD%D0%BE%D0%B2%D0%BD%D0%B0%D1%8F%20%D1%81%D1%82%D0%B0%D1%82%D0%B8%D1%81%D1%82%D0%B8%D0%BA%D0%B0%20%D0%B7%D0%B0%202014%20%D0%B3%D0%BE%D0%B4%20-%20Securelist%20-%20%D0%92%D1%81%D1%91%20%D0%BE%D0%B1%20%D0%B8%D0%BD%D1%82%D0%B5%D1%80%D0%BD%D0%B5%D1%82-%D0%B1%D0%B5%D0%B7%D0%BE%D0%BF%D0%B0%D1%81%D0%BD%D0%BE%D1%81%D1%82%D0%B8_files/3ZtjI72YnwE.htm HTTP/1.1" 404 405
192.99.160.200 - - [24/Apr/2020:21:20:55 -0400] "GET /depository/security/surveys/Kaspersky%20Security%20Bulletin%202014.%20%D0%9E%D1%81%D0%BD%D0%BE%D0%B2%D0%BD%D0%B0%D1%8F%20%D1%81%D1%82%D0%B0%D1%82%D0%B8%D1%81%D1%82%D0%B8%D0%BA%D0%B0%20%D0%B7%D0%B0%202014%20%D0%B3%D0%BE%D0%B4%20-%20Securelist%20-%20%D0%92%D1%81%D1%91%20%D0%BE%D0%B1%20%D0%B8%D0%BD%D1%82%D0%B5%D1%80%D0%BD%D0%B5%D1%82-%D0%B1%D0%B5%D0%B7%D0%BE%D0%BF%D0%B0%D1%81%D0%BD%D0%BE%D1%81%D1%82%D0%B8_files/7r8gQb8MIqE.htm HTTP/1.1" 404 405
192.99.160.200 - - [24/Apr/2020:21:21:07 -0400] "GET /depository/security/surveys/Kaspersky%20Security%20Bulletin%202014.%20%D0%9E%D1%81%D0%BD%D0%BE%D0%B2%D0%BD%D0%B0%D1%8F%20%D1%81%D1%82%D0%B0%D1%82%D0%B8%D1%81%D1%82%D0%B8%D0%BA%D0%B0%20%D0%B7%D0%B0%202014%20%D0%B3%D0%BE%D0%B4%20-%20Securelist%20-%20%D0%92%D1%81%D1%91%20%D0%BE%D0%B1%20%D0%B8%D0%BD%D1%82%D0%B5%D1%80%D0%BD%D0%B5%D1%82-%D0%B1%D0%B5%D0%B7%D0%BE%D0%BF%D0%B0%D1%81%D0%BD%D0%BE%D1%81%D1%82%D0%B8_files/fastbutton.htm HTTP/1.1" 404 404
5.9.32.222 - - [24/Apr/2020:21:21:10 -0400] "GET /depository//////////open_flow/OpenFlow%20SDN%20protocol%20flaw%20affects%20all%20versions,%20could%20lead%20to%20DoS%20attack%20-%20TechRepublic_files/a_025.htm HTTP/1.1" 200 108
192.99.160.200 - - [24/Apr/2020:21:21:14 -0400] "GET /depository/security/surveys/Kaspersky%20Security%20Bulletin%202014.%20%D0%9E%D1%81%D0%BD%D0%BE%D0%B2%D0%BD%D0%B0%D1%8F%20%D1%81%D1%82%D0%B0%D1%82%D0%B8%D1%81%D1%82%D0%B8%D0%BA%D0%B0%20%D0%B7%D0%B0%202014%20%D0%B3%D0%BE%D0%B4%20-%20Securelist%20-%20%D0%92%D1%81%D1%91%20%D0%BE%D0%B1%20%D0%B8%D0%BD%D1%82%D0%B5%D1%80%D0%BD%D0%B5%D1%82-%D0%B1%D0%B5%D0%B7%D0%BE%D0%BF%D0%B0%D1%81%D0%BD%D0%BE%D1%81%D1%82%D0%B8_files/ping.htm HTTP/1.1" 404 398
46.229.168.139 - - [24/Apr/2020:21:21:16 -0400] "GET /depository/newest_tech/2015%20tech%20trends%20to%20watch%20%20Smartwatches,%20algorithms,%20'glance%20media,'%20and%20more%20-%20TechRepublic_files/yad-iframe.73d42ba.htm HTTP/1.1" 200 -
192.99.160.200 - - [24/Apr/2020:21:21:21 -0400] "GET /depository/security/surveys/Kaspersky%20Security%20Bulletin%202014.%20%D0%9E%D1%81%D0%BD%D0%BE%D0%B2%D0%BD%D0%B0%D1%8F%20%D1%81%D1%82%D0%B0%D1%82%D0%B8%D1%81%D1%82%D0%B8%D0%BA%D0%B0%20%D0%B7%D0%B0%202014%20%D0%B3%D0%BE%D0%B4%20-%20Securelist%20-%20%D0%92%D1%81%D1%91%20%D0%BE%D0%B1%20%D0%B8%D0%BD%D1%82%D0%B5%D1%80%D0%BD%D0%B5%D1%82-%D0%B1%D0%B5%D0%B7%D0%BE%D0%BF%D0%B0%D1%81%D0%BD%D0%BE%D1%81%D1%82%D0%B8_files/share_button.htm HTTP/1.1" 404 406
37.187.78.50 - - [24/Apr/2020:21:21:38 -0400] "GET /depository////////IT_busines/Relocating_IT_professionals_flock_to_UK_says_recruitment_firm.mht HTTP/1.1" 200 1017183
213.180.203.118 - - [24/Apr/2020:21:21:41 -0400] "GET /depository/forecasts/By_2014_Internet_will_be_death_of_us_all_Cringely.mht HTTP/1.1" 200 805103
5.9.32.222 - - [24/Apr/2020:21:21:44 -0400] "GET /depository//////////open_flow/OpenFlow%20SDN%20protocol%20flaw%20affects%20all%20versions,%20could%20lead%20to%20DoS%20attack%20-%20TechRepublic_files/a_026.htm HTTP/1.1" 200 108
5.9.32.222 - - [24/Apr/2020:21:21:48 -0400] "GET /depository//////////open_flow/OpenFlow%20SDN%20protocol%20flaw%20affects%20all%20versions,%20could%20lead%20to%20DoS%20attack%20-%20TechRepublic_files/a_027.htm HTTP/1.1" 200 1496
109.108.89.75 - - [24/Apr/2020:21:21:56 -0400] "GET /4/4/mime.htm HTTP/1.1" 200 218948
213.180.203.118 - - [24/Apr/2020:21:21:58 -0400] "GET /depository/ipv6/IPv6%20deployment%20guide%20_%20Network%20World_files/ipv6-deployment-guide.htm HTTP/1.1" 200 329
5.9.32.222 - - [24/Apr/2020:21:22:12 -0400] "GET /depository//////////open_flow/OpenFlow%20SDN%20protocol%20flaw%20affects%20all%20versions,%20could%20lead%20to%20DoS%20attack%20-%20TechRepublic_files/a_data/ HTTP/1.1" 200 745
