5.9.32.222 - - [24/Apr/2020:07:32:55 -0400] "GET /depository//////////i2p/3D%22http://www.i2p2.de/udp.html%22 HTTP/1.1" 404 263
5.9.32.222 - - [24/Apr/2020:07:32:58 -0400] "GET /depository//////////i2p/3D%22http://www.i2p2.de/transport.html HTTP/1.1" 404 263
5.9.32.222 - - [24/Apr/2020:07:33:02 -0400] "GET /depository//////////i2p/3D%22http://www.i2p2.de/tunnel-alt.html HTTP/1.1" 404 264
5.9.32.222 - - [24/Apr/2020:07:33:06 -0400] "GET /depository//////////i2p/3D%22http://www.i2p2.de/tunnel-alt.html?theme=3Ddark%22 HTTP/1.1" 404 264
114.119.163.55 - - [24/Apr/2020:07:33:52 -0400] "GET /depository/rfcs/1700/RFC1786.TXT HTTP/1.1" 200 138293
5.9.32.222 - - [24/Apr/2020:07:34:07 -0400] "GET /depository//////////i2p/3D%22http://www.i2p2.de/tunnel-alt.html?theme=3Dlight%22 HTTP/1.1" 404 264
5.9.32.222 - - [24/Apr/2020:07:34:09 -0400] "GET /depository//////////i2p/3D%22http://www.i2p2.de/tunnel_message_spec.html HTTP/1.1" 404 273
5.9.32.222 - - [24/Apr/2020:07:34:34 -0400] "GET /depository//////////i2p/3D%22http://www.i2p2.de/tunnel_message_spec.html?theme=3Ddark%22 HTTP/1.1" 404 273
5.9.32.222 - - [24/Apr/2020:07:34:36 -0400] "GET /depository//////////i2p/3D%22http://www.i2p2.de/tunnel_message_spec.html?theme=3Dlight%22 HTTP/1.1" 404 273
5.9.32.222 - - [24/Apr/2020:07:34:53 -0400] "GET /depository//////////i2p/3D%22http://en.wikipedia.org/wiki/Kademlia%22 HTTP/1.1" 404 273
5.9.32.222 - - [24/Apr/2020:07:34:55 -0400] "GET /depository//////////i2p/3D%22http://www.pool.ntp.org/%22 HTTP/1.1" 404 260
5.9.32.222 - - [24/Apr/2020:07:34:57 -0400] "GET /depository//////////i2p/3D%22http://www.i2p2.de/udp.html HTTP/1.1" 404 257
5.9.32.222 - - [24/Apr/2020:07:34:59 -0400] "GET /depository//////////i2p/3D%22http://www.i2p2.de/udp.html?theme=3Ddark%22 HTTP/1.1" 404 257
5.9.32.222 - - [24/Apr/2020:07:35:02 -0400] "GET /depository//////////i2p/3D%22http://www.i2p2.de/transport.html?theme=3Ddark%22 HTTP/1.1" 404 263
5.9.32.222 - - [24/Apr/2020:07:35:03 -0400] "GET /depository//////////i2p/3D%22http://www.i2p2.de/transport.html?theme=3Dlight%22 HTTP/1.1" 404 263
5.9.32.222 - - [24/Apr/2020:07:35:06 -0400] "GET /depository//////////i2p/3D%22http://www.i2p2.de/ntcp.html%22 HTTP/1.1" 404 264
5.9.32.222 - - [24/Apr/2020:07:35:07 -0400] "GET /depository//////////ids_ips/3D%22http://searchsecurity.techtarget.com/news%22 HTTP/1.1" 404 281
5.9.32.222 - - [24/Apr/2020:07:35:10 -0400] "GET /depository//////////ids_ips/3D%22http://searchsecurity.bitpipe.com/webcasts%22 HTTP/1.1" 404 282
5.9.32.222 - - [24/Apr/2020:07:35:13 -0400] "GET /depository//////////ids_ips/2019%20Best%20Intrusion%20Detection%20Systems%20(10+%20IDS%20Tools%20Reviewed)_files/anchor.htm HTTP/1.1" 200 29674
5.9.32.222 - - [24/Apr/2020:07:35:15 -0400] "GET /depository//////////ids_ips/2019%20Best%20Intrusion%20Detection%20Systems%20(10+%20IDS%20Tools%20Reviewed)_files/anchor_data/ HTTP/1.1" 200 651
5.9.32.222 - - [24/Apr/2020:07:35:18 -0400] "GET /depository//////////ids_ips/2019%20Best%20Intrusion%20Detection%20Systems%20(10+%20IDS%20Tools%20Reviewed)_files/bframe.htm HTTP/1.1" 200 7514
5.9.32.222 - - [24/Apr/2020:07:35:20 -0400] "GET /depository//////////ids_ips/2019%20Best%20Intrusion%20Detection%20Systems%20(10+%20IDS%20Tools%20Reviewed)_files/bframe_data/ HTTP/1.1" 200 589
5.9.32.222 - - [24/Apr/2020:07:35:23 -0400] "GET /depository//////////ids_ips/Integrating%20More%20Intelligence%20into%20Your%20IDS,%20Part%202.files/js HTTP/1.1" 200 1357
5.9.32.222 - - [24/Apr/2020:07:35:24 -0400] "GET /depository//////////intel/Intel%20chips%20have%20critical%20design%20flaw,%20and%20fixing%20it%20will%20slow%20Linux,%20Mac,%20and%20Windows%20systems%20-%20TechRepublic_files/a.htm HTTP/1.1" 200 209
5.9.32.222 - - [24/Apr/2020:07:35:26 -0400] "GET /depository//////////intel/Intel%20chips%20have%20critical%20design%20flaw,%20and%20fixing%20it%20will%20slow%20Linux,%20Mac,%20and%20Windows%20systems%20-%20TechRepublic_files/4f2351f9 HTTP/1.1" 200 30640
5.9.32.222 - - [24/Apr/2020:07:35:28 -0400] "GET /depository//////////intel/Intel%20chips%20have%20critical%20design%20flaw,%20and%20fixing%20it%20will%20slow%20Linux,%20Mac,%20and%20Windows%20systems%20-%20TechRepublic_files/a328981956.htm HTTP/1.1" 200 1489
5.9.32.222 - - [24/Apr/2020:07:35:31 -0400] "GET /depository//////////intel/Intel%20chips%20have%20critical%20design%20flaw,%20and%20fixing%20it%20will%20slow%20Linux,%20Mac,%20and%20Windows%20systems%20-%20TechRepublic_files/a_002.htm HTTP/1.1" 200 242
24.130.138.53 - - [24/Apr/2020:07:35:34 -0400] "GET /depository/open_flow/SDN%20in%202014%20%20A%20year%20of%20non-stop%20action%20%20%20ITworld_files/ HTTP/1.1" 200 5953
185.144.30.15 - - [24/Apr/2020:07:35:54 -0400] "GET /depository/bitcoin/ZerocoinOakland.pdf HTTP/1.1" 200 486097
5.9.32.222 - - [24/Apr/2020:07:36:26 -0400] "GET /depository//////////intel/Intel%20chips%20have%20critical%20design%20flaw,%20and%20fixing%20it%20will%20slow%20Linux,%20Mac,%20and%20Windows%20systems%20-%20TechRepublic_files/a_003.htm HTTP/1.1" 200 2448
5.9.32.222 - - [24/Apr/2020:07:36:28 -0400] "GET /depository//////////intel/Intel%20chips%20have%20critical%20design%20flaw,%20and%20fixing%20it%20will%20slow%20Linux,%20Mac,%20and%20Windows%20systems%20-%20TechRepublic_files/a_004.htm HTTP/1.1" 200 308
195.158.31.50 - - [24/Apr/2020:07:36:31 -0400] "GET /10/ports.htm HTTP/1.1" 200 494633
213.180.203.118 - - [24/Apr/2020:07:36:49 -0400] "GET /depository/blockchain/European%20blockchain%20institutions%20welcome%20input%20from%20IT%20professionals%20%20%20IDG%20Connect_files/fastbutton_data/rsAGLTcCO6b6CM2wDpioszsmguqVxSeOah6Q HTTP/1.1" 200 135901
105.158.28.191 - - [24/Apr/2020:07:36:49 -0400] "GET /depository/bitcoin/ HTTP/1.1" 200 3619
213.180.203.118 - - [24/Apr/2020:07:36:54 -0400] "GET /depository/rfcs/7300/rfc7383.txt HTTP/1.1" 200 47354
5.9.32.222 - - [24/Apr/2020:07:37:01 -0400] "GET /depository//////////intel/Intel%20chips%20have%20critical%20design%20flaw,%20and%20fixing%20it%20will%20slow%20Linux,%20Mac,%20and%20Windows%20systems%20-%20TechRepublic_files/a_005.htm HTTP/1.1" 200 316
66.220.149.2 - - [24/Apr/2020:07:37:01 -0400] "GET /depository/telework/Aerohive-Telework-ebook.pdf HTTP/1.1" 206 524288
66.220.149.26 - - [24/Apr/2020:07:37:02 -0400] "GET /depository/telework/Aerohive-Telework-ebook.pdf HTTP/1.1" 206 524288
5.9.32.222 - - [24/Apr/2020:07:37:30 -0400] "GET /depository//////////intel/Intel%20chips%20have%20critical%20design%20flaw,%20and%20fixing%20it%20will%20slow%20Linux,%20Mac,%20and%20Windows%20systems%20-%20TechRepublic_files/a_006.htm HTTP/1.1" 200 316
46.229.168.153 - - [24/Apr/2020:07:37:30 -0400] "GET /depository/Computers%20could%20soon%20run%20cold,%20no%20heat%20generated%20%20%20Network%20World_files/computers-could-soon-run-cold-no-heat-generated_005.htm HTTP/1.1" 200 571607
5.9.32.222 - - [24/Apr/2020:07:38:07 -0400] "GET /depository//////////intel/Intel%20chips%20have%20critical%20design%20flaw,%20and%20fixing%20it%20will%20slow%20Linux,%20Mac,%20and%20Windows%20systems%20-%20TechRepublic_files/a_007.htm HTTP/1.1" 200 316
5.9.32.222 - - [24/Apr/2020:07:38:10 -0400] "GET /depository//////////intel/Intel%20chips%20have%20critical%20design%20flaw,%20and%20fixing%20it%20will%20slow%20Linux,%20Mac,%20and%20Windows%20systems%20-%20TechRepublic_files/a_008.htm HTTP/1.1" 200 1443
5.9.32.222 - - [24/Apr/2020:07:38:20 -0400] "GET /depository//////////intel/Intel%20chips%20have%20critical%20design%20flaw,%20and%20fixing%20it%20will%20slow%20Linux,%20Mac,%20and%20Windows%20systems%20-%20TechRepublic_files/a_009.htm HTTP/1.1" 200 13459
5.9.32.222 - - [24/Apr/2020:07:38:23 -0400] "GET /depository//////////intel/Intel%20chips%20have%20critical%20design%20flaw,%20and%20fixing%20it%20will%20slow%20Linux,%20Mac,%20and%20Windows%20systems%20-%20TechRepublic_files/a_010.htm HTTP/1.1" 200 1692
5.9.32.222 - - [24/Apr/2020:07:38:26 -0400] "GET /depository//////////intel/Intel%20chips%20have%20critical%20design%20flaw,%20and%20fixing%20it%20will%20slow%20Linux,%20Mac,%20and%20Windows%20systems%20-%20TechRepublic_files/a_011.htm HTTP/1.1" 200 13553
213.180.203.118 - - [24/Apr/2020:07:38:31 -0400] "GET /depository/green_computing/EEP_whitepaper.pdf HTTP/1.1" 200 135090
105.158.28.191 - - [24/Apr/2020:07:38:34 -0400] "GET /depository/bitcoin/Russian_hackers_intercept_Amazon_DNS_steal_$160K_in_cryptocurrency.htm HTTP/1.1" 200 294433
105.158.28.191 - - [24/Apr/2020:07:38:35 -0400] "GET /depository/bitcoin/Russian%20hackers%20intercept%20Amazon%20DNS,%20steal%20$160K%20in%20cryptocurrency%20-%20TechRepublic_files/osd.js HTTP/1.1" 200 72586
105.158.28.191 - - [24/Apr/2020:07:38:36 -0400] "GET /depository/bitcoin/Russian%20hackers%20intercept%20Amazon%20DNS,%20steal%20$160K%20in%20cryptocurrency%20-%20TechRepublic_files/a HTTP/1.1" 200 50624
105.158.28.191 - - [24/Apr/2020:07:38:36 -0400] "GET /depository/bitcoin/Russian%20hackers%20intercept%20Amazon%20DNS,%20steal%20$160K%20in%20cryptocurrency%20-%20TechRepublic_files/pubads_impl_rendering_220.js HTTP/1.1" 200 45129
105.158.28.191 - - [24/Apr/2020:07:38:37 -0400] "GET /depository/bitcoin/Russian%20hackers%20intercept%20Amazon%20DNS,%20steal%20$160K%20in%20cryptocurrency%20-%20TechRepublic_files/ta-pagesocial-sdk.js HTTP/1.1" 200 35303
105.158.28.191 - - [24/Apr/2020:07:38:37 -0400] "GET /depository/bitcoin/Russian%20hackers%20intercept%20Amazon%20DNS,%20steal%20$160K%20in%20cryptocurrency%20-%20TechRepublic_files/measure.js HTTP/1.1" 200 10996
5.9.32.222 - - [24/Apr/2020:07:38:37 -0400] "GET /depository//////////intel/Intel%20chips%20have%20critical%20design%20flaw,%20and%20fixing%20it%20will%20slow%20Linux,%20Mac,%20and%20Windows%20systems%20-%20TechRepublic_files/a_012.htm HTTP/1.1" 200 10770
105.158.28.191 - - [24/Apr/2020:07:38:37 -0400] "GET /depository/bitcoin/Russian%20hackers%20intercept%20Amazon%20DNS,%20steal%20$160K%20in%20cryptocurrency%20-%20TechRepublic_files/ads.js HTTP/1.1" 404 312
105.158.28.191 - - [24/Apr/2020:07:38:38 -0400] "GET /depository/bitcoin/Russian%20hackers%20intercept%20Amazon%20DNS,%20steal%20$160K%20in%20cryptocurrency%20-%20TechRepublic_files/evidon-sitenotice-tag.js HTTP/1.1" 200 30303
105.158.28.191 - - [24/Apr/2020:07:38:38 -0400] "GET /depository/bitcoin/Russian%20hackers%20intercept%20Amazon%20DNS,%20steal%20$160K%20in%20cryptocurrency%20-%20TechRepublic_files/integrator_002.js HTTP/1.1" 200 189
105.158.28.191 - - [24/Apr/2020:07:38:38 -0400] "GET /depository/bitcoin/Russian%20hackers%20intercept%20Amazon%20DNS,%20steal%20$160K%20in%20cryptocurrency%20-%20TechRepublic_files/integrator.js HTTP/1.1" 200 109
105.158.28.191 - - [24/Apr/2020:07:38:38 -0400] "GET /depository/bitcoin/Russian%20hackers%20intercept%20Amazon%20DNS,%20steal%20$160K%20in%20cryptocurrency%20-%20TechRepublic_files/count-data.js HTTP/1.1" 200 243
105.158.28.191 - - [24/Apr/2020:07:38:40 -0400] "GET /depository/bitcoin/Russian%20hackers%20intercept%20Amazon%20DNS,%20steal%20$160K%20in%20cryptocurrency%20-%20TechRepublic_files/PF7B87067-BF4D-F80F-E040-070AAD316CE6.js HTTP/1.1" 200 41207
105.158.28.191 - - [24/Apr/2020:07:38:40 -0400] "GET /depository/bitcoin/Russian%20hackers%20intercept%20Amazon%20DNS,%20steal%20$160K%20in%20cryptocurrency%20-%20TechRepublic_files/ads.js HTTP/1.1" 404 312
105.158.28.191 - - [24/Apr/2020:07:38:40 -0400] "GET /depository/bitcoin/Russian%20hackers%20intercept%20Amazon%20DNS,%20steal%20$160K%20in%20cryptocurrency%20-%20TechRepublic_files/require-2.js HTTP/1.1" 200 16137
5.9.32.222 - - [24/Apr/2020:07:38:40 -0400] "GET /depository//////////intel/Intel%20chips%20have%20critical%20design%20flaw,%20and%20fixing%20it%20will%20slow%20Linux,%20Mac,%20and%20Windows%20systems%20-%20TechRepublic_files/a_013.htm HTTP/1.1" 200 12572
105.158.28.191 - - [24/Apr/2020:07:38:40 -0400] "GET /depository/bitcoin/Russian%20hackers%20intercept%20Amazon%20DNS,%20steal%20$160K%20in%20cryptocurrency%20-%20TechRepublic_files/client.js HTTP/1.1" 200 26765
105.158.28.191 - - [24/Apr/2020:07:38:41 -0400] "GET /depository/bitcoin/Russian%20hackers%20intercept%20Amazon%20DNS,%20steal%20$160K%20in%20cryptocurrency%20-%20TechRepublic_files/1857725547875766.js HTTP/1.1" 200 59146
105.158.28.191 - - [24/Apr/2020:07:38:41 -0400] "GET /depository/bitcoin/Russian%20hackers%20intercept%20Amazon%20DNS,%20steal%20$160K%20in%20cryptocurrency%20-%20TechRepublic_files/cbsinteractive.js HTTP/1.1" 200 2341
105.158.28.191 - - [24/Apr/2020:07:38:41 -0400] "GET /depository/bitcoin/Russian%20hackers%20intercept%20Amazon%20DNS,%20steal%20$160K%20in%20cryptocurrency%20-%20TechRepublic_files/cs.js HTTP/1.1" 404 311
105.158.28.191 - - [24/Apr/2020:07:38:41 -0400] "GET /depository/bitcoin/Russian%20hackers%20intercept%20Amazon%20DNS,%20steal%20$160K%20in%20cryptocurrency%20-%20TechRepublic_files/tag.aspx HTTP/1.1" 200 24053
105.158.28.191 - - [24/Apr/2020:07:38:41 -0400] "GET /depository/bitcoin/Russian%20hackers%20intercept%20Amazon%20DNS,%20steal%20$160K%20in%20cryptocurrency%20-%20TechRepublic_files/fbevents.js HTTP/1.1" 200 43280
105.158.28.191 - - [24/Apr/2020:07:38:41 -0400] "GET /depository/bitcoin/Russian%20hackers%20intercept%20Amazon%20DNS,%20steal%20$160K%20in%20cryptocurrency%20-%20TechRepublic_files/tag.js HTTP/1.1" 200 2990
105.158.28.191 - - [24/Apr/2020:07:38:41 -0400] "GET /depository/bitcoin/Russian%20hackers%20intercept%20Amazon%20DNS,%20steal%20$160K%20in%20cryptocurrency%20-%20TechRepublic_files/vglnk.js HTTP/1.1" 200 80094
105.158.28.191 - - [24/Apr/2020:07:38:42 -0400] "GET /depository/bitcoin/Russian%20hackers%20intercept%20Amazon%20DNS,%20steal%20$160K%20in%20cryptocurrency%20-%20TechRepublic_files/bridge3.htm HTTP/1.1" 200 506820
105.158.28.191 - - [24/Apr/2020:07:38:42 -0400] "GET /depository/bitcoin/Russian%20hackers%20intercept%20Amazon%20DNS,%20steal%20$160K%20in%20cryptocurrency%20-%20TechRepublic_files/a_009.htm HTTP/1.1" 200 31018
105.158.28.191 - - [24/Apr/2020:07:38:42 -0400] "GET /depository/bitcoin/Russian%20hackers%20intercept%20Amazon%20DNS,%20steal%20$160K%20in%20cryptocurrency%20-%20TechRepublic_files/settings.js HTTP/1.1" 200 13379
105.158.28.191 - - [24/Apr/2020:07:38:42 -0400] "GET /depository/bitcoin/Russian%20hackers%20intercept%20Amazon%20DNS,%20steal%20$160K%20in%20cryptocurrency%20-%20TechRepublic_files/ru.js HTTP/1.1" 200 364573
105.158.28.191 - - [24/Apr/2020:07:38:42 -0400] "GET /depository/bitcoin/Russian%20hackers%20intercept%20Amazon%20DNS,%20steal%20$160K%20in%20cryptocurrency%20-%20TechRepublic_files/en.js HTTP/1.1" 200 589211
5.9.32.222 - - [24/Apr/2020:07:38:42 -0400] "GET /depository//////////intel/Intel%20chips%20have%20critical%20design%20flaw,%20and%20fixing%20it%20will%20slow%20Linux,%20Mac,%20and%20Windows%20systems%20-%20TechRepublic_files/a_014.htm HTTP/1.1" 200 13468
105.158.28.191 - - [24/Apr/2020:07:38:43 -0400] "GET /depository/bitcoin/Russian%20hackers%20intercept%20Amazon%20DNS,%20steal%20$160K%20in%20cryptocurrency%20-%20TechRepublic_files/snthemes.js HTTP/1.1" 200 60570
105.158.28.191 - - [24/Apr/2020:07:38:43 -0400] "GET /depository/bitcoin/Russian%20hackers%20intercept%20Amazon%20DNS,%20steal%20$160K%20in%20cryptocurrency%20-%20TechRepublic_files/gpt.js HTTP/1.1" 200 20231
105.158.28.191 - - [24/Apr/2020:07:38:43 -0400] "GET /depository/bitcoin/Russian%20hackers%20intercept%20Amazon%20DNS,%20steal%20$160K%20in%20cryptocurrency%20-%20TechRepublic_files/ls-techrepublic.js HTTP/1.1" 200 79020
105.158.28.191 - - [24/Apr/2020:07:38:43 -0400] "GET /depository/bitcoin/Russian%20hackers%20intercept%20Amazon%20DNS,%20steal%20$160K%20in%20cryptocurrency%20-%20TechRepublic_files/country.js HTTP/1.1" 200 261
105.158.28.191 - - [24/Apr/2020:07:38:44 -0400] "GET /depository/bitcoin/Russian%20hackers%20intercept%20Amazon%20DNS,%20steal%20$160K%20in%20cryptocurrency%20-%20TechRepublic_files/sfp.js HTTP/1.1" 200 424409
105.158.28.191 - - [24/Apr/2020:07:38:45 -0400] "GET /depository/bitcoin/Russian%20hackers%20intercept%20Amazon%20DNS,%20steal%20$160K%20in%20cryptocurrency%20-%20TechRepublic_files/main.js HTTP/1.1" 200 221481
105.158.28.191 - - [24/Apr/2020:07:38:46 -0400] "GET /depository/bitcoin/Russian%20hackers%20intercept%20Amazon%20DNS,%20steal%20$160K%20in%20cryptocurrency%20-%20TechRepublic_files/a_017.htm HTTP/1.1" 200 467
105.158.28.191 - - [24/Apr/2020:07:38:46 -0400] "GET /depository/bitcoin/Russian%20hackers%20intercept%20Amazon%20DNS,%20steal%20$160K%20in%20cryptocurrency%20-%20TechRepublic_files/dest5.htm HTTP/1.1" 200 6949
105.158.28.191 - - [24/Apr/2020:07:38:47 -0400] "GET /depository/bitcoin/Russian%20hackers%20intercept%20Amazon%20DNS,%20steal%20$160K%20in%20cryptocurrency%20-%20TechRepublic_files/ls.htm HTTP/1.1" 200 8618
105.158.28.191 - - [24/Apr/2020:07:38:47 -0400] "GET /depository/bitcoin/Russian%20hackers%20intercept%20Amazon%20DNS,%20steal%20$160K%20in%20cryptocurrency%20-%20TechRepublic_files/dest5_002.htm HTTP/1.1" 200 6949
105.158.28.191 - - [24/Apr/2020:07:38:47 -0400] "GET /depository/bitcoin/Russian%20hackers%20intercept%20Amazon%20DNS,%20steal%20$160K%20in%20cryptocurrency%20-%20TechRepublic_files/article-86ed3d7ba1-rev.js HTTP/1.1" 200 175261
105.158.28.191 - - [24/Apr/2020:07:38:49 -0400] "GET /depository/bitcoin/Russian%20hackers%20intercept%20Amazon%20DNS,%20steal%20$160K%20in%20cryptocurrency%20-%20TechRepublic_files/pubads_impl_220.js HTTP/1.1" 200 179353
105.158.28.191 - - [24/Apr/2020:07:38:50 -0400] "GET /depository/bitcoin/Russian%20hackers%20intercept%20Amazon%20DNS,%20steal%20$160K%20in%20cryptocurrency%20-%20TechRepublic_files/CBSI-PLAYER.js HTTP/1.1" 200 778156
105.158.28.191 - - [24/Apr/2020:07:38:51 -0400] "GET /depository/bitcoin/Russian%20hackers%20intercept%20Amazon%20DNS,%20steal%20$160K%20in%20cryptocurrency%20-%20TechRepublic_files/mpulse-1.js HTTP/1.1" 200 12255
105.158.28.191 - - [24/Apr/2020:07:38:51 -0400] "GET /depository/bitcoin/Russian%20hackers%20intercept%20Amazon%20DNS,%20steal%20$160K%20in%20cryptocurrency%20-%20TechRepublic_files/netseerads.js HTTP/1.1" 200 8713
105.158.28.191 - - [24/Apr/2020:07:38:51 -0400] "GET /depository/bitcoin/Russian%20hackers%20intercept%20Amazon%20DNS,%20steal%20$160K%20in%20cryptocurrency%20-%20TechRepublic_files/utag_008.js HTTP/1.1" 200 96682
105.158.28.191 - - [24/Apr/2020:07:38:52 -0400] "GET /depository/bitcoin/Russian%20hackers%20intercept%20Amazon%20DNS,%20steal%20$160K%20in%20cryptocurrency%20-%20TechRepublic_files/utag_009.js HTTP/1.1" 200 2053
105.158.28.191 - - [24/Apr/2020:07:38:52 -0400] "GET /depository/bitcoin/Russian%20hackers%20intercept%20Amazon%20DNS,%20steal%20$160K%20in%20cryptocurrency%20-%20TechRepublic_files/utag_012.js HTTP/1.1" 200 136519
105.158.28.191 - - [24/Apr/2020:07:38:52 -0400] "GET /depository/bitcoin/Russian%20hackers%20intercept%20Amazon%20DNS,%20steal%20$160K%20in%20cryptocurrency%20-%20TechRepublic_files/utag_010.js HTTP/1.1" 200 2082
105.158.28.191 - - [24/Apr/2020:07:38:53 -0400] "GET /depository/bitcoin/Russian%20hackers%20intercept%20Amazon%20DNS,%20steal%20$160K%20in%20cryptocurrency%20-%20TechRepublic_files/utag_007.js HTTP/1.1" 200 2209
105.158.28.191 - - [24/Apr/2020:07:38:53 -0400] "GET /depository/bitcoin/Russian%20hackers%20intercept%20Amazon%20DNS,%20steal%20$160K%20in%20cryptocurrency%20-%20TechRepublic_files/utag_011.js HTTP/1.1" 200 1781
105.158.28.191 - - [24/Apr/2020:07:38:54 -0400] "GET /depository/bitcoin/Russian%20hackers%20intercept%20Amazon%20DNS,%20steal%20$160K%20in%20cryptocurrency%20-%20TechRepublic_files/ad-d6edf98632-rev.js HTTP/1.1" 200 5309
105.158.28.191 - - [24/Apr/2020:07:38:54 -0400] "GET /depository/bitcoin/Russian%20hackers%20intercept%20Amazon%20DNS,%20steal%20$160K%20in%20cryptocurrency%20-%20TechRepublic_files/utag_006.js HTTP/1.1" 200 1785
105.158.28.191 - - [24/Apr/2020:07:38:55 -0400] "GET /depository/bitcoin/Russian%20hackers%20intercept%20Amazon%20DNS,%20steal%20$160K%20in%20cryptocurrency%20-%20TechRepublic_files/utag_005.js HTTP/1.1" 200 9122
105.158.28.191 - - [24/Apr/2020:07:38:56 -0400] "GET /depository/bitcoin/Russian%20hackers%20intercept%20Amazon%20DNS,%20steal%20$160K%20in%20cryptocurrency%20-%20TechRepublic_files/geo-1.js HTTP/1.1" 200 326
105.158.28.191 - - [24/Apr/2020:07:38:56 -0400] "GET /depository/bitcoin/Russian%20hackers%20intercept%20Amazon%20DNS,%20steal%20$160K%20in%20cryptocurrency%20-%20TechRepublic_files/ad-2.js HTTP/1.1" 200 19490
105.158.28.191 - - [24/Apr/2020:07:38:56 -0400] "GET /depository/bitcoin/Russian%20hackers%20intercept%20Amazon%20DNS,%20steal%20$160K%20in%20cryptocurrency%20-%20TechRepublic_files/sticky-mpu-bfa648b0c2-rev.js HTTP/1.1" 200 996
105.158.28.191 - - [24/Apr/2020:07:38:57 -0400] "GET /depository/bitcoin/Russian%20hackers%20intercept%20Amazon%20DNS,%20steal%20$160K%20in%20cryptocurrency%20-%20TechRepublic_files/utag.js HTTP/1.1" 200 1776
105.158.28.191 - - [24/Apr/2020:07:38:58 -0400] "GET /depository/bitcoin/Russian%20hackers%20intercept%20Amazon%20DNS,%20steal%20$160K%20in%20cryptocurrency%20-%20TechRepublic_files/utag_002.js HTTP/1.1" 200 1787
105.158.28.191 - - [24/Apr/2020:07:38:58 -0400] "GET /depository/bitcoin/Russian%20hackers%20intercept%20Amazon%20DNS,%20steal%20$160K%20in%20cryptocurrency%20-%20TechRepublic_files/utag_004.js HTTP/1.1" 200 26459
105.158.28.191 - - [24/Apr/2020:07:38:59 -0400] "GET /depository/bitcoin/Russian%20hackers%20intercept%20Amazon%20DNS,%20steal%20$160K%20in%20cryptocurrency%20-%20TechRepublic_files/utag_003.js HTTP/1.1" 200 3528
105.158.28.191 - - [24/Apr/2020:07:39:00 -0400] "GET /depository/bitcoin/Russian%20hackers%20intercept%20Amazon%20DNS,%20steal%20$160K%20in%20cryptocurrency%20-%20TechRepublic_files/comscore.js HTTP/1.1" 200 106062
105.158.28.191 - - [24/Apr/2020:07:39:00 -0400] "GET /depository/bitcoin/Russian%20hackers%20intercept%20Amazon%20DNS,%20steal%20$160K%20in%20cryptocurrency%20-%20TechRepublic_files/count.js HTTP/1.1" 200 1517
105.158.28.191 - - [24/Apr/2020:07:39:00 -0400] "GET /depository/bitcoin/Russian%20hackers%20intercept%20Amazon%20DNS,%20steal%20$160K%20in%20cryptocurrency%20-%20TechRepublic_files/a_data_009/lounge.js HTTP/1.1" 200 1076
105.158.28.191 - - [24/Apr/2020:07:39:00 -0400] "GET /depository/bitcoin/Russian%20hackers%20intercept%20Amazon%20DNS,%20steal%20$160K%20in%20cryptocurrency%20-%20TechRepublic_files/disqus-comments-c69226ec8c-rev.js HTTP/1.1" 200 182
5.9.32.222 - - [24/Apr/2020:07:39:01 -0400] "GET /depository//////////intel/Intel%20chips%20have%20critical%20design%20flaw,%20and%20fixing%20it%20will%20slow%20Linux,%20Mac,%20and%20Windows%20systems%20-%20TechRepublic_files/a_015.htm HTTP/1.1" 200 26142
105.158.28.191 - - [24/Apr/2020:07:39:02 -0400] "GET /depository/bitcoin/Russian%20hackers%20intercept%20Amazon%20DNS,%20steal%20$160K%20in%20cryptocurrency%20-%20TechRepublic_files/ls_data/lz-string-1.js HTTP/1.1" 200 4815
105.158.28.191 - - [24/Apr/2020:07:39:03 -0400] "GET /depository/bitcoin/Russian%20hackers%20intercept%20Amazon%20DNS,%20steal%20$160K%20in%20cryptocurrency%20-%20TechRepublic_files/newsletter-subscription-1.js HTTP/1.1" 200 2964
105.158.28.191 - - [24/Apr/2020:07:39:03 -0400] "GET /depository/bitcoin/Russian%20hackers%20intercept%20Amazon%20DNS,%20steal%20$160K%20in%20cryptocurrency%20-%20TechRepublic_files/advertisement-d41d8cd98f-rev.js HTTP/1.1" 404 337
105.158.28.191 - - [24/Apr/2020:07:39:04 -0400] "GET /depository/bitcoin/Russian%20hackers%20intercept%20Amazon%20DNS,%20steal%20$160K%20in%20cryptocurrency%20-%20TechRepublic_files/mux.js HTTP/1.1" 200 71493
105.158.28.191 - - [24/Apr/2020:07:39:04 -0400] "GET /depository/bitcoin/Russian%20hackers%20intercept%20Amazon%20DNS,%20steal%20$160K%20in%20cryptocurrency%20-%20TechRepublic_files/gpt-4.js HTTP/1.1" 200 55461
5.9.32.222 - - [24/Apr/2020:07:39:04 -0400] "GET /depository//////////intel/Intel%20chips%20have%20critical%20design%20flaw,%20and%20fixing%20it%20will%20slow%20Linux,%20Mac,%20and%20Windows%20systems%20-%20TechRepublic_files/a_016.htm HTTP/1.1" 200 13470
105.158.28.191 - - [24/Apr/2020:07:39:04 -0400] "GET /depository/bitcoin/Russian%20hackers%20intercept%20Amazon%20DNS,%20steal%20$160K%20in%20cryptocurrency%20-%20TechRepublic_files/ima3.js HTTP/1.1" 200 235835
98.248.168.176 - - [24/Apr/2020:07:39:06 -0400] "GET /depository/open_flow/SDN%20in%202014%20%20A%20year%20of%20non-stop%20action%20%20%20ITworld_files/ HTTP/1.1" 200 5953
105.158.28.191 - - [24/Apr/2020:07:39:07 -0400] "GET /depository/bitcoin/Russian%20hackers%20intercept%20Amazon%20DNS,%20steal%20$160K%20in%20cryptocurrency%20-%20TechRepublic_files/VideoHeartbeat-2.js HTTP/1.1" 200 146619
105.158.28.191 - - [24/Apr/2020:07:39:07 -0400] "GET /depository/bitcoin/Russian%20hackers%20intercept%20Amazon%20DNS,%20steal%20$160K%20in%20cryptocurrency%20-%20TechRepublic_files/ggcmb510.js HTTP/1.1" 200 11963
105.158.28.191 - - [24/Apr/2020:07:39:07 -0400] "GET /depository/bitcoin/Russian%20hackers%20intercept%20Amazon%20DNS,%20steal%20$160K%20in%20cryptocurrency%20-%20TechRepublic_files/AppMeasurement-2.js HTTP/1.1" 200 78570
105.158.28.191 - - [24/Apr/2020:07:39:07 -0400] "GET /depository/bitcoin/Russian%20hackers%20intercept%20Amazon%20DNS,%20steal%20$160K%20in%20cryptocurrency%20-%20TechRepublic_files/glcfg510.js HTTP/1.1" 200 1538
105.158.28.191 - - [24/Apr/2020:07:39:12 -0400] "GET /depository/bitcoin/Russian%20hackers%20intercept%20Amazon%20DNS,%20steal%20$160K%20in%20cryptocurrency%20-%20TechRepublic_files/embed.js HTTP/1.1" 200 64898
105.158.28.191 - - [24/Apr/2020:07:39:18 -0400] "GET /depository/bitcoin/Russian%20hackers%20intercept%20Amazon%20DNS,%20steal%20$160K%20in%20cryptocurrency%20-%20TechRepublic_files/a_data_009/common.js HTTP/1.1" 200 247371
5.9.32.222 - - [24/Apr/2020:07:39:19 -0400] "GET /depository//////////intel/Intel%20chips%20have%20critical%20design%20flaw,%20and%20fixing%20it%20will%20slow%20Linux,%20Mac,%20and%20Windows%20systems%20-%20TechRepublic_files/a_017.htm HTTP/1.1" 200 554
105.158.28.191 - - [24/Apr/2020:07:39:19 -0400] "GET /depository/bitcoin/Russian%20hackers%20intercept%20Amazon%20DNS,%20steal%20$160K%20in%20cryptocurrency%20-%20TechRepublic_files/render.js HTTP/1.1" 200 17849
105.158.28.191 - - [24/Apr/2020:07:39:24 -0400] "GET /depository/bitcoin/Russian%20hackers%20intercept%20Amazon%20DNS,%20steal%20$160K%20in%20cryptocurrency%20-%20TechRepublic_files/a_data_009/lounge_002.js HTTP/1.1" 200 356909
195.154.242.189 - - [24/Apr/2020:07:39:43 -0400] "GET /10/2016.htm HTTP/1.1" 200 193090
195.154.242.189 - - [24/Apr/2020:07:39:44 -0400] "GET / HTTP/1.1" 200 322
213.180.203.118 - - [24/Apr/2020:07:41:32 -0400] "GET /depository/rfcs/3800/rfc3871.txt HTTP/1.1" 200 155638
5.9.32.222 - - [24/Apr/2020:07:41:33 -0400] "GET /depository//////////intel/Intel%20chips%20have%20critical%20design%20flaw,%20and%20fixing%20it%20will%20slow%20Linux,%20Mac,%20and%20Windows%20systems%20-%20TechRepublic_files/a_018.htm HTTP/1.1" 200 108
5.9.32.222 - - [24/Apr/2020:07:41:41 -0400] "GET /depository//////////intel/Intel%20chips%20have%20critical%20design%20flaw,%20and%20fixing%20it%20will%20slow%20Linux,%20Mac,%20and%20Windows%20systems%20-%20TechRepublic_files/a_data/ HTTP/1.1" 200 804
5.9.32.222 - - [24/Apr/2020:07:41:54 -0400] "GET /depository//////////intel/Intel%20chips%20have%20critical%20design%20flaw,%20and%20fixing%20it%20will%20slow%20Linux,%20Mac,%20and%20Windows%20systems%20-%20TechRepublic_files/a_data_002/ HTTP/1.1" 200 740
5.9.32.222 - - [24/Apr/2020:07:42:11 -0400] "GET /depository//////////intel/Intel%20chips%20have%20critical%20design%20flaw,%20and%20fixing%20it%20will%20slow%20Linux,%20Mac,%20and%20Windows%20systems%20-%20TechRepublic_files/a_data_003/ HTTP/1.1" 200 786
112.124.0.114 - - [24/Apr/2020:07:42:14 -0400] "GET /static/.gitignore HTTP/1.1" 404 215
176.222.149.220 - - [24/Apr/2020:07:42:21 -0400] "GET /10/ascii.htm HTTP/1.1" 200 36979
5.9.32.222 - - [24/Apr/2020:07:42:21 -0400] "GET /depository//////////intel/Intel%20chips%20have%20critical%20design%20flaw,%20and%20fixing%20it%20will%20slow%20Linux,%20Mac,%20and%20Windows%20systems%20-%20TechRepublic_files/a_data_004/ HTTP/1.1" 200 764
5.9.32.222 - - [24/Apr/2020:07:42:25 -0400] "GET /depository//////////intel/Intel%20chips%20have%20critical%20design%20flaw,%20and%20fixing%20it%20will%20slow%20Linux,%20Mac,%20and%20Windows%20systems%20-%20TechRepublic_files/a_data_005/ HTTP/1.1" 200 722
5.9.32.222 - - [24/Apr/2020:07:42:27 -0400] "GET /depository//////////intel/Intel%20chips%20have%20critical%20design%20flaw,%20and%20fixing%20it%20will%20slow%20Linux,%20Mac,%20and%20Windows%20systems%20-%20TechRepublic_files/a_data_006/ HTTP/1.1" 200 722
5.9.32.222 - - [24/Apr/2020:07:42:29 -0400] "GET /depository//////////intel/Intel%20chips%20have%20critical%20design%20flaw,%20and%20fixing%20it%20will%20slow%20Linux,%20Mac,%20and%20Windows%20systems%20-%20TechRepublic_files/a_data_007/ HTTP/1.1" 200 758
5.9.32.222 - - [24/Apr/2020:07:42:32 -0400] "GET /depository//////////intel/Intel%20chips%20have%20critical%20design%20flaw,%20and%20fixing%20it%20will%20slow%20Linux,%20Mac,%20and%20Windows%20systems%20-%20TechRepublic_files/a_data_008/ HTTP/1.1" 200 796
5.9.32.222 - - [24/Apr/2020:07:42:34 -0400] "GET /depository//////////intel/Intel%20chips%20have%20critical%20design%20flaw,%20and%20fixing%20it%20will%20slow%20Linux,%20Mac,%20and%20Windows%20systems%20-%20TechRepublic_files/a_data_009/ HTTP/1.1" 200 728
5.9.32.222 - - [24/Apr/2020:07:42:42 -0400] "GET /depository//////////intel/Intel%20chips%20have%20critical%20design%20flaw,%20and%20fixing%20it%20will%20slow%20Linux,%20Mac,%20and%20Windows%20systems%20-%20TechRepublic_files/a_data_010/ HTTP/1.1" 200 838
5.9.32.222 - - [24/Apr/2020:07:42:45 -0400] "GET /depository//////////intel/Intel%20chips%20have%20critical%20design%20flaw,%20and%20fixing%20it%20will%20slow%20Linux,%20Mac,%20and%20Windows%20systems%20-%20TechRepublic_files/a_data_011/ HTTP/1.1" 200 764
5.9.32.222 - - [24/Apr/2020:07:42:47 -0400] "GET /depository//////////intel/Intel%20chips%20have%20critical%20design%20flaw,%20and%20fixing%20it%20will%20slow%20Linux,%20Mac,%20and%20Windows%20systems%20-%20TechRepublic_files/a_data_012/ HTTP/1.1" 200 760
5.9.32.222 - - [24/Apr/2020:07:42:50 -0400] "GET /depository//////////intel/Intel%20chips%20have%20critical%20design%20flaw,%20and%20fixing%20it%20will%20slow%20Linux,%20Mac,%20and%20Windows%20systems%20-%20TechRepublic_files/a_data_013/ HTTP/1.1" 200 808
5.9.32.222 - - [24/Apr/2020:07:42:59 -0400] "GET /depository//////////intel/Intel%20chips%20have%20critical%20design%20flaw,%20and%20fixing%20it%20will%20slow%20Linux,%20Mac,%20and%20Windows%20systems%20-%20TechRepublic_files/a_data_014/ HTTP/1.1" 200 728
5.9.32.222 - - [24/Apr/2020:07:43:03 -0400] "GET /depository//////////intel/Intel%20chips%20have%20critical%20design%20flaw,%20and%20fixing%20it%20will%20slow%20Linux,%20Mac,%20and%20Windows%20systems%20-%20TechRepublic_files/a_data_015/ HTTP/1.1" 200 1014
5.9.32.222 - - [24/Apr/2020:07:43:05 -0400] "GET /depository//////////intel/Intel%20chips%20have%20critical%20design%20flaw,%20and%20fixing%20it%20will%20slow%20Linux,%20Mac,%20and%20Windows%20systems%20-%20TechRepublic_files/a_data_016/ HTTP/1.1" 200 728
5.9.32.222 - - [24/Apr/2020:07:43:07 -0400] "GET /depository//////////intel/Intel%20chips%20have%20critical%20design%20flaw,%20and%20fixing%20it%20will%20slow%20Linux,%20Mac,%20and%20Windows%20systems%20-%20TechRepublic_files/a_data_017/ HTTP/1.1" 200 772
5.9.32.222 - - [24/Apr/2020:07:43:10 -0400] "GET /depository//////////intel/Intel%20chips%20have%20critical%20design%20flaw,%20and%20fixing%20it%20will%20slow%20Linux,%20Mac,%20and%20Windows%20systems%20-%20TechRepublic_files/ads HTTP/1.1" 200 621892
5.9.32.222 - - [24/Apr/2020:07:43:20 -0400] "GET /depository//////////intel/Intel%20chips%20have%20critical%20design%20flaw,%20and%20fixing%20it%20will%20slow%20Linux,%20Mac,%20and%20Windows%20systems%20-%20TechRepublic_files/authorize HTTP/1.1" 200 1683
5.9.32.222 - - [24/Apr/2020:07:43:22 -0400] "GET /depository//////////intel/Intel%20chips%20have%20critical%20design%20flaw,%20and%20fixing%20it%20will%20slow%20Linux,%20Mac,%20and%20Windows%20systems%20-%20TechRepublic_files/container.htm HTTP/1.1" 200 39574
5.9.32.222 - - [24/Apr/2020:07:43:23 -0400] "GET /depository//////////intel/Intel%20chips%20have%20critical%20design%20flaw,%20and%20fixing%20it%20will%20slow%20Linux,%20Mac,%20and%20Windows%20systems%20-%20TechRepublic_files/container_002.htm HTTP/1.1" 200 105662
5.9.32.222 - - [24/Apr/2020:07:43:24 -0400] "GET /depository//////////intel/Intel%20chips%20have%20critical%20design%20flaw,%20and%20fixing%20it%20will%20slow%20Linux,%20Mac,%20and%20Windows%20systems%20-%20TechRepublic_files/container_003.htm HTTP/1.1" 200 102184
5.9.32.222 - - [24/Apr/2020:07:43:39 -0400] "GET /depository//////////intel/Intel%20chips%20have%20critical%20design%20flaw,%20and%20fixing%20it%20will%20slow%20Linux,%20Mac,%20and%20Windows%20systems%20-%20TechRepublic_files/container_004.htm HTTP/1.1" 200 102186
213.180.203.118 - - [24/Apr/2020:07:43:40 -0400] "GET /4/44/icmp_444.htm HTTP/1.1" 200 22694
5.9.32.222 - - [24/Apr/2020:07:43:43 -0400] "GET /depository//////////intel/Intel%20chips%20have%20critical%20design%20flaw,%20and%20fixing%20it%20will%20slow%20Linux,%20Mac,%20and%20Windows%20systems%20-%20TechRepublic_files/container_005.htm HTTP/1.1" 200 102227
5.9.32.222 - - [24/Apr/2020:07:43:49 -0400] "GET /depository//////////intel/Intel%20chips%20have%20critical%20design%20flaw,%20and%20fixing%20it%20will%20slow%20Linux,%20Mac,%20and%20Windows%20systems%20-%20TechRepublic_files/container_data/ HTTP/1.1" 200 850
66.249.64.50 - - [24/Apr/2020:07:43:51 -0400] "GET /depository//rfcs/5200/rfc5245.txt HTTP/1.1" 200 285120
5.9.32.222 - - [24/Apr/2020:07:43:53 -0400] "GET /depository//////////intel/Intel%20chips%20have%20critical%20design%20flaw,%20and%20fixing%20it%20will%20slow%20Linux,%20Mac,%20and%20Windows%20systems%20-%20TechRepublic_files/container_data_002/ HTTP/1.1" 200 830
5.9.32.222 - - [24/Apr/2020:07:44:06 -0400] "GET /depository//////////intel/Intel%20chips%20have%20critical%20design%20flaw,%20and%20fixing%20it%20will%20slow%20Linux,%20Mac,%20and%20Windows%20systems%20-%20TechRepublic_files/container_data_003/ HTTP/1.1" 200 756
5.9.32.222 - - [24/Apr/2020:07:44:08 -0400] "GET /depository//////////intel/Intel%20chips%20have%20critical%20design%20flaw,%20and%20fixing%20it%20will%20slow%20Linux,%20Mac,%20and%20Windows%20systems%20-%20TechRepublic_files/container_data_004/ HTTP/1.1" 200 904
5.9.32.222 - - [24/Apr/2020:07:44:10 -0400] "GET /depository//////////intel/Intel%20chips%20have%20critical%20design%20flaw,%20and%20fixing%20it%20will%20slow%20Linux,%20Mac,%20and%20Windows%20systems%20-%20TechRepublic_files/container_data_005/ HTTP/1.1" 200 1212
114.119.163.55 - - [24/Apr/2020:07:44:14 -0400] "GET /depository/AI/IdeaFestival%202017_%20Algorithms,%20AI%20and%20other%20Frankenstein-like%20technologies%20-%20TechRepublic_files/imageModule.js HTTP/1.1" 200 848
5.9.32.222 - - [24/Apr/2020:07:44:19 -0400] "GET /depository//////////intel/Intel%20chips%20have%20critical%20design%20flaw,%20and%20fixing%20it%20will%20slow%20Linux,%20Mac,%20and%20Windows%20systems%20-%20TechRepublic_files/dest5.htm HTTP/1.1" 200 7177
5.9.32.222 - - [24/Apr/2020:07:44:21 -0400] "GET /depository//////////intel/Intel%20chips%20have%20critical%20design%20flaw,%20and%20fixing%20it%20will%20slow%20Linux,%20Mac,%20and%20Windows%20systems%20-%20TechRepublic_files/f4bac7c1-80d7-4c4a-99b2-7636f1b6fcb5.htm HTTP/1.1" 200 53
5.9.32.222 - - [24/Apr/2020:07:44:23 -0400] "GET /depository//////////intel/Intel%20chips%20have%20critical%20design%20flaw,%20and%20fixing%20it%20will%20slow%20Linux,%20Mac,%20and%20Windows%20systems%20-%20TechRepublic_files/ff8d955 HTTP/1.1" 200 30629
5.9.32.222 - - [24/Apr/2020:07:44:25 -0400] "GET /depository//////////intel/Intel%20chips%20have%20critical%20design%20flaw,%20and%20fixing%20it%20will%20slow%20Linux,%20Mac,%20and%20Windows%20systems%20-%20TechRepublic_files/iframe.htm HTTP/1.1" 200 643
5.9.32.222 - - [24/Apr/2020:07:44:27 -0400] "GET /depository//////////intel/Intel%20chips%20have%20critical%20design%20flaw,%20and%20fixing%20it%20will%20slow%20Linux,%20Mac,%20and%20Windows%20systems%20-%20TechRepublic_files/iframe_data/ HTTP/1.1" 200 764
5.9.32.222 - - [24/Apr/2020:07:44:29 -0400] "GET /depository//////////intel/Intel%20chips%20have%20critical%20design%20flaw,%20and%20fixing%20it%20will%20slow%20Linux,%20Mac,%20and%20Windows%20systems%20-%20TechRepublic_files/jpt HTTP/1.1" 200 1690
5.9.32.222 - - [24/Apr/2020:07:44:33 -0400] "GET /depository//////////intel/Intel%20chips%20have%20critical%20design%20flaw,%20and%20fixing%20it%20will%20slow%20Linux,%20Mac,%20and%20Windows%20systems%20-%20TechRepublic_files/jpt_002 HTTP/1.1" 200 1694
5.9.32.222 - - [24/Apr/2020:07:44:34 -0400] "GET /depository//////////intel/Intel%20chips%20have%20critical%20design%20flaw,%20and%20fixing%20it%20will%20slow%20Linux,%20Mac,%20and%20Windows%20systems%20-%20TechRepublic_files/jpt_003 HTTP/1.1" 200 1698
66.249.64.46 - - [24/Apr/2020:07:44:39 -0400] "GET /4/44/rtc_4493.htm HTTP/1.1" 200 66012
5.9.32.222 - - [24/Apr/2020:07:44:40 -0400] "GET /depository//////////intel/Intel%20chips%20have%20critical%20design%20flaw,%20and%20fixing%20it%20will%20slow%20Linux,%20Mac,%20and%20Windows%20systems%20-%20TechRepublic_files/n.htm HTTP/1.1" 200 73
5.9.32.222 - - [24/Apr/2020:07:44:43 -0400] "GET /depository//////////intel/Intel%20chips%20have%20critical%20design%20flaw,%20and%20fixing%20it%20will%20slow%20Linux,%20Mac,%20and%20Windows%20systems%20-%20TechRepublic_files/rtifr.htm HTTP/1.1" 200 1151
213.180.203.118 - - [24/Apr/2020:07:44:51 -0400] "GET /depository/quant_comp/What%92s%20quantum%20computing%20%5Band%20why%20enterprises%20need%20to%20care%5D%20%20%20Network%20World_files/arj_002.json HTTP/1.1" 200 190
45.61.164.151 - - [24/Apr/2020:07:44:57 -0400] "GET /depository/annuals/thecompetitivenessandinnovativecapacityoftheunitedstates.pdf HTTP/1.0" 200 5097550
5.9.32.222 - - [24/Apr/2020:07:45:05 -0400] "GET /depository//////////intel/Intel%20chips%20have%20critical%20design%20flaw,%20and%20fixing%20it%20will%20slow%20Linux,%20Mac,%20and%20Windows%20systems%20-%20TechRepublic_files/rtifr_data/ HTTP/1.1" 200 1406
5.9.32.222 - - [24/Apr/2020:07:45:09 -0400] "GET /depository//////////intel/Intel%20chips%20have%20critical%20design%20flaw,%20and%20fixing%20it%20will%20slow%20Linux,%20Mac,%20and%20Windows%20systems%20-%20TechRepublic_files/s.htm HTTP/1.1" 200 427
5.9.32.222 - - [24/Apr/2020:07:45:10 -0400] "GET /depository//////////intel/Intel%20chips%20have%20critical%20design%20flaw,%20and%20fixing%20it%20will%20slow%20Linux,%20Mac,%20and%20Windows%20systems%20-%20TechRepublic_files/tag.aspx HTTP/1.1" 200 24053
5.9.32.222 - - [24/Apr/2020:07:45:14 -0400] "GET /depository//////////intel/Intel%20chips%20have%20critical%20design%20flaw,%20and%20fixing%20it%20will%20slow%20Linux,%20Mac,%20and%20Windows%20systems%20-%20TechRepublic_files/v2 HTTP/1.1" 200 4
37.229.204.155 - - [24/Apr/2020:07:45:17 -0400] "GET /depository/terabit/400GbE_Terabit_Ethernet.mht HTTP/1.0" 200 876822
5.9.32.222 - - [24/Apr/2020:07:45:24 -0400] "GET /depository//////////intel/Intel%20chips%20have%20critical%20design%20flaw,%20and%20fixing%20it%20will%20slow%20Linux,%20Mac,%20and%20Windows%20systems%20-%20TechRepublic_files/v2_002 HTTP/1.1" 200 601
5.9.32.222 - - [24/Apr/2020:07:45:26 -0400] "GET /depository//////////intel/Intel%92s%20processor%20flaw%20is%20a%20virtualization%20nightmare%20_%20Network%20World_files/a HTTP/1.1" 200 241
5.9.32.222 - - [24/Apr/2020:07:45:28 -0400] "GET /depository//////////intel/Intel%92s%20processor%20flaw%20is%20a%20virtualization%20nightmare%20_%20Network%20World_files/a.htm HTTP/1.1" 200 108
5.9.32.222 - - [24/Apr/2020:07:45:30 -0400] "GET /depository//////////intel/Intel%92s%20processor%20flaw%20is%20a%20virtualization%20nightmare%20_%20Network%20World_files/a.xhtml HTTP/1.1" 200 36650
90.189.168.140 - - [24/Apr/2020:07:45:41 -0400] "GET /10/ascii.htm HTTP/1.1" 200 36979
37.229.204.155 - - [24/Apr/2020:07:45:41 -0400] "POST /depository/terabit/400GbE_Terabit_Ethernet.mht HTTP/1.0" 200 876822
5.9.32.222 - - [24/Apr/2020:07:45:41 -0400] "GET /depository//////////intel/Intel%92s%20processor%20flaw%20is%20a%20virtualization%20nightmare%20_%20Network%20World_files/a_002 HTTP/1.1" 200 66
5.9.32.222 - - [24/Apr/2020:07:45:44 -0400] "GET /depository//////////intel/Intel%92s%20processor%20flaw%20is%20a%20virtualization%20nightmare%20_%20Network%20World_files/a_002.htm HTTP/1.1" 200 108
5.9.32.222 - - [24/Apr/2020:07:45:48 -0400] "GET /depository//////////intel/Intel%92s%20processor%20flaw%20is%20a%20virtualization%20nightmare%20_%20Network%20World_files/a_003.htm HTTP/1.1" 200 108
213.27.39.172 - - [24/Apr/2020:07:45:50 -0400] "GET /2/21/trans_21.htm HTTP/1.1" 200 25778
5.9.32.222 - - [24/Apr/2020:07:45:50 -0400] "GET /depository//////////intel/Intel%92s%20processor%20flaw%20is%20a%20virtualization%20nightmare%20_%20Network%20World_files/a_004.htm HTTP/1.1" 200 108
5.9.32.222 - - [24/Apr/2020:07:45:51 -0400] "GET /depository//////////intel/Intel%92s%20processor%20flaw%20is%20a%20virtualization%20nightmare%20_%20Network%20World_files/a_005.htm HTTP/1.1" 200 108
5.9.32.222 - - [24/Apr/2020:07:45:53 -0400] "GET /depository//////////intel/Intel%92s%20processor%20flaw%20is%20a%20virtualization%20nightmare%20_%20Network%20World_files/a_006.htm HTTP/1.1" 200 108
5.9.32.222 - - [24/Apr/2020:07:45:54 -0400] "GET /depository//////////intel/Intel%92s%20processor%20flaw%20is%20a%20virtualization%20nightmare%20_%20Network%20World_files/a_007.htm HTTP/1.1" 200 108
5.9.32.222 - - [24/Apr/2020:07:45:58 -0400] "GET /depository//////////intel/Intel%92s%20processor%20flaw%20is%20a%20virtualization%20nightmare%20_%20Network%20World_files/a_008.htm HTTP/1.1" 200 108
5.9.32.222 - - [24/Apr/2020:07:45:59 -0400] "GET /depository//////////intel/Intel%92s%20processor%20flaw%20is%20a%20virtualization%20nightmare%20_%20Network%20World_files/a_data_008/ HTTP/1.1" 200 607
5.9.32.222 - - [24/Apr/2020:07:46:10 -0400] "GET /depository//////////intel/Intel%92s%20processor%20flaw%20is%20a%20virtualization%20nightmare%20_%20Network%20World_files/ads HTTP/1.1" 200 29963
5.9.32.222 - - [24/Apr/2020:07:46:12 -0400] "GET /depository//////////intel/Intel%92s%20processor%20flaw%20is%20a%20virtualization%20nightmare%20_%20Network%20World_files/ads_002 HTTP/1.1" 200 121315
5.9.32.222 - - [24/Apr/2020:07:46:16 -0400] "GET /depository//////////intel/Intel%92s%20processor%20flaw%20is%20a%20virtualization%20nightmare%20_%20Network%20World_files/ads_003 HTTP/1.1" 200 129815
5.9.32.222 - - [24/Apr/2020:07:46:20 -0400] "GET /depository//////////intel/Intel%92s%20processor%20flaw%20is%20a%20virtualization%20nightmare%20_%20Network%20World_files/adsct HTTP/1.1" 200 31
5.9.32.222 - - [24/Apr/2020:07:46:21 -0400] "GET /depository//////////intel/Intel%92s%20processor%20flaw%20is%20a%20virtualization%20nightmare%20_%20Network%20World_files/adsct_002 HTTP/1.1" 200 31
5.9.32.222 - - [24/Apr/2020:07:46:30 -0400] "GET /depository//////////intel/Intel%92s%20processor%20flaw%20is%20a%20virtualization%20nightmare%20_%20Network%20World_files/anchor.htm HTTP/1.1" 200 24704
213.180.203.63 - - [24/Apr/2020:07:46:34 -0400] "GET /depository/AI/IdeaFestival%202017_%20Algorithms,%20AI%20and%20other%20Frankenstein-like%20technologies%20-%20TechRepublic_files/saved_resource(7) HTTP/1.1" 200 807
5.9.32.222 - - [24/Apr/2020:07:46:48 -0400] "GET /depository//////////intel/Intel%92s%20processor%20flaw%20is%20a%20virtualization%20nightmare%20_%20Network%20World_files/anchor_data/ HTTP/1.1" 200 667
5.9.32.222 - - [24/Apr/2020:07:46:51 -0400] "GET /depository//////////intel/Intel%92s%20processor%20flaw%20is%20a%20virtualization%20nightmare%20_%20Network%20World_files/auction HTTP/1.1" 200 25
98.248.168.176 - - [24/Apr/2020:07:46:51 -0400] "GET /depository/open_flow/SDN%20in%202014%20%20A%20year%20of%20non-stop%20action%20%20%20ITworld_files/ HTTP/1.1" 200 5953
5.9.32.222 - - [24/Apr/2020:07:46:54 -0400] "GET /depository//////////intel/Intel%92s%20processor%20flaw%20is%20a%20virtualization%20nightmare%20_%20Network%20World_files/auction_002 HTTP/1.1" 200 25
5.9.32.222 - - [24/Apr/2020:07:47:25 -0400] "GET /depository//////////intel/Intel%92s%20processor%20flaw%20is%20a%20virtualization%20nightmare%20_%20Network%20World_files/auction_003 HTTP/1.1" 200 25
5.9.32.222 - - [24/Apr/2020:07:47:29 -0400] "GET /depository//////////intel/Intel%92s%20processor%20flaw%20is%20a%20virtualization%20nightmare%20_%20Network%20World_files/auction_004 HTTP/1.1" 200 25
5.9.32.222 - - [24/Apr/2020:07:47:32 -0400] "GET /depository//////////intel/Intel%92s%20processor%20flaw%20is%20a%20virtualization%20nightmare%20_%20Network%20World_files/bframe.htm HTTP/1.1" 200 7864
5.9.32.222 - - [24/Apr/2020:07:47:34 -0400] "GET /depository//////////intel/Intel%92s%20processor%20flaw%20is%20a%20virtualization%20nightmare%20_%20Network%20World_files/bframe_data/ HTTP/1.1" 200 605
5.9.32.222 - - [24/Apr/2020:07:47:48 -0400] "GET /depository//////////intel/Intel%92s%20processor%20flaw%20is%20a%20virtualization%20nightmare%20_%20Network%20World_files/svrGP.aspx HTTP/1.1" 200 79
46.229.168.137 - - [24/Apr/2020:07:47:51 -0400] "GET /depository/iot/How%20to%20secure%20your%20IoT%20deployment%20in%2010%20steps%20_%20ZDNet_files/id HTTP/1.1" 200 2549
5.9.32.222 - - [24/Apr/2020:07:47:52 -0400] "GET /depository//////////intel/Intel%92s%20processor%20flaw%20is%20a%20virtualization%20nightmare%20_%20Network%20World_files/sync HTTP/1.1" 200 2403
5.9.32.222 - - [24/Apr/2020:07:47:59 -0400] "GET /depository//////////intel/Intel%92s%20processor%20flaw%20is%20a%20virtualization%20nightmare%20_%20Network%20World_files/t HTTP/1.1" 200 83
5.9.32.222 - - [24/Apr/2020:07:48:01 -0400] "GET /depository//////////intel/Intel%92s%20processor%20flaw%20is%20a%20virtualization%20nightmare%20_%20Network%20World_files/u HTTP/1.1" 200 13
176.62.88.183 - - [24/Apr/2020:07:48:03 -0400] "GET /10/ascii.htm HTTP/1.1" 200 36979
5.9.32.222 - - [24/Apr/2020:07:48:04 -0400] "GET /depository//////////iot/IDG%20Connect%20%E2%80%93%20CIA,%20Europol%20on%20Alert%20for%20Internet%20of%20Things%20Security%20Storm_files/IDG%20Connect%20%E2%80%93%20CIA,%20Europol%20on%20Alert%20for%20Internet%20of%20Things%20Security%20Storm.htm HTTP/1.1" 404 383
5.9.32.222 - - [24/Apr/2020:07:48:08 -0400] "GET /depository//////////iot/2020%20vision%20%20The%20triumph%20of%20cognitive%20IoT%20_%20InfoWorld_files/2020-vision-the-triumph-of-cognitive-it.htm HTTP/1.1" 200 1482
5.9.32.222 - - [24/Apr/2020:07:48:11 -0400] "GET /depository//////////iot/2020%20vision%20%20The%20triumph%20of%20cognitive%20IoT%20_%20InfoWorld_files/a.htm HTTP/1.1" 200 107
66.249.64.50 - - [24/Apr/2020:07:48:12 -0400] "GET /depository/newest_tech/Samsung%92s%20massive%2015TB%20SSD%20can%20be%20yours%20--%20for%20about%20$10K%20%20%20ITworld_files/print.svg HTTP/1.1" 200 782
5.9.32.222 - - [24/Apr/2020:07:48:14 -0400] "GET /depository//////////iot/2020%20vision%20%20The%20triumph%20of%20cognitive%20IoT%20_%20InfoWorld_files/a_002.htm HTTP/1.1" 200 107
5.9.32.222 - - [24/Apr/2020:07:48:27 -0400] "GET /depository//////////iot/2020%20vision%20%20The%20triumph%20of%20cognitive%20IoT%20_%20InfoWorld_files/challenge HTTP/1.1" 200 8798
5.9.32.222 - - [24/Apr/2020:07:48:28 -0400] "GET /depository//////////iot/2020%20vision%20%20The%20triumph%20of%20cognitive%20IoT%20_%20InfoWorld_files/controltag HTTP/1.1" 200 8243
5.9.32.222 - - [24/Apr/2020:07:48:32 -0400] "GET /depository//////////iot/2020%20vision%20%20The%20triumph%20of%20cognitive%20IoT%20_%20InfoWorld_files/controltag.e0ce6829d34e23edb3c90f3615dd81e0 HTTP/1.1" 200 146101
5.9.32.222 - - [24/Apr/2020:07:48:36 -0400] "GET /depository//////////iot/2020%20vision%20%20The%20triumph%20of%20cognitive%20IoT%20_%20InfoWorld_files/get HTTP/1.1" 200 254
114.119.166.158 - - [24/Apr/2020:07:48:52 -0400] "GET /depository/quant_comp/Inside%20Microsoft%92s%20quantum%20computing%20world%20_%20InfoWorld_files/third-party-iframes_data/multi-sync_002.htm HTTP/1.1" 200 5337
46.229.168.152 - - [24/Apr/2020:07:49:07 -0400] "GET /depository/backup/Tape%20vs.%20disk%20storage%20%20Why%20isn%92t%20tape%20dead%20yet%20%20%20%20Network%20World_files/get_011 HTTP/1.1" 200 15425
157.55.39.139 - - [24/Apr/2020:07:49:13 -0400] "GET /2/26/comp_26.htm HTTP/1.1" 200 15588
213.180.203.118 - - [24/Apr/2020:07:49:18 -0400] "GET /4/44/dccp.htm HTTP/1.1" 200 35290
179.61.164.223 - - [24/Apr/2020:07:49:28 -0400] "GET /depository/neuro/1901_03690.pdf HTTP/1.0" 200 2980176
5.9.32.222 - - [24/Apr/2020:07:49:29 -0400] "GET /depository//////////iot/2020%20vision%20%20The%20triumph%20of%20cognitive%20IoT%20_%20InfoWorld_files/infoworld.com HTTP/1.1" 200 380
5.9.32.222 - - [24/Apr/2020:07:49:32 -0400] "GET /depository//////////iot/2020%20vision%20%20The%20triumph%20of%20cognitive%20IoT%20_%20InfoWorld_files/optout_check HTTP/1.1" 200 90
5.9.32.222 - - [24/Apr/2020:07:49:34 -0400] "GET /depository//////////iot/2020%20vision%20%20The%20triumph%20of%20cognitive%20IoT%20_%20InfoWorld_files/svrGP.aspx HTTP/1.1" 200 79
5.9.32.222 - - [24/Apr/2020:07:49:37 -0400] "GET /depository//////////iot/2020%20vision%20%20The%20triumph%20of%20cognitive%20IoT%20_%20InfoWorld_files/svrGP.htm HTTP/1.1" 200 129
5.9.32.222 - - [24/Apr/2020:07:49:39 -0400] "GET /depository//////////iot/2020%20vision%20%20The%20triumph%20of%20cognitive%20IoT%20_%20InfoWorld_files/t HTTP/1.1" 200 590
89.35.39.180 - - [24/Apr/2020:07:49:40 -0400] "GET /wp-login.php HTTP/1.1" 404 210
77.75.78.161 - - [24/Apr/2020:07:49:40 -0400] "GET /4/44/rut_4411.htm HTTP/1.1" 304 -
89.35.39.180 - - [24/Apr/2020:07:49:40 -0400] "GET /11/wp-login.php HTTP/1.1" 404 213
5.9.32.222 - - [24/Apr/2020:07:49:53 -0400] "GET /depository//////////iot/9%20IoT%20global%20trends%20for%202017%20-%20TechRepublic_files/BannerServer.htm HTTP/1.1" 200 7860
