54.36.148.4 - - [24/Apr/2020:20:42:41 -0400] "GET /3/ppp_35.htm) HTTP/1.1" 404 211
192.99.160.200 - - [24/Apr/2020:20:42:47 -0400] "GET /depository/cyberwar/Programmer%20tried%20to%20sell%20cyberweapon%20on%20dark%20web%20for%20$50M%20%20Reminder%20to%20secure%20employees%20-%20TechRepublic_files/a_data_010/?C=D;O=D HTTP/1.1" 200 819
167.86.70.217 - - [24/Apr/2020:20:42:47 -0400] "GET /depository/big_data/Analyzing%20'big%20data'%20with%20Microsoft%20Cloud%20Numerics.files/?C=D;O=A HTTP/1.1" 200 2356
66.102.9.26 - - [24/Apr/2020:20:42:51 -0400] "GET /depository/AI/From%20chatbots%20to%20Einstein,%20artificial%20intelligence%20as%20a%20service%20_%20InfoWorld_files/reddit.svg HTTP/1.1" 200 1556
167.86.70.217 - - [24/Apr/2020:20:42:53 -0400] "GET /depository/big_data/Analyzing%20'big%20data'%20with%20Microsoft%20Cloud%20Numerics.files/?C=M;O=A HTTP/1.1" 200 2356
167.86.70.217 - - [24/Apr/2020:20:43:03 -0400] "GET /depository/big_data/Analyzing%20'big%20data'%20with%20Microsoft%20Cloud%20Numerics.files/?C=N;O=D HTTP/1.1" 200 2356
192.99.160.200 - - [24/Apr/2020:20:43:07 -0400] "GET /depository/cyberwar/Programmer%20tried%20to%20sell%20cyberweapon%20on%20dark%20web%20for%20$50M%20%20Reminder%20to%20secure%20employees%20-%20TechRepublic_files/a_data_010/?C=M;O=A HTTP/1.1" 200 819
167.86.70.217 - - [24/Apr/2020:20:43:13 -0400] "GET /depository/big_data/Analyzing%20'big%20data'%20with%20Microsoft%20Cloud%20Numerics.files/?C=S;O=A HTTP/1.1" 200 2356
46.229.168.139 - - [24/Apr/2020:20:43:32 -0400] "GET /depository/ddos/Over%20100,000%20devices%20can%20be%20used%20to%20amplify%20DDoS%20attacks%20via%20multicast%20DNS%20%20%20ITworld_files/fastbutton.html HTTP/1.1" 200 33177
192.99.160.200 - - [24/Apr/2020:20:43:37 -0400] "GET /depository/cyberwar/Programmer%20tried%20to%20sell%20cyberweapon%20on%20dark%20web%20for%20$50M%20%20Reminder%20to%20secure%20employees%20-%20TechRepublic_files/a_data_010/?C=M;O=D HTTP/1.1" 200 819
167.86.70.217 - - [24/Apr/2020:20:43:40 -0400] "GET /depository/big_data/Apache%20Spark%20%20100%20terabytes%20(TB)%20of%20data%20sorted%20in%2023%20minutes%20%20%20Opensource.com_files/?C=N;O=D HTTP/1.1" 200 5238
114.119.163.196 - - [24/Apr/2020:20:43:46 -0400] "GET /depository/quant_comp/Post-quantum%20cryptography%20a%20major%20challenge,%20says%20expert_files/Post-quantum-cryptography-a-major-challenge-says-expert.htm HTTP/1.1" 200 492
213.180.203.118 - - [24/Apr/2020:20:43:46 -0400] "GET /4/4/rsvp_te/rsvp_te11.cdr HTTP/1.1" 200 14420
167.86.70.217 - - [24/Apr/2020:20:43:49 -0400] "GET /depository/big_data/Big%20data%20needs%20big%20security%20changes%20_%20InfoWorld_files/a_003.htm HTTP/1.1" 200 108
192.99.160.200 - - [24/Apr/2020:20:43:59 -0400] "GET /depository/cyberwar/Programmer%20tried%20to%20sell%20cyberweapon%20on%20dark%20web%20for%20$50M%20%20Reminder%20to%20secure%20employees%20-%20TechRepublic_files/a_data_010/?C=N;O=A HTTP/1.1" 200 819
167.86.70.217 - - [24/Apr/2020:20:44:09 -0400] "GET /depository/big_data/Big%20data%20needs%20big%20security%20changes%20_%20InfoWorld_files/big-data-needs-big-security-changes.htm HTTP/1.1" 200 1496
167.86.70.217 - - [24/Apr/2020:20:44:16 -0400] "GET /depository/big_data/Big%20data%20needs%20big%20security%20changes%20_%20InfoWorld_files/challenge HTTP/1.1" 200 8835
167.86.70.217 - - [24/Apr/2020:20:44:23 -0400] "GET /depository/big_data/Big%20data%20needs%20big%20security%20changes%20_%20InfoWorld_files/controltag HTTP/1.1" 200 8243
192.99.160.200 - - [24/Apr/2020:20:44:28 -0400] "GET /depository/cyberwar/Programmer%20tried%20to%20sell%20cyberweapon%20on%20dark%20web%20for%20$50M%20%20Reminder%20to%20secure%20employees%20-%20TechRepublic_files/a_data_010/?C=N;O=D HTTP/1.1" 200 819
167.86.70.217 - - [24/Apr/2020:20:44:39 -0400] "GET /depository/big_data/Big%20data%20needs%20big%20security%20changes%20_%20InfoWorld_files/get HTTP/1.1" 200 254
5.9.32.222 - - [24/Apr/2020:20:44:46 -0400] "GET /depository//////////newest_tech/http___www.computerworld.com_article_3182140_cw-50-the-data-storage-industry-comes-into-its-own_files/loader-stats.html HTTP/1.1" 200 184
167.86.70.217 - - [24/Apr/2020:20:44:48 -0400] "GET /depository/big_data/Big%20data%20needs%20big%20security%20changes%20_%20InfoWorld_files/infoworld.com HTTP/1.1" 200 380
5.9.32.222 - - [24/Apr/2020:20:44:49 -0400] "GET /depository//////////newest_tech/http___www.computerworld.com_article_3182140_cw-50-the-data-storage-industry-comes-into-its-own_files/lotame-bcp.js.%e7%e0%e3%f0%f3%e6%e5%ed%ee HTTP/1.1" 200 300
114.119.165.29 - - [24/Apr/2020:20:44:53 -0400] "GET /depository/AI/Danger,%20danger%21%2010%20alarming%20examples%20of%20AI%20gone%20wild%20_%20ITworld_files/FTScroller_plugins.js HTTP/1.1" 200 51183
192.99.160.200 - - [24/Apr/2020:20:44:53 -0400] "GET /depository/cyberwar/Programmer%20tried%20to%20sell%20cyberweapon%20on%20dark%20web%20for%20$50M%20%20Reminder%20to%20secure%20employees%20-%20TechRepublic_files/a_data_010/?C=S;O=A HTTP/1.1" 200 819
167.86.70.217 - - [24/Apr/2020:20:45:03 -0400] "GET /depository/big_data/Big%20data%20needs%20big%20security%20changes%20_%20InfoWorld_files/optout_check HTTP/1.1" 200 90
5.9.32.222 - - [24/Apr/2020:20:45:04 -0400] "GET /depository//////////newest_tech/http___www.computerworld.com_article_3182140_cw-50-the-data-storage-industry-comes-into-its-own_files/lotame-beacon.js.%e7%e0%e3%f0%f3%e6%e5%ed%ee HTTP/1.1" 200 1490
192.99.160.200 - - [24/Apr/2020:20:45:11 -0400] "GET /depository/cyberwar/Programmer%20tried%20to%20sell%20cyberweapon%20on%20dark%20web%20for%20$50M%20%20Reminder%20to%20secure%20employees%20-%20TechRepublic_files/a_data_010/?C=S;O=D HTTP/1.1" 200 819
5.9.32.222 - - [24/Apr/2020:20:45:21 -0400] "GET /depository//////////newest_tech/http___www.computerworld.com_article_3182140_cw-50-the-data-storage-industry-comes-into-its-own_files/lotame_bcp.html HTTP/1.1" 200 391
192.99.160.200 - - [24/Apr/2020:20:45:32 -0400] "GET /depository/cyberwar/Programmer%20tried%20to%20sell%20cyberweapon%20on%20dark%20web%20for%20$50M%20%20Reminder%20to%20secure%20employees%20-%20TechRepublic_files/a_data_011/?C=D;O=A HTTP/1.1" 200 1093
167.86.70.217 - - [24/Apr/2020:20:45:33 -0400] "GET /depository/big_data/Big%20data%20needs%20big%20security%20changes%20_%20InfoWorld_files/reload HTTP/1.1" 200 341
192.99.160.200 - - [24/Apr/2020:20:45:48 -0400] "GET /depository/cyberwar/Programmer%20tried%20to%20sell%20cyberweapon%20on%20dark%20web%20for%20$50M%20%20Reminder%20to%20secure%20employees%20-%20TechRepublic_files/a_data_011/?C=M;O=A HTTP/1.1" 200 1093
167.86.70.217 - - [24/Apr/2020:20:45:57 -0400] "GET /depository/big_data/Big%20data%20needs%20big%20security%20changes%20_%20InfoWorld_files/svrGP.htm HTTP/1.1" 200 1001
47.108.80.103 - - [24/Apr/2020:20:46:05 -0400] "GET /js/index.js HTTP/1.1" 404 209
192.99.160.200 - - [24/Apr/2020:20:46:06 -0400] "GET /depository/cyberwar/Programmer%20tried%20to%20sell%20cyberweapon%20on%20dark%20web%20for%20$50M%20%20Reminder%20to%20secure%20employees%20-%20TechRepublic_files/a_data_011/a_data/ HTTP/1.1" 200 712
167.86.70.217 - - [24/Apr/2020:20:46:08 -0400] "GET /depository/big_data/Big%20data%20needs%20big%20security%20changes%20_%20InfoWorld_files/t HTTP/1.1" 200 591
213.180.203.118 - - [24/Apr/2020:20:46:10 -0400] "GET /depository/quant_comp/Inside%20Microsoft%92s%20quantum%20computing%20world%20_%20InfoWorld_files/a_005.htm HTTP/1.1" 200 107
47.108.80.103 - - [24/Apr/2020:20:46:11 -0400] "GET /js/tc.js HTTP/1.1" 404 206
192.99.160.200 - - [24/Apr/2020:20:46:13 -0400] "GET /depository/cyberwar/Programmer%20tried%20to%20sell%20cyberweapon%20on%20dark%20web%20for%20$50M%20%20Reminder%20to%20secure%20employees%20-%20TechRepublic_files/a_data_011/a_data_002/ HTTP/1.1" 200 720
47.108.80.103 - - [24/Apr/2020:20:46:14 -0400] "GET /public/js/image.js HTTP/1.1" 404 216
167.86.70.217 - - [24/Apr/2020:20:46:16 -0400] "GET /depository/big_data/Big%20data%20shines%20at%20Demo%202012%20%20Business%20Intelligence%20-%20InfoWorld.files/?C=D;O=D HTTP/1.1" 200 3632
5.9.32.222 - - [24/Apr/2020:20:46:22 -0400] "GET /depository//////////newest_tech/http___www.computerworld.com_article_3182140_cw-50-the-data-storage-industry-comes-into-its-own_files/lotame_beacon.html HTTP/1.1" 200 582
5.9.32.222 - - [24/Apr/2020:20:46:25 -0400] "GET /depository//////////newest_tech/http___www.computerworld.com_article_3182140_cw-50-the-data-storage-industry-comes-into-its-own_files/md5.js.%e7%e0%e3%f0%f3%e6%e5%ed%ee HTTP/1.1" 200 6130
167.86.70.217 - - [24/Apr/2020:20:46:27 -0400] "GET /depository/big_data/Big%20data%20shines%20at%20Demo%202012%20%20Business%20Intelligence%20-%20InfoWorld.files/?C=M;O=A HTTP/1.1" 200 3632
5.9.32.222 - - [24/Apr/2020:20:46:28 -0400] "GET /depository//////////newest_tech/http___www.computerworld.com_article_3182140_cw-50-the-data-storage-industry-comes-into-its-own_files/moatad.js(1).%e7%e0%e3%f0%f3%e6%e5%ed%ee HTTP/1.1" 200 187233
66.249.64.50 - - [24/Apr/2020:20:46:30 -0400] "GET /depository//rfcs/7600/rfc7640.txt HTTP/1.1" 200 107544
5.9.32.222 - - [24/Apr/2020:20:46:32 -0400] "GET /depository//////////newest_tech/http___www.computerworld.com_article_3182140_cw-50-the-data-storage-industry-comes-into-its-own_files/moatad.js.%e7%e0%e3%f0%f3%e6%e5%ed%ee HTTP/1.1" 200 187233
192.99.160.200 - - [24/Apr/2020:20:46:33 -0400] "GET /depository/cyberwar/Programmer%20tried%20to%20sell%20cyberweapon%20on%20dark%20web%20for%20$50M%20%20Reminder%20to%20secure%20employees%20-%20TechRepublic_files/a_data_018/pixel_data/?C=N;O=A HTTP/1.1" 200 722
167.86.70.217 - - [24/Apr/2020:20:46:34 -0400] "GET /depository/big_data/Big%20data%20shines%20at%20Demo%202012%20%20Business%20Intelligence%20-%20InfoWorld.files/?C=M;O=D HTTP/1.1" 200 3632
5.9.32.222 - - [24/Apr/2020:20:46:35 -0400] "GET /depository//////////newest_tech/http___www.computerworld.com_article_3182140_cw-50-the-data-storage-industry-comes-into-its-own_files/mobile-ad-source.html HTTP/1.1" 200 1897
5.9.32.222 - - [24/Apr/2020:20:46:36 -0400] "GET /depository//////////newest_tech/http___www.computerworld.com_article_3182140_cw-50-the-data-storage-industry-comes-into-its-own_files/modernizr.js.%e7%e0%e3%f0%f3%e6%e5%ed%ee HTTP/1.1" 200 9139
213.180.203.118 - - [24/Apr/2020:20:46:36 -0400] "GET /depository/open_flow/SDN%20in%202014%20%20A%20year%20of%20non-stop%20action%20%20%20ITworld_files/sso.htm HTTP/1.1" 200 10477
5.9.32.222 - - [24/Apr/2020:20:46:39 -0400] "GET /depository//////////newest_tech/http___www.computerworld.com_article_3182140_cw-50-the-data-storage-industry-comes-into-its-own_files/mouse_down.js.%e7%e0%e3%f0%f3%e6%e5%ed%ee HTTP/1.1" 200 269
167.86.70.217 - - [24/Apr/2020:20:46:40 -0400] "GET /depository/big_data/Big%20data%20shines%20at%20Demo%202012%20%20Business%20Intelligence%20-%20InfoWorld.files/?C=N;O=A HTTP/1.1" 200 3632
5.9.32.222 - - [24/Apr/2020:20:46:43 -0400] "GET /depository//////////newest_tech/http___www.computerworld.com_article_3182140_cw-50-the-data-storage-industry-comes-into-its-own_files/narf_prebid.js.%e7%e0%e3%f0%f3%e6%e5%ed%ee HTTP/1.1" 200 769
5.9.32.222 - - [24/Apr/2020:20:46:44 -0400] "GET /depository//////////newest_tech/http___www.computerworld.com_article_3182140_cw-50-the-data-storage-industry-comes-into-its-own_files/native-loader.js.%e7%e0%e3%f0%f3%e6%e5%ed%ee HTTP/1.1" 200 1835
5.9.32.222 - - [24/Apr/2020:20:46:46 -0400] "GET /depository//////////newest_tech/http___www.computerworld.com_article_3182140_cw-50-the-data-storage-industry-comes-into-its-own_files/native_v1.0.757-4-g4e1c3ff.js.%e7%e0%e3%f0%f3%e6%e5%ed%ee HTTP/1.1" 200 359164
167.86.70.217 - - [24/Apr/2020:20:46:47 -0400] "GET /depository/big_data/Big%20data%20shines%20at%20Demo%202012%20%20Business%20Intelligence%20-%20InfoWorld.files/?C=N;O=D HTTP/1.1" 200 3632
5.9.32.222 - - [24/Apr/2020:20:46:48 -0400] "GET /depository//////////newest_tech/http___www.computerworld.com_article_3182140_cw-50-the-data-storage-industry-comes-into-its-own_files/oct.js.%e7%e0%e3%f0%f3%e6%e5%ed%ee HTTP/1.1" 200 5126
94.25.229.104 - - [24/Apr/2020:20:46:50 -0400] "GET /10/ascii.htm HTTP/1.1" 200 36979
5.9.32.222 - - [24/Apr/2020:20:46:51 -0400] "GET /depository//////////newest_tech/http___www.computerworld.com_article_3182140_cw-50-the-data-storage-industry-comes-into-its-own_files/onejs HTTP/1.1" 200 21671
167.86.70.217 - - [24/Apr/2020:20:46:52 -0400] "GET /depository/big_data/Big%20data%20shines%20at%20Demo%202012%20%20Business%20Intelligence%20-%20InfoWorld.files/?C=S;O=A HTTP/1.1" 200 3632
5.9.32.222 - - [24/Apr/2020:20:46:56 -0400] "GET /depository//////////newest_tech/http___www.computerworld.com_article_3182140_cw-50-the-data-storage-industry-comes-into-its-own_files/onejs(1) HTTP/1.1" 200 21803
167.86.70.217 - - [24/Apr/2020:20:46:56 -0400] "GET /depository/big_data/Big%20data%20shines%20at%20Demo%202012%20%20Business%20Intelligence%20-%20InfoWorld.files/?C=S;O=D HTTP/1.1" 200 3632
167.86.70.217 - - [24/Apr/2020:20:47:04 -0400] "GET /depository/big_data/Big%20data%20to%20create%201_9M%20IT%20jobs%20in%20U_S_%20by%202015,%20says%20Gartner%20-%20Computerworld.files/?C=D;O=A HTTP/1.1" 200 3726
192.99.160.200 - - [24/Apr/2020:20:47:08 -0400] "GET /depository/cyberwar/Programmer%20tried%20to%20sell%20cyberweapon%20on%20dark%20web%20for%20$50M%20%20Reminder%20to%20secure%20employees%20-%20TechRepublic_files/a_data_019/?C=N;O=A HTTP/1.1" 200 707
167.86.70.217 - - [24/Apr/2020:20:47:12 -0400] "GET /depository/big_data/Big%20data%20to%20create%201_9M%20IT%20jobs%20in%20U_S_%20by%202015,%20says%20Gartner%20-%20Computerworld.files/?C=D;O=D HTTP/1.1" 200 3726
167.86.70.217 - - [24/Apr/2020:20:47:20 -0400] "GET /depository/big_data/Big%20data%20to%20create%201_9M%20IT%20jobs%20in%20U_S_%20by%202015,%20says%20Gartner%20-%20Computerworld.files/?C=M;O=A HTTP/1.1" 200 3726
213.180.203.118 - - [24/Apr/2020:20:47:28 -0400] "GET /depository/security/threats/ HTTP/1.1" 200 1622
167.86.70.217 - - [24/Apr/2020:20:47:28 -0400] "GET /depository/big_data/Big%20data%20to%20create%201_9M%20IT%20jobs%20in%20U_S_%20by%202015,%20says%20Gartner%20-%20Computerworld.files/?C=M;O=D HTTP/1.1" 200 3726
192.99.160.200 - - [24/Apr/2020:20:47:29 -0400] "GET /depository/cyberwar/Programmer%20tried%20to%20sell%20cyberweapon%20on%20dark%20web%20for%20$50M%20%20Reminder%20to%20secure%20employees%20-%20TechRepublic_files/a_data_019/?C=S;O=D HTTP/1.1" 200 707
5.9.32.222 - - [24/Apr/2020:20:47:30 -0400] "GET /depository//////////newest_tech/http___www.computerworld.com_article_3182140_cw-50-the-data-storage-industry-comes-into-its-own_files/osd.js.%e7%e0%e3%f0%f3%e6%e5%ed%ee HTTP/1.1" 200 77913
5.9.32.222 - - [24/Apr/2020:20:47:32 -0400] "GET /depository//////////newest_tech/http___www.computerworld.com_article_3182140_cw-50-the-data-storage-industry-comes-into-its-own_files/osd_listener.js.%e7%e0%e3%f0%f3%e6%e5%ed%ee HTTP/1.1" 200 23813
167.86.70.217 - - [24/Apr/2020:20:47:36 -0400] "GET /depository/big_data/Big%20data%20to%20create%201_9M%20IT%20jobs%20in%20U_S_%20by%202015,%20says%20Gartner%20-%20Computerworld.files/?C=N;O=A HTTP/1.1" 200 3726
192.99.160.200 - - [24/Apr/2020:20:47:37 -0400] "GET /depository/cyberwar/Programmer%20tried%20to%20sell%20cyberweapon%20on%20dark%20web%20for%20$50M%20%20Reminder%20to%20secure%20employees%20-%20TechRepublic_files/a_data_022/a_data/ HTTP/1.1" 200 712
167.86.70.217 - - [24/Apr/2020:20:47:44 -0400] "GET /depository/big_data/Big%20data%20to%20create%201_9M%20IT%20jobs%20in%20U_S_%20by%202015,%20says%20Gartner%20-%20Computerworld.files/?C=N;O=D HTTP/1.1" 200 3726
167.86.70.217 - - [24/Apr/2020:20:47:50 -0400] "GET /depository/big_data/Big%20data%20to%20create%201_9M%20IT%20jobs%20in%20U_S_%20by%202015,%20says%20Gartner%20-%20Computerworld.files/?C=S;O=A HTTP/1.1" 200 3726
37.57.79.50 - - [24/Apr/2020:20:47:50 -0400] "GET /10/ascii.htm HTTP/1.1" 200 36979
157.55.39.139 - - [24/Apr/2020:20:47:53 -0400] "GET /4/44/dccp.htm HTTP/1.1" 200 35290
167.86.70.217 - - [24/Apr/2020:20:47:57 -0400] "GET /depository/big_data/Big%20data%20to%20create%201_9M%20IT%20jobs%20in%20U_S_%20by%202015,%20says%20Gartner%20-%20Computerworld.files/?C=S;O=D HTTP/1.1" 200 3726
192.99.160.200 - - [24/Apr/2020:20:47:58 -0400] "GET /depository/cyberwar/Programmer%20tried%20to%20sell%20cyberweapon%20on%20dark%20web%20for%20$50M%20%20Reminder%20to%20secure%20employees%20-%20TechRepublic_files/a_data_022/a_data_002/ HTTP/1.1" 200 720
167.86.70.217 - - [24/Apr/2020:20:48:04 -0400] "GET /depository/bitcoin/Compliance%20for%20Bitcoin,%20virtual%20currencies%20and%20storage%20and%20backup_files//%22http://users.computerweekly.com/registration/ComputerWeekly/DisplayConsentText.page?languageCd=en&enText=true%5C%22 HTTP/1.1" 404 379
167.86.70.217 - - [24/Apr/2020:20:48:11 -0400] "GET /depository/bitcoin/Compliance%20for%20Bitcoin,%20virtual%20currencies%20and%20storage%20and%20backup_files//%22http://www.techtarget.com/html/privacy_policy.html/%22 HTTP/1.1" 404 353
5.9.32.222 - - [24/Apr/2020:20:48:12 -0400] "GET /depository//////////newest_tech/http___www.computerworld.com_article_3182140_cw-50-the-data-storage-industry-comes-into-its-own_files/p.js.%e7%e0%e3%f0%f3%e6%e5%ed%ee HTTP/1.1" 200 6593
192.99.160.200 - - [24/Apr/2020:20:48:12 -0400] "GET /depository/cyberwar/Programmer%20tried%20to%20sell%20cyberweapon%20on%20dark%20web%20for%20$50M%20%20Reminder%20to%20secure%20employees%20-%20TechRepublic_files/ls_data/?C=N;O=A HTTP/1.1" 200 691
5.9.32.222 - - [24/Apr/2020:20:48:14 -0400] "GET /depository//////////newest_tech/http___www.computerworld.com_article_3182140_cw-50-the-data-storage-industry-comes-into-its-own_files/p81r HTTP/1.1" 200 43
176.52.6.127 - - [24/Apr/2020:20:48:14 -0400] "GET /10/ascii.htm HTTP/1.1" 200 36979
167.86.70.217 - - [24/Apr/2020:20:48:19 -0400] "GET /depository/blockchain/Blockchain%20scalability%20-%20O'Reilly%20Media_files//%22mailto:accounts@oreilly.com/%22 HTTP/1.1" 404 307
213.180.203.118 - - [24/Apr/2020:20:48:24 -0400] "GET /4/45/wais4512.htm HTTP/1.1" 200 25222
167.86.70.217 - - [24/Apr/2020:20:48:28 -0400] "GET /depository/blockchain/Understanding%20the%20blockchain%20-%20O'Reilly%20Media_files//%22mailto:accounts@oreilly.com/%22 HTTP/1.1" 404 313
5.9.32.222 - - [24/Apr/2020:20:48:30 -0400] "GET /depository//////////newest_tech/http___www.computerworld.com_article_3182140_cw-50-the-data-storage-industry-comes-into-its-own_files/pd.html HTTP/1.1" 200 249
5.9.32.222 - - [24/Apr/2020:20:48:32 -0400] "GET /depository//////////newest_tech/http___www.computerworld.com_article_3182140_cw-50-the-data-storage-industry-comes-into-its-own_files/pippio.min.js.%e7%e0%e3%f0%f3%e6%e5%ed%ee HTTP/1.1" 200 73645
192.99.160.200 - - [24/Apr/2020:20:48:32 -0400] "GET /depository/cyberwar/Programmer%20tried%20to%20sell%20cyberweapon%20on%20dark%20web%20for%20$50M%20%20Reminder%20to%20secure%20employees%20-%20TechRepublic_files/ls_data/?C=S;O=A HTTP/1.1" 200 691
167.86.70.217 - - [24/Apr/2020:20:48:34 -0400] "GET /depository/brain_comp_interf/3D%22http://dl.acm.org/ft_gateway.cfm?id=3D1941506&type=3Ddigital%25= HTTP/1.1" 404 267
167.86.70.217 - - [24/Apr/2020:20:48:41 -0400] "GET /depository/cloud/Azure%20CTO%20Mark%20Russinovich's%20top%20ten%20public%20cloud%20security%20risks_files//%22http://users.computerweekly.com/registration/ComputerWeekly/DisplayConsentText.page?languageCd=en&enText=true%5C%22 HTTP/1.1" 404 376
2.93.20.106 - - [24/Apr/2020:20:48:49 -0400] "GET /qos1.htm HTTP/1.1" 200 55179
5.9.32.222 - - [24/Apr/2020:20:48:51 -0400] "GET /depository//////////newest_tech/http___www.computerworld.com_article_3182140_cw-50-the-data-storage-industry-comes-into-its-own_files/pixel(1).html HTTP/1.1" 200 2232
5.9.32.222 - - [24/Apr/2020:20:48:53 -0400] "GET /depository//////////newest_tech/http___www.computerworld.com_article_3182140_cw-50-the-data-storage-industry-comes-into-its-own_files/pixel(2).html HTTP/1.1" 200 9886
167.86.70.217 - - [24/Apr/2020:20:48:53 -0400] "GET /depository/cloud/Azure%20CTO%20Mark%20Russinovich's%20top%20ten%20public%20cloud%20security%20risks_files//%22http://www.techtarget.com/html/privacy_policy.html/%22 HTTP/1.1" 404 350
192.99.160.200 - - [24/Apr/2020:20:48:56 -0400] "GET /depository/cyberwar/Programmer%20tried%20to%20sell%20cyberweapon%20on%20dark%20web%20for%20$50M%20%20Reminder%20to%20secure%20employees%20-%20TechRepublic_files/v2 HTTP/1.1" 200 4
167.86.70.217 - - [24/Apr/2020:20:49:04 -0400] "GET /depository/cloud/Cloud%20traffic%20to%20jump%20262%25%20by%202020,%20according%20to%20Cisco%20Global%20Cloud%20Index%20-%20TechRepublic_files/container.htm HTTP/1.1" 200 98609
167.86.70.217 - - [24/Apr/2020:20:49:10 -0400] "GET /depository/cloud/Cloud%20traffic%20to%20jump%20262%25%20by%202020,%20according%20to%20Cisco%20Global%20Cloud%20Index%20-%20TechRepublic_files/container_002.htm HTTP/1.1" 200 82042
192.99.160.200 - - [24/Apr/2020:20:49:14 -0400] "GET /depository/cyberwar/Report%20%20Inside%20North%20Korea's%20network,%20NSA%20saw%20signs%20of%20Sony%20attack%20%20%20ITworld_files/?C=S;O=D HTTP/1.1" 200 3338
167.86.70.217 - - [24/Apr/2020:20:49:16 -0400] "GET /depository/cloud/Cloud%20traffic%20to%20jump%20262%25%20by%202020,%20according%20to%20Cisco%20Global%20Cloud%20Index%20-%20TechRepublic_files/container_003.htm HTTP/1.1" 200 82042
46.229.168.131 - - [24/Apr/2020:20:49:18 -0400] "GET /depository/super_comp/U.S.%20issues%20bogus,%20unenforceable%20ban%20of%20supercomputer%20chips%20for%20China%20%20%20Computerworld_files/button3.html HTTP/1.1" 200 8500
5.9.32.222 - - [24/Apr/2020:20:49:22 -0400] "GET /depository//////////newest_tech/http___www.computerworld.com_article_3182140_cw-50-the-data-storage-industry-comes-into-its-own_files/pixel.html HTTP/1.1" 200 2240
192.210.176.24 - - [24/Apr/2020:20:49:24 -0400] "GET /depository/forecasts/2015-tech-trends.htm HTTP/1.0" 200 313019
167.86.70.217 - - [24/Apr/2020:20:49:25 -0400] "GET /depository/cloud/Cloud%20traffic%20to%20jump%20262%25%20by%202020,%20according%20to%20Cisco%20Global%20Cloud%20Index%20-%20TechRepublic_files/container_004.htm HTTP/1.1" 200 86329
136.243.95.154 - - [24/Apr/2020:20:49:29 -0400] "GET /6/rfc2196.htm HTTP/1.1" 200 182755
192.99.160.200 - - [24/Apr/2020:20:49:32 -0400] "GET /depository/cyberwar/Report%20%20NSA%20not%20only%20creates,%20but%20also%20hijacks,%20malware%20%20%20ITworld_files/cb=gapi.loaded_0 HTTP/1.1" 200 113171
167.86.70.217 - - [24/Apr/2020:20:49:33 -0400] "GET /depository/cloud/Cloud%20traffic%20to%20jump%20262%25%20by%202020,%20according%20to%20Cisco%20Global%20Cloud%20Index%20-%20TechRepublic_files/container_005.htm HTTP/1.1" 200 37466
192.99.160.200 - - [24/Apr/2020:20:49:47 -0400] "GET /depository/cyberwar/Report%20%20NSA%20not%20only%20creates,%20but%20also%20hijacks,%20malware%20%20%20ITworld_files/cb=gapi.loaded_1 HTTP/1.1" 200 57793
167.86.70.217 - - [24/Apr/2020:20:49:48 -0400] "GET /depository/cloud/Cloud%20traffic%20to%20jump%20262%25%20by%202020,%20according%20to%20Cisco%20Global%20Cloud%20Index%20-%20TechRepublic_files/iframe.htm HTTP/1.1" 200 481
5.9.32.222 - - [24/Apr/2020:20:49:50 -0400] "GET /depository//////////newest_tech/http___www.computerworld.com_article_3182140_cw-50-the-data-storage-industry-comes-into-its-own_files/pixel.js(1).%e7%e0%e3%f0%f3%e6%e5%ed%ee HTTP/1.1" 200 1
5.9.32.222 - - [24/Apr/2020:20:49:53 -0400] "GET /depository//////////newest_tech/http___www.computerworld.com_article_3182140_cw-50-the-data-storage-industry-comes-into-its-own_files/pixel.js.%e7%e0%e3%f0%f3%e6%e5%ed%ee HTTP/1.1" 200 1
167.86.70.217 - - [24/Apr/2020:20:49:55 -0400] "GET /depository/cloud/Cloud%20traffic%20to%20jump%20262%25%20by%202020,%20according%20to%20Cisco%20Global%20Cloud%20Index%20-%20TechRepublic_files/iframe_002.htm HTTP/1.1" 200 485
5.9.32.222 - - [24/Apr/2020:20:49:57 -0400] "GET /depository//////////newest_tech/http___www.computerworld.com_article_3182140_cw-50-the-data-storage-industry-comes-into-its-own_files/prebid.min.js.%e7%e0%e3%f0%f3%e6%e5%ed%ee HTTP/1.1" 200 45272
5.9.32.222 - - [24/Apr/2020:20:50:00 -0400] "GET /depository//////////newest_tech/http___www.computerworld.com_article_3182140_cw-50-the-data-storage-industry-comes-into-its-own_files/prebid_gpt_launcher.js.%e7%e0%e3%f0%f3%e6%e5%ed%ee HTTP/1.1" 200 1430
5.9.32.222 - - [24/Apr/2020:20:50:02 -0400] "GET /depository//////////newest_tech/http___www.computerworld.com_article_3182140_cw-50-the-data-storage-industry-comes-into-its-own_files/prettify.js.%e7%e0%e3%f0%f3%e6%e5%ed%ee HTTP/1.1" 200 14584
167.86.70.217 - - [24/Apr/2020:20:50:02 -0400] "GET /depository/cloud/Cloud%20traffic%20to%20jump%20262%25%20by%202020,%20according%20to%20Cisco%20Global%20Cloud%20Index%20-%20TechRepublic_files/rtifr.htm HTTP/1.1" 200 1655
5.9.32.222 - - [24/Apr/2020:20:50:05 -0400] "GET /depository//////////newest_tech/http___www.computerworld.com_article_3182140_cw-50-the-data-storage-industry-comes-into-its-own_files/ptrack-v0.8.0-engaged-time.js.%e7%e0%e3%f0%f3%e6%e5%ed%ee HTTP/1.1" 200 29880
5.9.32.222 - - [24/Apr/2020:20:50:08 -0400] "GET /depository//////////newest_tech/http___www.computerworld.com_article_3182140_cw-50-the-data-storage-industry-comes-into-its-own_files/pubads_impl_112.js.%e7%e0%e3%f0%f3%e6%e5%ed%ee HTTP/1.1" 200 178843
192.99.160.200 - - [24/Apr/2020:20:50:09 -0400] "GET /depository/cyberwar/Report%20%20NSA%20not%20only%20creates,%20but%20also%20hijacks,%20malware%20%20%20ITworld_files/challenge HTTP/1.1" 200 9144
5.9.32.222 - - [24/Apr/2020:20:50:11 -0400] "GET /depository//////////newest_tech/http___www.computerworld.com_article_3182140_cw-50-the-data-storage-industry-comes-into-its-own_files/quant.js.%e7%e0%e3%f0%f3%e6%e5%ed%ee HTTP/1.1" 200 10660
167.86.70.217 - - [24/Apr/2020:20:50:15 -0400] "GET /depository/cloud/Future%20of%20in-house%20datacentres%20in%20the%20cloud%20era_files//%22http://users.computerweekly.com/registration/ComputerWeekly/DisplayConsentText.page?languageCd=en&enText=true%5C%22 HTTP/1.1" 404 359
192.99.160.200 - - [24/Apr/2020:20:50:17 -0400] "GET /depository/cyberwar/Report%20%20NSA%20not%20only%20creates,%20but%20also%20hijacks,%20malware%20%20%20ITworld_files/optout_check HTTP/1.1" 200 90
167.86.70.217 - - [24/Apr/2020:20:50:22 -0400] "GET /depository/cloud/Future%20of%20in-house%20datacentres%20in%20the%20cloud%20era_files//%22http://www.techtarget.com/html/privacy_policy.html/%22 HTTP/1.1" 404 333
167.86.70.217 - - [24/Apr/2020:20:50:28 -0400] "GET /depository/cybercrime/Criminals%20used%20malware%20program%20to%20steal%20millions%20from%20ATMs%20%20%20Computerworld_files/ HTTP/1.1" 200 7498
192.99.160.200 - - [24/Apr/2020:20:50:33 -0400] "GET /depository/cyberwar/Report%20%20NSA%20not%20only%20creates,%20but%20also%20hijacks,%20malware%20%20%20ITworld_files/ping.htm HTTP/1.1" 200 2424
167.86.70.217 - - [24/Apr/2020:20:50:35 -0400] "GET /depository/cybercrime/Criminals%20used%20malware%20program%20to%20steal%20millions%20from%20ATMs%20%20%20Computerworld_files/comments.getComments HTTP/1.1" 200 2588
167.86.70.217 - - [24/Apr/2020:20:50:43 -0400] "GET /depository/cybercrime/Criminals%20used%20malware%20program%20to%20steal%20millions%20from%20ATMs%20%20%20Computerworld_files/controltag HTTP/1.1" 200 7794
192.99.160.200 - - [24/Apr/2020:20:50:44 -0400] "GET /depository/cyberwar/Report%20%20NSA%20not%20only%20creates,%20but%20also%20hijacks,%20malware%20%20%20ITworld_files/postmessageRelay.htm HTTP/1.1" 200 676
167.86.70.217 - - [24/Apr/2020:20:50:51 -0400] "GET /depository/cybercrime/Criminals%20used%20malware%20program%20to%20steal%20millions%20from%20ATMs%20%20%20Computerworld_files/fastbutton.htm HTTP/1.1" 200 31198
46.229.168.148 - - [24/Apr/2020:20:50:51 -0400] "GET /depository/cyberwar/Cyberwar%20%20A%20guide%20to%20the%20frightening%20future%20of%20online%20conflict%20_%20ZDNet_files/a_data_007/tag HTTP/1.1" 200 1163
5.9.32.222 - - [24/Apr/2020:20:50:58 -0400] "GET /depository//////////newest_tech/http___www.computerworld.com_article_3182140_cw-50-the-data-storage-industry-comes-into-its-own_files/radbacon.js.%e7%e0%e3%f0%f3%e6%e5%ed%ee HTTP/1.1" 200 6936
167.86.70.217 - - [24/Apr/2020:20:50:58 -0400] "GET /depository/cybercrime/Criminals%20used%20malware%20program%20to%20steal%20millions%20from%20ATMs%20%20%20Computerworld_files/hub.1c5a573e465d84666458a45e49b0a735(1).htm HTTP/1.1" 200 21256
192.99.160.200 - - [24/Apr/2020:20:50:59 -0400] "GET /depository/cyberwar/Report%20%20NSA%20not%20only%20creates,%20but%20also%20hijacks,%20malware%20%20%20ITworld_files/reload HTTP/1.1" 200 319
5.9.32.222 - - [24/Apr/2020:20:51:00 -0400] "GET /depository//////////newest_tech/http___www.computerworld.com_article_3182140_cw-50-the-data-storage-industry-comes-into-its-own_files/responsive-tables.js.%e7%e0%e3%f0%f3%e6%e5%ed%ee HTTP/1.1" 200 1363
5.9.32.222 - - [24/Apr/2020:20:51:02 -0400] "GET /depository//////////newest_tech/http___www.computerworld.com_article_3182140_cw-50-the-data-storage-industry-comes-into-its-own_files/rev2.min.js.%e7%e0%e3%f0%f3%e6%e5%ed%ee HTTP/1.1" 200 225017
5.9.32.222 - - [24/Apr/2020:20:51:05 -0400] "GET /depository//////////newest_tech/http___www.computerworld.com_article_3182140_cw-50-the-data-storage-industry-comes-into-its-own_files/rt=ifr.html HTTP/1.1" 200 319
5.9.32.222 - - [24/Apr/2020:20:51:07 -0400] "GET /depository//////////newest_tech/http___www.computerworld.com_article_3182140_cw-50-the-data-storage-industry-comes-into-its-own_files/rta.js.%e7%e0%e3%f0%f3%e6%e5%ed%ee HTTP/1.1" 200 164
167.86.70.217 - - [24/Apr/2020:20:51:09 -0400] "GET /depository/cybercrime/Criminals%20used%20malware%20program%20to%20steal%20millions%20from%20ATMs%20%20%20Computerworld_files/hub.1c5a573e465d84666458a45e49b0a735.htm HTTP/1.1" 200 21255
5.9.32.222 - - [24/Apr/2020:20:51:11 -0400] "GET /depository//////////newest_tech/http___www.computerworld.com_article_3182140_cw-50-the-data-storage-industry-comes-into-its-own_files/rules-p-aD1qr93XuF6aC.js.%e7%e0%e3%f0%f3%e6%e5%ed%ee HTTP/1.1" 200 3
192.99.160.200 - - [24/Apr/2020:20:51:12 -0400] "GET /depository/cyberwar/Report%20%20NSA%20not%20only%20creates,%20but%20also%20hijacks,%20malware%20%20%20ITworld_files/secureAnonymousFramework HTTP/1.1" 200 164588
5.9.32.222 - - [24/Apr/2020:20:51:13 -0400] "GET /depository//////////newest_tech/http___www.computerworld.com_article_3182140_cw-50-the-data-storage-industry-comes-into-its-own_files/s_code.js.%e7%e0%e3%f0%f3%e6%e5%ed%ee HTTP/1.1" 200 51860
5.9.32.222 - - [24/Apr/2020:20:51:15 -0400] "GET /depository//////////newest_tech/http___www.computerworld.com_article_3182140_cw-50-the-data-storage-industry-comes-into-its-own_files/saved_resource(1).html HTTP/1.1" 200 183
167.86.70.217 - - [24/Apr/2020:20:51:16 -0400] "GET /depository/cybercrime/Criminals%20used%20malware%20program%20to%20steal%20millions%20from%20ATMs%20%20%20Computerworld_files/optout_check HTTP/1.1" 200 90
5.9.32.222 - - [24/Apr/2020:20:51:17 -0400] "GET /depository//////////newest_tech/http___www.computerworld.com_article_3182140_cw-50-the-data-storage-industry-comes-into-its-own_files/saved_resource(10).html HTTP/1.1" 200 149
5.9.32.222 - - [24/Apr/2020:20:51:21 -0400] "GET /depository//////////newest_tech/http___www.computerworld.com_article_3182140_cw-50-the-data-storage-industry-comes-into-its-own_files/saved_resource(11).html HTTP/1.1" 200 149
5.9.32.222 - - [24/Apr/2020:20:51:23 -0400] "GET /depository//////////newest_tech/http___www.computerworld.com_article_3182140_cw-50-the-data-storage-industry-comes-into-its-own_files/saved_resource(12).html HTTP/1.1" 200 823
167.86.70.217 - - [24/Apr/2020:20:51:25 -0400] "GET /depository/cybercrime/Criminals%20used%20malware%20program%20to%20steal%20millions%20from%20ATMs%20%20%20Computerworld_files/postmessageRelay.htm HTTP/1.1" 200 706
5.9.32.222 - - [24/Apr/2020:20:51:26 -0400] "GET /depository//////////newest_tech/http___www.computerworld.com_article_3182140_cw-50-the-data-storage-industry-comes-into-its-own_files/saved_resource(13).html HTTP/1.1" 200 579
192.99.160.200 - - [24/Apr/2020:20:51:28 -0400] "GET /depository/cyberwar/Report%20%20NSA%20not%20only%20creates,%20but%20also%20hijacks,%20malware%20%20%20ITworld_files/svrGP(1).aspx HTTP/1.1" 200 79
5.9.32.222 - - [24/Apr/2020:20:51:28 -0400] "GET /depository//////////newest_tech/http___www.computerworld.com_article_3182140_cw-50-the-data-storage-industry-comes-into-its-own_files/saved_resource(14).html HTTP/1.1" 200 149
213.180.203.118 - - [24/Apr/2020:20:51:33 -0400] "GET /depository/rfcs/2400/rfc2483.txt HTTP/1.1" 200 31417
167.86.70.217 - - [24/Apr/2020:20:51:34 -0400] "GET /depository/cybercrime/Criminals%20used%20malware%20program%20to%20steal%20millions%20from%20ATMs%20%20%20Computerworld_files/saved_resource HTTP/1.1" 200 14
5.9.32.222 - - [24/Apr/2020:20:51:38 -0400] "GET /depository//////////newest_tech/http___www.computerworld.com_article_3182140_cw-50-the-data-storage-industry-comes-into-its-own_files/saved_resource(2).html HTTP/1.1" 200 1910
5.9.32.222 - - [24/Apr/2020:20:51:41 -0400] "GET /depository//////////newest_tech/http___www.computerworld.com_article_3182140_cw-50-the-data-storage-industry-comes-into-its-own_files/saved_resource(3).html HTTP/1.1" 200 183
167.86.70.217 - - [24/Apr/2020:20:51:43 -0400] "GET /depository/cybercrime/Criminals%20used%20malware%20program%20to%20steal%20millions%20from%20ATMs%20%20%20Computerworld_files/saved_resource.htm HTTP/1.1" 200 1537
5.9.32.222 - - [24/Apr/2020:20:51:43 -0400] "GET /depository//////////newest_tech/http___www.computerworld.com_article_3182140_cw-50-the-data-storage-industry-comes-into-its-own_files/saved_resource(4).html HTTP/1.1" 200 183
5.9.32.222 - - [24/Apr/2020:20:51:46 -0400] "GET /depository//////////newest_tech/http___www.computerworld.com_article_3182140_cw-50-the-data-storage-industry-comes-into-its-own_files/saved_resource(5).html HTTP/1.1" 200 183
5.9.32.222 - - [24/Apr/2020:20:51:47 -0400] "GET /depository//////////newest_tech/http___www.computerworld.com_article_3182140_cw-50-the-data-storage-industry-comes-into-its-own_files/saved_resource(6).html HTTP/1.1" 200 8192
5.9.32.222 - - [24/Apr/2020:20:51:50 -0400] "GET /depository//////////newest_tech/http___www.computerworld.com_article_3182140_cw-50-the-data-storage-industry-comes-into-its-own_files/saved_resource(7).html HTTP/1.1" 200 2002
5.9.32.222 - - [24/Apr/2020:20:51:52 -0400] "GET /depository//////////newest_tech/http___www.computerworld.com_article_3182140_cw-50-the-data-storage-industry-comes-into-its-own_files/saved_resource(8).html HTTP/1.1" 200 183
5.9.32.222 - - [24/Apr/2020:20:51:54 -0400] "GET /depository//////////newest_tech/http___www.computerworld.com_article_3182140_cw-50-the-data-storage-industry-comes-into-its-own_files/saved_resource(9).html HTTP/1.1" 200 183
167.86.70.217 - - [24/Apr/2020:20:51:54 -0400] "GET /depository/cybercrime/Criminals%20used%20malware%20program%20to%20steal%20millions%20from%20ATMs%20%20%20Computerworld_files/secureAnonymousFramework HTTP/1.1" 200 164551
192.99.160.200 - - [24/Apr/2020:20:51:55 -0400] "GET /depository/cyberwar/Report%20%20NSA%20not%20only%20creates,%20but%20also%20hijacks,%20malware%20%20%20ITworld_files/svrGP.aspx HTTP/1.1" 200 49
5.9.32.222 - - [24/Apr/2020:20:51:56 -0400] "GET /depository//////////newest_tech/http___www.computerworld.com_article_3182140_cw-50-the-data-storage-industry-comes-into-its-own_files/saved_resource.html HTTP/1.1" 200 17559
5.9.32.222 - - [24/Apr/2020:20:51:59 -0400] "GET /depository//////////newest_tech/http___www.computerworld.com_article_3182140_cw-50-the-data-storage-industry-comes-into-its-own_files/sca.17.2.2.js.%e7%e0%e3%f0%f3%e6%e5%ed%ee HTTP/1.1" 200 64404
167.86.70.217 - - [24/Apr/2020:20:52:00 -0400] "GET /depository/cybercrime/Five%20reasons%20Liberty%20Reserve%20is%20the%20cyber%20crime%20story%20of%20the%20year%20%20ITworld.mht HTTP/1.1" 200 2391556
5.9.32.222 - - [24/Apr/2020:20:52:01 -0400] "GET /depository//////////newest_tech/http___www.computerworld.com_article_3182140_cw-50-the-data-storage-industry-comes-into-its-own_files/select2.js.%e7%e0%e3%f0%f3%e6%e5%ed%ee HTTP/1.1" 200 79220
5.9.32.222 - - [24/Apr/2020:20:52:06 -0400] "GET /depository//////////newest_tech/http___www.computerworld.com_article_3182140_cw-50-the-data-storage-industry-comes-into-its-own_files/shortstack_nav.js.%e7%e0%e3%f0%f3%e6%e5%ed%ee HTTP/1.1" 200 2129
192.99.160.200 - - [24/Apr/2020:20:52:07 -0400] "GET /depository/cyberwar/Report%20%20NSA%20not%20only%20creates,%20but%20also%20hijacks,%20malware%20%20%20ITworld_files/svrGP.htm HTTP/1.1" 200 523
167.86.70.217 - - [24/Apr/2020:20:52:11 -0400] "GET /depository/cybercrime/Hackers%20steal%20$5M%20in%20bitcoin%20currency%20during%20Bitstamp%20exchange%20attack%20%20%20ITworld_files/ HTTP/1.1" 200 5524
167.86.70.217 - - [24/Apr/2020:20:52:15 -0400] "GET /depository/cybercrime/NCA%20changed%20UK%20cyber%20crime%20fighting,%20says%20NCCU%20head.mht HTTP/1.1" 200 1408289
5.9.32.222 - - [24/Apr/2020:20:52:22 -0400] "GET /depository//////////newest_tech/http___www.computerworld.com_article_3182140_cw-50-the-data-storage-industry-comes-into-its-own_files/snippet.js.%e7%e0%e3%f0%f3%e6%e5%ed%ee HTTP/1.1" 200 15581
192.99.160.200 - - [24/Apr/2020:20:52:22 -0400] "GET /depository/cyberwar/Report%20suggests%20that%20U.S.%20helped%20create%20super%20cyber%20weapon%20%20%20ZDNet_files/36c1ca5070 HTTP/1.1" 200 41
5.9.32.222 - - [24/Apr/2020:20:52:25 -0400] "GET /depository//////////newest_tech/http___www.computerworld.com_article_3182140_cw-50-the-data-storage-industry-comes-into-its-own_files/social_sidecar.js.%e7%e0%e3%f0%f3%e6%e5%ed%ee HTTP/1.1" 200 3094
5.9.32.222 - - [24/Apr/2020:20:52:28 -0400] "GET /depository//////////newest_tech/http___www.computerworld.com_article_3182140_cw-50-the-data-storage-industry-comes-into-its-own_files/ss-social.js.%e7%e0%e3%f0%f3%e6%e5%ed%ee HTTP/1.1" 200 3950
167.86.70.217 - - [24/Apr/2020:20:52:30 -0400] "GET /depository/cybercrime/Russian%20cyberspies%20likely%20behind%20DNC%20breach%20move%20on%20to%20German%20election%20_%20Computerworld_files/ HTTP/1.1" 200 9392
5.9.32.222 - - [24/Apr/2020:20:52:36 -0400] "GET /depository//////////newest_tech/http___www.computerworld.com_article_3182140_cw-50-the-data-storage-industry-comes-into-its-own_files/ss-standard.js.%e7%e0%e3%f0%f3%e6%e5%ed%ee HTTP/1.1" 200 10818
5.9.32.222 - - [24/Apr/2020:20:52:37 -0400] "GET /depository//////////newest_tech/http___www.computerworld.com_article_3182140_cw-50-the-data-storage-industry-comes-into-its-own_files/svrGP(1).aspx HTTP/1.1" 200 79
167.86.70.217 - - [24/Apr/2020:20:52:37 -0400] "GET /depository/cybercrime/Russian%20cyberspies%20likely%20behind%20DNC%20breach%20move%20on%20to%20German%20election%20_%20Network%20World_files/russian-cyberspies-likely-behind-dnc-breach-move-on-to-germa_006/?C=D;O=A HTTP/1.1" 200 703
187.189.102.156 - - [24/Apr/2020:20:52:38 -0400] "HEAD /depository/iot/SF_march2019_iiot.pdf HTTP/1.1" 200 -
187.189.102.156 - - [24/Apr/2020:20:52:39 -0400] "GET /depository/iot/SF_march2019_iiot.pdf HTTP/1.1" 200 3643658
192.99.160.200 - - [24/Apr/2020:20:52:41 -0400] "GET /depository/cyberwar/Report%20suggests%20that%20U.S.%20helped%20create%20super%20cyber%20weapon%20%20%20ZDNet_files/BannerServer.htm HTTP/1.1" 200 9433
187.189.102.156 - - [24/Apr/2020:20:52:41 -0400] "GET /depository/iot/SF_march2019_iiot.pdf HTTP/1.1" 200 3643658
167.86.70.217 - - [24/Apr/2020:20:52:41 -0400] "GET /depository/cybercrime/Russian%20cyberspies%20likely%20behind%20DNC%20breach%20move%20on%20to%20German%20election%20_%20Network%20World_files/russian-cyberspies-likely-behind-dnc-breach-move-on-to-germa_006/?C=D;O=D HTTP/1.1" 200 703
5.9.32.222 - - [24/Apr/2020:20:52:41 -0400] "GET /depository//////////newest_tech/http___www.computerworld.com_article_3182140_cw-50-the-data-storage-industry-comes-into-its-own_files/svrGP(2).aspx HTTP/1.1" 200 49
187.189.102.156 - - [24/Apr/2020:20:52:43 -0400] "GET /depository/iot/SF_march2019_iiot.pdf HTTP/1.1" 206 629002
5.9.32.222 - - [24/Apr/2020:20:52:45 -0400] "GET /depository//////////newest_tech/http___www.computerworld.com_article_3182140_cw-50-the-data-storage-industry-comes-into-its-own_files/svrGP(3).aspx HTTP/1.1" 200 79
5.9.32.222 - - [24/Apr/2020:20:52:47 -0400] "GET /depository//////////newest_tech/http___www.computerworld.com_article_3182140_cw-50-the-data-storage-industry-comes-into-its-own_files/svrGP.aspx HTTP/1.1" 200 49
187.189.102.156 - - [24/Apr/2020:20:52:49 -0400] "GET /depository/iot/SF_march2019_iiot.pdf HTTP/1.1" 206 2818048
167.86.70.217 - - [24/Apr/2020:20:52:49 -0400] "GET /depository/cybercrime/Russian%20cyberspies%20likely%20behind%20DNC%20breach%20move%20on%20to%20German%20election%20_%20Network%20World_files/russian-cyberspies-likely-behind-dnc-breach-move-on-to-germa_006/?C=M;O=A HTTP/1.1" 200 703
5.9.32.222 - - [24/Apr/2020:20:52:50 -0400] "GET /depository//////////newest_tech/http___www.computerworld.com_article_3182140_cw-50-the-data-storage-industry-comes-into-its-own_files/sync HTTP/1.1" 200 131
5.9.32.222 - - [24/Apr/2020:20:52:54 -0400] "GET /depository//////////newest_tech/http___www.computerworld.com_article_3182140_cw-50-the-data-storage-industry-comes-into-its-own_files/sync(1) HTTP/1.1" 200 43
66.249.64.48 - - [24/Apr/2020:20:52:55 -0400] "GET /4/net_4.htm HTTP/1.1" 200 99981
167.86.70.217 - - [24/Apr/2020:20:52:55 -0400] "GET /depository/cybercrime/Russian%20cyberspies%20likely%20behind%20DNC%20breach%20move%20on%20to%20German%20election%20_%20Network%20World_files/russian-cyberspies-likely-behind-dnc-breach-move-on-to-germa_006/?C=M;O=D HTTP/1.1" 200 703
5.9.32.222 - - [24/Apr/2020:20:53:00 -0400] "GET /depository//////////newest_tech/http___www.computerworld.com_article_3182140_cw-50-the-data-storage-industry-comes-into-its-own_files/sync.html HTTP/1.1" 200 233
192.99.160.200 - - [24/Apr/2020:20:53:02 -0400] "GET /depository/cyberwar/Report%20suggests%20that%20U.S.%20helped%20create%20super%20cyber%20weapon%20%20%20ZDNet_files/container.htm HTTP/1.1" 200 4086
167.86.70.217 - - [24/Apr/2020:20:53:03 -0400] "GET /depository/cybercrime/Russian%20cyberspies%20likely%20behind%20DNC%20breach%20move%20on%20to%20German%20election%20_%20Network%20World_files/russian-cyberspies-likely-behind-dnc-breach-move-on-to-germa_006/?C=N;O=A HTTP/1.1" 200 703
5.9.32.222 - - [24/Apr/2020:20:53:08 -0400] "GET /depository//////////newest_tech/http___www.computerworld.com_article_3182140_cw-50-the-data-storage-industry-comes-into-its-own_files/t HTTP/1.1" 200 1277
5.9.32.222 - - [24/Apr/2020:20:53:10 -0400] "GET /depository//////////newest_tech/http___www.computerworld.com_article_3182140_cw-50-the-data-storage-industry-comes-into-its-own_files/third-party-iframes.html HTTP/1.1" 200 967
167.86.70.217 - - [24/Apr/2020:20:53:12 -0400] "GET /depository/cybercrime/Russian%20cyberspies%20likely%20behind%20DNC%20breach%20move%20on%20to%20German%20election%20_%20Network%20World_files/russian-cyberspies-likely-behind-dnc-breach-move-on-to-germa_006/?C=S;O=A HTTP/1.1" 200 703
5.9.32.222 - - [24/Apr/2020:20:53:12 -0400] "GET /depository//////////newest_tech/http___www.computerworld.com_article_3182140_cw-50-the-data-storage-industry-comes-into-its-own_files/thm_pre.js.%e7%e0%e3%f0%f3%e6%e5%ed%ee HTTP/1.1" 200 17072
5.189.197.184 - - [24/Apr/2020:20:53:13 -0400] "GET /10/ascii.htm HTTP/1.1" 200 36979
5.9.32.222 - - [24/Apr/2020:20:53:14 -0400] "GET /depository//////////newest_tech/http___www.computerworld.com_article_3182140_cw-50-the-data-storage-industry-comes-into-its-own_files/tracking.js.%e7%e0%e3%f0%f3%e6%e5%ed%ee HTTP/1.1" 200 1075
192.99.160.200 - - [24/Apr/2020:20:53:16 -0400] "GET /depository/cyberwar/Report%20suggests%20that%20U.S.%20helped%20create%20super%20cyber%20weapon%20%20%20ZDNet_files/css HTTP/1.1" 200 1439
5.9.32.222 - - [24/Apr/2020:20:53:16 -0400] "GET /depository//////////newest_tech/http___www.computerworld.com_article_3182140_cw-50-the-data-storage-industry-comes-into-its-own_files/unruly-cookies.js.%e7%e0%e3%f0%f3%e6%e5%ed%ee HTTP/1.1" 200 1290
167.86.70.217 - - [24/Apr/2020:20:53:22 -0400] "GET /depository/cybercrime/Russian%20cyberspies%20likely%20behind%20DNC%20breach%20move%20on%20to%20German%20election%20_%20Network%20World_files/russian-cyberspies-likely-behind-dnc-breach-move-on-to-germa_006/?C=S;O=D HTTP/1.1" 200 703
5.9.32.222 - - [24/Apr/2020:20:53:23 -0400] "GET /depository//////////newest_tech/http___www.computerworld.com_article_3182140_cw-50-the-data-storage-industry-comes-into-its-own_files/unruly-stringify.js.%e7%e0%e3%f0%f3%e6%e5%ed%ee HTTP/1.1" 200 839
5.9.32.222 - - [24/Apr/2020:20:53:24 -0400] "GET /depository//////////newest_tech/http___www.computerworld.com_article_3182140_cw-50-the-data-storage-industry-comes-into-its-own_files/unrulyx-usermatch.js.%e7%e0%e3%f0%f3%e6%e5%ed%ee HTTP/1.1" 200 102892
192.99.160.200 - - [24/Apr/2020:20:53:26 -0400] "GET /depository/cyberwar/Report%20suggests%20that%20U.S.%20helped%20create%20super%20cyber%20weapon%20%20%20ZDNet_files/dest4.htm HTTP/1.1" 200 8594
5.9.32.222 - - [24/Apr/2020:20:53:29 -0400] "GET /depository//////////newest_tech/http___www.computerworld.com_article_3182140_cw-50-the-data-storage-industry-comes-into-its-own_files/v1.js.%e7%e0%e3%f0%f3%e6%e5%ed%ee HTTP/1.1" 200 10919
5.9.32.222 - - [24/Apr/2020:20:53:32 -0400] "GET /depository//////////newest_tech/http___www.computerworld.com_article_3182140_cw-50-the-data-storage-industry-comes-into-its-own_files/vglnk.js.%e7%e0%e3%f0%f3%e6%e5%ed%ee HTTP/1.1" 200 79218
213.180.203.118 - - [24/Apr/2020:20:53:32 -0400] "GET /depository/blockchain/IBM%20wants%20to%20make%20blockchain%20good%20enough%20to%20eat%20_%20ITworld_files/onejs HTTP/1.1" 200 23785
167.86.70.217 - - [24/Apr/2020:20:53:34 -0400] "GET /depository/cybercrime/Russian%20cyberspies%20likely%20behind%20DNC%20breach%20move%20on%20to%20German%20election%20_%20Network%20World_files/russian-cyberspies-likely-behind-dnc-breach-move-on-to-germa_007/?C=D;O=D HTTP/1.1" 200 703
5.9.32.222 - - [24/Apr/2020:20:53:35 -0400] "GET /depository//////////newest_tech/http___www.computerworld.com_article_3182140_cw-50-the-data-storage-industry-comes-into-its-own_files/webtag.js.%e7%e0%e3%f0%f3%e6%e5%ed%ee HTTP/1.1" 200 16426
5.9.32.222 - - [24/Apr/2020:20:53:41 -0400] "GET /depository//////////newest_tech/http___www.computerworld.com_article_3182140_cw-50-the-data-storage-industry-comes-into-its-own_files/yieldbot.intent.js.%e7%e0%e3%f0%f3%e6%e5%ed%ee HTTP/1.1" 200 21303
167.86.70.217 - - [24/Apr/2020:20:53:42 -0400] "GET /depository/cybercrime/The%20Red%20October%20malware%20campaign%20uncovered%20What%20enterprises%20can%20learn.mht HTTP/1.1" 200 852833
192.99.160.200 - - [24/Apr/2020:20:53:42 -0400] "GET /depository/cyberwar/Report%20suggests%20that%20U.S.%20helped%20create%20super%20cyber%20weapon%20%20%20ZDNet_files/event HTTP/1.1" 200 2643
5.9.32.222 - - [24/Apr/2020:20:53:44 -0400] "GET /depository//////////newest_tech/http___www.computerworld.com_article_3182140_cw-50-the-data-storage-industry-comes-into-its-own_files/ylv4wjj.js.%e7%e0%e3%f0%f3%e6%e5%ed%ee HTTP/1.1" 200 20579
5.9.32.222 - - [24/Apr/2020:20:53:47 -0400] "GET /depository//////////ngfw/NGFW%20benefits%20include%20identity%20awareness,%20secure%20mobile%20access_files/1068cf12f6 HTTP/1.1" 200 25
167.86.70.217 - - [24/Apr/2020:20:53:50 -0400] "GET /depository/cybercrime/The%20feds'%20guide%20to%20bringing%20down%20a%20hacker%20from%20the%20inside%20%20Cringely%20-%20InfoWorld.mht HTTP/1.1" 200 849074
114.119.162.158 - - [24/Apr/2020:20:53:50 -0400] "GET /depository/rfcs/1600/RFC1670.TXT HTTP/1.1" 200 5521
5.9.32.222 - - [24/Apr/2020:20:53:51 -0400] "GET /depository//////////ngfw/NGFW%20benefits%20include%20identity%20awareness,%20secure%20mobile%20access_files/container.html HTTP/1.1" 200 4018
192.99.160.200 - - [24/Apr/2020:20:53:59 -0400] "GET /depository/cyberwar/Report%20suggests%20that%20U.S.%20helped%20create%20super%20cyber%20weapon%20%20%20ZDNet_files/event(1) HTTP/1.1" 200 2643
91.205.239.6 - - [24/Apr/2020:20:54:02 -0400] "GET /4/44/asn44132.htm HTTP/1.1" 200 48377
5.9.32.222 - - [24/Apr/2020:20:54:02 -0400] "GET /depository//////////ngfw/NGFW%20benefits%20include%20identity%20awareness,%20secure%20mobile%20access_files/getuid HTTP/1.1" 200 43
5.9.32.222 - - [24/Apr/2020:20:54:03 -0400] "GET /depository//////////ngfw/NGFW%20benefits%20include%20identity%20awareness,%20secure%20mobile%20access_files/pixel.php HTTP/1.1" 200 474106
167.86.70.217 - - [24/Apr/2020:20:54:05 -0400] "GET /depository/cybercrime/iOS%20apps%20vulnerable%20to%20Wi-Fi%20hijacking%20bug%20%20Wireless%20security%20-%20InfoWorld.mht HTTP/1.1" 200 774674
5.9.32.222 - - [24/Apr/2020:20:54:07 -0400] "GET /depository//////////ngfw/NGFW%20benefits%20include%20identity%20awareness,%20secure%20mobile%20access_files/saved_resource HTTP/1.1" 200 43
5.9.32.222 - - [24/Apr/2020:20:54:08 -0400] "GET /depository//////////ngfw/NGFW%20benefits%20include%20identity%20awareness,%20secure%20mobile%20access_files/saved_resource(1) HTTP/1.1" 200 85
5.9.32.222 - - [24/Apr/2020:20:54:10 -0400] "GET /depository//////////ngfw/NGFW%20benefits%20include%20identity%20awareness,%20secure%20mobile%20access_files/saved_resource(2) HTTP/1.1" 200 85
192.99.160.200 - - [24/Apr/2020:20:54:10 -0400] "GET /depository/cyberwar/Report%20suggests%20that%20U.S.%20helped%20create%20super%20cyber%20weapon%20%20%20ZDNet_files/id HTTP/1.1" 200 155
66.249.64.50 - - [24/Apr/2020:20:54:11 -0400] "GET /QoS_2005.htm HTTP/1.1" 304 -
5.9.32.222 - - [24/Apr/2020:20:54:12 -0400] "GET /depository//////////ngfw/NGFW%20benefits%20include%20identity%20awareness,%20secure%20mobile%20access_files/saved_resource(3) HTTP/1.1" 200 43
167.86.70.217 - - [24/Apr/2020:20:54:13 -0400] "GET /depository/cyberwar/Cyberwar%20%20A%20guide%20to%20the%20frightening%20future%20of%20online%20conflict%20_%20ZDNet_files/ HTTP/1.1" 200 7732
195.64.142.54 - - [24/Apr/2020:20:54:16 -0400] "GET /10/ascii.htm HTTP/1.1" 200 36979
167.86.70.217 - - [24/Apr/2020:20:54:17 -0400] "GET /depository/cyberwar/Cyberwar%20%20A%20guide%20to%20the%20frightening%20future%20of%20online%20conflict%20_%20ZDNet_files/BannerServer_data/ HTTP/1.1" 200 593
