5.9.32.222 - - [24/Apr/2020:20:54:20 -0400] "GET /depository//////////ngfw/NGFW%20benefits%20include%20identity%20awareness,%20secure%20mobile%20access_files/seg HTTP/1.1" 200 43
5.9.32.222 - - [24/Apr/2020:20:54:22 -0400] "GET /depository//////////ngfw/3D%22http://www.computerweekly.com/?vgnextfmt=3Dportfolio%22 HTTP/1.1" 404 261
167.86.70.217 - - [24/Apr/2020:20:54:23 -0400] "GET /depository/cyberwar/Cyberwar%20%20A%20guide%20to%20the%20frightening%20future%20of%20online%20conflict%20_%20ZDNet_files/a_012.htm HTTP/1.1" 200 554
167.86.70.217 - - [24/Apr/2020:20:54:27 -0400] "GET /depository/cyberwar/Cyberwar%20%20A%20guide%20to%20the%20frightening%20future%20of%20online%20conflict%20_%20ZDNet_files/a_data/ HTTP/1.1" 200 659
192.99.160.200 - - [24/Apr/2020:20:54:27 -0400] "GET /depository/cyberwar/Report%20suggests%20that%20U.S.%20helped%20create%20super%20cyber%20weapon%20%20%20ZDNet_files/js HTTP/1.1" 200 484
167.86.70.217 - - [24/Apr/2020:20:54:31 -0400] "GET /depository/cyberwar/Cyberwar%20%20A%20guide%20to%20the%20frightening%20future%20of%20online%20conflict%20_%20ZDNet_files/a_data_002/ HTTP/1.1" 200 627
167.86.70.217 - - [24/Apr/2020:20:54:37 -0400] "GET /depository/cyberwar/Cyberwar%20%20A%20guide%20to%20the%20frightening%20future%20of%20online%20conflict%20_%20ZDNet_files/a_data_003/ HTTP/1.1" 200 583
192.99.160.200 - - [24/Apr/2020:20:54:41 -0400] "GET /depository/cyberwar/Report%20suggests%20that%20U.S.%20helped%20create%20super%20cyber%20weapon%20%20%20ZDNet_files/v2 HTTP/1.1" 200 442
167.86.70.217 - - [24/Apr/2020:20:54:42 -0400] "GET /depository/cyberwar/Cyberwar%20%20A%20guide%20to%20the%20frightening%20future%20of%20online%20conflict%20_%20ZDNet_files/a_data_004/ HTTP/1.1" 200 583
167.86.70.217 - - [24/Apr/2020:20:54:50 -0400] "GET /depository/cyberwar/Cyberwar%20%20A%20guide%20to%20the%20frightening%20future%20of%20online%20conflict%20_%20ZDNet_files/a_data_006/ HTTP/1.1" 200 619
192.99.160.200 - - [24/Apr/2020:20:54:53 -0400] "GET /depository/cyberwar/The%20future%20of%20cyberwar%20%20%E2%80%8BWeaponised%20ransomware,%20IoT%20attacks%20and%20a%20new%20arms%20race%20-%20TechRepublic_files/Asset.php HTTP/1.1" 200 56828
167.86.70.217 - - [24/Apr/2020:20:54:56 -0400] "GET /depository/cyberwar/Cyberwar%20%20A%20guide%20to%20the%20frightening%20future%20of%20online%20conflict%20_%20ZDNet_files/a_data_007/ HTTP/1.1" 200 615
192.99.160.200 - - [24/Apr/2020:20:55:04 -0400] "GET /depository/cyberwar/The%20future%20of%20cyberwar%20%20%E2%80%8BWeaponised%20ransomware,%20IoT%20attacks%20and%20a%20new%20arms%20race%20-%20TechRepublic_files/a HTTP/1.1" 200 50663
213.180.203.118 - - [24/Apr/2020:20:55:04 -0400] "GET /4/44/rtc_4493.htm HTTP/1.1" 200 66012
167.86.70.217 - - [24/Apr/2020:20:55:04 -0400] "GET /depository/cyberwar/Cyberwar%20%20A%20guide%20to%20the%20frightening%20future%20of%20online%20conflict%20_%20ZDNet_files/a_data_008/ HTTP/1.1" 200 663
167.86.70.217 - - [24/Apr/2020:20:55:15 -0400] "GET /depository/cyberwar/Cyberwar%20%20A%20guide%20to%20the%20frightening%20future%20of%20online%20conflict%20_%20ZDNet_files/a_data_009/ HTTP/1.1" 200 619
192.99.160.200 - - [24/Apr/2020:20:55:16 -0400] "GET /depository/cyberwar/The%20future%20of%20cyberwar%20%20%E2%80%8BWeaponised%20ransomware,%20IoT%20attacks%20and%20a%20new%20arms%20race%20-%20TechRepublic_files/a.htm HTTP/1.1" 200 248
167.86.70.217 - - [24/Apr/2020:20:55:22 -0400] "GET /depository/cyberwar/Cyberwar%20%20A%20guide%20to%20the%20frightening%20future%20of%20online%20conflict%20_%20ZDNet_files/a_data_010/a_data/ HTTP/1.1" 200 608
46.229.168.162 - - [24/Apr/2020:20:55:24 -0400] "GET /depository/cyberwar/The%20Security%20Interviews_%20Do%20cyber%20weapons%20need%20a%20Geneva%20Convention__files/saved_resource(6).html HTTP/1.1" 200 1574
192.99.160.200 - - [24/Apr/2020:20:55:28 -0400] "GET /depository/cyberwar/The%20future%20of%20cyberwar%20%20%E2%80%8BWeaponised%20ransomware,%20IoT%20attacks%20and%20a%20new%20arms%20race%20-%20TechRepublic_files/a_009.htm HTTP/1.1" 200 440
167.86.70.217 - - [24/Apr/2020:20:55:29 -0400] "GET /depository/cyberwar/Cyberwar%20%20A%20guide%20to%20the%20frightening%20future%20of%20online%20conflict%20_%20ZDNet_files/a_data_010/a_data_002/ HTTP/1.1" 200 616
5.9.32.222 - - [24/Apr/2020:20:55:30 -0400] "GET /depository//////////ngfw/3D%22http://www.computerweekly.com/news%22 HTTP/1.1" 404 271
167.86.70.217 - - [24/Apr/2020:20:55:34 -0400] "GET /depository/cyberwar/Cyberwar%20%20A%20guide%20to%20the%20frightening%20future%20of%20online%20conflict%20_%20ZDNet_files/a_data_011/ HTTP/1.1" 200 7988
5.9.32.222 - - [24/Apr/2020:20:55:34 -0400] "GET /depository//////////nosql/3D%22http://searchsecurity.techtarget.com/news%22 HTTP/1.1" 404 279
167.86.70.217 - - [24/Apr/2020:20:55:39 -0400] "GET /depository/cyberwar/Cyberwar%20%20A%20guide%20to%20the%20frightening%20future%20of%20online%20conflict%20_%20ZDNet_files/a_data_012/ HTTP/1.1" 200 627
192.99.160.200 - - [24/Apr/2020:20:55:39 -0400] "GET /depository/cyberwar/The%20future%20of%20cyberwar%20%20%E2%80%8BWeaponised%20ransomware,%20IoT%20attacks%20and%20a%20new%20arms%20race%20-%20TechRepublic_files/a_010.htm HTTP/1.1" 200 14986
5.9.32.222 - - [24/Apr/2020:20:55:40 -0400] "GET /depository//////////nosql/3D%22http://searchsecurity.techtarget.com/register%22 HTTP/1.1" 404 283
5.9.32.222 - - [24/Apr/2020:20:55:41 -0400] "GET /depository//////////nosql/3D%22http://searchsecurity.bitpipe.com/webcasts%22 HTTP/1.1" 404 280
167.86.70.217 - - [24/Apr/2020:20:55:46 -0400] "GET /depository/cyberwar/Cyberwar%20%20A%20guide%20to%20the%20frightening%20future%20of%20online%20conflict%20_%20ZDNet_files/a_data_014/ HTTP/1.1" 200 643
5.9.32.222 - - [24/Apr/2020:20:55:46 -0400] "GET /depository//////////nosql/3D%22http://searchsecurity.techtarget.com/videos%22 HTTP/1.1" 404 281
5.9.32.222 - - [24/Apr/2020:20:55:47 -0400] "GET /depository//////////open_flow/Brocade%20beefs%20up%20campus%20with%20SDN,%20new%20stackable%20%20%20ITworld_files/14347 HTTP/1.1" 200 43
192.99.160.200 - - [24/Apr/2020:20:55:47 -0400] "GET /depository/cyberwar/The%20future%20of%20cyberwar%20%20%E2%80%8BWeaponised%20ransomware,%20IoT%20attacks%20and%20a%20new%20arms%20race%20-%20TechRepublic_files/a_012.htm HTTP/1.1" 200 15086
5.9.32.222 - - [24/Apr/2020:20:55:49 -0400] "GET /depository//////////open_flow/Brocade%20beefs%20up%20campus%20with%20SDN,%20new%20stackable%20%20%20ITworld_files/QjK2hWv6uak(1).htm HTTP/1.1" 200 -
5.9.32.222 - - [24/Apr/2020:20:55:53 -0400] "GET /depository//////////open_flow/Brocade%20beefs%20up%20campus%20with%20SDN,%20new%20stackable%20%20%20ITworld_files/QjK2hWv6uak.htm HTTP/1.1" 200 -
167.86.70.217 - - [24/Apr/2020:20:55:53 -0400] "GET /depository/cyberwar/Cyberwar%20%20A%20guide%20to%20the%20frightening%20future%20of%20online%20conflict%20_%20ZDNet_files/container_data/ HTTP/1.1" 200 9182
5.9.32.222 - - [24/Apr/2020:20:55:56 -0400] "GET /depository//////////open_flow/Brocade%20beefs%20up%20campus%20with%20SDN,%20new%20stackable%20%20%20ITworld_files/button3.htm HTTP/1.1" 200 8536
167.86.70.217 - - [24/Apr/2020:20:55:58 -0400] "GET /depository/cyberwar/Cyberwar%20%20A%20guide%20to%20the%20frightening%20future%20of%20online%20conflict%20_%20ZDNet_files/container_data_002/ HTTP/1.1" 200 733
66.249.64.50 - - [24/Apr/2020:20:55:58 -0400] "GET /depository//rfcs/7600/rfc7689.txt HTTP/1.1" 200 32688
192.99.160.200 - - [24/Apr/2020:20:56:07 -0400] "GET /depository/cyberwar/The%20future%20of%20cyberwar%20%20%E2%80%8BWeaponised%20ransomware,%20IoT%20attacks%20and%20a%20new%20arms%20race%20-%20TechRepublic_files/a_013.htm HTTP/1.1" 200 12270
167.86.70.217 - - [24/Apr/2020:20:56:10 -0400] "GET /depository/cyberwar/Cyberwar%20%20A%20guide%20to%20the%20frightening%20future%20of%20online%20conflict%20_%20ZDNet_files/container_data_003/ HTTP/1.1" 200 751
207.46.13.74 - - [24/Apr/2020:20:56:10 -0400] "GET /4/7/uc.htm HTTP/1.1" 200 15640
167.86.70.217 - - [24/Apr/2020:20:56:14 -0400] "GET /depository/cyberwar/Cyberwar%20%20A%20guide%20to%20the%20frightening%20future%20of%20online%20conflict%20_%20ZDNet_files/container_data_004/ HTTP/1.1" 200 995
192.99.160.200 - - [24/Apr/2020:20:56:17 -0400] "GET /depository/cyberwar/The%20future%20of%20cyberwar%20%20%E2%80%8BWeaponised%20ransomware,%20IoT%20attacks%20and%20a%20new%20arms%20race%20-%20TechRepublic_files/a_014.htm HTTP/1.1" 200 14046
167.86.70.217 - - [24/Apr/2020:20:56:21 -0400] "GET /depository/cyberwar/Cyberwar%20%20A%20guide%20to%20the%20frightening%20future%20of%20online%20conflict%20_%20ZDNet_files/iframe_data/ HTTP/1.1" 200 661
192.99.160.200 - - [24/Apr/2020:20:56:24 -0400] "GET /depository/cyberwar/The%20future%20of%20cyberwar%20%20%E2%80%8BWeaponised%20ransomware,%20IoT%20attacks%20and%20a%20new%20arms%20race%20-%20TechRepublic_files/a_016.htm HTTP/1.1" 200 15003
89.28.57.242 - - [24/Apr/2020:20:56:25 -0400] "GET /6/web_68.htm HTTP/1.1" 200 8461
167.86.70.217 - - [24/Apr/2020:20:56:27 -0400] "GET /depository/cyberwar/Cyberwar%20%20A%20guide%20to%20the%20frightening%20future%20of%20online%20conflict%20_%20ZDNet_files/ls_data/ HTTP/1.1" 200 587
167.86.70.217 - - [24/Apr/2020:20:56:34 -0400] "GET /depository/cyberwar/Cyberwar%20%20The%20smart%20person's%20guide%20-%20TechRepublic_files/BannerServer_data/ HTTP/1.1" 200 520
167.86.70.217 - - [24/Apr/2020:20:56:40 -0400] "GET /depository/cyberwar/Cyberwar%20%20The%20smart%20person's%20guide%20-%20TechRepublic_files/a_004.htm HTTP/1.1" 200 514
192.99.160.200 - - [24/Apr/2020:20:56:42 -0400] "GET /depository/cyberwar/The%20future%20of%20cyberwar%20%20%E2%80%8BWeaponised%20ransomware,%20IoT%20attacks%20and%20a%20new%20arms%20race%20-%20TechRepublic_files/a_019.htm HTTP/1.1" 200 14987
167.86.70.217 - - [24/Apr/2020:20:56:45 -0400] "GET /depository/cyberwar/Cyberwar%20%20The%20smart%20person's%20guide%20-%20TechRepublic_files/a_005.htm HTTP/1.1" 200 23214
54.36.148.99 - - [24/Apr/2020:20:56:47 -0400] "GET /depository/V_real/A.R.,%20A.I.%20and%205G%20to%20help%20drive%20mobile%20spending%20through%20'21%20%20%20Computerworld_files/ar-ai-and-5g-to-help-drive-mobile-spending-through-21_data_005/ HTTP/1.1" 200 1462
157.55.39.139 - - [24/Apr/2020:20:56:50 -0400] "GET /4/44/tcp_443.htm HTTP/1.1" 200 61723
192.99.160.200 - - [24/Apr/2020:20:56:53 -0400] "GET /depository/cyberwar/The%20future%20of%20cyberwar%20%20%E2%80%8BWeaponised%20ransomware,%20IoT%20attacks%20and%20a%20new%20arms%20race%20-%20TechRepublic_files/a_data/ HTTP/1.1" 200 749
167.86.70.217 - - [24/Apr/2020:20:56:56 -0400] "GET /depository/cyberwar/Cyberwar%20%20The%20smart%20person's%20guide%20-%20TechRepublic_files/a_006.htm HTTP/1.1" 200 302
213.180.203.118 - - [24/Apr/2020:20:56:57 -0400] "GET /depository/usb/LaCie_releases_20TB_Thunderbolt_RAID_array_Storage.mht HTTP/1.1" 200 814952
89.109.207.98 - - [24/Apr/2020:20:56:57 -0400] "GET /3/optic_32.htm HTTP/1.1" 200 48761
192.99.160.200 - - [24/Apr/2020:20:57:00 -0400] "GET /depository/cyberwar/The%20future%20of%20cyberwar%20%20%E2%80%8BWeaponised%20ransomware,%20IoT%20attacks%20and%20a%20new%20arms%20race%20-%20TechRepublic_files/a_data/5VS23-BHL36-JUED4-78U6Z-ZT97H HTTP/1.1" 200 132158
213.180.203.118 - - [24/Apr/2020:20:57:02 -0400] "GET /depository/analytics/IDG%20Connect%20%96%20From%20CERN%20to%20retail%20%20Using%20Big%20Data%20to%20make%20predictions_files/secureAnonymousFramework HTTP/1.1" 200 164391
167.86.70.217 - - [24/Apr/2020:20:57:07 -0400] "GET /depository/cyberwar/Cyberwar%20%20The%20smart%20person's%20guide%20-%20TechRepublic_files/a_013.htm HTTP/1.1" 200 23214
73.146.146.98 - - [24/Apr/2020:20:57:09 -0400] "GET /depository/terabit/400GbE_Terabit_Ethernet.mht HTTP/1.0" 200 876822
167.86.70.217 - - [24/Apr/2020:20:57:13 -0400] "GET /depository/cyberwar/Cyberwar%20%20The%20smart%20person's%20guide%20-%20TechRepublic_files/a_014.htm HTTP/1.1" 200 23219
213.180.203.118 - - [24/Apr/2020:20:57:15 -0400] "GET /4/41/zigbee.htm HTTP/1.1" 200 109210
192.99.160.200 - - [24/Apr/2020:20:57:17 -0400] "GET /depository/cyberwar/The%20future%20of%20cyberwar%20%20%E2%80%8BWeaponised%20ransomware,%20IoT%20attacks%20and%20a%20new%20arms%20race%20-%20TechRepublic_files/a_data_003/ HTTP/1.1" 200 685
167.86.70.217 - - [24/Apr/2020:20:57:18 -0400] "GET /depository/cyberwar/Cyberwar%20%20The%20smart%20person's%20guide%20-%20TechRepublic_files/a_016.htm HTTP/1.1" 200 30299
167.86.70.217 - - [24/Apr/2020:20:57:25 -0400] "GET /depository/cyberwar/Cyberwar%20%20The%20smart%20person's%20guide%20-%20TechRepublic_files/a_018.htm HTTP/1.1" 200 23218
5.9.32.222 - - [24/Apr/2020:20:57:28 -0400] "GET /depository//////////open_flow/Brocade%20beefs%20up%20campus%20with%20SDN,%20new%20stackable%20%20%20ITworld_files/cb=gapi.loaded_0 HTTP/1.1" 200 113606
167.86.70.217 - - [24/Apr/2020:20:57:29 -0400] "GET /depository/cyberwar/Cyberwar%20%20The%20smart%20person's%20guide%20-%20TechRepublic_files/a_025.htm HTTP/1.1" 200 107
192.99.160.200 - - [24/Apr/2020:20:57:30 -0400] "GET /depository/cyberwar/The%20future%20of%20cyberwar%20%20%E2%80%8BWeaponised%20ransomware,%20IoT%20attacks%20and%20a%20new%20arms%20race%20-%20TechRepublic_files/a_data_004/ HTTP/1.1" 200 709
192.99.160.200 - - [24/Apr/2020:20:57:35 -0400] "GET /depository/cyberwar/The%20future%20of%20cyberwar%20%20%E2%80%8BWeaponised%20ransomware,%20IoT%20attacks%20and%20a%20new%20arms%20race%20-%20TechRepublic_files/a_data_005/ HTTP/1.1" 200 667
167.86.70.217 - - [24/Apr/2020:20:57:35 -0400] "GET /depository/cyberwar/Cyberwar%20%20The%20smart%20person's%20guide%20-%20TechRepublic_files/a_data/ HTTP/1.1" 200 586
167.86.70.217 - - [24/Apr/2020:20:57:38 -0400] "GET /depository/cyberwar/Cyberwar%20%20The%20smart%20person's%20guide%20-%20TechRepublic_files/a_data_002/ HTTP/1.1" 200 784
5.9.32.222 - - [24/Apr/2020:20:57:39 -0400] "GET /depository//////////open_flow/Brocade%20beefs%20up%20campus%20with%20SDN,%20new%20stackable%20%20%20ITworld_files/cb=gapi.loaded_1 HTTP/1.1" 200 56879
167.86.70.217 - - [24/Apr/2020:20:57:41 -0400] "GET /depository/cyberwar/Cyberwar%20%20The%20smart%20person's%20guide%20-%20TechRepublic_files/a_data_003/ HTTP/1.1" 200 682
5.9.32.222 - - [24/Apr/2020:20:57:43 -0400] "GET /depository//////////open_flow/Brocade%20beefs%20up%20campus%20with%20SDN,%20new%20stackable%20%20%20ITworld_files/challenge HTTP/1.1" 200 12069
192.99.160.200 - - [24/Apr/2020:20:57:48 -0400] "GET /depository/cyberwar/The%20future%20of%20cyberwar%20%20%E2%80%8BWeaponised%20ransomware,%20IoT%20attacks%20and%20a%20new%20arms%20race%20-%20TechRepublic_files/a_data_006/ HTTP/1.1" 200 667
167.86.70.217 - - [24/Apr/2020:20:57:52 -0400] "GET /depository/cyberwar/Cyberwar%20%20The%20smart%20person's%20guide%20-%20TechRepublic_files/a_data_003/?C=M;O=D HTTP/1.1" 200 682
192.99.160.200 - - [24/Apr/2020:20:57:55 -0400] "GET /depository/cyberwar/The%20future%20of%20cyberwar%20%20%E2%80%8BWeaponised%20ransomware,%20IoT%20attacks%20and%20a%20new%20arms%20race%20-%20TechRepublic_files/a_data_006/?C=D;O=D HTTP/1.1" 200 667
167.86.70.217 - - [24/Apr/2020:20:57:58 -0400] "GET /depository/cyberwar/Cyberwar%20%20The%20smart%20person's%20guide%20-%20TechRepublic_files/a_data_004/ HTTP/1.1" 200 628
167.86.70.217 - - [24/Apr/2020:20:58:01 -0400] "GET /depository/cyberwar/Cyberwar%20%20The%20smart%20person's%20guide%20-%20TechRepublic_files/a_data_005/ HTTP/1.1" 200 510
5.9.32.222 - - [24/Apr/2020:20:58:05 -0400] "GET /depository//////////open_flow/Brocade%20beefs%20up%20campus%20with%20SDN,%20new%20stackable%20%20%20ITworld_files/comments.getComments HTTP/1.1" 200 297
167.86.70.217 - - [24/Apr/2020:20:58:06 -0400] "GET /depository/cyberwar/Cyberwar%20%20The%20smart%20person's%20guide%20-%20TechRepublic_files/a_data_006/ HTTP/1.1" 200 542
5.9.32.222 - - [24/Apr/2020:20:58:08 -0400] "GET /depository//////////open_flow/Brocade%20beefs%20up%20campus%20with%20SDN,%20new%20stackable%20%20%20ITworld_files/controltag HTTP/1.1" 200 8152
167.86.70.217 - - [24/Apr/2020:20:58:13 -0400] "GET /depository/cyberwar/Cyberwar%20%20The%20smart%20person's%20guide%20-%20TechRepublic_files/a_data_006/?C=D;O=A HTTP/1.1" 200 542
5.9.32.222 - - [24/Apr/2020:20:58:18 -0400] "GET /depository//////////open_flow/Brocade%20beefs%20up%20campus%20with%20SDN,%20new%20stackable%20%20%20ITworld_files/controltag.js.f99670595ccd46c65a517672ea749179 HTTP/1.1" 200 101482
167.86.70.217 - - [24/Apr/2020:20:58:20 -0400] "GET /depository/cyberwar/Cyberwar%20%20The%20smart%20person's%20guide%20-%20TechRepublic_files/a_data_006/?C=D;O=D HTTP/1.1" 200 542
192.99.160.200 - - [24/Apr/2020:20:58:21 -0400] "GET /depository/cyberwar/The%20future%20of%20cyberwar%20%20%E2%80%8BWeaponised%20ransomware,%20IoT%20attacks%20and%20a%20new%20arms%20race%20-%20TechRepublic_files/a_data_006/?C=M;O=A HTTP/1.1" 200 667
167.86.70.217 - - [24/Apr/2020:20:58:25 -0400] "GET /depository/cyberwar/Cyberwar%20%20The%20smart%20person's%20guide%20-%20TechRepublic_files/a_data_006/?C=M;O=A HTTP/1.1" 200 542
192.99.160.200 - - [24/Apr/2020:20:58:30 -0400] "GET /depository/cyberwar/The%20future%20of%20cyberwar%20%20%E2%80%8BWeaponised%20ransomware,%20IoT%20attacks%20and%20a%20new%20arms%20race%20-%20TechRepublic_files/a_data_006/?C=M;O=D HTTP/1.1" 200 667
167.86.70.217 - - [24/Apr/2020:20:58:34 -0400] "GET /depository/cyberwar/Cyberwar%20%20The%20smart%20person's%20guide%20-%20TechRepublic_files/a_data_007/ HTTP/1.1" 200 664
167.86.70.217 - - [24/Apr/2020:20:58:43 -0400] "GET /depository/cyberwar/Cyberwar%20%20The%20smart%20person's%20guide%20-%20TechRepublic_files/a_data_008/ HTTP/1.1" 200 510
192.99.160.200 - - [24/Apr/2020:20:58:45 -0400] "GET /depository/cyberwar/The%20future%20of%20cyberwar%20%20%E2%80%8BWeaponised%20ransomware,%20IoT%20attacks%20and%20a%20new%20arms%20race%20-%20TechRepublic_files/a_data_006/pd.htm HTTP/1.1" 200 142
167.86.70.217 - - [24/Apr/2020:20:58:48 -0400] "GET /depository/cyberwar/Cyberwar%20%20The%20smart%20person's%20guide%20-%20TechRepublic_files/a_data_009/ HTTP/1.1" 200 730
192.99.160.200 - - [24/Apr/2020:20:58:59 -0400] "GET /depository/cyberwar/The%20future%20of%20cyberwar%20%20%E2%80%8BWeaponised%20ransomware,%20IoT%20attacks%20and%20a%20new%20arms%20race%20-%20TechRepublic_files/a_data_007/ HTTP/1.1" 200 703
167.86.70.217 - - [24/Apr/2020:20:59:01 -0400] "GET /depository/cyberwar/Cyberwar%20%20The%20smart%20person's%20guide%20-%20TechRepublic_files/a_data_010/ HTTP/1.1" 200 554
5.9.32.222 - - [24/Apr/2020:20:59:01 -0400] "GET /depository//////////open_flow/Brocade%20beefs%20up%20campus%20with%20SDN,%20new%20stackable%20%20%20ITworld_files/count.json HTTP/1.1" 200 142
5.9.32.222 - - [24/Apr/2020:20:59:05 -0400] "GET /depository//////////open_flow/Brocade%20beefs%20up%20campus%20with%20SDN,%20new%20stackable%20%20%20ITworld_files/fastbutton.htm HTTP/1.1" 200 31133
192.99.160.200 - - [24/Apr/2020:20:59:10 -0400] "GET /depository/cyberwar/The%20future%20of%20cyberwar%20%20%E2%80%8BWeaponised%20ransomware,%20IoT%20attacks%20and%20a%20new%20arms%20race%20-%20TechRepublic_files/a_data_007/jstag HTTP/1.1" 200 164272
167.86.70.217 - - [24/Apr/2020:20:59:10 -0400] "GET /depository/cyberwar/Cyberwar%20%20The%20smart%20person's%20guide%20-%20TechRepublic_files/a_data_011/ HTTP/1.1" 200 554
5.9.32.222 - - [24/Apr/2020:20:59:12 -0400] "GET /depository//////////open_flow/Brocade%20beefs%20up%20campus%20with%20SDN,%20new%20stackable%20%20%20ITworld_files/hub.1c5a573e465d84666458a45e49b0a735(1).htm HTTP/1.1" 200 -
167.86.70.217 - - [24/Apr/2020:20:59:18 -0400] "GET /depository/cyberwar/Cyberwar%20%20The%20smart%20person's%20guide%20-%20TechRepublic_files/a_data_012/ HTTP/1.1" 200 556
192.99.160.200 - - [24/Apr/2020:20:59:19 -0400] "GET /depository/cyberwar/The%20future%20of%20cyberwar%20%20%E2%80%8BWeaponised%20ransomware,%20IoT%20attacks%20and%20a%20new%20arms%20race%20-%20TechRepublic_files/a_data_007/pd.htm HTTP/1.1" 200 142
157.55.39.139 - - [24/Apr/2020:20:59:26 -0400] "GET /depository/telework/Working_in_Post_PC_World.pdf HTTP/1.1" 200 3167604
167.86.70.217 - - [24/Apr/2020:20:59:29 -0400] "GET /depository/cyberwar/Cyberwar%20%20The%20smart%20person's%20guide%20-%20TechRepublic_files/a_data_013/ HTTP/1.1" 200 822
192.99.160.200 - - [24/Apr/2020:20:59:36 -0400] "GET /depository/cyberwar/The%20future%20of%20cyberwar%20%20%E2%80%8BWeaponised%20ransomware,%20IoT%20attacks%20and%20a%20new%20arms%20race%20-%20TechRepublic_files/a_data_008/ HTTP/1.1" 200 709
167.86.70.217 - - [24/Apr/2020:20:59:36 -0400] "GET /depository/cyberwar/Cyberwar%20%20The%20smart%20person's%20guide%20-%20TechRepublic_files/a_data_013/a_data/ HTTP/1.1" 200 535
192.99.160.200 - - [24/Apr/2020:20:59:42 -0400] "GET /depository/cyberwar/The%20future%20of%20cyberwar%20%20%E2%80%8BWeaponised%20ransomware,%20IoT%20attacks%20and%20a%20new%20arms%20race%20-%20TechRepublic_files/a_data_008/?C=D;O=A HTTP/1.1" 200 709
167.86.70.217 - - [24/Apr/2020:20:59:47 -0400] "GET /depository/cyberwar/Cyberwar%20%20The%20smart%20person's%20guide%20-%20TechRepublic_files/a_data_013/a_data_002/ HTTP/1.1" 200 531
167.86.70.217 - - [24/Apr/2020:20:59:59 -0400] "GET /depository/cyberwar/Cyberwar%20%20The%20smart%20person's%20guide%20-%20TechRepublic_files/a_data_013/a_data_003/ HTTP/1.1" 200 543
192.99.160.200 - - [24/Apr/2020:21:00:01 -0400] "GET /depository/cyberwar/The%20future%20of%20cyberwar%20%20%E2%80%8BWeaponised%20ransomware,%20IoT%20attacks%20and%20a%20new%20arms%20race%20-%20TechRepublic_files/a_data_008/?C=D;O=D HTTP/1.1" 200 709
5.9.32.222 - - [24/Apr/2020:21:00:02 -0400] "GET /depository//////////open_flow/Brocade%20beefs%20up%20campus%20with%20SDN,%20new%20stackable%20%20%20ITworld_files/hub.1c5a573e465d84666458a45e49b0a735.htm HTTP/1.1" 200 21255
192.99.160.200 - - [24/Apr/2020:21:00:09 -0400] "GET /depository/cyberwar/The%20future%20of%20cyberwar%20%20%E2%80%8BWeaponised%20ransomware,%20IoT%20attacks%20and%20a%20new%20arms%20race%20-%20TechRepublic_files/a_data_008/?C=M;O=A HTTP/1.1" 200 709
167.86.70.217 - - [24/Apr/2020:21:00:16 -0400] "GET /depository/cyberwar/Cyberwar%20%20The%20smart%20person's%20guide%20-%20TechRepublic_files/a_data_014/ HTTP/1.1" 200 618
167.86.70.217 - - [24/Apr/2020:21:00:22 -0400] "GET /depository/cyberwar/Cyberwar%20%20The%20smart%20person's%20guide%20-%20TechRepublic_files/a_data_015/ HTTP/1.1" 200 618
192.99.160.200 - - [24/Apr/2020:21:00:27 -0400] "GET /depository/cyberwar/The%20future%20of%20cyberwar%20%20%E2%80%8BWeaponised%20ransomware,%20IoT%20attacks%20and%20a%20new%20arms%20race%20-%20TechRepublic_files/a_data_008/?C=M;O=D HTTP/1.1" 200 709
167.86.70.217 - - [24/Apr/2020:21:00:29 -0400] "GET /depository/cyberwar/Cyberwar%20%20The%20smart%20person's%20guide%20-%20TechRepublic_files/a_data_016/a_data_002/ads HTTP/1.1" 200 78858
213.180.203.118 - - [24/Apr/2020:21:00:32 -0400] "GET /4/41/rep_4114.htm HTTP/1.1" 200 34191
46.229.168.152 - - [24/Apr/2020:21:00:37 -0400] "GET /depository/cyberwar/Cyberweapons%20are%20now%20in%20play_%20From%20US%20sabotage%20of%20a%20North%20Korean%20missile%20test%20to%20hacked%20emergency%20sirens%20in%20Dallas%20-%20TechRepublic_files/moatad.js(3).%E7%E0%E3%F0%F3%E6%E5%ED%EE HTTP/1.1" 200 224243
167.86.70.217 - - [24/Apr/2020:21:00:38 -0400] "GET /depository/cyberwar/Cyberwar%20%20The%20smart%20person's%20guide%20-%20TechRepublic_files/a_data_017/ HTTP/1.1" 200 618
5.9.32.222 - - [24/Apr/2020:21:00:45 -0400] "GET /depository//////////open_flow/Brocade%20beefs%20up%20campus%20with%20SDN,%20new%20stackable%20%20%20ITworld_files/image HTTP/1.1" 200 2837
192.99.160.200 - - [24/Apr/2020:21:00:48 -0400] "GET /depository/cyberwar/The%20future%20of%20cyberwar%20%20%E2%80%8BWeaponised%20ransomware,%20IoT%20attacks%20and%20a%20new%20arms%20race%20-%20TechRepublic_files/a_data_008/?C=N;O=A HTTP/1.1" 200 709
5.9.32.222 - - [24/Apr/2020:21:00:48 -0400] "GET /depository//////////open_flow/Brocade%20beefs%20up%20campus%20with%20SDN,%20new%20stackable%20%20%20ITworld_files/ip.json HTTP/1.1" 200 552
167.86.70.217 - - [24/Apr/2020:21:00:49 -0400] "GET /depository/cyberwar/Cyberwar%20%20The%20smart%20person's%20guide%20-%20TechRepublic_files/a_data_018/ HTTP/1.1" 200 778
5.9.32.222 - - [24/Apr/2020:21:00:57 -0400] "GET /depository//////////open_flow/Brocade%20beefs%20up%20campus%20with%20SDN,%20new%20stackable%20%20%20ITworld_files/optout_check HTTP/1.1" 200 90
167.86.70.217 - - [24/Apr/2020:21:00:58 -0400] "GET /depository/cyberwar/Cyberwar%20%20The%20smart%20person's%20guide%20-%20TechRepublic_files/a_data_019/ HTTP/1.1" 200 618
5.9.32.222 - - [24/Apr/2020:21:01:00 -0400] "GET /depository//////////open_flow/Brocade%20beefs%20up%20campus%20with%20SDN,%20new%20stackable%20%20%20ITworld_files/postmessageRelay.htm HTTP/1.1" 200 -
5.9.32.222 - - [24/Apr/2020:21:01:02 -0400] "GET /depository//////////open_flow/Brocade%20beefs%20up%20campus%20with%20SDN,%20new%20stackable%20%20%20ITworld_files/saved_resource.htm HTTP/1.1" 200 1411
5.9.32.222 - - [24/Apr/2020:21:01:04 -0400] "GET /depository//////////open_flow/Brocade%20beefs%20up%20campus%20with%20SDN,%20new%20stackable%20%20%20ITworld_files/secureAnonymousFramework HTTP/1.1" 200 164551
192.99.160.200 - - [24/Apr/2020:21:01:06 -0400] "GET /depository/cyberwar/The%20future%20of%20cyberwar%20%20%E2%80%8BWeaponised%20ransomware,%20IoT%20attacks%20and%20a%20new%20arms%20race%20-%20TechRepublic_files/a_data_008/?C=S;O=A HTTP/1.1" 200 709
167.86.70.217 - - [24/Apr/2020:21:01:09 -0400] "GET /depository/cyberwar/Cyberwar%20%20The%20smart%20person's%20guide%20-%20TechRepublic_files/a_data_021/ HTTP/1.1" 200 574
5.9.32.222 - - [24/Apr/2020:21:01:13 -0400] "GET /depository//////////open_flow/Brocade%20beefs%20up%20campus%20with%20SDN,%20new%20stackable%20%20%20ITworld_files/share HTTP/1.1" 200 172
167.86.70.217 - - [24/Apr/2020:21:01:15 -0400] "GET /depository/cyberwar/Cyberwar%20%20The%20smart%20person's%20guide%20-%20TechRepublic_files/cbsi-a7d9c2 HTTP/1.1" 200 91
5.9.32.222 - - [24/Apr/2020:21:01:15 -0400] "GET /depository//////////open_flow/Brocade%20beefs%20up%20campus%20with%20SDN,%20new%20stackable%20%20%20ITworld_files/sso.htm HTTP/1.1" 200 10477
5.9.32.222 - - [24/Apr/2020:21:01:16 -0400] "GET /depository//////////open_flow/Brocade%20beefs%20up%20campus%20with%20SDN,%20new%20stackable%20%20%20ITworld_files/svrGP(1).aspx HTTP/1.1" 200 79
167.86.70.217 - - [24/Apr/2020:21:01:17 -0400] "GET /depository/cyberwar/Cyberwar%20%20The%20smart%20person's%20guide%20-%20TechRepublic_files/dest4.htm HTTP/1.1" 200 8418
5.9.32.222 - - [24/Apr/2020:21:01:19 -0400] "GET /depository//////////open_flow/Brocade%20beefs%20up%20campus%20with%20SDN,%20new%20stackable%20%20%20ITworld_files/svrGP.aspx HTTP/1.1" 200 49
167.86.70.217 - - [24/Apr/2020:21:01:22 -0400] "GET /depository/cyberwar/Cyberwar%20%20The%20smart%20person's%20guide%20-%20TechRepublic_files/dest4_data/ HTTP/1.1" 200 548
192.99.160.200 - - [24/Apr/2020:21:01:24 -0400] "GET /depository/cyberwar/The%20future%20of%20cyberwar%20%20%E2%80%8BWeaponised%20ransomware,%20IoT%20attacks%20and%20a%20new%20arms%20race%20-%20TechRepublic_files/a_data_008/a.htm HTTP/1.1" 200 107
5.188.84.149 - - [24/Apr/2020:21:01:27 -0400] "GET /10/ascii.htm HTTP/1.1" 200 36979
167.86.70.217 - - [24/Apr/2020:21:01:28 -0400] "GET /depository/cyberwar/Cyberwar%20%20The%20smart%20person's%20guide%20-%20TechRepublic_files/event_002 HTTP/1.1" 200 4251
5.9.32.222 - - [24/Apr/2020:21:01:30 -0400] "GET /depository//////////open_flow/Brocade%20beefs%20up%20campus%20with%20SDN,%20new%20stackable%20%20%20ITworld_files/template.htm HTTP/1.1" 200 175
167.86.70.217 - - [24/Apr/2020:21:01:34 -0400] "GET /depository/cyberwar/Cyberwar%20%20The%20smart%20person's%20guide%20-%20TechRepublic_files/httpwww.htm HTTP/1.1" 200 619
192.99.160.200 - - [24/Apr/2020:21:01:39 -0400] "GET /depository/cyberwar/The%20future%20of%20cyberwar%20%20%E2%80%8BWeaponised%20ransomware,%20IoT%20attacks%20and%20a%20new%20arms%20race%20-%20TechRepublic_files/a_data_008/a_002.htm HTTP/1.1" 200 107
167.86.70.217 - - [24/Apr/2020:21:01:43 -0400] "GET /depository/cyberwar/Cyberwar%20%20The%20smart%20person's%20guide%20-%20TechRepublic_files/httpwww_data/ HTTP/1.1" 200 512
192.99.160.200 - - [24/Apr/2020:21:01:47 -0400] "GET /depository/cyberwar/The%20future%20of%20cyberwar%20%20%E2%80%8BWeaponised%20ransomware,%20IoT%20attacks%20and%20a%20new%20arms%20race%20-%20TechRepublic_files/a_data_009/ HTTP/1.1" 200 717
167.86.70.217 - - [24/Apr/2020:21:01:48 -0400] "GET /depository/cyberwar/Cyberwar%20%20The%20smart%20person's%20guide%20-%20TechRepublic_files/id HTTP/1.1" 200 4014
46.229.168.131 - - [24/Apr/2020:21:01:52 -0400] "GET /depository/quant_comp/Quantum%20Computers%20%20The%20End%20of%20Cryptography_files/a_data_013/a_data/ads.htm HTTP/1.1" 200 37122
128.72.108.181 - - [24/Apr/2020:21:01:58 -0400] "GET /10/ascii.htm HTTP/1.1" 200 36979
167.86.70.217 - - [24/Apr/2020:21:01:58 -0400] "GET /depository/cyberwar/Cyberwar%20%20The%20smart%20person's%20guide%20-%20TechRepublic_files/iframe_data/ HTTP/1.1" 200 864
192.99.160.200 - - [24/Apr/2020:21:02:01 -0400] "GET /depository/cyberwar/The%20future%20of%20cyberwar%20%20%E2%80%8BWeaponised%20ransomware,%20IoT%20attacks%20and%20a%20new%20arms%20race%20-%20TechRepublic_files/a_data_009/?C=D;O=A HTTP/1.1" 200 717
167.86.70.217 - - [24/Apr/2020:21:02:06 -0400] "GET /depository/cyberwar/Cyberwar%20%20The%20smart%20person's%20guide%20-%20TechRepublic_files/iframe_data/?C=M;O=D HTTP/1.1" 200 864
167.86.70.217 - - [24/Apr/2020:21:02:14 -0400] "GET /depository/cyberwar/Cyberwar%20%20The%20smart%20person's%20guide%20-%20TechRepublic_files/iframe_data/?C=N;O=A HTTP/1.1" 200 864
192.99.160.200 - - [24/Apr/2020:21:02:17 -0400] "GET /depository/cyberwar/The%20future%20of%20cyberwar%20%20%E2%80%8BWeaponised%20ransomware,%20IoT%20attacks%20and%20a%20new%20arms%20race%20-%20TechRepublic_files/a_data_009/?C=N;O=D HTTP/1.1" 200 717
167.86.70.217 - - [24/Apr/2020:21:02:21 -0400] "GET /depository/cyberwar/Cyberwar%20%20The%20smart%20person's%20guide%20-%20TechRepublic_files/iframe_data/?C=N;O=D HTTP/1.1" 200 864
192.99.160.200 - - [24/Apr/2020:21:02:28 -0400] "GET /depository/cyberwar/The%20future%20of%20cyberwar%20%20%E2%80%8BWeaponised%20ransomware,%20IoT%20attacks%20and%20a%20new%20arms%20race%20-%20TechRepublic_files/a_data_009/?C=S;O=A HTTP/1.1" 200 717
167.86.70.217 - - [24/Apr/2020:21:02:33 -0400] "GET /depository/cyberwar/Cyberwar%20%20The%20smart%20person's%20guide%20-%20TechRepublic_files/iframe_data/?C=S;O=A HTTP/1.1" 200 864
192.99.160.200 - - [24/Apr/2020:21:02:35 -0400] "GET /depository/cyberwar/The%20future%20of%20cyberwar%20%20%E2%80%8BWeaponised%20ransomware,%20IoT%20attacks%20and%20a%20new%20arms%20race%20-%20TechRepublic_files/a_data_009/?C=S;O=D HTTP/1.1" 200 717
213.180.203.118 - - [24/Apr/2020:21:02:42 -0400] "GET /depository/SSD/Enterprise_SSD_implementation_guide.mht HTTP/1.1" 200 659515
167.86.70.217 - - [24/Apr/2020:21:02:42 -0400] "GET /depository/cyberwar/Cyberwar%20%20The%20smart%20person's%20guide%20-%20TechRepublic_files/iframe_data/?C=S;O=D HTTP/1.1" 200 864
5.9.32.222 - - [24/Apr/2020:21:02:53 -0400] "GET /depository//////////open_flow/Brocade%20beefs%20up%20campus%20with%20SDN,%20new%20stackable%20%20%20ITworld_files/tweet_button.d58098f8a7f0ff5a206e7f15442a6b30.en.htm HTTP/1.1" 200 45379
192.99.160.200 - - [24/Apr/2020:21:02:55 -0400] "GET /depository/cyberwar/The%20future%20of%20cyberwar%20%20%E2%80%8BWeaponised%20ransomware,%20IoT%20attacks%20and%20a%20new%20arms%20race%20-%20TechRepublic_files/a_data_010/ HTTP/1.1" 200 673
167.86.70.217 - - [24/Apr/2020:21:02:56 -0400] "GET /depository/cyberwar/Cyberwar%20%20The%20smart%20person's%20guide%20-%20TechRepublic_files/tboptevent_002.htm HTTP/1.1" 200 3584
192.99.160.200 - - [24/Apr/2020:21:03:01 -0400] "GET /depository/cyberwar/The%20future%20of%20cyberwar%20%20%E2%80%8BWeaponised%20ransomware,%20IoT%20attacks%20and%20a%20new%20arms%20race%20-%20TechRepublic_files/a_data_010/?C=D;O=A HTTP/1.1" 200 673
5.9.32.222 - - [24/Apr/2020:21:03:05 -0400] "GET /depository//////////open_flow/3D%22http://searchsecurity.techtarget.com/news%22 HTTP/1.1" 404 283
95.216.33.155 - - [24/Apr/2020:21:03:07 -0400] "GET /6/defence.htm HTTP/1.1" 200 193079
5.9.32.222 - - [24/Apr/2020:21:03:09 -0400] "GET /depository//////////open_flow/3D%22http://searchsecurity.techtarget.com/register%22 HTTP/1.1" 404 287
192.99.160.200 - - [24/Apr/2020:21:03:15 -0400] "GET /depository/cyberwar/The%20future%20of%20cyberwar%20%20%E2%80%8BWeaponised%20ransomware,%20IoT%20attacks%20and%20a%20new%20arms%20race%20-%20TechRepublic_files/a_data_010/?C=M;O=A HTTP/1.1" 200 673
167.86.70.217 - - [24/Apr/2020:21:03:15 -0400] "GET /depository/cyberwar/Cyberwar%20%20The%20smart%20person's%20guide%20-%20TechRepublic_files/yad-iframe_data/ HTTP/1.1" 200 506
5.9.32.222 - - [24/Apr/2020:21:03:24 -0400] "GET /depository//////////open_flow/3D%22http://searchsecurity.bitpipe.com/webcasts%22 HTTP/1.1" 404 284
5.9.32.222 - - [24/Apr/2020:21:03:26 -0400] "GET /depository//////////open_flow/3D%22http://searchsecurity.techtarget.com/videos%22 HTTP/1.1" 404 285
167.86.70.217 - - [24/Apr/2020:21:03:26 -0400] "GET /depository/cyberwar/Cyberweapons%20are%20now%20in%20play%20%20From%20US%20sabotage%20of%20a%20North%20Korean%20missile%20test%20to%20hacked%20emergency%20sirens%20in%20Dallas%20-%20TechRepublic_files/?C=D;O=A HTTP/1.1" 200 5874
192.99.160.200 - - [24/Apr/2020:21:03:29 -0400] "GET /depository/cyberwar/The%20future%20of%20cyberwar%20%20%E2%80%8BWeaponised%20ransomware,%20IoT%20attacks%20and%20a%20new%20arms%20race%20-%20TechRepublic_files/a_data_010/?C=N;O=A HTTP/1.1" 200 673
5.9.32.222 - - [24/Apr/2020:21:03:29 -0400] "GET /depository//////////open_flow/HP%20switches%20fortify%20campus%20SDNs%20%20%20Computerwrld_files/14339 HTTP/1.1" 200 43
167.86.70.217 - - [24/Apr/2020:21:03:33 -0400] "GET /depository/cyberwar/Cyberweapons%20are%20now%20in%20play%20%20From%20US%20sabotage%20of%20a%20North%20Korean%20missile%20test%20to%20hacked%20emergency%20sirens%20in%20Dallas%20-%20TechRepublic_files/?C=M;O=D HTTP/1.1" 200 5874
176.8.84.19 - - [24/Apr/2020:21:03:38 -0400] "GET /10/ascii.htm HTTP/1.1" 200 36979
192.99.160.200 - - [24/Apr/2020:21:03:41 -0400] "GET /depository/cyberwar/The%20future%20of%20cyberwar%20%20%E2%80%8BWeaponised%20ransomware,%20IoT%20attacks%20and%20a%20new%20arms%20race%20-%20TechRepublic_files/a_data_011/ HTTP/1.1" 200 783
167.86.70.217 - - [24/Apr/2020:21:03:42 -0400] "GET /depository/cyberwar/Cyberweapons%20are%20now%20in%20play%20%20From%20US%20sabotage%20of%20a%20North%20Korean%20missile%20test%20to%20hacked%20emergency%20sirens%20in%20Dallas%20-%20TechRepublic_files/?C=S;O=D HTTP/1.1" 200 5874
5.9.32.222 - - [24/Apr/2020:21:03:47 -0400] "GET /depository//////////open_flow/HP%20switches%20fortify%20campus%20SDNs%20%20%20Computerwrld_files/6p3So0GhyQP(1).html HTTP/1.1" 200 30333
5.9.32.222 - - [24/Apr/2020:21:03:51 -0400] "GET /depository//////////open_flow/HP%20switches%20fortify%20campus%20SDNs%20%20%20Computerwrld_files/6p3So0GhyQP.html HTTP/1.1" 200 30335
167.86.70.217 - - [24/Apr/2020:21:03:52 -0400] "GET /depository/cyberwar/Cyberweapons%20are%20now%20in%20play%20%20From%20US%20sabotage%20of%20a%20North%20Korean%20missile%20test%20to%20hacked%20emergency%20sirens%20in%20Dallas%20-%20TechRepublic_files/a_data/?C=D;O=D HTTP/1.1" 200 856
5.9.32.222 - - [24/Apr/2020:21:03:53 -0400] "GET /depository//////////open_flow/HP%20switches%20fortify%20campus%20SDNs%20%20%20Computerwrld_files/button3.html HTTP/1.1" 200 8524
5.9.32.222 - - [24/Apr/2020:21:03:55 -0400] "GET /depository//////////open_flow/HP%20switches%20fortify%20campus%20SDNs%20%20%20Computerwrld_files/cb=gapi.loaded_0 HTTP/1.1" 200 115383
192.99.160.200 - - [24/Apr/2020:21:03:57 -0400] "GET /depository/cyberwar/The%20future%20of%20cyberwar%20%20%E2%80%8BWeaponised%20ransomware,%20IoT%20attacks%20and%20a%20new%20arms%20race%20-%20TechRepublic_files/a_data_012/ HTTP/1.1" 200 709
167.86.70.217 - - [24/Apr/2020:21:04:02 -0400] "GET /depository/cyberwar/Cyberweapons%20are%20now%20in%20play%20%20From%20US%20sabotage%20of%20a%20North%20Korean%20missile%20test%20to%20hacked%20emergency%20sirens%20in%20Dallas%20-%20TechRepublic_files/a_data_002/?C=N;O=A HTTP/1.1" 200 824
213.180.203.118 - - [24/Apr/2020:21:04:04 -0400] "GET /depository/blockchain/%C1%EB%EE%EA%F7%E5%E9%ED_%20%EA%F3%E4%E0%20%EF%F0%E8%E2%E5%E4%E5%F2%20%EC%E8%F0%20%ED%EE%E2%E0%FF%20%F2%E5%F5%ED%EE%EB%EE%E3%E8%FF%20_%20%D0%E0%F1%F8%E8%F0%FF%E5%EC%20%EA%F0%F3%E3%EE%E7%EE%F0%20_%20%C4%E8%F1%EA%F3%F1%F1%E8%E8%20_%20Global%20CIO.%20%CE%F4%E8%F6%E8%E0%EB%FC%ED%FB%E9%20%EF%EE%F0%F2%E0%EB%20%C8%D2-%E4%E8%F0%E5%EA%F2%EE%F0%EE%E2_files/inpage_linkid.js.%E7%E0%E3%F0%F3%E6%E5%ED%EE HTTP/1.1" 200 1169
192.99.160.200 - - [24/Apr/2020:21:04:08 -0400] "GET /depository/cyberwar/The%20future%20of%20cyberwar%20%20%E2%80%8BWeaponised%20ransomware,%20IoT%20attacks%20and%20a%20new%20arms%20race%20-%20TechRepublic_files/a_data_012/n.htm HTTP/1.1" 200 66
167.86.70.217 - - [24/Apr/2020:21:04:09 -0400] "GET /depository/cyberwar/Cyberweapons%20are%20now%20in%20play%20%20From%20US%20sabotage%20of%20a%20North%20Korean%20missile%20test%20to%20hacked%20emergency%20sirens%20in%20Dallas%20-%20TechRepublic_files/a_data_002/?C=S;O=D HTTP/1.1" 200 824
213.180.203.118 - - [24/Apr/2020:21:04:11 -0400] "GET /depository/java/Latest_Java_zero-day_exploit_renews_calls_to_disable_it_Security.mht HTTP/1.1" 200 871724
192.99.160.200 - - [24/Apr/2020:21:04:15 -0400] "GET /depository/cyberwar/The%20future%20of%20cyberwar%20%20%E2%80%8BWeaponised%20ransomware,%20IoT%20attacks%20and%20a%20new%20arms%20race%20-%20TechRepublic_files/a_data_013/ HTTP/1.1" 200 705
167.86.70.217 - - [24/Apr/2020:21:04:18 -0400] "GET /depository/cyberwar/Cyberweapons%20are%20now%20in%20play_%20From%20US%20sabotage%20of%20a%20North%20Korean%20missile%20test%20to%20hacked%20emergency%20sirens%20in%20Dallas%20-%20TechRepublic_files/5VS23-BHL36-JUED4-78U6Z-ZT97H HTTP/1.1" 200 132158
5.9.32.222 - - [24/Apr/2020:21:04:18 -0400] "GET /depository//////////open_flow/HP%20switches%20fortify%20campus%20SDNs%20%20%20Computerwrld_files/cb=gapi.loaded_1 HTTP/1.1" 200 60473
66.249.64.46 - - [24/Apr/2020:21:04:20 -0400] "GET /depository/opto_commun/NASA_to_use_data_lasers_to_beam_data_from_space_to_Earth.htm HTTP/1.1" 304 -
5.9.32.222 - - [24/Apr/2020:21:04:25 -0400] "GET /depository//////////open_flow/HP%20switches%20fortify%20campus%20SDNs%20%20%20Computerwrld_files/challenge HTTP/1.1" 200 9293
192.99.160.200 - - [24/Apr/2020:21:04:26 -0400] "GET /depository/cyberwar/The%20future%20of%20cyberwar%20%20%E2%80%8BWeaponised%20ransomware,%20IoT%20attacks%20and%20a%20new%20arms%20race%20-%20TechRepublic_files/a_data_014/ HTTP/1.1" 200 753
5.9.32.222 - - [24/Apr/2020:21:04:26 -0400] "GET /depository//////////open_flow/HP%20switches%20fortify%20campus%20SDNs%20%20%20Computerwrld_files/computerworld.com HTTP/1.1" 200 277
5.9.32.222 - - [24/Apr/2020:21:04:29 -0400] "GET /depository//////////open_flow/HP%20switches%20fortify%20campus%20SDNs%20%20%20Computerwrld_files/controltag HTTP/1.1" 200 8602
167.86.70.217 - - [24/Apr/2020:21:04:30 -0400] "GET /depository/cyberwar/Cyberweapons%20are%20now%20in%20play_%20From%20US%20sabotage%20of%20a%20North%20Korean%20missile%20test%20to%20hacked%20emergency%20sirens%20in%20Dallas%20-%20TechRepublic_files/Asset.php HTTP/1.1" 200 53170
5.9.32.222 - - [24/Apr/2020:21:04:31 -0400] "GET /depository//////////open_flow/HP%20switches%20fortify%20campus%20SDNs%20%20%20Computerwrld_files/controltag.js.cf94643484cc8654373adf5516beca11 HTTP/1.1" 200 117767
192.99.160.200 - - [24/Apr/2020:21:04:32 -0400] "GET /depository/cyberwar/The%20future%20of%20cyberwar%20%20%E2%80%8BWeaponised%20ransomware,%20IoT%20attacks%20and%20a%20new%20arms%20race%20-%20TechRepublic_files/a_data_014/n.htm HTTP/1.1" 200 65
5.9.32.222 - - [24/Apr/2020:21:04:34 -0400] "GET /depository//////////open_flow/HP%20switches%20fortify%20campus%20SDNs%20%20%20Computerwrld_files/fastbutton.html HTTP/1.1" 200 33149
167.86.70.217 - - [24/Apr/2020:21:04:39 -0400] "GET /depository/cyberwar/Cyberweapons%20are%20now%20in%20play_%20From%20US%20sabotage%20of%20a%20North%20Korean%20missile%20test%20to%20hacked%20emergency%20sirens%20in%20Dallas%20-%20TechRepublic_files/ads HTTP/1.1" 200 68979
192.99.160.200 - - [24/Apr/2020:21:04:47 -0400] "GET /depository/cyberwar/The%20future%20of%20cyberwar%20%20%E2%80%8BWeaponised%20ransomware,%20IoT%20attacks%20and%20a%20new%20arms%20race%20-%20TechRepublic_files/a_data_015/iframe_data/ HTTP/1.1" 200 734
167.86.70.217 - - [24/Apr/2020:21:04:49 -0400] "GET /depository/cyberwar/Cyberweapons%20are%20now%20in%20play_%20From%20US%20sabotage%20of%20a%20North%20Korean%20missile%20test%20to%20hacked%20emergency%20sirens%20in%20Dallas%20-%20TechRepublic_files/event HTTP/1.1" 200 1923
5.9.32.222 - - [24/Apr/2020:21:05:03 -0400] "GET /depository//////////open_flow/HP%20switches%20fortify%20campus%20SDNs%20%20%20Computerwrld_files/gscounters.sendReport HTTP/1.1" 200 189
192.99.160.200 - - [24/Apr/2020:21:05:06 -0400] "GET /depository/cyberwar/The%20future%20of%20cyberwar%20%20%E2%80%8BWeaponised%20ransomware,%20IoT%20attacks%20and%20a%20new%20arms%20race%20-%20TechRepublic_files/a_data_016/ HTTP/1.1" 200 673
5.9.32.222 - - [24/Apr/2020:21:05:06 -0400] "GET /depository//////////open_flow/HP%20switches%20fortify%20campus%20SDNs%20%20%20Computerwrld_files/hub.f15fe2cd70788a40560e69fa17341d5e(1).html HTTP/1.1" 200 -
5.9.32.222 - - [24/Apr/2020:21:05:07 -0400] "GET /depository//////////open_flow/HP%20switches%20fortify%20campus%20SDNs%20%20%20Computerwrld_files/hub.f15fe2cd70788a40560e69fa17341d5e.html HTTP/1.1" 200 -
167.86.70.217 - - [24/Apr/2020:21:05:10 -0400] "GET /depository/cyberwar/Cyberweapons%20are%20now%20in%20play_%20From%20US%20sabotage%20of%20a%20North%20Korean%20missile%20test%20to%20hacked%20emergency%20sirens%20in%20Dallas%20-%20TechRepublic_files/id HTTP/1.1" 200 1842
5.9.32.222 - - [24/Apr/2020:21:05:10 -0400] "GET /depository//////////open_flow/HP%20switches%20fortify%20campus%20SDNs%20%20%20Computerwrld_files/image HTTP/1.1" 200 4288
5.9.32.222 - - [24/Apr/2020:21:05:12 -0400] "GET /depository//////////open_flow/HP%20switches%20fortify%20campus%20SDNs%20%20%20Computerwrld_files/optout_check HTTP/1.1" 200 90
5.9.32.222 - - [24/Apr/2020:21:05:15 -0400] "GET /depository//////////open_flow/HP%20switches%20fortify%20campus%20SDNs%20%20%20Computerwrld_files/postmessageRelay.html HTTP/1.1" 200 712
167.86.70.217 - - [24/Apr/2020:21:05:15 -0400] "GET /depository/cyberwar/Cyberweapons%20are%20now%20in%20play_%20From%20US%20sabotage%20of%20a%20North%20Korean%20missile%20test%20to%20hacked%20emergency%20sirens%20in%20Dallas%20-%20TechRepublic_files/id(1) HTTP/1.1" 200 1841
5.9.32.222 - - [24/Apr/2020:21:05:22 -0400] "GET /depository//////////open_flow/HP%20switches%20fortify%20campus%20SDNs%20%20%20Computerwrld_files/saved_resource HTTP/1.1" 200 14
192.99.160.200 - - [24/Apr/2020:21:05:22 -0400] "GET /depository/cyberwar/The%20future%20of%20cyberwar%20%20%E2%80%8BWeaponised%20ransomware,%20IoT%20attacks%20and%20a%20new%20arms%20race%20-%20TechRepublic_files/a_data_017/PNA_300x250_CF33_SIZE_MSG1_Q1_data/?C=M;O=D HTTP/1.1" 200 906
5.9.32.222 - - [24/Apr/2020:21:05:24 -0400] "GET /depository//////////open_flow/HP%20switches%20fortify%20campus%20SDNs%20%20%20Computerwrld_files/secureAnonymousFramework HTTP/1.1" 200 164154
167.86.70.217 - - [24/Apr/2020:21:05:26 -0400] "GET /depository/cyberwar/Cyberweapons%20are%20now%20in%20play_%20From%20US%20sabotage%20of%20a%20North%20Korean%20missile%20test%20to%20hacked%20emergency%20sirens%20in%20Dallas%20-%20TechRepublic_files/identity.html HTTP/1.1" 200 8738
66.249.64.50 - - [24/Apr/2020:21:05:26 -0400] "GET /depository//rfcs/6200/rfc6277.txt HTTP/1.1" 200 21682
5.9.32.222 - - [24/Apr/2020:21:05:32 -0400] "GET /depository//////////open_flow/HP%20switches%20fortify%20campus%20SDNs%20%20%20Computerwrld_files/svrGP(1).aspx HTTP/1.1" 200 79
91.204.114.25 - - [24/Apr/2020:21:05:33 -0400] "GET /10/ascii.htm HTTP/1.1" 200 36979
5.9.32.222 - - [24/Apr/2020:21:05:36 -0400] "GET /depository//////////open_flow/HP%20switches%20fortify%20campus%20SDNs%20%20%20Computerwrld_files/svrGP.aspx HTTP/1.1" 200 49
5.9.32.222 - - [24/Apr/2020:21:05:38 -0400] "GET /depository//////////open_flow/HP%20switches%20fortify%20campus%20SDNs%20%20%20Computerwrld_files/svrGP.html HTTP/1.1" 200 531
192.99.160.200 - - [24/Apr/2020:21:05:38 -0400] "GET /depository/cyberwar/The%20future%20of%20cyberwar%20%20%E2%80%8BWeaponised%20ransomware,%20IoT%20attacks%20and%20a%20new%20arms%20race%20-%20TechRepublic_files/a_data_017/PNA_300x250_CF33_SIZE_MSG1_Q1_data/?C=N;O=A HTTP/1.1" 200 906
5.9.32.222 - - [24/Apr/2020:21:05:39 -0400] "GET /depository//////////open_flow/HP%20switches%20fortify%20campus%20SDNs%20%20%20Computerwrld_files/tweet_button.341448ccd3e070268cd097e6a7ee603f.en.html HTTP/1.1" 200 -
5.9.32.222 - - [24/Apr/2020:21:05:43 -0400] "GET /depository//////////open_flow/HP%20switches%20fortify%20campus%20SDNs%20_%20Computerworld_files/6p3So0GhyQP.htm HTTP/1.1" 200 30357
192.99.160.200 - - [24/Apr/2020:21:05:44 -0400] "GET /depository/cyberwar/The%20future%20of%20cyberwar%20%20%E2%80%8BWeaponised%20ransomware,%20IoT%20attacks%20and%20a%20new%20arms%20race%20-%20TechRepublic_files/a_data_017/PNA_300x250_CF33_SIZE_MSG1_Q1_data/?C=S;O=A HTTP/1.1" 200 906
5.9.32.222 - - [24/Apr/2020:21:05:46 -0400] "GET /depository//////////open_flow/HP%20switches%20fortify%20campus%20SDNs%20_%20Computerworld_files/6p3So0GhyQP1.htm HTTP/1.1" 200 30355
5.9.32.222 - - [24/Apr/2020:21:05:49 -0400] "GET /depository//////////open_flow/HP%20switches%20fortify%20campus%20SDNs%20_%20Computerworld_files/a.htm HTTP/1.1" 200 108
192.99.160.200 - - [24/Apr/2020:21:05:54 -0400] "GET /depository/cyberwar/The%20future%20of%20cyberwar%20%20%E2%80%8BWeaponised%20ransomware,%20IoT%20attacks%20and%20a%20new%20arms%20race%20-%20TechRepublic_files/a_data_017/PNA_300x250_CF33_SIZE_MSG1_Q1_data/?C=S;O=D HTTP/1.1" 200 906
5.9.32.222 - - [24/Apr/2020:21:05:55 -0400] "GET /depository//////////open_flow/HP%20switches%20fortify%20campus%20SDNs%20_%20Computerworld_files/button3.htm HTTP/1.1" 200 108
5.9.32.222 - - [24/Apr/2020:21:05:58 -0400] "GET /depository//////////open_flow/HP%20switches%20fortify%20campus%20SDNs%20_%20Computerworld_files/button3_002.htm HTTP/1.1" 200 8234
5.9.32.222 - - [24/Apr/2020:21:06:00 -0400] "GET /depository//////////open_flow/HP%20switches%20fortify%20campus%20SDNs%20_%20Computerworld_files/button3_data_002/ HTTP/1.1" 200 500
5.9.32.222 - - [24/Apr/2020:21:06:03 -0400] "GET /depository//////////open_flow/HP%20switches%20fortify%20campus%20SDNs%20_%20Computerworld_files/cav2eef-d.htm HTTP/1.1" 200 421
192.99.160.200 - - [24/Apr/2020:21:06:06 -0400] "GET /depository/cyberwar/The%20future%20of%20cyberwar%20%20%E2%80%8BWeaponised%20ransomware,%20IoT%20attacks%20and%20a%20new%20arms%20race%20-%20TechRepublic_files/a_data_017/a_data_002/?C=D;O=A HTTP/1.1" 200 822
192.99.160.200 - - [24/Apr/2020:21:06:13 -0400] "GET /depository/cyberwar/The%20future%20of%20cyberwar%20%20%E2%80%8BWeaponised%20ransomware,%20IoT%20attacks%20and%20a%20new%20arms%20race%20-%20TechRepublic_files/a_data_017/a_data_002/?C=D;O=D HTTP/1.1" 200 822
192.99.160.200 - - [24/Apr/2020:21:06:20 -0400] "GET /depository/cyberwar/The%20future%20of%20cyberwar%20%20%E2%80%8BWeaponised%20ransomware,%20IoT%20attacks%20and%20a%20new%20arms%20race%20-%20TechRepublic_files/a_data_017/a_data_002/?C=M;O=A HTTP/1.1" 200 822
192.99.160.200 - - [24/Apr/2020:21:06:31 -0400] "GET /depository/cyberwar/The%20future%20of%20cyberwar%20%20%E2%80%8BWeaponised%20ransomware,%20IoT%20attacks%20and%20a%20new%20arms%20race%20-%20TechRepublic_files/a_data_017/a_data_002/?C=M;O=D HTTP/1.1" 200 822
5.9.32.222 - - [24/Apr/2020:21:06:34 -0400] "GET /depository//////////open_flow/HP%20switches%20fortify%20campus%20SDNs%20_%20Computerworld_files/cbgapi_002.loaded_0 HTTP/1.1" 200 115383
5.9.32.222 - - [24/Apr/2020:21:06:42 -0400] "GET /depository//////////open_flow/HP%20switches%20fortify%20campus%20SDNs%20_%20Computerworld_files/cbgapi_002.loaded_1 HTTP/1.1" 200 60473
192.99.160.200 - - [24/Apr/2020:21:06:44 -0400] "GET /depository/cyberwar/The%20future%20of%20cyberwar%20%20%E2%80%8BWeaponised%20ransomware,%20IoT%20attacks%20and%20a%20new%20arms%20race%20-%20TechRepublic_files/a_data_017/a_data_002/?C=N;O=A HTTP/1.1" 200 822
5.9.32.222 - - [24/Apr/2020:21:06:47 -0400] "GET /depository//////////open_flow/HP%20switches%20fortify%20campus%20SDNs%20_%20Computerworld_files/controltag_002 HTTP/1.1" 200 8628
5.9.32.222 - - [24/Apr/2020:21:06:49 -0400] "GET /depository//////////open_flow/HP%20switches%20fortify%20campus%20SDNs%20_%20Computerworld_files/elqBlank.htm HTTP/1.1" 200 130
5.9.32.222 - - [24/Apr/2020:21:06:50 -0400] "GET /depository//////////open_flow/HP%20switches%20fortify%20campus%20SDNs%20_%20Computerworld_files/fastbutton.htm HTTP/1.1" 200 37572
192.99.160.200 - - [24/Apr/2020:21:06:51 -0400] "GET /depository/cyberwar/The%20future%20of%20cyberwar%20%20%E2%80%8BWeaponised%20ransomware,%20IoT%20attacks%20and%20a%20new%20arms%20race%20-%20TechRepublic_files/a_data_017/a_data_002/?C=N;O=D HTTP/1.1" 200 822
5.9.32.222 - - [24/Apr/2020:21:06:52 -0400] "GET /depository//////////open_flow/HP%20switches%20fortify%20campus%20SDNs%20_%20Computerworld_files/hub.htm HTTP/1.1" 200 108
5.9.32.222 - - [24/Apr/2020:21:06:55 -0400] "GET /depository//////////open_flow/HP%20switches%20fortify%20campus%20SDNs%20_%20Computerworld_files/hub_002.htm HTTP/1.1" 200 108
192.99.160.200 - - [24/Apr/2020:21:06:56 -0400] "GET /depository/cyberwar/The%20future%20of%20cyberwar%20%20%E2%80%8BWeaponised%20ransomware,%20IoT%20attacks%20and%20a%20new%20arms%20race%20-%20TechRepublic_files/a_data_017/a_data_002/?C=S;O=A HTTP/1.1" 200 822
5.9.32.222 - - [24/Apr/2020:21:06:58 -0400] "GET /depository//////////open_flow/HP%20switches%20fortify%20campus%20SDNs%20_%20Computerworld_files/postmessageRelay.htm HTTP/1.1" 200 729
