213.180.203.118 - - [24/Apr/2020:22:26:31 -0400] "GET /depository/ngfw/NGFW%20benefits%20include%20identity%20awareness,%20secure%20mobile%20access_files/saved_resource(3) HTTP/1.1" 200 43
5.9.32.222 - - [24/Apr/2020:22:26:41 -0400] "GET /depository//////////opto_commun/NASA%20to%20use%20data%20lasers%20to%20beam%20data%20from%20space%20to%20Earth%20_%20Network%20World_files/anchor_data/ HTTP/1.1" 200 705
5.9.32.222 - - [24/Apr/2020:22:26:43 -0400] "GET /depository//////////opto_commun/NASA%20to%20use%20data%20lasers%20to%20beam%20data%20from%20space%20to%20Earth%20_%20Network%20World_files/auction HTTP/1.1" 200 19
5.9.32.222 - - [24/Apr/2020:22:26:45 -0400] "GET /depository//////////opto_commun/NASA%20to%20use%20data%20lasers%20to%20beam%20data%20from%20space%20to%20Earth%20_%20Network%20World_files/auction_002 HTTP/1.1" 200 19
94.199.68.206 - - [24/Apr/2020:22:27:21 -0400] "GET /4/45/fing_452.htm HTTP/1.1" 200 20849
207.46.13.74 - - [24/Apr/2020:22:27:24 -0400] "GET /1/intr_1.htm HTTP/1.1" 200 112611
5.9.32.222 - - [24/Apr/2020:22:27:38 -0400] "GET /depository//////////opto_commun/NASA%20to%20use%20data%20lasers%20to%20beam%20data%20from%20space%20to%20Earth%20_%20Network%20World_files/auction_003 HTTP/1.1" 200 19
213.180.203.118 - - [24/Apr/2020:22:27:54 -0400] "GET /4/45/fing_452.htm HTTP/1.1" 200 20849
5.9.32.222 - - [24/Apr/2020:22:28:01 -0400] "GET /depository//////////opto_commun/NASA%20to%20use%20data%20lasers%20to%20beam%20data%20from%20space%20to%20Earth%20_%20Network%20World_files/auction_004 HTTP/1.1" 200 19
213.180.203.118 - - [24/Apr/2020:22:28:05 -0400] "GET /depository/EMP/New%20data%20center%20protects%20against%20solar%20storms%20and%20nuclear%20EMPs%20%20%20Computerworld_files/picture(8) HTTP/1.1" 200 1504
213.180.203.118 - - [24/Apr/2020:22:28:13 -0400] "GET /depository/rfcs/8500/rfc8596.txt HTTP/1.1" 200 18605
109.252.85.200 - - [24/Apr/2020:22:28:30 -0400] "GET /10/ascii.htm HTTP/1.1" 200 36979
114.119.163.196 - - [24/Apr/2020:22:28:32 -0400] "GET /depository/quant_comp/quant_comp/10%20hot%20quantum-computing%20startups%20to%20watch%20%20%20Network%20World_files/third-party-iframes_data/multi-sync.htm HTTP/1.1" 200 6292
91.227.46.134 - - [24/Apr/2020:22:28:36 -0400] "GET /6/crypt_64.htm HTTP/1.1" 200 39173
59.29.238.123 - - [24/Apr/2020:22:28:48 -0400] "GET /cgi-bin/luci HTTP/1.1" 404 210
59.29.238.123 - - [24/Apr/2020:22:28:48 -0400] "GET /dana-na/auth/url_default/welcome.cgi HTTP/1.1" 404 234
5.9.32.222 - - [24/Apr/2020:22:28:48 -0400] "GET /depository//////////opto_commun/NASA%20to%20use%20data%20lasers%20to%20beam%20data%20from%20space%20to%20Earth%20_%20Network%20World_files/bframe.htm HTTP/1.1" 200 7810
59.29.238.123 - - [24/Apr/2020:22:28:50 -0400] "GET /remote/login?lang=en HTTP/1.1" 404 210
59.29.238.123 - - [24/Apr/2020:22:28:51 -0400] "GET /index.asp HTTP/1.1" 404 207
5.9.32.222 - - [24/Apr/2020:22:28:51 -0400] "GET /depository//////////opto_commun/NASA%20to%20use%20data%20lasers%20to%20beam%20data%20from%20space%20to%20Earth%20_%20Network%20World_files/bframe_data/ HTTP/1.1" 200 683
31.172.137.210 - - [24/Apr/2020:22:28:52 -0400] "GET /6/ssl_65.htm HTTP/1.1" 200 66567
59.29.238.123 - - [24/Apr/2020:22:28:52 -0400] "GET /htmlV/welcomeMain.htm HTTP/1.1" 404 219
5.9.32.222 - - [24/Apr/2020:22:29:06 -0400] "GET /depository//////////opto_commun/NASA%20to%20use%20data%20lasers%20to%20beam%20data%20from%20space%20to%20Earth%20_%20Network%20World_files/dqv0ur5V4Cs-sdDE9H9bsP3WgC1LlBx8HZFjFi_JvbuKw3CM9LpqFxmZt5HhSWsA HTTP/1.1" 200 81921
176.59.37.226 - - [24/Apr/2020:22:29:06 -0400] "GET /1/intro1.htm HTTP/1.1" 200 77738
188.170.196.139 - - [24/Apr/2020:22:29:07 -0400] "GET /4/44/udp_442.htm HTTP/1.1" 200 20746
213.180.203.118 - - [24/Apr/2020:22:29:24 -0400] "GET /6/crypt_64.htm HTTP/1.1" 200 39173
5.9.32.222 - - [24/Apr/2020:22:29:40 -0400] "GET /depository//////////opto_commun/NASA%20to%20use%20data%20lasers%20to%20beam%20data%20from%20space%20to%20Earth%20_%20Network%20World_files/front.asp HTTP/1.1" 200 2214
5.9.32.222 - - [24/Apr/2020:22:30:00 -0400] "GET /depository//////////opto_commun/NASA%20to%20use%20data%20lasers%20to%20beam%20data%20from%20space%20to%20Earth%20_%20Network%20World_files/lzwHeKTrz3RX8tWZASGUxZiiUMt1e4cjq9JkzRtyDwcyOLmJM8DgdRlw9XYtHfGO HTTP/1.1" 200 178119
5.9.32.222 - - [24/Apr/2020:22:30:03 -0400] "GET /depository//////////opto_commun/NASA%20to%20use%20data%20lasers%20to%20beam%20data%20from%20space%20to%20Earth%20_%20Network%20World_files/portal.htm HTTP/1.1" 200 1516
5.9.32.222 - - [24/Apr/2020:22:30:10 -0400] "GET /depository//////////opto_commun/NASA%20to%20use%20data%20lasers%20to%20beam%20data%20from%20space%20to%20Earth%20_%20Network%20World_files/serving HTTP/1.1" 200 161
5.9.32.222 - - [24/Apr/2020:22:30:12 -0400] "GET /depository//////////opto_commun/NASA%20to%20use%20data%20lasers%20to%20beam%20data%20from%20space%20to%20Earth%20_%20Network%20World_files/sponsored-links.htm HTTP/1.1" 200 6511
213.222.227.144 - - [24/Apr/2020:22:30:12 -0400] "GET /10/ascii.htm HTTP/1.1" 200 36979
5.9.32.222 - - [24/Apr/2020:22:30:15 -0400] "GET /depository//////////opto_commun/NASA%20to%20use%20data%20lasers%20to%20beam%20data%20from%20space%20to%20Earth%20_%20Network%20World_files/sync HTTP/1.1" 200 2641
5.9.32.222 - - [24/Apr/2020:22:30:25 -0400] "GET /depository//////////opto_commun/NASA%20to%20use%20data%20lasers%20to%20beam%20data%20from%20space%20to%20Earth%20_%20Network%20World_files/t HTTP/1.1" 200 83
66.249.64.46 - - [24/Apr/2020:22:30:39 -0400] "GET /depository//rfcs/7600/rfc7637.txt HTTP/1.1" 200 40042
178.154.200.190 - - [24/Apr/2020:22:30:39 -0400] "GET /depository/blockchain/Blockchain%20%20The%20smart%20person's%20guide%20-%20TechRepublic_files/a_002.htm HTTP/1.1" 200 107
5.9.32.222 - - [24/Apr/2020:22:31:01 -0400] "GET /depository//////////opto_commun/NASA%20to%20use%20data%20lasers%20to%20beam%20data%20from%20space%20to%20Earth%20_%20Network%20World_files/tag.aspx HTTP/1.1" 200 24053
172.72.115.18 - - [24/Apr/2020:22:31:07 -0400] "GET /depository/security/breaches/AnatomyofaDataBreach-WP-20049424.pdf HTTP/1.1" 200 1244634
178.154.200.190 - - [24/Apr/2020:22:31:13 -0400] "GET /4/4/rpsl.htm HTTP/1.1" 200 141463
188.64.167.15 - - [24/Apr/2020:22:31:14 -0400] "GET /4/45/radius1.htm HTTP/1.1" 200 90355
66.249.64.50 - - [24/Apr/2020:22:31:27 -0400] "GET /4/43/x25_432.htm HTTP/1.1" 304 -
5.9.32.222 - - [24/Apr/2020:22:31:33 -0400] "GET /depository//////////opto_commun/NASA%20to%20use%20data%20lasers%20to%20beam%20data%20from%20space%20to%20Earth%20_%20Network%20World_files/u HTTP/1.1" 200 13
5.9.32.222 - - [24/Apr/2020:22:31:37 -0400] "GET /depository//////////p2p/3D%22http://searchsecurity.techtarget.com/news%22 HTTP/1.1" 404 277
5.9.32.222 - - [24/Apr/2020:22:31:58 -0400] "GET /depository//////////p2p/3D%22http://searchsecurity.bitpipe.com/webcasts%22 HTTP/1.1" 404 278
5.9.32.222 - - [24/Apr/2020:22:32:03 -0400] "GET /depository//////////pilotless/17%20drone%20disasters%20that%20show%20why%20the%20FAA%20hates%20drones%20-%20TechRepublic_files/4f2350cf HTTP/1.1" 200 30609
39.101.128.217 - - [24/Apr/2020:22:32:11 -0400] "GET /xxsssseee HTTP/1.1" 404 207
5.9.32.222 - - [24/Apr/2020:22:32:20 -0400] "GET /depository//////////pilotless/17%20drone%20disasters%20that%20show%20why%20the%20FAA%20hates%20drones%20-%20TechRepublic_files/tag.aspx HTTP/1.1" 200 24053
5.9.32.222 - - [24/Apr/2020:22:32:21 -0400] "GET /depository//////////pilotless/Australia%20says%20its%20first%20self-driving%20car%20can%20'navigate%20without%20driver%20input';%20Experts%20are%20skeptical%20-%20TechRepublic_files/BannerServer.htm HTTP/1.1" 200 8380
5.9.32.222 - - [24/Apr/2020:22:32:23 -0400] "GET /depository//////////pilotless/Australia%20says%20its%20first%20self-driving%20car%20can%20'navigate%20without%20driver%20input';%20Experts%20are%20skeptical%20-%20TechRepublic_files/MzI1ODk0OmM2OWNiYjQ2LWYxOWQtNDczYy05YTAyLTJiYTFmNzYyMmMxNA.json HTTP/1.1" 200 196
5.9.32.222 - - [24/Apr/2020:22:32:26 -0400] "GET /depository//////////pilotless/Australia%20says%20its%20first%20self-driving%20car%20can%20'navigate%20without%20driver%20input';%20Experts%20are%20skeptical%20-%20TechRepublic_files/a HTTP/1.1" 200 39758
46.229.168.151 - - [24/Apr/2020:22:32:26 -0400] "GET /depository/super_comp/Fujitsu%20to%20design%20Japanese%20exascale%20supercomputer%20%20%20Computerworld_files/button3.htm HTTP/1.1" 200 8689
5.9.32.222 - - [24/Apr/2020:22:32:28 -0400] "GET /depository//////////pilotless/Australia%20says%20its%20first%20self-driving%20car%20can%20'navigate%20without%20driver%20input';%20Experts%20are%20skeptical%20-%20TechRepublic_files/a.htm HTTP/1.1" 200 249
5.9.32.222 - - [24/Apr/2020:22:32:31 -0400] "GET /depository//////////pilotless/Australia%20says%20its%20first%20self-driving%20car%20can%20'navigate%20without%20driver%20input';%20Experts%20are%20skeptical%20-%20TechRepublic_files/a_002 HTTP/1.1" 200 26817
5.9.32.222 - - [24/Apr/2020:22:32:33 -0400] "GET /depository//////////pilotless/Australia%20says%20its%20first%20self-driving%20car%20can%20'navigate%20without%20driver%20input';%20Experts%20are%20skeptical%20-%20TechRepublic_files/a_002.htm HTTP/1.1" 200 515
5.9.32.222 - - [24/Apr/2020:22:32:35 -0400] "GET /depository//////////pilotless/Australia%20says%20its%20first%20self-driving%20car%20can%20'navigate%20without%20driver%20input';%20Experts%20are%20skeptical%20-%20TechRepublic_files/a_003.htm HTTP/1.1" 200 307
5.9.32.222 - - [24/Apr/2020:22:32:38 -0400] "GET /depository//////////pilotless/Australia%20says%20its%20first%20self-driving%20car%20can%20'navigate%20without%20driver%20input';%20Experts%20are%20skeptical%20-%20TechRepublic_files/a_004.htm HTTP/1.1" 200 445
5.9.32.222 - - [24/Apr/2020:22:32:39 -0400] "GET /depository//////////pilotless/Australia%20says%20its%20first%20self-driving%20car%20can%20'navigate%20without%20driver%20input';%20Experts%20are%20skeptical%20-%20TechRepublic_files/a_data/ HTTP/1.1" 200 830
5.9.32.222 - - [24/Apr/2020:22:32:41 -0400] "GET /depository//////////pilotless/Australia%20says%20its%20first%20self-driving%20car%20can%20'navigate%20without%20driver%20input';%20Experts%20are%20skeptical%20-%20TechRepublic_files/a_data_002/ HTTP/1.1" 200 840
109.86.250.34 - - [24/Apr/2020:22:32:43 -0400] "GET /10/grap1021.htm HTTP/1.1" 200 14883
5.9.32.222 - - [24/Apr/2020:22:32:44 -0400] "GET /depository//////////pilotless/Australia%20says%20its%20first%20self-driving%20car%20can%20'navigate%20without%20driver%20input';%20Experts%20are%20skeptical%20-%20TechRepublic_files/a_data_003/ HTTP/1.1" 200 750
5.9.32.222 - - [24/Apr/2020:22:33:12 -0400] "GET /depository//////////pilotless/Australia%20says%20its%20first%20self-driving%20car%20can%20'navigate%20without%20driver%20input';%20Experts%20are%20skeptical%20-%20TechRepublic_files/a_data_004/ HTTP/1.1" 200 756
114.119.165.29 - - [24/Apr/2020:22:34:15 -0400] "GET /depository/ethernet/The%20birth%20and%20rise%20of%20Ethernet_%20A%20history_files/utag.67.js HTTP/1.1" 200 71371
93.171.202.14 - - [24/Apr/2020:22:34:26 -0400] "GET /3/optic_32.htm HTTP/1.1" 206 48761
213.180.203.118 - - [24/Apr/2020:22:34:40 -0400] "GET /depository/storage/What%20is%20unified%20storage%20(network%20unified%20storage%20or%20NUS)%20-%20Definition%20from%20WhatIs_com.mht HTTP/1.1" 200 691768
5.9.32.222 - - [24/Apr/2020:22:34:41 -0400] "GET /depository//////////pilotless/Australia%20says%20its%20first%20self-driving%20car%20can%20'navigate%20without%20driver%20input';%20Experts%20are%20skeptical%20-%20TechRepublic_files/cbsi-a7d9c2 HTTP/1.1" 200 91
5.9.32.222 - - [24/Apr/2020:22:34:49 -0400] "GET /depository//////////pilotless/Australia%20says%20its%20first%20self-driving%20car%20can%20'navigate%20without%20driver%20input';%20Experts%20are%20skeptical%20-%20TechRepublic_files/dest5.htm HTTP/1.1" 200 8948
213.180.203.118 - - [24/Apr/2020:22:34:54 -0400] "GET /depository/blockchain/%C1%EB%EE%EA%F7%E5%E9%ED_%20%EA%F3%E4%E0%20%EF%F0%E8%E2%E5%E4%E5%F2%20%EC%E8%F0%20%ED%EE%E2%E0%FF%20%F2%E5%F5%ED%EE%EB%EE%E3%E8%FF%20_%20%D0%E0%F1%F8%E8%F0%FF%E5%EC%20%EA%F0%F3%E3%EE%E7%EE%F0%20_%20%C4%E8%F1%EA%F3%F1%F1%E8%E8%20_%20Global%20CIO.%20%CE%F4%E8%F6%E8%E0%EB%FC%ED%FB%E9%20%EF%EE%F0%F2%E0%EB%20%C8%D2-%E4%E8%F0%E5%EA%F2%EE%F0%EE%E2_files/select2.min.js.%E7%E0%E3%F0%F3%E6%E5%ED%EE HTTP/1.1" 200 656267
5.9.32.222 - - [24/Apr/2020:22:35:01 -0400] "GET /depository//////////pilotless/Australia%20says%20its%20first%20self-driving%20car%20can%20'navigate%20without%20driver%20input';%20Experts%20are%20skeptical%20-%20TechRepublic_files/event HTTP/1.1" 200 4797
5.9.32.222 - - [24/Apr/2020:22:35:03 -0400] "GET /depository//////////pilotless/Australia%20says%20its%20first%20self-driving%20car%20can%20'navigate%20without%20driver%20input';%20Experts%20are%20skeptical%20-%20TechRepublic_files/event_002 HTTP/1.1" 200 4797
5.9.32.222 - - [24/Apr/2020:22:35:15 -0400] "GET /depository//////////pilotless/Australia%20says%20its%20first%20self-driving%20car%20can%20'navigate%20without%20driver%20input';%20Experts%20are%20skeptical%20-%20TechRepublic_files/storageframe.htm HTTP/1.1" 200 11362
5.9.32.222 - - [24/Apr/2020:22:35:17 -0400] "GET /depository//////////pilotless/Australia%20says%20its%20first%20self-driving%20car%20can%20'navigate%20without%20driver%20input';%20Experts%20are%20skeptical%20-%20TechRepublic_files/tag.aspx HTTP/1.1" 200 23045
66.249.64.48 - - [24/Apr/2020:22:35:23 -0400] "GET /4/44/ip6_4411.htm HTTP/1.1" 304 -
213.180.203.118 - - [24/Apr/2020:22:35:33 -0400] "GET /depository/rfcs/8500/rfc8579.txt HTTP/1.1" 200 24716
213.180.203.118 - - [24/Apr/2020:22:35:35 -0400] "GET /depository/rfcs/4900/rfc4988.txt HTTP/1.1" 200 59492
5.9.32.222 - - [24/Apr/2020:22:35:47 -0400] "GET /depository//////////pilotless/Australia%20says%20its%20first%20self-driving%20car%20can%20'navigate%20without%20driver%20input';%20Experts%20are%20skeptical%20-%20TechRepublic_files/tboptevent.htm HTTP/1.1" 200 3624
92.46.99.69 - - [24/Apr/2020:22:35:48 -0400] "GET /10/ascii.htm HTTP/1.1" 200 36979
5.9.32.222 - - [24/Apr/2020:22:35:51 -0400] "GET /depository//////////pilotless/Australia%20says%20its%20first%20self-driving%20car%20can%20'navigate%20without%20driver%20input';%20Experts%20are%20skeptical%20-%20TechRepublic_files/tboptevent_002.htm HTTP/1.1" 200 3624
5.9.32.222 - - [24/Apr/2020:22:35:54 -0400] "GET /depository//////////pilotless/Autonomous%20boats%20--%20yes,%20boats%20--%20to%20hit%20the%20water%20in%202017%20_%20ITworld_files/adsct HTTP/1.1" 200 31
5.9.32.222 - - [24/Apr/2020:22:36:00 -0400] "GET /depository//////////pilotless/Autonomous%20boats%20--%20yes,%20boats%20--%20to%20hit%20the%20water%20in%202017%20_%20ITworld_files/adsct_002 HTTP/1.1" 200 31
5.9.32.222 - - [24/Apr/2020:22:36:27 -0400] "GET /depository//////////pilotless/Autonomous%20boats%20--%20yes,%20boats%20--%20to%20hit%20the%20water%20in%202017%20_%20ITworld_files/challenge HTTP/1.1" 200 9022
5.9.32.222 - - [24/Apr/2020:22:36:32 -0400] "GET /depository//////////pilotless/Autonomous%20boats%20--%20yes,%20boats%20--%20to%20hit%20the%20water%20in%202017%20_%20ITworld_files/itworld.com HTTP/1.1" 200 365
5.9.32.222 - - [24/Apr/2020:22:36:37 -0400] "GET /depository//////////pilotless/Autonomous%20boats%20--%20yes,%20boats%20--%20to%20hit%20the%20water%20in%202017%20_%20ITworld_files/md5.htm HTTP/1.1" 200 1596
5.9.32.222 - - [24/Apr/2020:22:36:39 -0400] "GET /depository//////////pilotless/Autonomous%20boats%20--%20yes,%20boats%20--%20to%20hit%20the%20water%20in%202017%20_%20ITworld_files/reload HTTP/1.1" 200 249
5.9.32.222 - - [24/Apr/2020:22:36:42 -0400] "GET /depository//////////pilotless/Autonomous%20boats%20--%20yes,%20boats%20--%20to%20hit%20the%20water%20in%202017%20_%20ITworld_files/svrGP.aspx HTTP/1.1" 200 79
5.9.32.222 - - [24/Apr/2020:22:36:45 -0400] "GET /depository//////////pilotless/Autonomous%20boats%20--%20yes,%20boats%20--%20to%20hit%20the%20water%20in%202017%20_%20ITworld_files/t HTTP/1.1" 200 1282
213.180.203.118 - - [24/Apr/2020:22:37:02 -0400] "GET /depository/cyberwar/UK_attacks.doc HTTP/1.1" 200 27136
213.180.203.118 - - [24/Apr/2020:22:37:06 -0400] "GET /depository/robotics/wp-industrial-robot-security.pdf HTTP/1.1" 200 2124346
5.9.32.222 - - [24/Apr/2020:22:37:12 -0400] "GET /depository//////////pilotless/Autonomous%20boats%20--%20yes,%20boats%20--%20to%20hit%20the%20water%20in%202017%20_%20ITworld_files/template.htm HTTP/1.1" 200 107
5.9.32.222 - - [24/Apr/2020:22:37:13 -0400] "GET /depository//////////pon_gpon/CommsDesign%20-%20IEEE%20802_3ah%20OAM%20Helps%20Bridge%20Ethernet%20Management%20Gap.files/js HTTP/1.1" 200 1357
5.9.32.222 - - [24/Apr/2020:22:37:15 -0400] "GET /depository//////////pon_gpon/CommsDesign%20-%20IEEE%20802_3ah%20OAM%20Helps%20Bridge%20Ethernet%20Management%20Gap.files/jsct HTTP/1.1" 200 3748
5.9.32.222 - - [24/Apr/2020:22:37:21 -0400] "GET /depository//////////power_consumption/IDG%20Connect%20%96%20Solar%20Power%20%20Energy%20Source%20of%20the%20Future%20_files/cb=gapi.loaded_0 HTTP/1.1" 200 113588
5.9.32.222 - - [24/Apr/2020:22:37:23 -0400] "GET /depository//////////power_consumption/IDG%20Connect%20%96%20Solar%20Power%20%20Energy%20Source%20of%20the%20Future%20_files/cb=gapi.loaded_1 HTTP/1.1" 200 56879
5.9.32.222 - - [24/Apr/2020:22:37:26 -0400] "GET /depository//////////power_consumption/IDG%20Connect%20%96%20Solar%20Power%20%20Energy%20Source%20of%20the%20Future%20_files/count.json HTTP/1.1" 200 124
5.9.32.222 - - [24/Apr/2020:22:37:27 -0400] "GET /depository//////////power_consumption/IDG%20Connect%20%96%20Solar%20Power%20%20Energy%20Source%20of%20the%20Future%20_files/ehazDpFPEnK(1).htm HTTP/1.1" 200 27644
5.9.32.222 - - [24/Apr/2020:22:37:28 -0400] "GET /depository//////////power_consumption/IDG%20Connect%20%96%20Solar%20Power%20%20Energy%20Source%20of%20the%20Future%20_files/ehazDpFPEnK.htm HTTP/1.1" 200 27646
5.9.32.222 - - [24/Apr/2020:22:37:33 -0400] "GET /depository//////////power_consumption/IDG%20Connect%20%96%20Solar%20Power%20%20Energy%20Source%20of%20the%20Future%20_files/fastbutton.htm HTTP/1.1" 200 38432
5.9.32.222 - - [24/Apr/2020:22:37:36 -0400] "GET /depository//////////power_consumption/IDG%20Connect%20%96%20Solar%20Power%20%20Energy%20Source%20of%20the%20Future%20_files/impression_capture HTTP/1.1" 200 43
5.9.32.222 - - [24/Apr/2020:22:37:39 -0400] "GET /depository//////////power_consumption/IDG%20Connect%20%96%20Solar%20Power%20%20Energy%20Source%20of%20the%20Future%20_files/like.htm HTTP/1.1" 200 20372
5.9.32.222 - - [24/Apr/2020:22:37:41 -0400] "GET /depository//////////power_consumption/IDG%20Connect%20%96%20Solar%20Power%20%20Energy%20Source%20of%20the%20Future%20_files/postmessageRelay.htm HTTP/1.1" 200 704
5.9.32.222 - - [24/Apr/2020:22:37:44 -0400] "GET /depository//////////power_consumption/IDG%20Connect%20%96%20Solar%20Power%20%20Energy%20Source%20of%20the%20Future%20_files/saved_resource HTTP/1.1" 200 148
5.9.32.222 - - [24/Apr/2020:22:37:48 -0400] "GET /depository//////////power_consumption/IDG%20Connect%20%96%20Solar%20Power%20%20Energy%20Source%20of%20the%20Future%20_files/secureAnonymousFramework HTTP/1.1" 200 164551
5.9.32.222 - - [24/Apr/2020:22:37:50 -0400] "GET /depository//////////power_consumption/IDG%20Connect%20%96%20Solar%20Power%20%20Energy%20Source%20of%20the%20Future%20_files/simple_captcha HTTP/1.1" 200 -
5.9.32.222 - - [24/Apr/2020:22:37:54 -0400] "GET /depository//////////power_consumption/IDG%20Connect%20%96%20Solar%20Power%20%20Energy%20Source%20of%20the%20Future%20_files/tweet_button.d58098f8a7f0ff5a206e7f15442a6b30.en.htm HTTP/1.1" 200 45200
5.9.32.222 - - [24/Apr/2020:22:37:56 -0400] "GET /depository//////////power_consumption/Power%20company%20plugs%20data%20center%20directly%20into%20high-voltage%20grid%20-%20PC%20World%20Australia_files/DU1Ia251o0y.htm HTTP/1.1" 200 28268
5.9.32.222 - - [24/Apr/2020:22:37:59 -0400] "GET /depository//////////power_consumption/Power%20company%20plugs%20data%20center%20directly%20into%20high-voltage%20grid%20-%20PC%20World%20Australia_files/DU1Ia251o0y_002.htm HTTP/1.1" 200 28263
213.180.203.118 - - [24/Apr/2020:22:38:07 -0400] "GET /4/45/fing_452.htm HTTP/1.1" 200 20849
5.9.32.222 - - [24/Apr/2020:22:38:11 -0400] "GET /depository//////////power_consumption/Power%20company%20plugs%20data%20center%20directly%20into%20high-voltage%20grid%20-%20PC%20World%20Australia_files/a.htm HTTP/1.1" 200 23695
172.72.115.18 - - [24/Apr/2020:22:38:14 -0400] "GET /1/intro1.htm HTTP/1.1" 200 77738
5.9.32.222 - - [24/Apr/2020:22:38:20 -0400] "GET /depository//////////power_consumption/Power%20company%20plugs%20data%20center%20directly%20into%20high-voltage%20grid%20-%20PC%20World%20Australia_files/a_data/ HTTP/1.1" 200 1141
5.9.32.222 - - [24/Apr/2020:22:38:34 -0400] "GET /depository//////////power_consumption/Power%20company%20plugs%20data%20center%20directly%20into%20high-voltage%20grid%20-%20PC%20World%20Australia_files/adSearch.htm HTTP/1.1" 200 24254
5.9.32.222 - - [24/Apr/2020:22:38:37 -0400] "GET /depository//////////power_consumption/Power%20company%20plugs%20data%20center%20directly%20into%20high-voltage%20grid%20-%20PC%20World%20Australia_files/adSearch_002.htm HTTP/1.1" 200 52275
5.9.32.222 - - [24/Apr/2020:22:38:39 -0400] "GET /depository//////////power_consumption/Power%20company%20plugs%20data%20center%20directly%20into%20high-voltage%20grid%20-%20PC%20World%20Australia_files/adSearch_data/ HTTP/1.1" 200 1361
5.9.32.222 - - [24/Apr/2020:22:38:41 -0400] "GET /depository//////////power_consumption/Power%20company%20plugs%20data%20center%20directly%20into%20high-voltage%20grid%20-%20PC%20World%20Australia_files/adSearch_data_002/ HTTP/1.1" 200 2925
5.9.32.222 - - [24/Apr/2020:22:38:45 -0400] "GET /depository//////////power_consumption/Power%20company%20plugs%20data%20center%20directly%20into%20high-voltage%20grid%20-%20PC%20World%20Australia_files/cbgapi.loaded_0 HTTP/1.1" 200 113541
5.9.32.222 - - [24/Apr/2020:22:38:52 -0400] "GET /depository//////////power_consumption/Power%20company%20plugs%20data%20center%20directly%20into%20high-voltage%20grid%20-%20PC%20World%20Australia_files/comScore.htm HTTP/1.1" 200 811
5.9.32.222 - - [24/Apr/2020:22:38:55 -0400] "GET /depository//////////power_consumption/Power%20company%20plugs%20data%20center%20directly%20into%20high-voltage%20grid%20-%20PC%20World%20Australia_files/comScore_data/ HTTP/1.1" 200 685
213.180.203.118 - - [24/Apr/2020:22:39:01 -0400] "GET /depository/blockchain/%C1%EB%EE%EA%F7%E5%E9%ED_%20%EA%F3%E4%E0%20%EF%F0%E8%E2%E5%E4%E5%F2%20%EC%E8%F0%20%ED%EE%E2%E0%FF%20%F2%E5%F5%ED%EE%EB%EE%E3%E8%FF%20_%20%D0%E0%F1%F8%E8%F0%FF%E5%EC%20%EA%F0%F3%E3%EE%E7%EE%F0%20_%20%C4%E8%F1%EA%F3%F1%F1%E8%E8%20_%20Global%20CIO.%20%CE%F4%E8%F6%E8%E0%EB%FC%ED%FB%E9%20%EF%EE%F0%F2%E0%EB%20%C8%D2-%E4%E8%F0%E5%EA%F2%EE%F0%EE%E2_files/watch.js.%E7%E0%E3%F0%F3%E6%E5%ED%EE HTTP/1.1" 200 76105
213.180.203.118 - - [24/Apr/2020:22:39:04 -0400] "GET /depository/terabit/1_terabit_Ethernet_to_2015.mht HTTP/1.1" 200 600943
213.180.203.118 - - [24/Apr/2020:22:39:42 -0400] "GET /depository/Microsoft/Microsoft_admins_Update_your_systems_now_to_prevent_crazy_bad_zero-day_bug_exploits.mht HTTP/1.1" 200 1348919
2.58.12.62 - - [24/Apr/2020:22:39:46 -0400] "GET /10/abbr/w.htm HTTP/1.0" 200 23261
46.229.168.149 - - [24/Apr/2020:22:39:48 -0400] "GET /depository/iot/Coming%20soon%20%20Murder%20by%20Internet%20%20%20ITworld_files/gscounters(1).sendReport HTTP/1.1" 200 155
66.249.64.50 - - [24/Apr/2020:22:40:06 -0400] "GET /depository//rfcs/5200/rfc5224.txt HTTP/1.1" 200 10283
213.180.203.118 - - [24/Apr/2020:22:40:06 -0400] "GET /depository/SSD/SSD_controllers_may_run_your_applications_someday.mht HTTP/1.1" 200 2277465
31.185.7.232 - - [24/Apr/2020:22:40:07 -0400] "GET /4/45/http2.htm HTTP/1.1" 200 179051
213.180.203.118 - - [24/Apr/2020:22:40:10 -0400] "GET /depository/rfcs/700/RFC734.TXT HTTP/1.1" 200 33919
5.9.32.222 - - [24/Apr/2020:22:40:39 -0400] "GET /depository//////////power_consumption/Power%20company%20plugs%20data%20center%20directly%20into%20high-voltage%20grid%20-%20PC%20World%20Australia_files/container.htm HTTP/1.1" 200 3940
5.9.32.222 - - [24/Apr/2020:22:40:42 -0400] "GET /depository//////////power_consumption/Power%20company%20plugs%20data%20center%20directly%20into%20high-voltage%20grid%20-%20PC%20World%20Australia_files/get HTTP/1.1" 200 25301
5.9.32.222 - - [24/Apr/2020:22:42:03 -0400] "GET /depository//////////power_consumption/Power%20company%20plugs%20data%20center%20directly%20into%20high-voltage%20grid%20-%20PC%20World%20Australia_files/like.htm HTTP/1.1" 200 19407
46.53.251.18 - - [24/Apr/2020:22:43:05 -0400] "GET /10/ascii.htm HTTP/1.1" 200 36979
213.180.203.118 - - [24/Apr/2020:22:43:28 -0400] "GET /depository/rfcs/2400/rfc2446.txt HTTP/1.1" 200 232071
88.99.194.48 - - [24/Apr/2020:22:43:47 -0400] "GET /10/abbr/s.htm HTTP/1.1" 200 108119
213.180.203.118 - - [24/Apr/2020:22:44:50 -0400] "GET /depository/rfcs/2400/rfc2418.txt HTTP/1.1" 200 64316
67.209.130.182 - - [24/Apr/2020:22:45:12 -0400] "GET /10/ascii.htm HTTP/1.1" 200 36979
207.46.13.25 - - [24/Apr/2020:22:45:20 -0400] "GET /4/44/btp_4410.htm HTTP/1.1" 200 11341
62.133.162.76 - - [24/Apr/2020:22:45:22 -0400] "GET /10/ascii.htm HTTP/1.1" 200 36979
66.249.64.48 - - [24/Apr/2020:22:45:32 -0400] "GET /4/41/inc_4113.htm HTTP/1.1" 304 -
114.119.160.250 - - [24/Apr/2020:22:45:39 -0400] "GET /depository/AI/IDG%20Connect%20%96%20UK%20firm%20strives%20to%20accelerate%20drug%20discovery%20using%20AI_files/featurekicker_002.js HTTP/1.1" 200 267366
213.180.203.118 - - [24/Apr/2020:22:46:13 -0400] "GET /4/45/fing_452.htm HTTP/1.1" 200 20849
5.9.32.222 - - [24/Apr/2020:22:46:25 -0400] "GET /depository//////////power_consumption/Power%20company%20plugs%20data%20center%20directly%20into%20high-voltage%20grid%20-%20PC%20World%20Australia_files/tweet_button.htm HTTP/1.1" 200 35180
5.9.32.222 - - [24/Apr/2020:22:46:30 -0400] "GET /depository//////////power_consumption/Power%20company%20plugs%20data%20center%20directly%20into%20high-voltage%20grid%20-%20PC%20World%20Australia_files/tweet_button_data/ HTTP/1.1" 200 695
5.9.32.222 - - [24/Apr/2020:22:46:39 -0400] "GET /depository//////////power_consumption/Power%20company%20plugs%20data%20center%20directly%20into%20high-voltage%20grid%20-%20PC%20World%20Australia_files/widgetGlobalEvent HTTP/1.1" 200 4
5.9.32.222 - - [24/Apr/2020:22:46:42 -0400] "GET /depository//////////power_consumption/IDG%20Connect%20%E2%80%93%20Solar%20Power%20%20Energy%20Source%20of%20the%20Future%20_files/IDG%20Connect%20%E2%80%93%20Solar%20Power%20%20Energy%20Source%20of%20the%20Future%20.htm HTTP/1.1" 404 361
5.9.32.222 - - [24/Apr/2020:22:47:12 -0400] "GET /depository//////////power_consumption/Take%20data%20center%20efficiency%20to%20the%20max%20on%20three-phase%20power_files/1068cf12f6 HTTP/1.1" 200 41
5.9.32.222 - - [24/Apr/2020:22:47:24 -0400] "GET /depository//////////power_consumption/Take%20data%20center%20efficiency%20to%20the%20max%20on%20three-phase%20power_files/container.html HTTP/1.1" 200 4018
213.180.203.118 - - [24/Apr/2020:22:47:26 -0400] "GET /depository/v2v/Feds%20want%20cars%20to%20talk%20to%20each%20other%20to%20avoid%20crashes%20_%20ITworld_files/print.svg HTTP/1.1" 200 782
85.249.103.56 - - [24/Apr/2020:22:48:12 -0400] "GET /10/at_109.htm HTTP/1.1" 200 15423
67.172.62.223 - - [24/Apr/2020:22:48:13 -0400] "GET /depository/newest_tech/ HTTP/1.1" 200 48919
5.188.210.87 - - [24/Apr/2020:22:48:19 -0400] "GET /4/7/ HTTP/1.0" 200 6406
213.180.203.118 - - [24/Apr/2020:22:48:33 -0400] "GET /depository/wireless/Coming_soon_Mobile_devices_that_can_beam_4K_video_directly_to_TV.mht HTTP/1.1" 200 974934
66.249.64.50 - - [24/Apr/2020:22:48:33 -0400] "GET /depository/security/surveys////%C2%AB%D0%9B%D0%B0%D0%B1%D0%BE%D1%80%D0%B0%D1%82%D0%BE%D1%80%D0%B8%D1%8F%20%D0%9A%D0%B0%D1%81%D0%BF%D0%B5%D1%80%D1%81%D0%BA%D0%BE%D0%B3%D0%BE%C2%BB%20%D1%80%D0%B0%D1%81%D0%BA%D1%80%D1%8B%D0%BB%D0%B0%20%D0%B0%D0%BC%D0%B5%D1%80%D0%B8%D0%BA%D0%B0%D0%BD%D1%81%D0%BA%D0%B8%D0%B9%20%D1%88%D0%BF%D0%B8%D0%BE%D0%BD%D1%81%D0%BA%D0%B8%D0%B9%20%D0%B2%D0%B8%D1%80%D1%83%D1%81%20%20%20Hi-Tech.Mail.Ru_files/pic(9) HTTP/1.1" 404 381
213.180.203.118 - - [24/Apr/2020:22:48:55 -0400] "GET /depository/backup/128TB_tape.mht HTTP/1.1" 200 2268356
46.229.168.132 - - [24/Apr/2020:22:49:33 -0400] "GET /depository/AI/Swarm_AI_predicts_the_2016_Kentucky_Derby.htm HTTP/1.1" 200 389424
66.249.64.48 - - [24/Apr/2020:22:49:34 -0400] "GET /depository//rfcs/6200/rfc6250.txt HTTP/1.1" 200 60778
213.180.203.118 - - [24/Apr/2020:22:50:15 -0400] "GET /depository/rfcs/2400/rfc2465.txt HTTP/1.1" 200 79470
213.180.203.118 - - [24/Apr/2020:22:50:36 -0400] "GET /depository/security/APT/Traces%20of%20Regin%20malware%20may%20date%20back%20to%202006%20%20%20ITworld_files/14347 HTTP/1.1" 200 43
213.180.203.118 - - [24/Apr/2020:22:51:18 -0400] "GET /depository/nosql/NoSQL%20security%20Do%20NoSQL%20database%20security%20features%20stack%20up%20to%20RDBMS.mht HTTP/1.1" 200 799838
5.9.32.222 - - [24/Apr/2020:22:51:40 -0400] "GET /depository//////////power_consumption/Take%20data%20center%20efficiency%20to%20the%20max%20on%20three-phase%20power_files/getuid HTTP/1.1" 200 43
5.9.32.222 - - [24/Apr/2020:22:51:43 -0400] "GET /depository//////////power_consumption/Take%20data%20center%20efficiency%20to%20the%20max%20on%20three-phase%20power_files/pixel.php HTTP/1.1" 200 474532
91.77.52.158 - - [24/Apr/2020:22:51:50 -0400] "GET /10/ascii.htm HTTP/1.1" 200 36979
5.9.32.222 - - [24/Apr/2020:22:51:53 -0400] "GET /depository//////////power_consumption/Take%20data%20center%20efficiency%20to%20the%20max%20on%20three-phase%20power_files/saved_resource HTTP/1.1" 200 43
213.180.203.118 - - [24/Apr/2020:22:52:03 -0400] "GET /depository/rfcs/8600/rfc8611.txt HTTP/1.1" 200 63253
5.9.32.222 - - [24/Apr/2020:22:52:18 -0400] "GET /depository//////////power_consumption/Take%20data%20center%20efficiency%20to%20the%20max%20on%20three-phase%20power_files/saved_resource(1) HTTP/1.1" 200 85
93.80.222.241 - - [24/Apr/2020:22:52:35 -0400] "GET /7/sock_71.htm HTTP/1.1" 200 152313
5.9.32.222 - - [24/Apr/2020:22:52:53 -0400] "GET /depository//////////power_consumption/Take%20data%20center%20efficiency%20to%20the%20max%20on%20three-phase%20power_files/saved_resource(2) HTTP/1.1" 200 85
66.249.64.46 - - [24/Apr/2020:22:52:55 -0400] "GET /depository/iot/The%20security%20tsunami%20of%20the%20Internet%20of%20Things%20is%20coming,%20are%20you%20ready%20%20-%20TechRepublic_files/imsync.htm HTTP/1.1" 200 4777
5.9.32.222 - - [24/Apr/2020:22:52:58 -0400] "GET /depository//////////power_consumption/Take%20data%20center%20efficiency%20to%20the%20max%20on%20three-phase%20power_files/saved_resource(3) HTTP/1.1" 200 85
5.9.32.222 - - [24/Apr/2020:22:53:00 -0400] "GET /depository//////////power_consumption/Take%20data%20center%20efficiency%20to%20the%20max%20on%20three-phase%20power_files/saved_resource(4) HTTP/1.1" 200 43
136.243.95.154 - - [24/Apr/2020:22:53:02 -0400] "GET /4/net_4.htm HTTP/1.1" 200 99981
5.9.32.222 - - [24/Apr/2020:22:53:03 -0400] "GET /depository//////////power_consumption/Take%20data%20center%20efficiency%20to%20the%20max%20on%20three-phase%20power_files/seg HTTP/1.1" 200 43
5.9.32.222 - - [24/Apr/2020:22:53:06 -0400] "GET /depository//////////quant_comp/Quantum%20Computers%20%20The%20End%20of%20Cryptography_files/a.htm HTTP/1.1" 200 2232
5.9.32.222 - - [24/Apr/2020:22:53:08 -0400] "GET /depository//////////quant_comp/Post-quantum%20cryptography%20a%20major%20challenge,%20says%20expert_files/Post-quantum-cryptography-a-major-challenge-says-expert_002.htm HTTP/1.1" 200 951
5.9.32.222 - - [24/Apr/2020:22:53:12 -0400] "GET /depository//////////quant_comp/How%20a%20new%20manufacturing%20technique%20could%20create%20scalable%20quantum%20computers%20-%20TechRepublic_files/a_002.htm HTTP/1.1" 200 402
5.9.32.222 - - [24/Apr/2020:22:53:16 -0400] "GET /depository//////////quant_comp/D-Wave%27s%202000Q%20variant%20reduces%20noise%20for%20cloud-based%20quantum%20computing%20-%20TechRepublic_files/a.htm HTTP/1.1" 200 364
5.9.32.222 - - [24/Apr/2020:22:53:18 -0400] "GET /depository//////////quant_comp/Quantum%20computing%20is%20not%20a%20cure-all%20for%20business%20computing%20challenges%20-%20TechRepublic_files/a_002.htm HTTP/1.1" 200 368
213.180.203.118 - - [24/Apr/2020:22:53:18 -0400] "GET /depository/bitcoin/New%20Bitcoin%20Foundation%20chief%20eyes%20crowdfunding%20%20%20ITworld_files/image HTTP/1.1" 200 1680
5.9.32.222 - - [24/Apr/2020:22:53:24 -0400] "GET /depository//////////quant_comp/10%20hot%20quantum-computing%20startups%20to%20watch%20%20%20Network%20World_files/1 HTTP/1.1" 200 72
5.9.32.222 - - [24/Apr/2020:22:53:26 -0400] "GET /depository//////////quant_comp/10%20hot%20quantum-computing%20startups%20to%20watch%20%20%20Network%20World_files/10-hot-quantum-computing-startups-to-watch.htm HTTP/1.1" 200 429
5.9.32.222 - - [24/Apr/2020:22:53:29 -0400] "GET /depository//////////quant_comp/10%20hot%20quantum-computing%20startups%20to%20watch%20%20%20Network%20World_files/10-hot-quantum-computing-startups-to-watch_002.htm HTTP/1.1" 200 6533
5.9.32.222 - - [24/Apr/2020:22:53:38 -0400] "GET /depository//////////quant_comp/10%20hot%20quantum-computing%20startups%20to%20watch%20%20%20Network%20World_files/10-hot-quantum-computing-startups-to-watch_003.htm HTTP/1.1" 200 714866
213.180.203.118 - - [24/Apr/2020:22:53:47 -0400] "GET /4/45/fing_452.htm HTTP/1.1" 200 20849
5.9.32.222 - - [24/Apr/2020:22:53:47 -0400] "GET /depository//////////quant_comp/10%20hot%20quantum-computing%20startups%20to%20watch%20%20%20Network%20World_files/10-hot-quantum-computing-startups-to-watch_004.htm HTTP/1.1" 200 56297
5.9.32.222 - - [24/Apr/2020:22:54:19 -0400] "GET /depository//////////quant_comp/10%20hot%20quantum-computing%20startups%20to%20watch%20%20%20Network%20World_files/10-hot-quantum-computing-startups-to-watch_005.htm HTTP/1.1" 200 375
213.180.203.118 - - [24/Apr/2020:22:54:33 -0400] "GET /depository/IT-education/The%20IT%20skills%20crisis%20-%20UK%20Computer%20Science%20Education%20in%20the%2021st%20century%20%96%20Restoring%20Turing%92s%20Legacy.mht HTTP/1.1" 200 1155037
207.46.13.74 - - [24/Apr/2020:22:54:40 -0400] "GET /4/43/x25_432.htm HTTP/1.1" 200 44127
213.180.203.118 - - [24/Apr/2020:22:54:45 -0400] "GET /depository/rfcs/1400/RFC1490.TXT HTTP/1.1" 200 77168
5.9.32.222 - - [24/Apr/2020:22:55:09 -0400] "GET /depository//////////quant_comp/10%20hot%20quantum-computing%20startups%20to%20watch%20%20%20Network%20World_files/10-hot-quantum-computing-startups-to-watch_006.htm HTTP/1.1" 200 11533
77.137.118.7 - - [24/Apr/2020:22:55:19 -0400] "GET /10/ascii.htm HTTP/1.1" 200 36979
5.9.32.222 - - [24/Apr/2020:22:55:38 -0400] "GET /depository//////////quant_comp/10%20hot%20quantum-computing%20startups%20to%20watch%20%20%20Network%20World_files/10-hot-quantum-computing-startups-to-watch_007.htm HTTP/1.1" 200 11795
46.229.168.144 - - [24/Apr/2020:22:55:39 -0400] "GET /depository/super_comp/Cray%20aims%20to%20stay%20in%20big%20leagues%20with%20upgraded%20XC40%20supercomputer%20%20%20Computerworld_files/KFZn1BJ0LYk.htm HTTP/1.1" 200 27434
188.234.24.24 - - [24/Apr/2020:22:55:52 -0400] "GET /10/ascii.htm HTTP/1.1" 200 36979
5.9.32.222 - - [24/Apr/2020:22:55:57 -0400] "GET /depository//////////quant_comp/10%20hot%20quantum-computing%20startups%20to%20watch%20%20%20Network%20World_files/10-hot-quantum-computing-startups-to-watch_008.htm HTTP/1.1" 200 4830
5.9.32.222 - - [24/Apr/2020:22:56:06 -0400] "GET /depository//////////quant_comp/10%20hot%20quantum-computing%20startups%20to%20watch%20%20%20Network%20World_files/10-hot-quantum-computing-startups-to-watch_009.htm HTTP/1.1" 200 806
5.9.32.222 - - [24/Apr/2020:22:56:09 -0400] "GET /depository//////////quant_comp/10%20hot%20quantum-computing%20startups%20to%20watch%20%20%20Network%20World_files/10-hot-quantum-computing-startups-to-watch_data/ HTTP/1.1" 200 652
178.68.57.168 - - [24/Apr/2020:22:56:34 -0400] "GET /4/4/rfc4761.htm HTTP/1.1" 200 55106
5.142.57.61 - - [24/Apr/2020:22:56:39 -0400] "GET /10/shennon.htm HTTP/1.1" 200 17696
5.9.32.222 - - [24/Apr/2020:22:56:44 -0400] "GET /depository//////////quant_comp/10%20hot%20quantum-computing%20startups%20to%20watch%20%20%20Network%20World_files/10-hot-quantum-computing-startups-to-watch_data_002/ HTTP/1.1" 200 1318
5.9.32.222 - - [24/Apr/2020:22:56:49 -0400] "GET /depository//////////quant_comp/10%20hot%20quantum-computing%20startups%20to%20watch%20%20%20Network%20World_files/10-hot-quantum-computing-startups-to-watch_data_003/ HTTP/1.1" 200 700
5.9.32.222 - - [24/Apr/2020:22:56:54 -0400] "GET /depository//////////quant_comp/10%20hot%20quantum-computing%20startups%20to%20watch%20%20%20Network%20World_files/10-hot-quantum-computing-startups-to-watch_data_004/ HTTP/1.1" 200 958
5.9.32.222 - - [24/Apr/2020:22:56:56 -0400] "GET /depository//////////quant_comp/10%20hot%20quantum-computing%20startups%20to%20watch%20%20%20Network%20World_files/10-hot-quantum-computing-startups-to-watch_data_005/ HTTP/1.1" 200 692
5.9.32.222 - - [24/Apr/2020:22:56:58 -0400] "GET /depository//////////quant_comp/10%20hot%20quantum-computing%20startups%20to%20watch%20%20%20Network%20World_files/10-hot-quantum-computing-startups-to-watch_data_006/ HTTP/1.1" 200 1302
5.9.32.222 - - [24/Apr/2020:22:57:00 -0400] "GET /depository//////////quant_comp/10%20hot%20quantum-computing%20startups%20to%20watch%20%20%20Network%20World_files/10-hot-quantum-computing-startups-to-watch_data_007/ HTTP/1.1" 200 1216
5.9.32.222 - - [24/Apr/2020:22:57:04 -0400] "GET /depository//////////quant_comp/10%20hot%20quantum-computing%20startups%20to%20watch%20%20%20Network%20World_files/10-hot-quantum-computing-startups-to-watch_data_008/ HTTP/1.1" 200 952
5.9.32.222 - - [24/Apr/2020:22:57:06 -0400] "GET /depository//////////quant_comp/10%20hot%20quantum-computing%20startups%20to%20watch%20%20%20Network%20World_files/10-hot-quantum-computing-startups-to-watch_data_009/ HTTP/1.1" 200 1002
5.9.32.222 - - [24/Apr/2020:22:57:07 -0400] "GET /depository//////////quant_comp/10%20hot%20quantum-computing%20startups%20to%20watch%20%20%20Network%20World_files/14351.htm HTTP/1.1" 200 1113
5.9.32.222 - - [24/Apr/2020:22:57:08 -0400] "GET /depository//////////quant_comp/10%20hot%20quantum-computing%20startups%20to%20watch%20%20%20Network%20World_files/14351_data/ HTTP/1.1" 200 568
5.9.32.222 - - [24/Apr/2020:22:57:11 -0400] "GET /depository//////////quant_comp/10%20hot%20quantum-computing%20startups%20to%20watch%20%20%20Network%20World_files/1_002 HTTP/1.1" 200 72
5.9.32.222 - - [24/Apr/2020:22:57:13 -0400] "GET /depository//////////quant_comp/10%20hot%20quantum-computing%20startups%20to%20watch%20%20%20Network%20World_files/1_003 HTTP/1.1" 200 72
5.9.32.222 - - [24/Apr/2020:22:57:17 -0400] "GET /depository//////////quant_comp/10%20hot%20quantum-computing%20startups%20to%20watch%20%20%20Network%20World_files/ADTECH HTTP/1.1" 200 66
5.9.32.222 - - [24/Apr/2020:22:57:29 -0400] "GET /depository//////////quant_comp/10%20hot%20quantum-computing%20startups%20to%20watch%20%20%20Network%20World_files/a HTTP/1.1" 200 275
5.9.32.222 - - [24/Apr/2020:22:57:30 -0400] "GET /depository//////////quant_comp/10%20hot%20quantum-computing%20startups%20to%20watch%20%20%20Network%20World_files/a.htm HTTP/1.1" 200 108
5.9.32.222 - - [24/Apr/2020:22:57:34 -0400] "GET /depository//////////quant_comp/10%20hot%20quantum-computing%20startups%20to%20watch%20%20%20Network%20World_files/a_002 HTTP/1.1" 200 66
5.9.32.222 - - [24/Apr/2020:22:57:37 -0400] "GET /depository//////////quant_comp/10%20hot%20quantum-computing%20startups%20to%20watch%20%20%20Network%20World_files/a_002.htm HTTP/1.1" 200 108
5.9.32.222 - - [24/Apr/2020:22:57:39 -0400] "GET /depository//////////quant_comp/10%20hot%20quantum-computing%20startups%20to%20watch%20%20%20Network%20World_files/adsct HTTP/1.1" 200 31
5.9.32.222 - - [24/Apr/2020:22:57:43 -0400] "GET /depository//////////quant_comp/10%20hot%20quantum-computing%20startups%20to%20watch%20%20%20Network%20World_files/adsct_002 HTTP/1.1" 200 31
5.9.32.222 - - [24/Apr/2020:22:57:45 -0400] "GET /depository//////////quant_comp/10%20hot%20quantum-computing%20startups%20to%20watch%20%20%20Network%20World_files/anchor.htm HTTP/1.1" 200 30241
5.9.32.222 - - [24/Apr/2020:22:57:47 -0400] "GET /depository//////////quant_comp/10%20hot%20quantum-computing%20startups%20to%20watch%20%20%20Network%20World_files/anchor_data/ HTTP/1.1" 200 650
5.9.32.222 - - [24/Apr/2020:22:57:53 -0400] "GET /depository//////////quant_comp/10%20hot%20quantum-computing%20startups%20to%20watch%20%20%20Network%20World_files/arj.json HTTP/1.1" 200 190
213.180.203.118 - - [24/Apr/2020:22:57:55 -0400] "GET /10/shennon.htm HTTP/1.1" 200 17696
5.9.32.222 - - [24/Apr/2020:22:57:56 -0400] "GET /depository//////////quant_comp/10%20hot%20quantum-computing%20startups%20to%20watch%20%20%20Network%20World_files/bframe.htm HTTP/1.1" 200 7732
213.180.203.118 - - [24/Apr/2020:22:57:58 -0400] "GET /depository/rfcs/8600/rfc8622.txt HTTP/1.1" 200 43548
5.9.32.222 - - [24/Apr/2020:22:57:58 -0400] "GET /depository//////////quant_comp/10%20hot%20quantum-computing%20startups%20to%20watch%20%20%20Network%20World_files/bframe_data/ HTTP/1.1" 200 588
5.9.32.222 - - [24/Apr/2020:22:58:00 -0400] "GET /depository//////////quant_comp/10%20hot%20quantum-computing%20startups%20to%20watch%20%20%20Network%20World_files/callbackcc_auds HTTP/1.1" 200 900
5.9.32.222 - - [24/Apr/2020:22:58:02 -0400] "GET /depository//////////quant_comp/10%20hot%20quantum-computing%20startups%20to%20watch%20%20%20Network%20World_files/dqv0ur5V4Cs-sdDE9H9bsP3WgC1LlBx8HZFjFi_JvbuKw3CM9LpqFxmZt5HhSWsA HTTP/1.1" 200 80803
5.9.32.222 - - [24/Apr/2020:22:58:05 -0400] "GET /depository//////////quant_comp/10%20hot%20quantum-computing%20startups%20to%20watch%20%20%20Network%20World_files/ecyQFiWyjvFcPlziA5RxNxL6LuA6IceUnMXDlIcBi5P6FKuikUe-omZ-BRON-hMa HTTP/1.1" 200 177993
5.9.32.222 - - [24/Apr/2020:22:58:07 -0400] "GET /depository//////////quant_comp/10%20hot%20quantum-computing%20startups%20to%20watch%20%20%20Network%20World_files/front.asp HTTP/1.1" 200 2214
5.9.32.222 - - [24/Apr/2020:22:58:09 -0400] "GET /depository//////////quant_comp/10%20hot%20quantum-computing%20startups%20to%20watch%20%20%20Network%20World_files/get HTTP/1.1" 200 31278
5.9.32.222 - - [24/Apr/2020:22:58:11 -0400] "GET /depository//////////quant_comp/10%20hot%20quantum-computing%20startups%20to%20watch%20%20%20Network%20World_files/iframe.htm HTTP/1.1" 200 544
5.9.32.222 - - [24/Apr/2020:22:58:12 -0400] "GET /depository//////////quant_comp/10%20hot%20quantum-computing%20startups%20to%20watch%20%20%20Network%20World_files/iframe_data/ HTTP/1.1" 200 716
5.9.32.222 - - [24/Apr/2020:22:58:15 -0400] "GET /depository//////////quant_comp/10%20hot%20quantum-computing%20startups%20to%20watch%20%20%20Network%20World_files/obUserSync.htm HTTP/1.1" 200 8023
5.9.32.222 - - [24/Apr/2020:22:58:17 -0400] "GET /depository//////////quant_comp/10%20hot%20quantum-computing%20startups%20to%20watch%20%20%20Network%20World_files/portal.htm HTTP/1.1" 200 1516
5.9.32.222 - - [24/Apr/2020:22:58:19 -0400] "GET /depository//////////quant_comp/10%20hot%20quantum-computing%20startups%20to%20watch%20%20%20Network%20World_files/rtifr.htm HTTP/1.1" 200 270
5.9.32.222 - - [24/Apr/2020:22:58:29 -0400] "GET /depository//////////quant_comp/10%20hot%20quantum-computing%20startups%20to%20watch%20%20%20Network%20World_files/serving HTTP/1.1" 200 160
5.9.32.222 - - [24/Apr/2020:22:58:34 -0400] "GET /depository//////////quant_comp/10%20hot%20quantum-computing%20startups%20to%20watch%20%20%20Network%20World_files/sponsored-links.htm HTTP/1.1" 200 6336
5.9.32.222 - - [24/Apr/2020:22:58:44 -0400] "GET /depository//////////quant_comp/10%20hot%20quantum-computing%20startups%20to%20watch%20%20%20Network%20World_files/svrGP.aspx HTTP/1.1" 200 79
66.249.64.50 - - [24/Apr/2020:22:59:02 -0400] "GET /depository//rfcs/4200/rfc4242.txt HTTP/1.1" 200 15210
5.9.32.222 - - [24/Apr/2020:22:59:07 -0400] "GET /depository//////////quant_comp/10%20hot%20quantum-computing%20startups%20to%20watch%20%20%20Network%20World_files/svrGP.htm HTTP/1.1" 200 130
5.9.32.222 - - [24/Apr/2020:22:59:16 -0400] "GET /depository//////////quant_comp/10%20hot%20quantum-computing%20startups%20to%20watch%20%20%20Network%20World_files/t HTTP/1.1" 200 1869
5.9.32.222 - - [24/Apr/2020:22:59:21 -0400] "GET /depository//////////quant_comp/10%20hot%20quantum-computing%20startups%20to%20watch%20%20%20Network%20World_files/tag.aspx HTTP/1.1" 200 26171
5.9.32.222 - - [24/Apr/2020:22:59:22 -0400] "GET /depository//////////quant_comp/10%20hot%20quantum-computing%20startups%20to%20watch%20%20%20Network%20World_files/third-party-iframes.htm HTTP/1.1" 200 3171
213.180.203.118 - - [24/Apr/2020:22:59:32 -0400] "GET /depository/super_comp/Fujitsu_designs_leaner_supercomputer_with_fewer_switches.mht HTTP/1.1" 200 979058
213.180.203.118 - - [24/Apr/2020:22:59:38 -0400] "GET /depository/rfcs/1400/RFC1405.TXT HTTP/1.1" 200 35351
213.180.203.118 - - [24/Apr/2020:22:59:48 -0400] "GET /depository/rfcs/2400/rfc2421.txt HTTP/1.1" 200 126802
5.9.32.222 - - [24/Apr/2020:22:59:52 -0400] "GET /depository//////////quant_comp/10%20hot%20quantum-computing%20startups%20to%20watch%20%20%20Network%20World_files/third-party-iframes_data/ HTTP/1.1" 200 2196
5.9.32.222 - - [24/Apr/2020:22:59:54 -0400] "GET /depository//////////quant_comp/10%20hot%20quantum-computing%20startups%20to%20watch%20%20%20Network%20World_files/u HTTP/1.1" 200 13
5.9.32.222 - - [24/Apr/2020:22:59:56 -0400] "GET /depository//////////quant_comp/10%20hot%20quantum-computing%20startups%20to%20watch%20%20%20Network%20World_files/v1 HTTP/1.1" 200 177
5.9.32.222 - - [24/Apr/2020:22:59:57 -0400] "GET /depository//////////quant_comp/10%20hot%20quantum-computing%20startups%20to%20watch%20%20%20Network%20World_files/vdrp58zwedffwfa9gf87sr3sedykdkfx HTTP/1.1" 200 14284
5.9.32.222 - - [24/Apr/2020:23:00:01 -0400] "GET /depository//////////quant_comp/10%20hot%20quantum-computing%20startups%20to%20watch%20%20%20Network%20World_files/widget_init HTTP/1.1" 200 315
5.9.32.222 - - [24/Apr/2020:23:00:05 -0400] "GET /depository//////////quant_comp/10%20hot%20quantum-computing%20startups%20to%20watch%20%20%20Network%20World_files/ziprecruiter-logo-200px.webp HTTP/1.1" 200 1742
5.9.32.222 - - [24/Apr/2020:23:00:11 -0400] "GET /depository//////////quant_comp/Building%20logical%20qubits%20in%20a%20superconducting%20quantum%20computing%20system%20%20%20npj%20Quantum%20Information_files/93dabb8d80079a87fec7bb6f67b807fce90e1688f8957ad7ad152bfd58ea01c2 HTTP/1.1" 200 135344
46.229.168.148 - - [24/Apr/2020:23:00:17 -0400] "GET /depository/cyberwar/Inside_secret_digital_arms_race_Facing_threat_of_global_cyberwar.mht HTTP/1.1" 200 1769673
46.229.168.130 - - [24/Apr/2020:23:00:19 -0400] "GET /depository/super_comp/Supercomputing%20is%20becoming%20super-efficient,%20Top500%20list%20shows%20_%20ITworld_files/container.htm HTTP/1.1" 200 103959
5.9.32.222 - - [24/Apr/2020:23:00:21 -0400] "GET /depository//////////quant_comp/Building%20logical%20qubits%20in%20a%20superconducting%20quantum%20computing%20system%20%20%20npj%20Quantum%20Information_files/a.htm HTTP/1.1" 200 273
5.9.32.222 - - [24/Apr/2020:23:00:24 -0400] "GET /depository//////////quant_comp/Building%20logical%20qubits%20in%20a%20superconducting%20quantum%20computing%20system%20%20%20npj%20Quantum%20Information_files/a_002.htm HTTP/1.1" 200 107
5.9.32.222 - - [24/Apr/2020:23:00:28 -0400] "GET /depository//////////quant_comp/Building%20logical%20qubits%20in%20a%20superconducting%20quantum%20computing%20system%20%20%20npj%20Quantum%20Information_files/a_data/ HTTP/1.1" 200 729
5.9.32.222 - - [24/Apr/2020:23:00:32 -0400] "GET /depository//////////quant_comp/Building%20logical%20qubits%20in%20a%20superconducting%20quantum%20computing%20system%20%20%20npj%20Quantum%20Information_files/adsct HTTP/1.1" 200 31
5.9.32.222 - - [24/Apr/2020:23:00:36 -0400] "GET /depository//////////quant_comp/Building%20logical%20qubits%20in%20a%20superconducting%20quantum%20computing%20system%20%20%20npj%20Quantum%20Information_files/bd339c69-af54-4a21-b4f1-654bcfcd83ca HTTP/1.1" 200 260
5.9.32.222 - - [24/Apr/2020:23:00:43 -0400] "GET /depository//////////quant_comp/Building%20logical%20qubits%20in%20a%20superconducting%20quantum%20computing%20system%20%20%20npj%20Quantum%20Information_files/bd339c69-af54-4a21-b4f1-654bcfcd83ca_002 HTTP/1.1" 200 224
5.9.32.222 - - [24/Apr/2020:23:00:44 -0400] "GET /depository//////////quant_comp/Building%20logical%20qubits%20in%20a%20superconducting%20quantum%20computing%20system%20%20%20npj%20Quantum%20Information_files/client.htm HTTP/1.1" 200 254192
5.9.32.222 - - [24/Apr/2020:23:00:47 -0400] "GET /depository//////////quant_comp/Building%20logical%20qubits%20in%20a%20superconducting%20quantum%20computing%20system%20%20%20npj%20Quantum%20Information_files/client_data/ HTTP/1.1" 200 735
5.9.32.222 - - [24/Apr/2020:23:00:52 -0400] "GET /depository//////////quant_comp/Building%20logical%20qubits%20in%20a%20superconducting%20quantum%20computing%20system%20%20%20npj%20Quantum%20Information_files/controltag HTTP/1.1" 200 24496
5.9.32.222 - - [24/Apr/2020:23:00:54 -0400] "GET /depository//////////quant_comp/Building%20logical%20qubits%20in%20a%20superconducting%20quantum%20computing%20system%20%20%20npj%20Quantum%20Information_files/controltag.05f9d0dad02f8a1b0b028b868bc3a3e2 HTTP/1.1" 200 254435
213.180.203.118 - - [24/Apr/2020:23:00:59 -0400] "GET /depository/big_data/How%20predictive%20analytics%20can%20help%20set%20perfect%20hotel%20room%20prices%20%20%20ITworld_files/image HTTP/1.1" 200 3211
5.9.32.222 - - [24/Apr/2020:23:01:00 -0400] "GET /depository//////////quant_comp/Building%20logical%20qubits%20in%20a%20superconducting%20quantum%20computing%20system%20%20%20npj%20Quantum%20Information_files/get HTTP/1.1" 200 369
