5.9.32.222 - - [24/Apr/2020:21:22:14 -0400] "GET /depository//////////open_flow/OpenFlow%20SDN%20protocol%20flaw%20affects%20all%20versions,%20could%20lead%20to%20DoS%20attack%20-%20TechRepublic_files/a_data_002/ HTTP/1.1" 200 681
5.9.32.222 - - [24/Apr/2020:21:22:23 -0400] "GET /depository//////////open_flow/OpenFlow%20SDN%20protocol%20flaw%20affects%20all%20versions,%20could%20lead%20to%20DoS%20attack%20-%20TechRepublic_files/a_data_003/ HTTP/1.1" 200 705
5.9.32.222 - - [24/Apr/2020:21:22:26 -0400] "GET /depository//////////open_flow/OpenFlow%20SDN%20protocol%20flaw%20affects%20all%20versions,%20could%20lead%20to%20DoS%20attack%20-%20TechRepublic_files/a_data_004/ HTTP/1.1" 200 663
5.9.32.222 - - [24/Apr/2020:21:22:31 -0400] "GET /depository//////////open_flow/OpenFlow%20SDN%20protocol%20flaw%20affects%20all%20versions,%20could%20lead%20to%20DoS%20attack%20-%20TechRepublic_files/a_data_005/ HTTP/1.1" 200 663
5.9.32.222 - - [24/Apr/2020:21:22:32 -0400] "GET /depository//////////open_flow/OpenFlow%20SDN%20protocol%20flaw%20affects%20all%20versions,%20could%20lead%20to%20DoS%20attack%20-%20TechRepublic_files/a_data_006/ HTTP/1.1" 200 741
5.9.32.222 - - [24/Apr/2020:21:22:34 -0400] "GET /depository//////////open_flow/OpenFlow%20SDN%20protocol%20flaw%20affects%20all%20versions,%20could%20lead%20to%20DoS%20attack%20-%20TechRepublic_files/a_data_007/ HTTP/1.1" 200 705
5.9.32.222 - - [24/Apr/2020:21:22:36 -0400] "GET /depository//////////open_flow/OpenFlow%20SDN%20protocol%20flaw%20affects%20all%20versions,%20could%20lead%20to%20DoS%20attack%20-%20TechRepublic_files/a_data_008/ HTTP/1.1" 200 713
5.9.32.222 - - [24/Apr/2020:21:22:41 -0400] "GET /depository//////////open_flow/OpenFlow%20SDN%20protocol%20flaw%20affects%20all%20versions,%20could%20lead%20to%20DoS%20attack%20-%20TechRepublic_files/a_data_009/ HTTP/1.1" 200 669
213.180.203.118 - - [24/Apr/2020:21:22:41 -0400] "GET /4/44/dnssec/dnssec6.cdr HTTP/1.1" 200 14836
5.9.32.222 - - [24/Apr/2020:21:22:44 -0400] "GET /depository//////////open_flow/OpenFlow%20SDN%20protocol%20flaw%20affects%20all%20versions,%20could%20lead%20to%20DoS%20attack%20-%20TechRepublic_files/a_data_010/ HTTP/1.1" 200 779
5.9.32.222 - - [24/Apr/2020:21:22:46 -0400] "GET /depository//////////open_flow/OpenFlow%20SDN%20protocol%20flaw%20affects%20all%20versions,%20could%20lead%20to%20DoS%20attack%20-%20TechRepublic_files/a_data_011/ HTTP/1.1" 200 705
5.9.32.222 - - [24/Apr/2020:21:22:48 -0400] "GET /depository//////////open_flow/OpenFlow%20SDN%20protocol%20flaw%20affects%20all%20versions,%20could%20lead%20to%20DoS%20attack%20-%20TechRepublic_files/a_data_012/ HTTP/1.1" 200 701
5.9.32.222 - - [24/Apr/2020:21:22:50 -0400] "GET /depository//////////open_flow/OpenFlow%20SDN%20protocol%20flaw%20affects%20all%20versions,%20could%20lead%20to%20DoS%20attack%20-%20TechRepublic_files/a_data_013/ HTTP/1.1" 200 749
5.9.32.222 - - [24/Apr/2020:21:22:52 -0400] "GET /depository//////////open_flow/OpenFlow%20SDN%20protocol%20flaw%20affects%20all%20versions,%20could%20lead%20to%20DoS%20attack%20-%20TechRepublic_files/a_data_014/ HTTP/1.1" 200 1299
5.9.32.222 - - [24/Apr/2020:21:22:54 -0400] "GET /depository//////////open_flow/OpenFlow%20SDN%20protocol%20flaw%20affects%20all%20versions,%20could%20lead%20to%20DoS%20attack%20-%20TechRepublic_files/a_data_016/ HTTP/1.1" 200 675
5.9.32.222 - - [24/Apr/2020:21:22:57 -0400] "GET /depository//////////open_flow/OpenFlow%20SDN%20protocol%20flaw%20affects%20all%20versions,%20could%20lead%20to%20DoS%20attack%20-%20TechRepublic_files/a_data_017/ HTTP/1.1" 200 669
5.9.32.222 - - [24/Apr/2020:21:23:01 -0400] "GET /depository//////////open_flow/OpenFlow%20SDN%20protocol%20flaw%20affects%20all%20versions,%20could%20lead%20to%20DoS%20attack%20-%20TechRepublic_files/a_data_018/ HTTP/1.1" 200 1017
66.249.64.46 - - [24/Apr/2020:21:23:05 -0400] "GET /depository/crypto/Cryptography_history.pdf HTTP/1.1" 200 632913
5.9.32.222 - - [24/Apr/2020:21:23:14 -0400] "GET /depository//////////open_flow/OpenFlow%20SDN%20protocol%20flaw%20affects%20all%20versions,%20could%20lead%20to%20DoS%20attack%20-%20TechRepublic_files/a_data_019/ HTTP/1.1" 200 923
5.9.32.222 - - [24/Apr/2020:21:23:17 -0400] "GET /depository//////////open_flow/OpenFlow%20SDN%20protocol%20flaw%20affects%20all%20versions,%20could%20lead%20to%20DoS%20attack%20-%20TechRepublic_files/a_data_020/ HTTP/1.1" 200 1109
213.180.203.118 - - [24/Apr/2020:21:23:26 -0400] "GET /depository/UC/The%20future%20of%20unified%20communications%20Forget%202012,%20how%20about%202020.htm HTTP/1.1" 200 61425
213.180.203.118 - - [24/Apr/2020:21:23:54 -0400] "GET /depository/SSD/Enterprise%20SSD%20implementation%20guide.mht HTTP/1.1" 200 659515
5.9.32.222 - - [24/Apr/2020:21:23:59 -0400] "GET /depository//////////open_flow/OpenFlow%20SDN%20protocol%20flaw%20affects%20all%20versions,%20could%20lead%20to%20DoS%20attack%20-%20TechRepublic_files/a_data_021/ HTTP/1.1" 200 669
213.180.203.118 - - [24/Apr/2020:21:24:02 -0400] "GET /4/45/tlnt_453.htm HTTP/1.1" 200 28548
5.9.32.222 - - [24/Apr/2020:21:24:03 -0400] "GET /depository//////////open_flow/OpenFlow%20SDN%20protocol%20flaw%20affects%20all%20versions,%20could%20lead%20to%20DoS%20attack%20-%20TechRepublic_files/a_data_022/ HTTP/1.1" 200 1601
5.9.32.222 - - [24/Apr/2020:21:24:14 -0400] "GET /depository//////////open_flow/OpenFlow%20SDN%20protocol%20flaw%20affects%20all%20versions,%20could%20lead%20to%20DoS%20attack%20-%20TechRepublic_files/a_data_024/ HTTP/1.1" 200 705
5.9.32.222 - - [24/Apr/2020:21:24:16 -0400] "GET /depository//////////open_flow/OpenFlow%20SDN%20protocol%20flaw%20affects%20all%20versions,%20could%20lead%20to%20DoS%20attack%20-%20TechRepublic_files/authorize HTTP/1.1" 200 1674
5.9.32.222 - - [24/Apr/2020:21:24:19 -0400] "GET /depository//////////open_flow/OpenFlow%20SDN%20protocol%20flaw%20affects%20all%20versions,%20could%20lead%20to%20DoS%20attack%20-%20TechRepublic_files/bridge3.htm HTTP/1.1" 200 517805
66.249.64.50 - - [24/Apr/2020:21:24:22 -0400] "GET /depository//rfcs/1800/RFC1824.TXT HTTP/1.1" 200 43719
5.9.32.222 - - [24/Apr/2020:21:24:22 -0400] "GET /depository//////////open_flow/OpenFlow%20SDN%20protocol%20flaw%20affects%20all%20versions,%20could%20lead%20to%20DoS%20attack%20-%20TechRepublic_files/bridge3_data/ HTTP/1.1" 200 809
198.46.201.250 - - [24/Apr/2020:21:24:23 -0400] "GET /depository/forecasts/2015-tech-trends.htm HTTP/1.0" 200 313019
5.9.32.222 - - [24/Apr/2020:21:24:23 -0400] "GET /depository//////////open_flow/OpenFlow%20SDN%20protocol%20flaw%20affects%20all%20versions,%20could%20lead%20to%20DoS%20attack%20-%20TechRepublic_files/container.htm HTTP/1.1" 200 39537
5.9.32.222 - - [24/Apr/2020:21:24:27 -0400] "GET /depository//////////open_flow/OpenFlow%20SDN%20protocol%20flaw%20affects%20all%20versions,%20could%20lead%20to%20DoS%20attack%20-%20TechRepublic_files/container_002.htm HTTP/1.1" 200 38628
213.180.203.118 - - [24/Apr/2020:21:24:31 -0400] "GET /depository/analytics/IBM_Watson_Analytics_now_open_for_business.htm HTTP/1.1" 200 243839
213.180.203.118 - - [24/Apr/2020:21:24:40 -0400] "GET /depository/v2v/Feds%20want%20cars%20to%20talk%20to%20each%20other%20to%20avoid%20crashes%20_%20ITworld_files/mail.svg HTTP/1.1" 200 631
66.249.64.48 - - [24/Apr/2020:21:24:42 -0400] "GET /depository/crypto/Cryptography_history.pdf HTTP/1.1" 304 -
5.9.32.222 - - [24/Apr/2020:21:24:52 -0400] "GET /depository//////////open_flow/OpenFlow%20SDN%20protocol%20flaw%20affects%20all%20versions,%20could%20lead%20to%20DoS%20attack%20-%20TechRepublic_files/container_data/ HTTP/1.1" 200 729
5.9.32.222 - - [24/Apr/2020:21:24:55 -0400] "GET /depository//////////open_flow/OpenFlow%20SDN%20protocol%20flaw%20affects%20all%20versions,%20could%20lead%20to%20DoS%20attack%20-%20TechRepublic_files/container_data_002/ HTTP/1.1" 200 983
207.46.13.74 - - [24/Apr/2020:21:24:56 -0400] "GET /depository/storage/File-based_unified_storage_systems.mht HTTP/1.1" 304 -
5.9.32.222 - - [24/Apr/2020:21:24:57 -0400] "GET /depository//////////open_flow/OpenFlow%20SDN%20protocol%20flaw%20affects%20all%20versions,%20could%20lead%20to%20DoS%20attack%20-%20TechRepublic_files/dest5.htm HTTP/1.1" 200 7366
207.46.13.25 - - [24/Apr/2020:21:25:01 -0400] "GET /4/7/parallel.htm HTTP/1.1" 200 18192
5.9.32.222 - - [24/Apr/2020:21:25:08 -0400] "GET /depository//////////open_flow/OpenFlow%20SDN%20protocol%20flaw%20affects%20all%20versions,%20could%20lead%20to%20DoS%20attack%20-%20TechRepublic_files/dest5_002.htm HTTP/1.1" 200 7366
5.9.32.222 - - [24/Apr/2020:21:25:10 -0400] "GET /depository//////////open_flow/OpenFlow%20SDN%20protocol%20flaw%20affects%20all%20versions,%20could%20lead%20to%20DoS%20attack%20-%20TechRepublic_files/iframe.htm HTTP/1.1" 200 873
5.9.32.222 - - [24/Apr/2020:21:25:13 -0400] "GET /depository//////////open_flow/OpenFlow%20SDN%20protocol%20flaw%20affects%20all%20versions,%20could%20lead%20to%20DoS%20attack%20-%20TechRepublic_files/iframe_data/ HTTP/1.1" 200 835
114.119.161.23 - - [24/Apr/2020:21:25:14 -0400] "GET /depository/AI/From%20chatbots%20to%20Einstein,%20artificial%20intelligence%20as%20a%20service%20_%20InfoWorld_files/beacon.js HTTP/1.1" 200 1495
5.9.32.222 - - [24/Apr/2020:21:25:15 -0400] "GET /depository//////////open_flow/OpenFlow%20SDN%20protocol%20flaw%20affects%20all%20versions,%20could%20lead%20to%20DoS%20attack%20-%20TechRepublic_files/jpt HTTP/1.1" 200 51
46.229.168.133 - - [24/Apr/2020:21:25:21 -0400] "GET /depository/smart_city/The%204%20IoT%20products%20a%20smart%20city%20needs%20in%202017%20-%20TechRepublic_files/saved_resource(10).html HTTP/1.1" 200 32188
5.9.32.222 - - [24/Apr/2020:21:25:31 -0400] "GET /depository//////////open_flow/OpenFlow%20SDN%20protocol%20flaw%20affects%20all%20versions,%20could%20lead%20to%20DoS%20attack%20-%20TechRepublic_files/jpt_002 HTTP/1.1" 200 2553
5.9.32.222 - - [24/Apr/2020:21:25:42 -0400] "GET /depository//////////open_flow/OpenFlow%20SDN%20protocol%20flaw%20affects%20all%20versions,%20could%20lead%20to%20DoS%20attack%20-%20TechRepublic_files/jpt_003 HTTP/1.1" 200 51
5.9.32.222 - - [24/Apr/2020:21:25:45 -0400] "GET /depository//////////open_flow/OpenFlow%20SDN%20protocol%20flaw%20affects%20all%20versions,%20could%20lead%20to%20DoS%20attack%20-%20TechRepublic_files/ls.htm HTTP/1.1" 200 8618
5.9.32.222 - - [24/Apr/2020:21:25:47 -0400] "GET /depository//////////open_flow/OpenFlow%20SDN%20protocol%20flaw%20affects%20all%20versions,%20could%20lead%20to%20DoS%20attack%20-%20TechRepublic_files/ls_002.htm HTTP/1.1" 200 9848
5.9.32.222 - - [24/Apr/2020:21:25:52 -0400] "GET /depository//////////open_flow/OpenFlow%20SDN%20protocol%20flaw%20affects%20all%20versions,%20could%20lead%20to%20DoS%20attack%20-%20TechRepublic_files/ls_data/ HTTP/1.1" 200 673
5.9.32.222 - - [24/Apr/2020:21:26:12 -0400] "GET /depository//////////open_flow/OpenFlow%20SDN%20protocol%20flaw%20affects%20all%20versions,%20could%20lead%20to%20DoS%20attack%20-%20TechRepublic_files/rtifr.htm HTTP/1.1" 200 1066
5.9.32.222 - - [24/Apr/2020:21:26:14 -0400] "GET /depository//////////open_flow/OpenFlow%20SDN%20protocol%20flaw%20affects%20all%20versions,%20could%20lead%20to%20DoS%20attack%20-%20TechRepublic_files/rtifr_data/ HTTP/1.1" 200 1181
5.9.32.222 - - [24/Apr/2020:21:26:57 -0400] "GET /depository//////////open_flow/OpenFlow%20SDN%20protocol%20flaw%20affects%20all%20versions,%20could%20lead%20to%20DoS%20attack%20-%20TechRepublic_files/tag.aspx HTTP/1.1" 200 24053
213.180.203.118 - - [24/Apr/2020:21:27:03 -0400] "GET /depository/rfcs/900/rfc969.txt HTTP/1.1" 200 40040
40.77.167.138 - - [24/Apr/2020:21:27:10 -0400] "GET /depository/cloud/ HTTP/1.1" 200 8549
31.173.86.22 - - [24/Apr/2020:21:27:11 -0400] "GET /6/i2p/i2p3A.bmp HTTP/1.1" 200 251802
31.173.86.22 - - [24/Apr/2020:21:27:11 -0400] "GET /6/i2p/i2p3.bmp HTTP/1.1" 200 445830
31.173.86.22 - - [24/Apr/2020:21:27:11 -0400] "GET /6/i2p.htm HTTP/1.1" 200 103907
31.173.86.22 - - [24/Apr/2020:21:27:11 -0400] "GET /6/i2p/i2p3B.bmp HTTP/1.1" 200 317070
31.173.86.22 - - [24/Apr/2020:21:27:12 -0400] "GET /6/i2p/i2p3C.bmp HTTP/1.1" 200 534630
46.229.168.135 - - [24/Apr/2020:21:27:13 -0400] "GET /depository/intel/Intel%20chips%20have%20critical%20design%20flaw,%20and%20fixing%20it%20will%20slow%20Linux,%20Mac,%20and%20Windows%20systems%20-%20TechRepublic_files/container.htm HTTP/1.1" 200 39574
5.9.32.222 - - [24/Apr/2020:21:27:46 -0400] "GET /depository//////////open_flow/OpenFlow%20SDN%20protocol%20flaw%20affects%20all%20versions,%20could%20lead%20to%20DoS%20attack%20-%20TechRepublic_files/tboptevent.htm HTTP/1.1" 200 3622
213.180.203.118 - - [24/Apr/2020:21:27:52 -0400] "GET /depository/super_comp/This_computer_took_40_minutes_to_simulate_one_second_of_brain_activity.htm HTTP/1.1" 200 84466
5.9.32.222 - - [24/Apr/2020:21:27:57 -0400] "GET /depository//////////open_flow/OpenFlow%20SDN%20protocol%20flaw%20affects%20all%20versions,%20could%20lead%20to%20DoS%20attack%20-%20TechRepublic_files/tboptevent_002.htm HTTP/1.1" 200 3622
5.9.32.222 - - [24/Apr/2020:21:27:59 -0400] "GET /depository//////////open_flow/OpenFlow%20SDN%20protocol%20flaw%20affects%20all%20versions,%20could%20lead%20to%20DoS%20attack%20-%20TechRepublic_files/v2 HTTP/1.1" 200 4
178.57.16.104 - - [24/Apr/2020:21:28:05 -0400] "GET /4/44/icmp_444.htm HTTP/1.1" 200 22694
5.9.32.222 - - [24/Apr/2020:21:28:09 -0400] "GET /depository//////////open_flow/OpenFlow%20SDN%20protocol%20flaw%20affects%20all%20versions,%20could%20lead%20to%20DoS%20attack%20-%20TechRepublic_files/v2_002 HTTP/1.1" 200 759
5.9.32.222 - - [24/Apr/2020:21:28:12 -0400] "GET /depository//////////open_flow/SDN%20and%20network%20virtualization%20%20A%20reality%20check%20%20%20ITworld_files/14347 HTTP/1.1" 200 43
5.9.32.222 - - [24/Apr/2020:21:28:19 -0400] "GET /depository//////////open_flow/SDN%20and%20network%20virtualization%20%20A%20reality%20check%20%20%20ITworld_files/7r8gQb8MIqE(1).htm HTTP/1.1" 200 27707
5.9.32.222 - - [24/Apr/2020:21:28:24 -0400] "GET /depository//////////open_flow/SDN%20and%20network%20virtualization%20%20A%20reality%20check%20%20%20ITworld_files/7r8gQb8MIqE.htm HTTP/1.1" 200 27709
5.9.32.222 - - [24/Apr/2020:21:28:27 -0400] "GET /depository//////////open_flow/SDN%20and%20network%20virtualization%20%20A%20reality%20check%20%20%20ITworld_files/button3.htm HTTP/1.1" 200 8635
5.9.32.222 - - [24/Apr/2020:21:28:32 -0400] "GET /depository//////////open_flow/SDN%20and%20network%20virtualization%20%20A%20reality%20check%20%20%20ITworld_files/button_info.json HTTP/1.1" 200 124
207.46.13.25 - - [24/Apr/2020:21:28:33 -0400] "GET /depository/cloud/Amazon%20Elastic%20Compute%20Cloud%20-%20Wikipedia,%20the%20free%20encyclopedia.htm HTTP/1.1" 200 95368
5.9.32.222 - - [24/Apr/2020:21:28:36 -0400] "GET /depository//////////open_flow/SDN%20and%20network%20virtualization%20%20A%20reality%20check%20%20%20ITworld_files/cb=gapi.loaded_0 HTTP/1.1" 200 113171
5.9.32.222 - - [24/Apr/2020:21:28:43 -0400] "GET /depository//////////open_flow/SDN%20and%20network%20virtualization%20%20A%20reality%20check%20%20%20ITworld_files/cb=gapi.loaded_1 HTTP/1.1" 200 59482
54.36.150.186 - - [24/Apr/2020:21:28:44 -0400] "GET /depository/super_comp/IBM%20ends%20China's%205-year%20reign%20atop%20supercomputer%20rankings%20%20%20Network%20World_files/third-party-iframes_data/ HTTP/1.1" 200 872
5.9.32.222 - - [24/Apr/2020:21:28:45 -0400] "GET /depository//////////open_flow/SDN%20and%20network%20virtualization%20%20A%20reality%20check%20%20%20ITworld_files/challenge HTTP/1.1" 200 9272
5.9.32.222 - - [24/Apr/2020:21:28:48 -0400] "GET /depository//////////open_flow/SDN%20and%20network%20virtualization%20%20A%20reality%20check%20%20%20ITworld_files/comments.getComments HTTP/1.1" 200 3800
5.9.32.222 - - [24/Apr/2020:21:28:50 -0400] "GET /depository//////////open_flow/SDN%20and%20network%20virtualization%20%20A%20reality%20check%20%20%20ITworld_files/controltag HTTP/1.1" 200 7536
66.102.9.30 - - [24/Apr/2020:21:28:57 -0400] "GET /4/45/network_r.htm HTTP/1.1" 200 212479
5.9.32.222 - - [24/Apr/2020:21:28:58 -0400] "GET /depository//////////open_flow/SDN%20and%20network%20virtualization%20%20A%20reality%20check%20%20%20ITworld_files/controltag.js.f99670595ccd46c65a517672ea749179 HTTP/1.1" 200 101482
213.147.209.27 - - [24/Apr/2020:21:29:06 -0400] "GET /4/41/eth_4111.htm HTTP/1.1" 200 34903
46.229.168.137 - - [24/Apr/2020:21:29:13 -0400] "GET /10/ports.htm HTTP/1.1" 200 494633
5.9.32.222 - - [24/Apr/2020:21:29:27 -0400] "GET /depository//////////open_flow/SDN%20and%20network%20virtualization%20%20A%20reality%20check%20%20%20ITworld_files/fastbutton.htm HTTP/1.1" 200 33173
82.79.232.17 - - [24/Apr/2020:21:29:30 -0400] "GET /depository////////SSD/Crucial_M4_(512GB)_fast-reading_slow-writing_high-capacity_SSD.mht HTTP/1.1" 200 1043717
5.9.32.222 - - [24/Apr/2020:21:29:33 -0400] "GET /depository//////////open_flow/SDN%20and%20network%20virtualization%20%20A%20reality%20check%20%20%20ITworld_files/gscounters(1).sendReport HTTP/1.1" 200 155
5.9.32.222 - - [24/Apr/2020:21:29:35 -0400] "GET /depository//////////open_flow/SDN%20and%20network%20virtualization%20%20A%20reality%20check%20%20%20ITworld_files/gscounters.sendReport HTTP/1.1" 200 155
5.9.32.222 - - [24/Apr/2020:21:29:42 -0400] "GET /depository//////////open_flow/SDN%20and%20network%20virtualization%20%20A%20reality%20check%20%20%20ITworld_files/hub.fe4e93d64f1afc988e99833088f71057(1).htm HTTP/1.1" 200 21672
5.9.32.222 - - [24/Apr/2020:21:29:58 -0400] "GET /depository//////////open_flow/SDN%20and%20network%20virtualization%20%20A%20reality%20check%20%20%20ITworld_files/hub.fe4e93d64f1afc988e99833088f71057.htm HTTP/1.1" 200 21671
5.9.32.222 - - [24/Apr/2020:21:30:00 -0400] "GET /depository//////////open_flow/SDN%20and%20network%20virtualization%20%20A%20reality%20check%20%20%20ITworld_files/image HTTP/1.1" 200 2756
46.229.168.134 - - [24/Apr/2020:21:30:00 -0400] "GET /depository/security/Hardware/Amazon%20and%20Apple%20deny%20claims%20Chinese%20government%20bugged%20their%20servers_files/Amazon-and-Apple-deny-claims-Chinese-government-bugged-their_003/Amazon-and-Apple-deny-claims-Chinese-government-bugged-their.htm HTTP/1.1" 200 8195
213.180.203.118 - - [24/Apr/2020:21:30:05 -0400] "GET /depository/iot/Securing%20the%20Internet%20of%20Things_files/seg HTTP/1.1" 200 43
82.79.232.17 - - [24/Apr/2020:21:30:05 -0400] "GET /depository////////SSD/3Dhttp://itjobs.computerworld.com/a/all-jobs/search?comment=Just+wish+to+say+your+article+is+as+astonishing.+The+clarity+in+your+post+is++simply+great+and+i+can+assume+you%27re+an+expert+on+this+subject.+Well+with+your+permission+allow+me+to+grab+your+feed+to+keep++up+to+date+with+forthcoming+post.+Thanks+a+million+and+please+keep++up+the+gratifying+work.+https%3A%2F%2Fparbriz-bucuresti.ro%2Fparbriz-dacia.html+ HTTP/1.1" 404 271
82.79.232.17 - - [24/Apr/2020:21:30:08 -0400] "GET /depository////////SSD/3Dhttp://itjobs.computerworld.com/a/all-jobs/search?comment=Just+wish+to+say+your+article+is+as+astonishing.+The+clarity+in+your+post+is++simply+great+and+i+can+assume+you%27re+an+expert+on+this+subject.+Well+with+your+permission+allow+me+to+grab+your+feed+to+keep++up+to+date+with+forthcoming+post.+Thanks+a+million+and+please+keep++up+the+gratifying+work.+https%3A%2F%2Fparbriz-bucuresti.ro%2Fparbriz-dacia.html+ HTTP/1.1" 404 271
82.79.232.17 - - [24/Apr/2020:21:30:10 -0400] "GET /depository////////SSD/3Dhttp://itjobs.computerworld.com/a/all-jobs/search?comment=Just+wish+to+say+your+article+is+as+astonishing.+The+clarity+in+your+post+is++simply+great+and+i+can+assume+you%27re+an+expert+on+this+subject.+Well+with+your+permission+allow+me+to+grab+your+feed+to+keep++up+to+date+with+forthcoming+post.+Thanks+a+million+and+please+keep++up+the+gratifying+work.+https%3A%2F%2Fparbriz-bucuresti.ro%2Fparbriz-dacia.html+ HTTP/1.1" 404 271
82.79.232.17 - - [24/Apr/2020:21:30:12 -0400] "GET /depository////////SSD/3Dhttp://itjobs.computerworld.com/a/all-jobs/search?comment=Just+wish+to+say+your+article+is+as+astonishing.+The+clarity+in+your+post+is++simply+great+and+i+can+assume+you%27re+an+expert+on+this+subject.+Well+with+your+permission+allow+me+to+grab+your+feed+to+keep++up+to+date+with+forthcoming+post.+Thanks+a+million+and+please+keep++up+the+gratifying+work.+https%3A%2F%2Fparbriz-bucuresti.ro%2Fparbriz-dacia.html+ HTTP/1.1" 404 271
178.154.200.190 - - [24/Apr/2020:21:30:31 -0400] "GET /depository/rfcs/2400/rfc2414.txt HTTP/1.1" 200 32806
5.9.32.222 - - [24/Apr/2020:21:30:49 -0400] "GET /depository//////////open_flow/SDN%20and%20network%20virtualization%20%20A%20reality%20check%20%20%20ITworld_files/ip.json HTTP/1.1" 200 552
5.9.32.222 - - [24/Apr/2020:21:30:53 -0400] "GET /depository//////////open_flow/SDN%20and%20network%20virtualization%20%20A%20reality%20check%20%20%20ITworld_files/optout_check HTTP/1.1" 200 90
103.255.5.98 - - [24/Apr/2020:21:31:37 -0400] "GET /depository/security/APC_Fundamental_Principles_of_Network_Security.pdf HTTP/1.1" 200 1113300
213.180.203.118 - - [24/Apr/2020:21:31:53 -0400] "GET /10/time1022.htm HTTP/1.1" 200 3267
54.36.149.85 - - [24/Apr/2020:21:31:54 -0400] "GET /depository/v2v/Feds_want_cars_to_talk_to_each_other_to_avoid_crashes.htm HTTP/1.1" 200 158174
114.119.165.29 - - [24/Apr/2020:21:31:58 -0400] "GET /depository/ethernet/Ethernet%27s%20400-Gigabit%20challenge%20is%20a%20good%20problem%20to%20have%20_%20PCWorld_files/pubads_impl_53.js HTTP/1.1" 200 94074
213.180.203.118 - - [24/Apr/2020:21:32:04 -0400] "GET /depository/rfcs/2000/rfc2037.txt HTTP/1.1" 200 76325
46.229.168.162 - - [24/Apr/2020:21:32:23 -0400] "GET /depository/cyberwar/Cyberweapons%20are%20now%20in%20play_%20From%20US%20sabotage%20of%20a%20North%20Korean%20missile%20test%20to%20hacked%20emergency%20sirens%20in%20Dallas%20-%20TechRepublic_files/moatad.js.%E7%E0%E3%F0%F3%E6%E5%ED%EE HTTP/1.1" 200 224243
46.229.168.145 - - [24/Apr/2020:21:32:46 -0400] "GET /depository/big_data/Apache%20Spark%20%20100%20terabytes%20(TB)%20of%20data%20sorted%20in%2023%20minutes%20%20%20Opensource.com_files/tweet_button.214e3d3b0c5437701f749bab582597f0.en(1).htm HTTP/1.1" 200 34074
34.69.121.153 - - [24/Apr/2020:21:32:53 -0400] "GET /depository/forecasts/Data_set_to_grow_10-fold_by_2020_as_internet_of_things_takes_off.mht HTTP/1.1" 200 1984717
34.69.121.153 - - [24/Apr/2020:21:32:57 -0400] "POST /depository/forecasts/Data_set_to_grow_10-fold_by_2020_as_internet_of_things_takes_off.mht/trackback/ HTTP/1.1" 404 298
5.9.32.222 - - [24/Apr/2020:21:33:07 -0400] "GET /depository//////////open_flow/SDN%20and%20network%20virtualization%20%20A%20reality%20check%20%20%20ITworld_files/postmessageRelay.htm HTTP/1.1" 200 676
5.9.32.222 - - [24/Apr/2020:21:33:09 -0400] "GET /depository//////////open_flow/SDN%20and%20network%20virtualization%20%20A%20reality%20check%20%20%20ITworld_files/saved_resource.htm HTTP/1.1" 200 -
95.31.145.127 - - [24/Apr/2020:21:33:19 -0400] "GET /4/44/udp_442.htm HTTP/1.1" 200 20746
5.9.32.222 - - [24/Apr/2020:21:33:21 -0400] "GET /depository//////////open_flow/SDN%20and%20network%20virtualization%20%20A%20reality%20check%20%20%20ITworld_files/secureAnonymousFramework HTTP/1.1" 200 164588
5.9.32.222 - - [24/Apr/2020:21:33:26 -0400] "GET /depository//////////open_flow/SDN%20and%20network%20virtualization%20%20A%20reality%20check%20%20%20ITworld_files/sso.htm HTTP/1.1" 200 10477
5.9.32.222 - - [24/Apr/2020:21:33:29 -0400] "GET /depository//////////open_flow/SDN%20and%20network%20virtualization%20%20A%20reality%20check%20%20%20ITworld_files/svrGP(1).aspx HTTP/1.1" 200 79
196.247.163.112 - - [24/Apr/2020:21:33:31 -0400] "GET /depository/annuals/December_ISM.pdf HTTP/1.0" 200 7183716
5.9.32.222 - - [24/Apr/2020:21:33:32 -0400] "GET /depository//////////open_flow/SDN%20and%20network%20virtualization%20%20A%20reality%20check%20%20%20ITworld_files/svrGP.aspx HTTP/1.1" 200 49
5.9.32.222 - - [24/Apr/2020:21:33:33 -0400] "GET /depository//////////open_flow/SDN%20and%20network%20virtualization%20%20A%20reality%20check%20%20%20ITworld_files/template.htm HTTP/1.1" 200 175
196.247.163.112 - - [24/Apr/2020:21:33:34 -0400] "GET /depository/annuals/December_ISM.pdf HTTP/1.1" 200 7183716
196.247.163.112 - - [24/Apr/2020:21:33:34 -0400] "POST /depository/annuals/index.php HTTP/1.1" 404 226
5.9.32.222 - - [24/Apr/2020:21:33:34 -0400] "GET /depository//////////open_flow/SDN%20and%20network%20virtualization%20%20A%20reality%20check%20%20%20ITworld_files/tweet_button.c27d2d163408c0fe087fbfe1c687ce2b.en.htm HTTP/1.1" 200 -
196.247.163.112 - - [24/Apr/2020:21:33:36 -0400] "GET /depository/annuals/?mid=qna&act=dispBoardWrite HTTP/1.1" 200 5361
196.247.163.112 - - [24/Apr/2020:21:33:36 -0400] "POST /depository/annuals/index.php HTTP/1.1" 404 226
5.9.32.222 - - [24/Apr/2020:21:33:36 -0400] "GET /depository//////////open_flow/SDN%20in%202014%20%20A%20year%20of%20non-stop%20action%20%20%20ITworld_files/14347 HTTP/1.1" 200 43
213.180.203.118 - - [24/Apr/2020:21:33:50 -0400] "GET /depository/Kaspersky/Apple%20phishing%20attacks%20up,%20warns%20Kaspersky%20Lab.mht HTTP/1.1" 200 1138611
66.249.64.46 - - [24/Apr/2020:21:33:50 -0400] "GET /depository//rfcs/1800/RFC1889.TXT HTTP/1.1" 200 192747
5.9.32.222 - - [24/Apr/2020:21:34:16 -0400] "GET /depository//////////open_flow/SDN%20in%202014%20%20A%20year%20of%20non-stop%20action%20%20%20ITworld_files/7r8gQb8MIqE(1).htm HTTP/1.1" 200 27707
5.9.32.222 - - [24/Apr/2020:21:34:18 -0400] "GET /depository//////////open_flow/SDN%20in%202014%20%20A%20year%20of%20non-stop%20action%20%20%20ITworld_files/7r8gQb8MIqE.htm HTTP/1.1" 200 27709
5.9.32.222 - - [24/Apr/2020:21:34:19 -0400] "GET /depository//////////open_flow/SDN%20in%202014%20%20A%20year%20of%20non-stop%20action%20%20%20ITworld_files/button3.htm HTTP/1.1" 200 8414
5.9.32.222 - - [24/Apr/2020:21:34:21 -0400] "GET /depository//////////open_flow/SDN%20in%202014%20%20A%20year%20of%20non-stop%20action%20%20%20ITworld_files/button_info.json HTTP/1.1" 200 1282
5.9.32.222 - - [24/Apr/2020:21:34:23 -0400] "GET /depository//////////open_flow/SDN%20in%202014%20%20A%20year%20of%20non-stop%20action%20%20%20ITworld_files/cb=gapi.loaded_0 HTTP/1.1" 200 113171
5.9.32.222 - - [24/Apr/2020:21:34:25 -0400] "GET /depository//////////open_flow/SDN%20in%202014%20%20A%20year%20of%20non-stop%20action%20%20%20ITworld_files/cb=gapi.loaded_1 HTTP/1.1" 200 59482
5.9.32.222 - - [24/Apr/2020:21:34:27 -0400] "GET /depository//////////open_flow/SDN%20in%202014%20%20A%20year%20of%20non-stop%20action%20%20%20ITworld_files/challenge HTTP/1.1" 200 9399
5.9.32.222 - - [24/Apr/2020:21:34:30 -0400] "GET /depository//////////open_flow/SDN%20in%202014%20%20A%20year%20of%20non-stop%20action%20%20%20ITworld_files/controltag HTTP/1.1" 200 7536
213.180.203.118 - - [24/Apr/2020:21:34:48 -0400] "GET /depository/rfcs/8500/rfc8578.txt HTTP/1.1" 200 227904
46.229.168.148 - - [24/Apr/2020:21:34:50 -0400] "GET /profile/login/ HTTP/1.1" 404 212
5.9.32.222 - - [24/Apr/2020:21:34:58 -0400] "GET /depository//////////open_flow/SDN%20in%202014%20%20A%20year%20of%20non-stop%20action%20%20%20ITworld_files/controltag.js.f99670595ccd46c65a517672ea749179 HTTP/1.1" 200 101482
5.9.32.222 - - [24/Apr/2020:21:35:01 -0400] "GET /depository//////////open_flow/SDN%20in%202014%20%20A%20year%20of%20non-stop%20action%20%20%20ITworld_files/count.json HTTP/1.1" 200 133
213.180.203.118 - - [24/Apr/2020:21:35:12 -0400] "GET /4/44/nd/ipv6_ndet5.cdr HTTP/1.1" 200 16186
5.9.32.222 - - [24/Apr/2020:21:35:15 -0400] "GET /depository//////////open_flow/SDN%20in%202014%20%20A%20year%20of%20non-stop%20action%20%20%20ITworld_files/fastbutton.htm HTTP/1.1" 200 33113
5.9.32.222 - - [24/Apr/2020:21:35:35 -0400] "GET /depository//////////open_flow/SDN%20in%202014%20%20A%20year%20of%20non-stop%20action%20%20%20ITworld_files/hub.fe4e93d64f1afc988e99833088f71057.htm HTTP/1.1" 200 -
5.9.32.222 - - [24/Apr/2020:21:35:38 -0400] "GET /depository//////////open_flow/SDN%20in%202014%20%20A%20year%20of%20non-stop%20action%20%20%20ITworld_files/image HTTP/1.1" 200 3827
5.9.32.222 - - [24/Apr/2020:21:35:40 -0400] "GET /depository//////////open_flow/SDN%20in%202014%20%20A%20year%20of%20non-stop%20action%20%20%20ITworld_files/ip.json HTTP/1.1" 200 552
5.9.32.222 - - [24/Apr/2020:21:35:43 -0400] "GET /depository//////////open_flow/SDN%20in%202014%20%20A%20year%20of%20non-stop%20action%20%20%20ITworld_files/like.htm HTTP/1.1" 200 20293
5.9.32.222 - - [24/Apr/2020:21:35:46 -0400] "GET /depository//////////open_flow/SDN%20in%202014%20%20A%20year%20of%20non-stop%20action%20%20%20ITworld_files/optout_check HTTP/1.1" 200 90
5.9.32.222 - - [24/Apr/2020:21:35:48 -0400] "GET /depository//////////open_flow/SDN%20in%202014%20%20A%20year%20of%20non-stop%20action%20%20%20ITworld_files/ping.htm HTTP/1.1" 200 2425
5.9.32.222 - - [24/Apr/2020:21:35:50 -0400] "GET /depository//////////open_flow/SDN%20in%202014%20%20A%20year%20of%20non-stop%20action%20%20%20ITworld_files/postmessageRelay.htm HTTP/1.1" 200 676
5.9.32.222 - - [24/Apr/2020:21:35:51 -0400] "GET /depository//////////open_flow/SDN%20in%202014%20%20A%20year%20of%20non-stop%20action%20%20%20ITworld_files/reload HTTP/1.1" 200 383
5.9.32.222 - - [24/Apr/2020:21:35:53 -0400] "GET /depository//////////open_flow/SDN%20in%202014%20%20A%20year%20of%20non-stop%20action%20%20%20ITworld_files/secureAnonymousFramework HTTP/1.1" 200 164588
212.112.126.37 - - [24/Apr/2020:21:35:54 -0400] "GET /1/intro1.htm HTTP/1.1" 200 77738
5.9.32.222 - - [24/Apr/2020:21:36:07 -0400] "GET /depository//////////open_flow/SDN%20in%202014%20%20A%20year%20of%20non-stop%20action%20%20%20ITworld_files/sso.htm HTTP/1.1" 200 10477
213.180.203.118 - - [24/Apr/2020:21:36:09 -0400] "GET /depository/rfcs/7700/rfc7775.txt HTTP/1.1" 200 23625
5.9.32.222 - - [24/Apr/2020:21:36:09 -0400] "GET /depository//////////open_flow/SDN%20in%202014%20%20A%20year%20of%20non-stop%20action%20%20%20ITworld_files/svrGP(1).aspx HTTP/1.1" 200 79
5.9.32.222 - - [24/Apr/2020:21:36:12 -0400] "GET /depository//////////open_flow/SDN%20in%202014%20%20A%20year%20of%20non-stop%20action%20%20%20ITworld_files/svrGP.aspx HTTP/1.1" 200 49
5.9.32.222 - - [24/Apr/2020:21:36:14 -0400] "GET /depository//////////open_flow/SDN%20in%202014%20%20A%20year%20of%20non-stop%20action%20%20%20ITworld_files/template.htm HTTP/1.1" 200 175
5.9.32.222 - - [24/Apr/2020:21:36:16 -0400] "GET /depository//////////open_flow/SDN%20in%202014%20%20A%20year%20of%20non-stop%20action%20%20%20ITworld_files/tweet_button.c27d2d163408c0fe087fbfe1c687ce2b.en.htm HTTP/1.1" 200 45237
5.9.32.222 - - [24/Apr/2020:21:36:19 -0400] "GET /depository//////////open_flow/SDN%20market%20could%20hit%20$18B%20by%202018%20%20%20Computerworld_files/14339 HTTP/1.1" 200 43
5.9.32.222 - - [24/Apr/2020:21:36:21 -0400] "GET /depository//////////open_flow/SDN%20market%20could%20hit%20$18B%20by%202018%20%20%20Computerworld_files/ZEbdHPQfV3x(1).htm HTTP/1.1" 200 27331
5.9.32.222 - - [24/Apr/2020:21:36:25 -0400] "GET /depository//////////open_flow/SDN%20market%20could%20hit%20$18B%20by%202018%20%20%20Computerworld_files/ZEbdHPQfV3x.htm HTTP/1.1" 200 27307
5.9.32.222 - - [24/Apr/2020:21:36:27 -0400] "GET /depository//////////open_flow/SDN%20market%20could%20hit%20$18B%20by%202018%20%20%20Computerworld_files/button3.htm HTTP/1.1" 200 8524
5.9.32.222 - - [24/Apr/2020:21:36:28 -0400] "GET /depository//////////open_flow/SDN%20market%20could%20hit%20$18B%20by%202018%20%20%20Computerworld_files/cb=gapi.loaded_0 HTTP/1.1" 200 113218
212.112.126.37 - - [24/Apr/2020:21:36:54 -0400] "GET /2/25/mpeg_7.htm HTTP/1.1" 200 154234
213.180.203.118 - - [24/Apr/2020:21:37:17 -0400] "GET /depository/i2p/Protocol%20Stack%20-%20I2P.mht HTTP/1.1" 200 75140
213.180.203.118 - - [24/Apr/2020:21:37:23 -0400] "GET /depository/super_comp/US%20challenges%20China%20in%20supercomputing%20race%20with%20180-petaflop%20system%20%20%20Computerworld_files/image HTTP/1.1" 200 1823
5.9.32.222 - - [24/Apr/2020:21:37:57 -0400] "GET /depository//////////open_flow/SDN%20market%20could%20hit%20$18B%20by%202018%20%20%20Computerworld_files/cb=gapi.loaded_1 HTTP/1.1" 200 54176
5.9.32.222 - - [24/Apr/2020:21:38:04 -0400] "GET /depository//////////open_flow/SDN%20market%20could%20hit%20$18B%20by%202018%20%20%20Computerworld_files/controltag HTTP/1.1" 200 7793
5.9.32.222 - - [24/Apr/2020:21:38:06 -0400] "GET /depository//////////open_flow/SDN%20market%20could%20hit%20$18B%20by%202018%20%20%20Computerworld_files/controltag.js.050ca6784d391624b5d1dbe8bf59b021 HTTP/1.1" 200 87062
5.9.32.222 - - [24/Apr/2020:21:38:09 -0400] "GET /depository//////////open_flow/SDN%20market%20could%20hit%20$18B%20by%202018%20%20%20Computerworld_files/count.json HTTP/1.1" 200 135
5.9.32.222 - - [24/Apr/2020:21:38:11 -0400] "GET /depository//////////open_flow/SDN%20market%20could%20hit%20$18B%20by%202018%20%20%20Computerworld_files/fastbutton.htm HTTP/1.1" 200 30601
82.145.209.121 - - [24/Apr/2020:21:38:13 -0400] "GET /2/28/corec_28.htm HTTP/1.0" 200 46718
5.9.32.222 - - [24/Apr/2020:21:38:14 -0400] "GET /depository//////////open_flow/SDN%20market%20could%20hit%20$18B%20by%202018%20%20%20Computerworld_files/hub(1).htm HTTP/1.1" 200 26124
82.145.209.121 - - [24/Apr/2020:21:38:19 -0400] "GET /2/28/corec_28.htm HTTP/1.1" 200 46718
5.9.32.222 - - [24/Apr/2020:21:38:22 -0400] "GET /depository//////////open_flow/SDN%20market%20could%20hit%20$18B%20by%202018%20%20%20Computerworld_files/hub.htm HTTP/1.1" 200 26123
5.9.32.222 - - [24/Apr/2020:21:38:26 -0400] "GET /depository//////////open_flow/SDN%20market%20could%20hit%20$18B%20by%202018%20%20%20Computerworld_files/ip.json HTTP/1.1" 200 524
46.229.168.146 - - [24/Apr/2020:21:38:27 -0400] "GET /depository/3D-print/3D%20printing%20security%20risks%20threaten%20the%20public's%20health%20and%20safety%20-%20TechRepublic_files/a.htm HTTP/1.1" 200 249
213.180.203.118 - - [24/Apr/2020:21:38:35 -0400] "GET /depository/wireless/Samsung,%20SKT%20to%20demonstrate%207.5Gbps%20wireless%20data%20next%20week%20%20%20Computerworld_files/14339 HTTP/1.1" 200 43
5.9.32.222 - - [24/Apr/2020:21:38:48 -0400] "GET /depository//////////open_flow/SDN%20market%20could%20hit%20$18B%20by%202018%20%20%20Computerworld_files/like.htm HTTP/1.1" 200 19420
82.145.209.121 - - [24/Apr/2020:21:38:56 -0400] "GET /2/28/corec_28.htm HTTP/1.0" 200 46718
82.145.209.121 - - [24/Apr/2020:21:39:04 -0400] "GET /2/28/corec_28.htm HTTP/1.1" 304 -
188.170.74.123 - - [24/Apr/2020:21:39:13 -0400] "GET /4/44/arp_446.htm HTTP/1.1" 200 12677
66.249.64.48 - - [24/Apr/2020:21:39:21 -0400] "GET /depository/neuro/1901_03690.pdf HTTP/1.1" 200 2980176
213.180.203.118 - - [24/Apr/2020:21:39:42 -0400] "GET /depository/SSD/SSD_strategy.mht HTTP/1.1" 200 799619
5.9.32.222 - - [24/Apr/2020:21:39:55 -0400] "GET /depository//////////open_flow/SDN%20market%20could%20hit%20$18B%20by%202018%20%20%20Computerworld_files/optout_check HTTP/1.1" 200 90
5.9.32.222 - - [24/Apr/2020:21:40:21 -0400] "GET /depository//////////open_flow/SDN%20market%20could%20hit%20$18B%20by%202018%20%20%20Computerworld_files/ping.htm HTTP/1.1" 200 2441
5.9.32.222 - - [24/Apr/2020:21:40:24 -0400] "GET /depository//////////open_flow/SDN%20market%20could%20hit%20$18B%20by%202018%20%20%20Computerworld_files/postmessageRelay.htm HTTP/1.1" 200 706
5.9.32.222 - - [24/Apr/2020:21:40:41 -0400] "GET /depository//////////open_flow/SDN%20market%20could%20hit%20$18B%20by%202018%20%20%20Computerworld_files/saved_resource HTTP/1.1" 200 14
5.9.32.222 - - [24/Apr/2020:21:40:43 -0400] "GET /depository//////////open_flow/SDN%20market%20could%20hit%20$18B%20by%202018%20%20%20Computerworld_files/saved_resource.htm HTTP/1.1" 200 1459
165.225.66.71 - - [24/Apr/2020:21:40:46 -0400] "GET /10/ascii.htm HTTP/1.1" 200 36979
5.9.32.222 - - [24/Apr/2020:21:40:46 -0400] "GET /depository//////////open_flow/SDN%20market%20could%20hit%20$18B%20by%202018%20%20%20Computerworld_files/secureAnonymousFramework HTTP/1.1" 200 164551
5.9.32.222 - - [24/Apr/2020:21:40:49 -0400] "GET /depository//////////open_flow/SDN%20market%20could%20hit%20$18B%20by%202018%20%20%20Computerworld_files/sso.htm HTTP/1.1" 200 10271
5.9.32.222 - - [24/Apr/2020:21:40:52 -0400] "GET /depository//////////open_flow/SDN%20market%20could%20hit%20$18B%20by%202018%20%20%20Computerworld_files/svrGP(1).aspx HTTP/1.1" 200 79
5.9.32.222 - - [24/Apr/2020:21:40:53 -0400] "GET /depository//////////open_flow/SDN%20market%20could%20hit%20$18B%20by%202018%20%20%20Computerworld_files/svrGP.aspx HTTP/1.1" 200 49
5.9.32.222 - - [24/Apr/2020:21:40:55 -0400] "GET /depository//////////open_flow/SDN%20market%20could%20hit%20$18B%20by%202018%20%20%20Computerworld_files/svrGP.htm HTTP/1.1" 200 450
5.9.32.222 - - [24/Apr/2020:21:40:58 -0400] "GET /depository//////////open_flow/SDN%20market%20could%20hit%20$18B%20by%202018%20%20%20Computerworld_files/tweet_button.1410542722.htm HTTP/1.1" 200 72218
5.9.32.222 - - [24/Apr/2020:21:41:08 -0400] "GET /depository//////////open_flow/SDN%20market%20could%20hit%20$18B%20by%202018%20%20%20ITworld_files/14347 HTTP/1.1" 200 43
5.9.32.222 - - [24/Apr/2020:21:41:12 -0400] "GET /depository//////////open_flow/SDN%20market%20could%20hit%20$18B%20by%202018%20%20%20ITworld_files/7r8gQb8MIqE(1).htm HTTP/1.1" 200 27706
5.9.32.222 - - [24/Apr/2020:21:41:14 -0400] "GET /depository//////////open_flow/SDN%20market%20could%20hit%20$18B%20by%202018%20%20%20ITworld_files/7r8gQb8MIqE.htm HTTP/1.1" 200 27708
176.118.166.51 - - [24/Apr/2020:21:41:15 -0400] "GET /depository/blockchain/computerworld_beginners_guide_to_blockchain.pdf HTTP/1.1" 200 2935841
5.9.32.222 - - [24/Apr/2020:21:41:17 -0400] "GET /depository//////////open_flow/SDN%20market%20could%20hit%20$18B%20by%202018%20%20%20ITworld_files/button3.htm HTTP/1.1" 200 8565
213.180.203.118 - - [24/Apr/2020:21:41:19 -0400] "GET /depository/iot/Securing%20the%20Internet%20of%20Things_files/saved_resource(1) HTTP/1.1" 200 85
5.9.32.222 - - [24/Apr/2020:21:41:20 -0400] "GET /depository//////////open_flow/SDN%20market%20could%20hit%20$18B%20by%202018%20%20%20ITworld_files/button_info.json HTTP/1.1" 200 124
5.9.32.222 - - [24/Apr/2020:21:41:21 -0400] "GET /depository//////////open_flow/SDN%20market%20could%20hit%20$18B%20by%202018%20%20%20ITworld_files/challenge HTTP/1.1" 200 9399
5.9.32.222 - - [24/Apr/2020:21:41:24 -0400] "GET /depository//////////open_flow/SDN%20market%20could%20hit%20$18B%20by%202018%20%20%20ITworld_files/comments(1).getComments HTTP/1.1" 200 297
5.9.32.222 - - [24/Apr/2020:21:41:27 -0400] "GET /depository//////////open_flow/SDN%20market%20could%20hit%20$18B%20by%202018%20%20%20ITworld_files/comments.getComments HTTP/1.1" 200 3479
5.9.32.222 - - [24/Apr/2020:21:41:32 -0400] "GET /depository//////////open_flow/SDN%20market%20could%20hit%20$18B%20by%202018%20%20%20ITworld_files/controltag HTTP/1.1" 200 7536
5.9.32.222 - - [24/Apr/2020:21:41:39 -0400] "GET /depository//////////open_flow/SDN%20market%20could%20hit%20$18B%20by%202018%20%20%20ITworld_files/controltag.js.f99670595ccd46c65a517672ea749179 HTTP/1.1" 200 101482
5.9.32.222 - - [24/Apr/2020:21:41:40 -0400] "GET /depository//////////open_flow/SDN%20market%20could%20hit%20$18B%20by%202018%20%20%20ITworld_files/gscounters(1).sendReport HTTP/1.1" 200 155
188.170.74.123 - - [24/Apr/2020:21:41:57 -0400] "GET /4/44/arp_446.htm HTTP/1.1" 200 12677
5.9.32.222 - - [24/Apr/2020:21:41:58 -0400] "GET /depository//////////open_flow/SDN%20market%20could%20hit%20$18B%20by%202018%20%20%20ITworld_files/gscounters.sendReport HTTP/1.1" 200 155
114.119.163.55 - - [24/Apr/2020:21:42:08 -0400] "GET /depository/security/trends/Endpoint%20security%20trends%20for%202015%20%20What%20can%20we%20expect%20%20%20%20ITworld_files/secureAnonymousFramework HTTP/1.1" 200 164588
93.79.42.250 - - [24/Apr/2020:21:42:20 -0400] "GET /10/ascii.htm HTTP/1.1" 200 36979
5.9.32.222 - - [24/Apr/2020:21:42:34 -0400] "GET /depository//////////open_flow/SDN%20market%20could%20hit%20$18B%20by%202018%20%20%20ITworld_files/hub.fe4e93d64f1afc988e99833088f71057(1).htm HTTP/1.1" 200 21672
5.9.32.222 - - [24/Apr/2020:21:42:49 -0400] "GET /depository//////////open_flow/SDN%20market%20could%20hit%20$18B%20by%202018%20%20%20ITworld_files/hub.fe4e93d64f1afc988e99833088f71057.htm HTTP/1.1" 200 21671
213.180.203.118 - - [24/Apr/2020:21:42:51 -0400] "GET /depository/rfcs/3800/rfc3835.txt HTTP/1.1" 200 37066
5.9.32.222 - - [24/Apr/2020:21:42:53 -0400] "GET /depository//////////open_flow/SDN%20market%20could%20hit%20$18B%20by%202018%20%20%20ITworld_files/image HTTP/1.1" 200 2309
5.9.32.222 - - [24/Apr/2020:21:42:55 -0400] "GET /depository//////////open_flow/SDN%20market%20could%20hit%20$18B%20by%202018%20%20%20ITworld_files/ip.json HTTP/1.1" 200 552
5.9.32.222 - - [24/Apr/2020:21:43:04 -0400] "GET /depository//////////open_flow/SDN%20market%20could%20hit%20$18B%20by%202018%20%20%20ITworld_files/ping.htm HTTP/1.1" 200 2424
5.9.32.222 - - [24/Apr/2020:21:43:06 -0400] "GET /depository//////////open_flow/SDN%20market%20could%20hit%20$18B%20by%202018%20%20%20ITworld_files/secureAnonymousFramework HTTP/1.1" 200 164588
5.9.32.222 - - [24/Apr/2020:21:43:14 -0400] "GET /depository//////////open_flow/SDN%20market%20could%20hit%20$18B%20by%202018%20%20%20ITworld_files/sso.htm HTTP/1.1" 200 10477
5.9.32.222 - - [24/Apr/2020:21:43:17 -0400] "GET /depository//////////open_flow/SDN%20market%20could%20hit%20$18B%20by%202018%20%20%20ITworld_files/svrGP(1).aspx HTTP/1.1" 200 79
66.249.64.50 - - [24/Apr/2020:21:43:18 -0400] "GET /depository//rfcs/1800/RFC1860.TXT HTTP/1.1" 200 5865
5.9.32.222 - - [24/Apr/2020:21:43:21 -0400] "GET /depository//////////open_flow/SDN%20market%20could%20hit%20$18B%20by%202018%20%20%20ITworld_files/svrGP.aspx HTTP/1.1" 200 49
5.9.32.222 - - [24/Apr/2020:21:43:45 -0400] "GET /depository//////////open_flow/SDN%20market%20could%20hit%20$18B%20by%202018%20%20%20ITworld_files/template.htm HTTP/1.1" 200 175
5.9.32.222 - - [24/Apr/2020:21:43:53 -0400] "GET /depository//////////open_flow/3D%22http://searchnetworking.techtarget.com/news%22 HTTP/1.1" 404 285
5.9.32.222 - - [24/Apr/2020:21:43:55 -0400] "GET /depository//////////open_flow/SDN%20tools%20increase%20WAN%20efficiency%20%20%20Computerworld_files/14339 HTTP/1.1" 200 43
5.9.32.222 - - [24/Apr/2020:21:44:02 -0400] "GET /depository//////////open_flow/SDN%20tools%20increase%20WAN%20efficiency%20%20%20Computerworld_files/7r8gQb8MIqE(1).htm HTTP/1.1" 200 27712
5.9.32.222 - - [24/Apr/2020:21:44:05 -0400] "GET /depository//////////open_flow/SDN%20tools%20increase%20WAN%20efficiency%20%20%20Computerworld_files/7r8gQb8MIqE.htm HTTP/1.1" 200 27714
5.9.32.222 - - [24/Apr/2020:21:44:07 -0400] "GET /depository//////////open_flow/SDN%20tools%20increase%20WAN%20efficiency%20%20%20Computerworld_files/button3.htm HTTP/1.1" 200 9388
2.92.117.58 - - [24/Apr/2020:21:44:15 -0400] "GET /10/ascii.htm HTTP/1.1" 200 36979
17.58.97.137 - - [24/Apr/2020:21:44:22 -0400] "GET /6/vlan_62.htm HTTP/1.1" 200 8647
46.229.168.145 - - [24/Apr/2020:21:44:27 -0400] "GET /depository/security/cybercrime/Crimeware-as-a-Service%20offers%20custom%20targeting%20%20%20ITworld_files/tweet_button.a8867d06719745ebf3f9c8b2ae835b17.en.htm HTTP/1.1" 200 34198
176.59.7.5 - - [24/Apr/2020:21:44:32 -0400] "GET /10/ascii.htm HTTP/1.1" 200 36979
5.9.32.222 - - [24/Apr/2020:21:44:32 -0400] "GET /depository//////////open_flow/SDN%20tools%20increase%20WAN%20efficiency%20%20%20Computerworld_files/button_info.json HTTP/1.1" 200 124
5.9.32.222 - - [24/Apr/2020:21:44:38 -0400] "GET /depository//////////open_flow/SDN%20tools%20increase%20WAN%20efficiency%20%20%20Computerworld_files/cb=gapi.loaded_0 HTTP/1.1" 200 113171
213.180.203.118 - - [24/Apr/2020:21:44:38 -0400] "GET /depository/rfcs/1400/RFC1464.TXT HTTP/1.1" 200 8269
5.9.32.222 - - [24/Apr/2020:21:44:40 -0400] "GET /depository//////////open_flow/SDN%20tools%20increase%20WAN%20efficiency%20%20%20Computerworld_files/cb=gapi.loaded_1 HTTP/1.1" 200 58937
5.9.32.222 - - [24/Apr/2020:21:44:48 -0400] "GET /depository//////////open_flow/SDN%20tools%20increase%20WAN%20efficiency%20%20%20Computerworld_files/challenge HTTP/1.1" 200 9240
5.9.32.222 - - [24/Apr/2020:21:44:50 -0400] "GET /depository//////////open_flow/SDN%20tools%20increase%20WAN%20efficiency%20%20%20Computerworld_files/controltag HTTP/1.1" 200 8384
5.9.32.222 - - [24/Apr/2020:21:44:53 -0400] "GET /depository//////////open_flow/SDN%20tools%20increase%20WAN%20efficiency%20%20%20Computerworld_files/controltag.js.f99670595ccd46c65a517672ea749179 HTTP/1.1" 200 101482
176.8.84.19 - - [24/Apr/2020:21:44:54 -0400] "GET /10/ascii.htm HTTP/1.1" 200 36979
5.9.32.222 - - [24/Apr/2020:21:44:56 -0400] "GET /depository//////////open_flow/SDN%20tools%20increase%20WAN%20efficiency%20%20%20Computerworld_files/count.json HTTP/1.1" 200 136
5.9.32.222 - - [24/Apr/2020:21:44:58 -0400] "GET /depository//////////open_flow/SDN%20tools%20increase%20WAN%20efficiency%20%20%20Computerworld_files/fastbutton.htm HTTP/1.1" 200 33982
5.9.32.222 - - [24/Apr/2020:21:45:03 -0400] "GET /depository//////////open_flow/SDN%20tools%20increase%20WAN%20efficiency%20%20%20Computerworld_files/hub.fe4e93d64f1afc988e99833088f71057(1).htm HTTP/1.1" 200 21672
5.9.32.222 - - [24/Apr/2020:21:45:14 -0400] "GET /depository//////////open_flow/SDN%20tools%20increase%20WAN%20efficiency%20%20%20Computerworld_files/hub.fe4e93d64f1afc988e99833088f71057.htm HTTP/1.1" 200 21671
5.9.32.222 - - [24/Apr/2020:21:45:15 -0400] "GET /depository//////////open_flow/SDN%20tools%20increase%20WAN%20efficiency%20%20%20Computerworld_files/image HTTP/1.1" 200 1359
5.9.32.222 - - [24/Apr/2020:21:45:18 -0400] "GET /depository//////////open_flow/SDN%20tools%20increase%20WAN%20efficiency%20%20%20Computerworld_files/ip.json HTTP/1.1" 200 552
5.9.32.222 - - [24/Apr/2020:21:45:21 -0400] "GET /depository//////////open_flow/SDN%20tools%20increase%20WAN%20efficiency%20%20%20Computerworld_files/like.htm HTTP/1.1" 200 20316
5.9.32.222 - - [24/Apr/2020:21:45:24 -0400] "GET /depository//////////open_flow/SDN%20tools%20increase%20WAN%20efficiency%20%20%20Computerworld_files/optout_check HTTP/1.1" 200 90
5.9.32.222 - - [24/Apr/2020:21:45:27 -0400] "GET /depository//////////open_flow/SDN%20tools%20increase%20WAN%20efficiency%20%20%20Computerworld_files/ping.htm HTTP/1.1" 200 2442
5.9.32.222 - - [24/Apr/2020:21:45:29 -0400] "GET /depository//////////open_flow/SDN%20tools%20increase%20WAN%20efficiency%20%20%20Computerworld_files/postmessageRelay.htm HTTP/1.1" 200 682
114.119.163.92 - - [24/Apr/2020:21:45:30 -0400] "GET /depository/ethernet/Ethernet%27s%20400-Gigabit%20challenge%20is%20a%20good%20problem%20to%20have%20_%20PCWorld_files/like.htm HTTP/1.1" 200 18904
5.9.32.222 - - [24/Apr/2020:21:45:31 -0400] "GET /depository//////////open_flow/SDN%20tools%20increase%20WAN%20efficiency%20%20%20Computerworld_files/saved_resource HTTP/1.1" 200 14
5.9.32.222 - - [24/Apr/2020:21:45:32 -0400] "GET /depository//////////open_flow/SDN%20tools%20increase%20WAN%20efficiency%20%20%20Computerworld_files/secureAnonymousFramework HTTP/1.1" 200 164588
5.9.32.222 - - [24/Apr/2020:21:45:35 -0400] "GET /depository//////////open_flow/SDN%20tools%20increase%20WAN%20efficiency%20%20%20Computerworld_files/sso.htm HTTP/1.1" 200 10483
5.9.32.222 - - [24/Apr/2020:21:45:37 -0400] "GET /depository//////////open_flow/SDN%20tools%20increase%20WAN%20efficiency%20%20%20Computerworld_files/svrGP(1).aspx HTTP/1.1" 200 79
88.200.214.115 - - [24/Apr/2020:21:45:44 -0400] "GET /7/sock_71.htm HTTP/1.1" 200 152313
5.9.32.222 - - [24/Apr/2020:21:46:12 -0400] "GET /depository//////////open_flow/SDN%20tools%20increase%20WAN%20efficiency%20%20%20Computerworld_files/svrGP.aspx HTTP/1.1" 200 49
5.9.32.222 - - [24/Apr/2020:21:46:15 -0400] "GET /depository//////////open_flow/SDN%20tools%20increase%20WAN%20efficiency%20%20%20Computerworld_files/template.htm HTTP/1.1" 200 181
5.9.32.222 - - [24/Apr/2020:21:46:17 -0400] "GET /depository//////////open_flow/SDN%20tools%20increase%20WAN%20efficiency%20%20%20Computerworld_files/tweet_button.ff7d9077a26377d36b6a53b1a95be617.en.htm HTTP/1.1" 200 45411
5.9.32.222 - - [24/Apr/2020:21:46:20 -0400] "GET /depository//////////open_flow/SDN%20tools%20increase%20WAN%20efficiency%20%20%20ITworld_files/14347 HTTP/1.1" 200 43
5.9.32.222 - - [24/Apr/2020:21:46:21 -0400] "GET /depository//////////open_flow/SDN%20tools%20increase%20WAN%20efficiency%20%20%20ITworld_files/7r8gQb8MIqE(1).htm HTTP/1.1" 200 -
5.9.32.222 - - [24/Apr/2020:21:46:24 -0400] "GET /depository//////////open_flow/SDN%20tools%20increase%20WAN%20efficiency%20%20%20ITworld_files/7r8gQb8MIqE.htm HTTP/1.1" 200 -
5.9.32.222 - - [24/Apr/2020:21:46:27 -0400] "GET /depository//////////open_flow/SDN%20tools%20increase%20WAN%20efficiency%20%20%20ITworld_files/button3.htm HTTP/1.1" 200 8398
5.9.32.222 - - [24/Apr/2020:21:46:30 -0400] "GET /depository//////////open_flow/SDN%20tools%20increase%20WAN%20efficiency%20%20%20ITworld_files/button_info.json HTTP/1.1" 200 1270
5.9.32.222 - - [24/Apr/2020:21:46:32 -0400] "GET /depository//////////open_flow/SDN%20tools%20increase%20WAN%20efficiency%20%20%20ITworld_files/cb=gapi.loaded_0 HTTP/1.1" 200 113171
47.108.80.103 - - [24/Apr/2020:21:46:36 -0400] "GET /wangdafa HTTP/1.1" 404 206
5.9.32.222 - - [24/Apr/2020:21:46:47 -0400] "GET /depository//////////open_flow/SDN%20tools%20increase%20WAN%20efficiency%20%20%20ITworld_files/cb=gapi.loaded_1 HTTP/1.1" 200 59482
5.9.32.222 - - [24/Apr/2020:21:46:49 -0400] "GET /depository//////////open_flow/SDN%20tools%20increase%20WAN%20efficiency%20%20%20ITworld_files/challenge HTTP/1.1" 200 9237
5.9.32.222 - - [24/Apr/2020:21:46:50 -0400] "GET /depository//////////open_flow/SDN%20tools%20increase%20WAN%20efficiency%20%20%20ITworld_files/comments(1).getComments HTTP/1.1" 200 297
5.9.32.222 - - [24/Apr/2020:21:46:52 -0400] "GET /depository//////////open_flow/SDN%20tools%20increase%20WAN%20efficiency%20%20%20ITworld_files/comments.getComments HTTP/1.1" 200 3478
5.9.32.222 - - [24/Apr/2020:21:46:53 -0400] "GET /depository//////////open_flow/SDN%20tools%20increase%20WAN%20efficiency%20%20%20ITworld_files/controltag HTTP/1.1" 200 7536
