5.9.32.222 - - [24/Apr/2020:19:54:18 -0400] "GET /depository//////////newest_tech/USB%20Armory%20is%20the%20Swiss%20army%20knife%20of%20security%20devices%20%20%20ITworld_files/controltag.js.f99670595ccd46c65a517672ea749179 HTTP/1.1" 200 101482
5.9.32.222 - - [24/Apr/2020:19:54:20 -0400] "GET /depository//////////newest_tech/USB%20Armory%20is%20the%20Swiss%20army%20knife%20of%20security%20devices%20%20%20ITworld_files/fastbutton.htm HTTP/1.1" 200 33287
5.9.32.222 - - [24/Apr/2020:19:54:24 -0400] "GET /depository//////////newest_tech/USB%20Armory%20is%20the%20Swiss%20army%20knife%20of%20security%20devices%20%20%20ITworld_files/hub.fe4e93d64f1afc988e99833088f71057.htm HTTP/1.1" 200 21671
5.9.32.222 - - [24/Apr/2020:19:54:51 -0400] "GET /depository//////////newest_tech/USB%20Armory%20is%20the%20Swiss%20army%20knife%20of%20security%20devices%20%20%20ITworld_files/image HTTP/1.1" 200 2304
5.9.32.222 - - [24/Apr/2020:19:54:54 -0400] "GET /depository//////////newest_tech/USB%20Armory%20is%20the%20Swiss%20army%20knife%20of%20security%20devices%20%20%20ITworld_files/ip.json HTTP/1.1" 200 552
5.9.32.222 - - [24/Apr/2020:19:54:56 -0400] "GET /depository//////////newest_tech/USB%20Armory%20is%20the%20Swiss%20army%20knife%20of%20security%20devices%20%20%20ITworld_files/like.htm HTTP/1.1" 200 20334
5.9.32.222 - - [24/Apr/2020:19:54:59 -0400] "GET /depository//////////newest_tech/USB%20Armory%20is%20the%20Swiss%20army%20knife%20of%20security%20devices%20%20%20ITworld_files/optout_check HTTP/1.1" 200 90
5.9.32.222 - - [24/Apr/2020:19:55:01 -0400] "GET /depository//////////newest_tech/USB%20Armory%20is%20the%20Swiss%20army%20knife%20of%20security%20devices%20%20%20ITworld_files/ping.htm HTTP/1.1" 200 2425
188.163.112.177 - - [24/Apr/2020:19:55:17 -0400] "GET /4/41/openflow.htm HTTP/1.1" 200 142822
114.119.161.225 - - [24/Apr/2020:19:55:40 -0400] "GET /depository/AI/Swarm%20AI%20predicts%20the%202016%20Kentucky%20Derby%20-%20TechRepublic_files/links.getStats HTTP/1.1" 200 389
46.229.168.141 - - [24/Apr/2020:19:55:43 -0400] "GET /depository/pon_gpon/CommsDesign%20-%20IEEE%20802_3ah%20OAM%20Helps%20Bridge%20Ethernet%20Management%20Gap.htm HTTP/1.1" 200 85590
5.9.32.222 - - [24/Apr/2020:19:55:44 -0400] "GET /depository//////////newest_tech/USB%20Armory%20is%20the%20Swiss%20army%20knife%20of%20security%20devices%20%20%20ITworld_files/postmessageRelay.htm HTTP/1.1" 200 699
5.9.32.222 - - [24/Apr/2020:19:55:51 -0400] "GET /depository//////////newest_tech/USB%20Armory%20is%20the%20Swiss%20army%20knife%20of%20security%20devices%20%20%20ITworld_files/reload HTTP/1.1" 200 383
5.9.32.222 - - [24/Apr/2020:19:55:54 -0400] "GET /depository//////////newest_tech/USB%20Armory%20is%20the%20Swiss%20army%20knife%20of%20security%20devices%20%20%20ITworld_files/saved_resource.htm HTTP/1.1" 200 34981
46.229.168.147 - - [24/Apr/2020:19:56:28 -0400] "GET /depository/cyberwar/Programmer%20tried%20to%20sell%20cyberweapon%20on%20dark%20web%20for%20$50M%20%20Reminder%20to%20secure%20employees%20-%20TechRepublic_files/a_008.htm HTTP/1.1" 200 15225
212.129.3.60 - - [24/Apr/2020:19:56:31 -0400] "GET /4/41/i802_418.htm HTTP/1.1" 200 53634
120.24.180.179 - - [24/Apr/2020:19:57:24 -0400] "GET /dana-na/auth/url_default/welcome.cgi HTTP/1.1" 404 234
120.24.180.179 - - [24/Apr/2020:19:57:24 -0400] "GET /cgi-bin/luci HTTP/1.1" 404 210
120.24.180.179 - - [24/Apr/2020:19:57:25 -0400] "GET /remote/login?lang=en HTTP/1.1" 404 210
120.24.180.179 - - [24/Apr/2020:19:57:26 -0400] "GET / HTTP/1.1" 200 4805
120.24.180.179 - - [24/Apr/2020:19:57:27 -0400] "GET /index.asp HTTP/1.1" 404 207
120.24.180.179 - - [24/Apr/2020:19:57:28 -0400] "GET /htmlV/welcomeMain.htm HTTP/1.1" 404 219
5.9.32.222 - - [24/Apr/2020:19:57:47 -0400] "GET /depository//////////newest_tech/USB%20Armory%20is%20the%20Swiss%20army%20knife%20of%20security%20devices%20%20%20ITworld_files/secureAnonymousFramework HTTP/1.1" 200 164551
114.119.166.3 - - [24/Apr/2020:19:57:56 -0400] "GET /depository/smart_city/The%204%20IoT%20products%20a%20smart%20city%20needs%20in%202017%20-%20TechRepublic_files/cookie_push%282%29.html HTTP/1.1" 200 1668
5.9.32.222 - - [24/Apr/2020:19:57:57 -0400] "GET /depository//////////newest_tech/USB%20Armory%20is%20the%20Swiss%20army%20knife%20of%20security%20devices%20%20%20ITworld_files/sso.htm HTTP/1.1" 200 10477
5.9.32.222 - - [24/Apr/2020:19:58:02 -0400] "GET /depository//////////newest_tech/USB%20Armory%20is%20the%20Swiss%20army%20knife%20of%20security%20devices%20%20%20ITworld_files/svrGP(1).aspx HTTP/1.1" 200 79
5.9.32.222 - - [24/Apr/2020:19:58:04 -0400] "GET /depository//////////newest_tech/USB%20Armory%20is%20the%20Swiss%20army%20knife%20of%20security%20devices%20%20%20ITworld_files/svrGP.aspx HTTP/1.1" 200 49
5.9.32.222 - - [24/Apr/2020:19:58:08 -0400] "GET /depository//////////newest_tech/USB%20Armory%20is%20the%20Swiss%20army%20knife%20of%20security%20devices%20%20%20ITworld_files/svrGP.htm HTTP/1.1" 200 525
5.9.32.222 - - [24/Apr/2020:19:58:11 -0400] "GET /depository//////////newest_tech/USB%20Armory%20is%20the%20Swiss%20army%20knife%20of%20security%20devices%20%20%20ITworld_files/tweet_button.2dbfc52aff624254c17d0ae518d60e15.en.htm HTTP/1.1" 200 45448
5.9.32.222 - - [24/Apr/2020:19:58:16 -0400] "GET /depository//////////newest_tech/Ultimate%20wearable%20tech%20%20NASA%20using%203D%20printing%20to%20design%20Mars%20spacesuit%20-%20TechRepublic_files/3318 HTTP/1.1" 200 43
5.9.32.222 - - [24/Apr/2020:19:58:17 -0400] "GET /depository//////////newest_tech/Ultimate%20wearable%20tech%20%20NASA%20using%203D%20printing%20to%20design%20Mars%20spacesuit%20-%20TechRepublic_files/BannerServer(1).htm HTTP/1.1" 200 7924
212.232.37.202 - - [24/Apr/2020:19:58:23 -0400] "GET /10/ascii.htm HTTP/1.1" 200 36979
207.46.13.25 - - [24/Apr/2020:19:58:25 -0400] "GET /depository/data_protection/2012_NGFW.pdf HTTP/1.1" 200 1614614
114.119.163.55 - - [24/Apr/2020:19:59:04 -0400] "GET /depository/rfcs/1400/RFC1499.TXT HTTP/1.1" 404 230
66.249.64.50 - - [24/Apr/2020:19:59:10 -0400] "GET /depository//rfcs/4200/rfc4227.txt HTTP/1.1" 200 40291
213.180.203.118 - - [24/Apr/2020:19:59:21 -0400] "GET /depository/iot/IDG%20Connect%20%96%20The%20Internet%20of%20Things%20Breaking%20Down%20Barriers%20to%20a%20Connected%20World.mht HTTP/1.1" 200 1362957
91.108.63.249 - - [24/Apr/2020:19:59:42 -0400] "GET /4/7/cloud.htm HTTP/1.1" 200 38410
73.194.91.254 - - [24/Apr/2020:19:59:47 -0400] "GET /depository/blockchain/blockchain-by-melanie-swan.pdf HTTP/1.1" 200 3392796
5.188.210.18 - - [24/Apr/2020:19:59:59 -0400] "GET /depository/terabit/400GbE_Terabit_Ethernet.mht HTTP/1.0" 200 876822
5.188.210.18 - - [24/Apr/2020:20:00:00 -0400] "POST /depository/terabit/400GbE_Terabit_Ethernet.mht HTTP/1.0" 200 876822
39.101.128.217 - - [24/Apr/2020:20:00:02 -0400] "GET /statics/js/admin_common.js HTTP/1.1" 404 224
5.9.32.222 - - [24/Apr/2020:20:00:08 -0400] "GET /depository//////////newest_tech/Ultimate%20wearable%20tech%20%20NASA%20using%203D%20printing%20to%20design%20Mars%20spacesuit%20-%20TechRepublic_files/BannerServer.htm HTTP/1.1" 200 7715
5.9.32.222 - - [24/Apr/2020:20:00:10 -0400] "GET /depository//////////newest_tech/Ultimate%20wearable%20tech%20%20NASA%20using%203D%20printing%20to%20design%20Mars%20spacesuit%20-%20TechRepublic_files/MzI1ODk0OjlmYmUxYzVmLTI5NDQtNDczNS1hNTY3LTM0NjFkOWUxN2EwNA==.json HTTP/1.1" 200 197
5.9.32.222 - - [24/Apr/2020:20:00:13 -0400] "GET /depository//////////newest_tech/Ultimate%20wearable%20tech%20%20NASA%20using%203D%20printing%20to%20design%20Mars%20spacesuit%20-%20TechRepublic_files/container.html HTTP/1.1" 200 43
39.101.128.217 - - [24/Apr/2020:20:00:31 -0400] "GET /data/admin/allowurl.txt HTTP/1.1" 404 221
5.9.32.222 - - [24/Apr/2020:20:00:40 -0400] "GET /depository//////////newest_tech/Ultimate%20wearable%20tech%20%20NASA%20using%203D%20printing%20to%20design%20Mars%20spacesuit%20-%20TechRepublic_files/follow_button.1410989646.htm HTTP/1.1" 200 80626
54.36.148.132 - - [24/Apr/2020:20:00:45 -0400] "GET /depository/super_comp/IBM%20ends%20China's%205-year%20reign%20atop%20supercomputer%20rankings%20%20%20Network%20World_files/ibm-system-ends-chinas-five-year-reign-at-top-of-supercomput_022/ibm-system-ends-chinas-five-year-reign-at-top-of-supercomputer-r/ads_data/ads_data/ HTTP/1.1" 200 965
5.9.32.222 - - [24/Apr/2020:20:00:58 -0400] "GET /depository//////////newest_tech/Ultimate%20wearable%20tech%20%20NASA%20using%203D%20printing%20to%20design%20Mars%20spacesuit%20-%20TechRepublic_files/fpc.pl HTTP/1.1" 200 241
5.9.32.222 - - [24/Apr/2020:20:01:02 -0400] "GET /depository//////////newest_tech/Ultimate%20wearable%20tech%20%20NASA%20using%203D%20printing%20to%20design%20Mars%20spacesuit%20-%20TechRepublic_files/hub(1).htm HTTP/1.1" 200 26124
5.9.32.222 - - [24/Apr/2020:20:01:05 -0400] "GET /depository//////////newest_tech/Ultimate%20wearable%20tech%20%20NASA%20using%203D%20printing%20to%20design%20Mars%20spacesuit%20-%20TechRepublic_files/hub.htm HTTP/1.1" 200 26123
188.235.16.157 - - [24/Apr/2020:20:01:11 -0400] "GET /10/ascii.htm HTTP/1.1" 200 36979
5.9.32.222 - - [24/Apr/2020:20:01:12 -0400] "GET /depository//////////newest_tech/Ultimate%20wearable%20tech%20%20NASA%20using%203D%20printing%20to%20design%20Mars%20spacesuit%20-%20TechRepublic_files/js HTTP/1.1" 200 484
5.9.32.222 - - [24/Apr/2020:20:01:15 -0400] "GET /depository//////////newest_tech/Ultimate%20wearable%20tech%20%20NASA%20using%203D%20printing%20to%20design%20Mars%20spacesuit%20-%20TechRepublic_files/redir HTTP/1.1" 200 43
5.9.32.222 - - [24/Apr/2020:20:01:18 -0400] "GET /depository//////////newest_tech/Ultimate%20wearable%20tech%20%20NASA%20using%203D%20printing%20to%20design%20Mars%20spacesuit%20-%20TechRepublic_files/saved_resource HTTP/1.1" 200 621
5.9.32.222 - - [24/Apr/2020:20:01:20 -0400] "GET /depository//////////newest_tech/Ultimate%20wearable%20tech%20%20NASA%20using%203D%20printing%20to%20design%20Mars%20spacesuit%20-%20TechRepublic_files/storageframe.htm HTTP/1.1" 200 11140
5.9.32.222 - - [24/Apr/2020:20:01:22 -0400] "GET /depository//////////newest_tech/Ultimate%20wearable%20tech%20%20NASA%20using%203D%20printing%20to%20design%20Mars%20spacesuit%20-%20TechRepublic_files/v2 HTTP/1.1" 200 7631
5.9.32.222 - - [24/Apr/2020:20:01:39 -0400] "GET /depository//////////newest_tech/Ultimate%20wearable%20tech%20%20NASA%20using%203D%20printing%20to%20design%20Mars%20spacesuit%20-%20TechRepublic_files/yad-iframe.2839ff4.htm HTTP/1.1" 200 1164
136.35.185.94 - - [24/Apr/2020:20:01:40 -0400] "GET /depository/V_real/NASA%20shows%20the%20world%20its%2020-year%20virtual%20reality%20experiment%20to%20train%20astronauts%20%20The%20inside%20story%20-%20TechRepublic_files/a HTTP/1.1" 200 43572
5.9.32.222 - - [24/Apr/2020:20:01:40 -0400] "GET /depository//////////newest_tech/WD%20preparing%20to%20ship%20flash%20chips%20with%20half%20a%20terabit%20of%20capacity%20_%20Computerworld_files/adsct HTTP/1.1" 200 31
5.9.32.222 - - [24/Apr/2020:20:01:50 -0400] "GET /depository//////////newest_tech/WD%20preparing%20to%20ship%20flash%20chips%20with%20half%20a%20terabit%20of%20capacity%20_%20Computerworld_files/adsct_002 HTTP/1.1" 200 31
5.9.32.222 - - [24/Apr/2020:20:01:54 -0400] "GET /depository//////////newest_tech/WD%20preparing%20to%20ship%20flash%20chips%20with%20half%20a%20terabit%20of%20capacity%20_%20Computerworld_files/challenge HTTP/1.1" 200 9037
5.9.32.222 - - [24/Apr/2020:20:02:23 -0400] "GET /depository//////////newest_tech/WD%20preparing%20to%20ship%20flash%20chips%20with%20half%20a%20terabit%20of%20capacity%20_%20Computerworld_files/comments.getComments HTTP/1.1" 200 336
5.9.32.222 - - [24/Apr/2020:20:02:25 -0400] "GET /depository//////////newest_tech/WD%20preparing%20to%20ship%20flash%20chips%20with%20half%20a%20terabit%20of%20capacity%20_%20Computerworld_files/comments_002.getComments HTTP/1.1" 200 3698
41.80.123.191 - - [24/Apr/2020:20:02:45 -0400] "GET /3/serial/ HTTP/1.1" 200 264
5.9.32.222 - - [24/Apr/2020:20:02:52 -0400] "GET /depository//////////newest_tech/WD%20preparing%20to%20ship%20flash%20chips%20with%20half%20a%20terabit%20of%20capacity%20_%20Computerworld_files/gscounters.sendReport HTTP/1.1" 200 188
5.9.32.222 - - [24/Apr/2020:20:02:55 -0400] "GET /depository//////////newest_tech/WD%20preparing%20to%20ship%20flash%20chips%20with%20half%20a%20terabit%20of%20capacity%20_%20Computerworld_files/md5.htm HTTP/1.1" 200 1596
5.9.32.222 - - [24/Apr/2020:20:02:59 -0400] "GET /depository//////////newest_tech/WD%20preparing%20to%20ship%20flash%20chips%20with%20half%20a%20terabit%20of%20capacity%20_%20Computerworld_files/reload HTTP/1.1" 200 249
5.9.32.222 - - [24/Apr/2020:20:03:01 -0400] "GET /depository//////////newest_tech/WD%20preparing%20to%20ship%20flash%20chips%20with%20half%20a%20terabit%20of%20capacity%20_%20Computerworld_files/svrGP.aspx HTTP/1.1" 200 79
5.9.32.222 - - [24/Apr/2020:20:03:03 -0400] "GET /depository//////////newest_tech/WD%20preparing%20to%20ship%20flash%20chips%20with%20half%20a%20terabit%20of%20capacity%20_%20Computerworld_files/t HTTP/1.1" 200 577
5.9.32.222 - - [24/Apr/2020:20:03:05 -0400] "GET /depository//////////newest_tech/WD%20preparing%20to%20ship%20flash%20chips%20with%20half%20a%20terabit%20of%20capacity%20_%20Computerworld_files/template.htm HTTP/1.1" 200 108
5.9.32.222 - - [24/Apr/2020:20:03:06 -0400] "GET /depository//////////newest_tech/Want%20a%20100TB%20disk%20drive%20%20You'll%20have%20to%20wait%20'til%202025%20%20%20Computerworld_files/14339 HTTP/1.1" 200 43
213.180.203.118 - - [24/Apr/2020:20:03:22 -0400] "GET /depository/newest_tech/IDG%20Connect%20%96%20The%20Modular%20Phone%20%20Phoneblocks,%20One%20Year%20On_files/impression_capture HTTP/1.1" 200 43
5.9.32.222 - - [24/Apr/2020:20:03:48 -0400] "GET /depository//////////newest_tech/Want%20a%20100TB%20disk%20drive%20%20You'll%20have%20to%20wait%20'til%202025%20%20%20Computerworld_files/7r8gQb8MIqE(1).htm HTTP/1.1" 200 27713
213.180.203.118 - - [24/Apr/2020:20:03:52 -0400] "GET /depository/security/Heartbleed/Protect%20vulnerable%20routers%20from%20the%20wireless%20Heartbleed%20flaw_files/saved_resource(2) HTTP/1.1" 200 85
46.229.168.142 - - [24/Apr/2020:20:04:13 -0400] "GET /depository/security/5208-13625-0.html?forumID=102&messageID=2579342&threadID=272322 HTTP/1.1" 404 235
213.180.203.118 - - [24/Apr/2020:20:04:17 -0400] "GET /depository/quant_crypt/Quantum%20random%20number%20generator%20set%20to%20transform%20internet%20security%20%20%20CSO%20Online_files/ HTTP/1.1" 200 18057
111.162.222.212 - - [24/Apr/2020:20:04:54 -0400] "GET /depository/backup/Data-Domain-Symantec-NetBackup-Best-Practices.pdf HTTP/1.1" 200 1856306
213.87.225.244 - - [24/Apr/2020:20:04:55 -0400] "GET /10/ascii.htm HTTP/1.1" 200 36979
111.162.222.212 - - [24/Apr/2020:20:04:56 -0400] "GET /depository/backup/Data-Domain-Symantec-NetBackup-Best-Practices.pdf HTTP/1.1" 206 65536
111.162.222.212 - - [24/Apr/2020:20:04:57 -0400] "GET /depository/backup/Data-Domain-Symantec-NetBackup-Best-Practices.pdf HTTP/1.1" 206 21298
111.162.222.212 - - [24/Apr/2020:20:05:00 -0400] "GET /depository/backup/Data-Domain-Symantec-NetBackup-Best-Practices.pdf HTTP/1.1" 206 131072
213.180.203.118 - - [24/Apr/2020:20:05:01 -0400] "GET /depository/super_comp/Coming%20by%202023,%20an%20exascale%20supercomputer%20in%20the%20U.S.%20%20%20Computerworld_files/saved_resource.htm HTTP/1.1" 200 34981
213.180.203.118 - - [24/Apr/2020:20:05:04 -0400] "GET /depository/cyberwar/Whitepaper_CyberWar.pdf HTTP/1.1" 200 311982
5.9.32.222 - - [24/Apr/2020:20:05:13 -0400] "GET /depository//////////newest_tech/Want%20a%20100TB%20disk%20drive%20%20You'll%20have%20to%20wait%20'til%202025%20%20%20Computerworld_files/7r8gQb8MIqE.htm HTTP/1.1" 200 27715
213.180.203.118 - - [24/Apr/2020:20:05:27 -0400] "GET /depository/big_data/asus/AsusUpdate_V1.01.02/ImageResource/ACPIWMI.dll HTTP/1.1" 200 211456
178.57.16.104 - - [24/Apr/2020:20:05:28 -0400] "GET /4/44/icmp_444.htm HTTP/1.1" 200 22694
111.162.222.212 - - [24/Apr/2020:20:06:11 -0400] "GET /depository/backup/Data-Domain-Symantec-NetBackup-Best-Practices.pdf HTTP/1.1" 206 65536
111.162.222.212 - - [24/Apr/2020:20:06:13 -0400] "GET /depository/backup/Data-Domain-Symantec-NetBackup-Best-Practices.pdf HTTP/1.1" 206 65536
111.162.222.212 - - [24/Apr/2020:20:06:16 -0400] "GET /depository/backup/Data-Domain-Symantec-NetBackup-Best-Practices.pdf HTTP/1.1" 206 65536
5.9.32.222 - - [24/Apr/2020:20:06:16 -0400] "GET /depository//////////newest_tech/Want%20a%20100TB%20disk%20drive%20%20You'll%20have%20to%20wait%20'til%202025%20%20%20Computerworld_files/button3.htm HTTP/1.1" 200 8495
188.163.22.226 - - [24/Apr/2020:20:06:18 -0400] "GET /10/ascii.htm HTTP/1.1" 200 36979
5.9.32.222 - - [24/Apr/2020:20:06:18 -0400] "GET /depository//////////newest_tech/Want%20a%20100TB%20disk%20drive%20%20You'll%20have%20to%20wait%20'til%202025%20%20%20Computerworld_files/button_info.json HTTP/1.1" 200 1324
46.229.168.140 - - [24/Apr/2020:20:06:25 -0400] "GET /depository/analytics/Test%20drive%20%20IBM%20Watson%20Analytics%20free%20beta%20%20%20Computerworld_files/7r8gQb8MIqE(1).htm HTTP/1.1" 200 27713
213.180.203.118 - - [24/Apr/2020:20:06:40 -0400] "GET /depository/green_computing/com_icts_vickery.pdf HTTP/1.1" 200 677944
84.54.28.176 - - [24/Apr/2020:20:06:41 -0400] "GET /4/44/tcp_443.htm HTTP/1.1" 200 61723
5.9.32.222 - - [24/Apr/2020:20:07:12 -0400] "GET /depository//////////newest_tech/Want%20a%20100TB%20disk%20drive%20%20You'll%20have%20to%20wait%20'til%202025%20%20%20Computerworld_files/cb=gapi.loaded_0 HTTP/1.1" 200 114026
5.9.32.222 - - [24/Apr/2020:20:07:27 -0400] "GET /depository//////////newest_tech/Want%20a%20100TB%20disk%20drive%20%20You'll%20have%20to%20wait%20'til%202025%20%20%20Computerworld_files/cb=gapi.loaded_1 HTTP/1.1" 200 57774
5.9.32.222 - - [24/Apr/2020:20:07:29 -0400] "GET /depository//////////newest_tech/Want%20a%20100TB%20disk%20drive%20%20You'll%20have%20to%20wait%20'til%202025%20%20%20Computerworld_files/challenge HTTP/1.1" 200 11989
5.9.32.222 - - [24/Apr/2020:20:07:32 -0400] "GET /depository//////////newest_tech/Want%20a%20100TB%20disk%20drive%20%20You'll%20have%20to%20wait%20'til%202025%20%20%20Computerworld_files/controltag HTTP/1.1" 200 8507
5.9.32.222 - - [24/Apr/2020:20:07:34 -0400] "GET /depository//////////newest_tech/Want%20a%20100TB%20disk%20drive%20%20You'll%20have%20to%20wait%20'til%202025%20%20%20Computerworld_files/controltag.js.f99670595ccd46c65a517672ea749179 HTTP/1.1" 200 101482
5.9.32.222 - - [24/Apr/2020:20:07:36 -0400] "GET /depository//////////newest_tech/Want%20a%20100TB%20disk%20drive%20%20You'll%20have%20to%20wait%20'til%202025%20%20%20Computerworld_files/fastbutton.htm HTTP/1.1" 200 33325
5.9.32.222 - - [24/Apr/2020:20:07:38 -0400] "GET /depository//////////newest_tech/Want%20a%20100TB%20disk%20drive%20%20You'll%20have%20to%20wait%20'til%202025%20%20%20Computerworld_files/hub.fe4e93d64f1afc988e99833088f71057.htm HTTP/1.1" 200 21671
5.9.32.222 - - [24/Apr/2020:20:07:41 -0400] "GET /depository//////////newest_tech/Want%20a%20100TB%20disk%20drive%20%20You'll%20have%20to%20wait%20'til%202025%20%20%20Computerworld_files/image HTTP/1.1" 200 2753
212.87.168.140 - - [24/Apr/2020:20:07:56 -0400] "GET /10/ascii.htm HTTP/1.1" 200 36979
114.119.162.158 - - [24/Apr/2020:20:08:01 -0400] "GET /depository/AI/IdeaFestival%202017_%20Algorithms,%20AI%20and%20other%20Frankenstein-like%20technologies%20-%20TechRepublic_files/moatad%285%29.js HTTP/1.1" 200 248534
5.9.32.222 - - [24/Apr/2020:20:08:34 -0400] "GET /depository//////////newest_tech/Want%20a%20100TB%20disk%20drive%20%20You'll%20have%20to%20wait%20'til%202025%20%20%20Computerworld_files/ip.json HTTP/1.1" 200 552
46.229.168.130 - - [24/Apr/2020:20:08:36 -0400] "GET /pack_len.htm HTTP/1.1" 200 8447
66.249.64.46 - - [24/Apr/2020:20:08:38 -0400] "GET /depository//rfcs/4200/rfc4235.txt HTTP/1.1" 200 85455
83.149.44.185 - - [24/Apr/2020:20:08:39 -0400] "GET /10/ascii.htm HTTP/1.1" 200 36979
5.9.32.222 - - [24/Apr/2020:20:09:10 -0400] "GET /depository//////////newest_tech/Want%20a%20100TB%20disk%20drive%20%20You'll%20have%20to%20wait%20'til%202025%20%20%20Computerworld_files/like.htm HTTP/1.1" 200 20385
5.9.32.222 - - [24/Apr/2020:20:09:19 -0400] "GET /depository//////////newest_tech/Want%20a%20100TB%20disk%20drive%20%20You'll%20have%20to%20wait%20'til%202025%20%20%20Computerworld_files/optout_check HTTP/1.1" 200 90
5.9.32.222 - - [24/Apr/2020:20:09:22 -0400] "GET /depository//////////newest_tech/Want%20a%20100TB%20disk%20drive%20%20You'll%20have%20to%20wait%20'til%202025%20%20%20Computerworld_files/picture HTTP/1.1" 200 1655
5.9.32.222 - - [24/Apr/2020:20:09:25 -0400] "GET /depository//////////newest_tech/Want%20a%20100TB%20disk%20drive%20%20You'll%20have%20to%20wait%20'til%202025%20%20%20Computerworld_files/picture(1) HTTP/1.1" 200 1678
157.55.39.139 - - [24/Apr/2020:20:09:27 -0400] "GET /4/44/tcp_443.htm HTTP/1.1" 200 61723
54.36.150.20 - - [24/Apr/2020:20:09:38 -0400] "GET /depository/iot/Malicious%20IoT%20hackers%20have%20a%20new%20enemy%20%20%20Network%20World_files/ HTTP/1.1" 200 13135
5.9.32.222 - - [24/Apr/2020:20:09:39 -0400] "GET /depository//////////newest_tech/Want%20a%20100TB%20disk%20drive%20%20You'll%20have%20to%20wait%20'til%202025%20%20%20Computerworld_files/ping.htm HTTP/1.1" 200 2442
5.9.32.222 - - [24/Apr/2020:20:09:42 -0400] "GET /depository//////////newest_tech/Want%20a%20100TB%20disk%20drive%20%20You'll%20have%20to%20wait%20'til%202025%20%20%20Computerworld_files/postmessageRelay.htm HTTP/1.1" 200 684
5.9.32.222 - - [24/Apr/2020:20:09:45 -0400] "GET /depository//////////newest_tech/Want%20a%20100TB%20disk%20drive%20%20You'll%20have%20to%20wait%20'til%202025%20%20%20Computerworld_files/reload HTTP/1.1" 200 383
5.9.32.222 - - [24/Apr/2020:20:09:55 -0400] "GET /depository//////////newest_tech/Want%20a%20100TB%20disk%20drive%20%20You'll%20have%20to%20wait%20'til%202025%20%20%20Computerworld_files/saved_resource HTTP/1.1" 200 14
5.9.32.222 - - [24/Apr/2020:20:09:57 -0400] "GET /depository//////////newest_tech/Want%20a%20100TB%20disk%20drive%20%20You'll%20have%20to%20wait%20'til%202025%20%20%20Computerworld_files/saved_resource.htm HTTP/1.1" 200 34981
5.9.32.222 - - [24/Apr/2020:20:09:59 -0400] "GET /depository//////////newest_tech/Want%20a%20100TB%20disk%20drive%20%20You'll%20have%20to%20wait%20'til%202025%20%20%20Computerworld_files/secureAnonymousFramework HTTP/1.1" 200 164551
5.9.32.222 - - [24/Apr/2020:20:10:02 -0400] "GET /depository//////////newest_tech/Want%20a%20100TB%20disk%20drive%20%20You'll%20have%20to%20wait%20'til%202025%20%20%20Computerworld_files/sso.htm HTTP/1.1" 200 10483
5.9.32.222 - - [24/Apr/2020:20:10:06 -0400] "GET /depository//////////newest_tech/Want%20a%20100TB%20disk%20drive%20%20You'll%20have%20to%20wait%20'til%202025%20%20%20Computerworld_files/svrGP(1).aspx HTTP/1.1" 200 79
5.9.32.222 - - [24/Apr/2020:20:10:07 -0400] "GET /depository//////////newest_tech/Want%20a%20100TB%20disk%20drive%20%20You'll%20have%20to%20wait%20'til%202025%20%20%20Computerworld_files/svrGP.aspx HTTP/1.1" 200 49
5.9.32.222 - - [24/Apr/2020:20:10:33 -0400] "GET /depository//////////newest_tech/Want%20a%20100TB%20disk%20drive%20%20You'll%20have%20to%20wait%20'til%202025%20%20%20Computerworld_files/svrGP.htm HTTP/1.1" 200 519
5.9.32.222 - - [24/Apr/2020:20:10:37 -0400] "GET /depository//////////newest_tech/Want%20a%20100TB%20disk%20drive%20%20You'll%20have%20to%20wait%20'til%202025%20%20%20Computerworld_files/tweet_button.2dbfc52aff624254c17d0ae518d60e15.en.htm HTTP/1.1" 200 45521
213.180.203.118 - - [24/Apr/2020:20:11:18 -0400] "GET /depository/iot/IDG%20Connect%20%96%20CIA,%20Europol%20on%20Alert%20for%20Internet%20of%20Things%20Security%20Storm_files/simple_captcha HTTP/1.1" 200 1729
5.9.32.222 - - [24/Apr/2020:20:11:19 -0400] "GET /depository//////////newest_tech/Western%20Digital%20begins%20production%20of%20the%20world's%20tallest%203D%20NAND%20'skyscraper'%20%20Computerworld_files/svrGP.htm HTTP/1.1" 200 394
5.9.32.222 - - [24/Apr/2020:20:11:21 -0400] "GET /depository//////////newest_tech/Why%20HDD%20factory%20closure%20means%20you%20may%20need%20to%20migrate%20to%20solid%20state%20-%20TechRepublic_files/a HTTP/1.1" 200 50622
5.9.32.222 - - [24/Apr/2020:20:11:28 -0400] "GET /depository//////////newest_tech/Why%20HDD%20factory%20closure%20means%20you%20may%20need%20to%20migrate%20to%20solid%20state%20-%20TechRepublic_files/a.htm HTTP/1.1" 200 209
5.9.32.222 - - [24/Apr/2020:20:11:31 -0400] "GET /depository//////////newest_tech/Why%20HDD%20factory%20closure%20means%20you%20may%20need%20to%20migrate%20to%20solid%20state%20-%20TechRepublic_files/a_003.htm HTTP/1.1" 200 10364
5.9.32.222 - - [24/Apr/2020:20:11:35 -0400] "GET /depository//////////newest_tech/Why%20HDD%20factory%20closure%20means%20you%20may%20need%20to%20migrate%20to%20solid%20state%20-%20TechRepublic_files/a_004.htm HTTP/1.1" 200 108
5.9.32.222 - - [24/Apr/2020:20:11:37 -0400] "GET /depository//////////newest_tech/Why%20HDD%20factory%20closure%20means%20you%20may%20need%20to%20migrate%20to%20solid%20state%20-%20TechRepublic_files/a_data/ HTTP/1.1" 200 610
5.9.32.222 - - [24/Apr/2020:20:11:38 -0400] "GET /depository//////////newest_tech/Why%20HDD%20factory%20closure%20means%20you%20may%20need%20to%20migrate%20to%20solid%20state%20-%20TechRepublic_files/a_data_002/ HTTP/1.1" 200 618
5.9.32.222 - - [24/Apr/2020:20:11:40 -0400] "GET /depository//////////newest_tech/Why%20HDD%20factory%20closure%20means%20you%20may%20need%20to%20migrate%20to%20solid%20state%20-%20TechRepublic_files/a_data_003/ HTTP/1.1" 200 618
5.9.32.222 - - [24/Apr/2020:20:12:07 -0400] "GET /depository//////////newest_tech/Why%20HDD%20factory%20closure%20means%20you%20may%20need%20to%20migrate%20to%20solid%20state%20-%20TechRepublic_files/tag.aspx HTTP/1.1" 200 24053
66.249.64.50 - - [24/Apr/2020:20:12:30 -0400] "GET /10/ascii.htm HTTP/1.1" 200 36979
5.9.32.222 - - [24/Apr/2020:20:12:35 -0400] "GET /depository//////////newest_tech/Will%20silicon%20photonics%20replace%20copper%20cabling%20in%20mainstream%20datacentres%20_files/1068cf12f6 HTTP/1.1" 200 25
5.9.32.222 - - [24/Apr/2020:20:12:39 -0400] "GET /depository//////////newest_tech/Will%20silicon%20photonics%20replace%20copper%20cabling%20in%20mainstream%20datacentres%20_files/300lo.json HTTP/1.1" 200 91
5.9.32.222 - - [24/Apr/2020:20:12:41 -0400] "GET /depository//////////newest_tech/Will%20silicon%20photonics%20replace%20copper%20cabling%20in%20mainstream%20datacentres%20_files/InlineRegister(1).page HTTP/1.1" 200 6771
85.174.197.68 - - [24/Apr/2020:20:12:45 -0400] "GET /10/ascii.htm HTTP/1.1" 200 36979
46.39.248.33 - - [24/Apr/2020:20:12:55 -0400] "GET /10/ascii.htm HTTP/1.1" 200 36979
5.9.32.222 - - [24/Apr/2020:20:13:07 -0400] "GET /depository//////////newest_tech/Will%20silicon%20photonics%20replace%20copper%20cabling%20in%20mainstream%20datacentres%20_files/InlineRegister.page HTTP/1.1" 200 7562
5.9.32.222 - - [24/Apr/2020:20:13:09 -0400] "GET /depository//////////newest_tech/Will%20silicon%20photonics%20replace%20copper%20cabling%20in%20mainstream%20datacentres%20_files/KFZn1BJ0LYk(1).htm HTTP/1.1" 200 27432
5.9.32.222 - - [24/Apr/2020:20:13:11 -0400] "GET /depository//////////newest_tech/Will%20silicon%20photonics%20replace%20copper%20cabling%20in%20mainstream%20datacentres%20_files/KFZn1BJ0LYk.htm HTTP/1.1" 200 27434
5.9.32.222 - - [24/Apr/2020:20:13:14 -0400] "GET /depository//////////newest_tech/Will%20silicon%20photonics%20replace%20copper%20cabling%20in%20mainstream%20datacentres%20_files/atc4.computerweekly HTTP/1.1" 200 42
213.180.203.118 - - [24/Apr/2020:20:13:22 -0400] "GET /4/4/rsvp_te/rsvp_te5.cdr HTTP/1.1" 200 15100
62.210.83.206 - - [24/Apr/2020:20:13:30 -0400] "GET /6/defence.htm HTTP/1.1" 200 193079
62.210.180.164 - - [24/Apr/2020:20:13:36 -0400] "GET /6/defence.htm HTTP/1.1" 200 193079
5.9.32.222 - - [24/Apr/2020:20:13:37 -0400] "GET /depository//////////newest_tech/Will%20silicon%20photonics%20replace%20copper%20cabling%20in%20mainstream%20datacentres%20_files/cb=gapi.loaded_0 HTTP/1.1" 200 113316
5.188.210.87 - - [24/Apr/2020:20:13:37 -0400] "GET /4/7/ HTTP/1.0" 200 6406
62.210.139.12 - - [24/Apr/2020:20:13:38 -0400] "GET /6/defence.htm HTTP/1.1" 200 193079
62.210.180.146 - - [24/Apr/2020:20:13:39 -0400] "GET /6/defence.htm HTTP/1.1" 200 193079
5.9.32.222 - - [24/Apr/2020:20:13:43 -0400] "GET /depository//////////newest_tech/Will%20silicon%20photonics%20replace%20copper%20cabling%20in%20mainstream%20datacentres%20_files/cb=gapi.loaded_1 HTTP/1.1" 200 55622
213.180.203.118 - - [24/Apr/2020:20:13:44 -0400] "GET /2/25/mpeg-4R.htm HTTP/1.1" 200 184621
5.9.32.222 - - [24/Apr/2020:20:13:48 -0400] "GET /depository//////////newest_tech/Will%20silicon%20photonics%20replace%20copper%20cabling%20in%20mainstream%20datacentres%20_files/container.html HTTP/1.1" 200 43
114.119.166.158 - - [24/Apr/2020:20:13:57 -0400] "GET /depository/quant_comp/University%20of%20Melbourne%20claims%20quantum%20computing%20breakthrough_files/gtm.js HTTP/1.1" 200 105879
5.9.32.222 - - [24/Apr/2020:20:14:00 -0400] "GET /depository//////////newest_tech/Will%20silicon%20photonics%20replace%20copper%20cabling%20in%20mainstream%20datacentres%20_files/count.json HTTP/1.1" 200 172
5.9.32.222 - - [24/Apr/2020:20:14:03 -0400] "GET /depository//////////newest_tech/Will%20silicon%20photonics%20replace%20copper%20cabling%20in%20mainstream%20datacentres%20_files/fastbutton.htm HTTP/1.1" 200 31156
66.249.64.46 - - [24/Apr/2020:20:14:05 -0400] "GET /depository/blockchain/blockchain-by-melanie-swan.pdf HTTP/1.1" 304 -
213.180.203.118 - - [24/Apr/2020:20:14:09 -0400] "GET /depository/security/surveys/%AB%CB%E0%E1%EE%F0%E0%F2%EE%F0%E8%FF%20%CA%E0%F1%EF%E5%F0%F1%EA%EE%E3%EE%BB%20%F0%E0%F1%EA%F0%FB%EB%E0%20%E0%EC%E5%F0%E8%EA%E0%ED%F1%EA%E8%E9%20%F8%EF%E8%EE%ED%F1%EA%E8%E9%20%E2%E8%F0%F3%F1%20%20%20Hi-Tech.Mail.Ru_files/pic(15) HTTP/1.1" 200 4613
5.9.32.222 - - [24/Apr/2020:20:14:30 -0400] "GET /depository//////////newest_tech/Will%20silicon%20photonics%20replace%20copper%20cabling%20in%20mainstream%20datacentres%20_files/hub.1c5a573e465d84666458a45e49b0a735(1).htm HTTP/1.1" 200 21256
5.9.32.222 - - [24/Apr/2020:20:14:35 -0400] "GET /depository//////////newest_tech/Will%20silicon%20photonics%20replace%20copper%20cabling%20in%20mainstream%20datacentres%20_files/hub.1c5a573e465d84666458a45e49b0a735.htm HTTP/1.1" 200 21255
213.180.203.118 - - [24/Apr/2020:20:14:37 -0400] "GET /depository/big_data/asus/DrvResource/Io/AsIO.VXD HTTP/1.1" 200 5764
5.9.32.222 - - [24/Apr/2020:20:14:37 -0400] "GET /depository//////////newest_tech/Will%20silicon%20photonics%20replace%20copper%20cabling%20in%20mainstream%20datacentres%20_files/pixel.php HTTP/1.1" 200 452921
5.9.32.222 - - [24/Apr/2020:20:14:57 -0400] "GET /depository//////////newest_tech/Will%20silicon%20photonics%20replace%20copper%20cabling%20in%20mainstream%20datacentres%20_files/postmessageRelay.htm HTTP/1.1" 200 707
178.216.96.40 - - [24/Apr/2020:20:15:00 -0400] "GET /10/ascii.htm HTTP/1.1" 200 36979
5.9.32.222 - - [24/Apr/2020:20:15:00 -0400] "GET /depository//////////newest_tech/Will%20silicon%20photonics%20replace%20copper%20cabling%20in%20mainstream%20datacentres%20_files/saved_resource HTTP/1.1" 200 43
5.9.32.222 - - [24/Apr/2020:20:15:02 -0400] "GET /depository//////////newest_tech/Will%20silicon%20photonics%20replace%20copper%20cabling%20in%20mainstream%20datacentres%20_files/saved_resource(1) HTTP/1.1" 200 43
213.180.203.118 - - [24/Apr/2020:20:15:05 -0400] "GET /2/25/mpeg_7.htm HTTP/1.1" 200 154234
144.76.102.243 - - [24/Apr/2020:20:15:10 -0400] "GET /depository/rpr.htm HTTP/1.1" 200 4725
5.9.32.222 - - [24/Apr/2020:20:15:12 -0400] "GET /depository//////////newest_tech/Will%20silicon%20photonics%20replace%20copper%20cabling%20in%20mainstream%20datacentres%20_files/saved_resource(2) HTTP/1.1" 200 85
88.198.43.207 - - [24/Apr/2020:20:15:14 -0400] "GET /depository/rpr.htm HTTP/1.1" 200 4725
5.9.32.222 - - [24/Apr/2020:20:15:14 -0400] "GET /depository//////////newest_tech/Will%20silicon%20photonics%20replace%20copper%20cabling%20in%20mainstream%20datacentres%20_files/saved_resource(3) HTTP/1.1" 200 43
5.9.32.222 - - [24/Apr/2020:20:15:16 -0400] "GET /depository//////////newest_tech/Will%20silicon%20photonics%20replace%20copper%20cabling%20in%20mainstream%20datacentres%20_files/saved_resource.htm HTTP/1.1" 200 49746
5.9.32.222 - - [24/Apr/2020:20:15:20 -0400] "GET /depository//////////newest_tech/Will%20silicon%20photonics%20replace%20copper%20cabling%20in%20mainstream%20datacentres%20_files/secureAnonymousFramework HTTP/1.1" 200 164551
5.9.32.222 - - [24/Apr/2020:20:15:28 -0400] "GET /depository//////////newest_tech/Will%20silicon%20photonics%20replace%20copper%20cabling%20in%20mainstream%20datacentres%20_files/seg HTTP/1.1" 200 43
5.9.32.222 - - [24/Apr/2020:20:15:31 -0400] "GET /depository//////////newest_tech/Will%20silicon%20photonics%20replace%20copper%20cabling%20in%20mainstream%20datacentres%20_files/sh174.htm HTTP/1.1" 200 61329
5.9.32.222 - - [24/Apr/2020:20:15:35 -0400] "GET /depository//////////newest_tech/Will%20silicon%20photonics%20replace%20copper%20cabling%20in%20mainstream%20datacentres%20_files/standard HTTP/1.1" 200 921
5.9.32.222 - - [24/Apr/2020:20:15:38 -0400] "GET /depository//////////newest_tech/Will%20silicon%20photonics%20replace%20copper%20cabling%20in%20mainstream%20datacentres%20_files/tweet_button.2df3b13213b70e6d91180bf64c17db20.en.htm HTTP/1.1" 200 45297
5.9.32.222 - - [24/Apr/2020:20:15:49 -0400] "GET /depository//////////newest_tech/http___www.computerworld.com_article_3182140_cw-50-the-data-storage-industry-comes-into-its-own_files/1 HTTP/1.1" 200 72
5.9.32.222 - - [24/Apr/2020:20:16:02 -0400] "GET /depository//////////newest_tech/http___www.computerworld.com_article_3182140_cw-50-the-data-storage-industry-comes-into-its-own_files/1(1) HTTP/1.1" 200 72
5.9.32.222 - - [24/Apr/2020:20:16:04 -0400] "GET /depository//////////newest_tech/http___www.computerworld.com_article_3182140_cw-50-the-data-storage-industry-comes-into-its-own_files/1(2) HTTP/1.1" 200 72
5.9.32.222 - - [24/Apr/2020:20:16:06 -0400] "GET /depository//////////newest_tech/http___www.computerworld.com_article_3182140_cw-50-the-data-storage-industry-comes-into-its-own_files/17916107341889224481 HTTP/1.1" 200 646
46.4.83.150 - - [24/Apr/2020:20:16:06 -0400] "GET /depository/rpr.htm HTTP/1.1" 200 4725
5.9.32.222 - - [24/Apr/2020:20:16:09 -0400] "GET /depository//////////newest_tech/http___www.computerworld.com_article_3182140_cw-50-the-data-storage-industry-comes-into-its-own_files/40218 HTTP/1.1" 200 196
5.9.32.222 - - [24/Apr/2020:20:16:12 -0400] "GET /depository//////////newest_tech/http___www.computerworld.com_article_3182140_cw-50-the-data-storage-industry-comes-into-its-own_files/411f1e96-3bde-4d85-b17e-63749e5f0695.html HTTP/1.1" 200 11215
31.173.242.252 - - [24/Apr/2020:20:16:27 -0400] "GET /10/ascii.htm HTTP/1.1" 200 36979
109.95.126.219 - - [24/Apr/2020:20:16:44 -0400] "GET /depository/it_med/GS_DIGITAL_MED_1199.pdf HTTP/1.1" 200 1265185
77.111.246.10 - - [24/Apr/2020:20:17:16 -0400] "GET /10/ascii.htm HTTP/1.1" 200 36979
188.134.90.249 - - [24/Apr/2020:20:17:19 -0400] "GET /6/ipsec.htm HTTP/1.1" 200 45318
5.9.32.222 - - [24/Apr/2020:20:17:21 -0400] "GET /depository//////////newest_tech/http___www.computerworld.com_article_3182140_cw-50-the-data-storage-industry-comes-into-its-own_files/411f1e96-3bde-4d85-b17e-63749e5f0695.js.%e7%e0%e3%f0%f3%e6%e5%ed%ee HTTP/1.1" 200 2480
5.9.32.222 - - [24/Apr/2020:20:17:25 -0400] "GET /depository//////////newest_tech/http___www.computerworld.com_article_3182140_cw-50-the-data-storage-industry-comes-into-its-own_files/426514.js.%e7%e0%e3%f0%f3%e6%e5%ed%ee HTTP/1.1" 200 551
213.180.203.118 - - [24/Apr/2020:20:17:30 -0400] "GET /10/ascii.htm HTTP/1.1" 200 36979
213.180.203.118 - - [24/Apr/2020:20:17:45 -0400] "GET /depository/big_data/asus/DrvResource/Io/AsIoIns.exe HTTP/1.1" 200 117376
66.249.64.48 - - [24/Apr/2020:20:18:06 -0400] "GET /depository//rfcs/4200/rfc4262.txt HTTP/1.1" 200 10084
46.118.126.39 - - [24/Apr/2020:20:18:15 -0400] "GET /4/45/xmpp.htm HTTP/1.0" 200 169807
83.219.136.4 - - [24/Apr/2020:20:18:21 -0400] "GET /10/ascii.htm HTTP/1.1" 200 36979
89.38.98.46 - - [24/Apr/2020:20:18:38 -0400] "GET /depository/cyberwar/P.W.Singer_Allan_Friedman_Cybersecurity_and_Cyberwar_What_Everyone_Needs_to_Know_2014_Oxford_University_Press.pdf HTTP/1.0" 200 1421025
82.145.211.221 - - [24/Apr/2020:20:18:40 -0400] "GET /2/28/corec_28.htm HTTP/1.0" 200 46718
82.145.211.221 - - [24/Apr/2020:20:18:45 -0400] "GET /2/28/corec_28.htm HTTP/1.1" 200 46718
134.17.173.50 - - [24/Apr/2020:20:18:56 -0400] "GET /10/ascii.htm HTTP/1.1" 200 36979
54.36.149.100 - - [24/Apr/2020:20:18:59 -0400] "GET /depository/cyberwar/Cyberwar%20%20The%20smart%20person's%20guide%20-%20TechRepublic_files/ HTTP/1.1" 200 10768
54.36.148.69 - - [24/Apr/2020:20:18:59 -0400] "GET /depository/security/ransomware/What%20threat%20does%20the%20CrypVault%20ransomware%20attack%20pose_files/ HTTP/1.1" 200 4909
165.56.181.63 - - [24/Apr/2020:20:18:59 -0400] "GET /depository/free-soft/Open%20Source%20vs.%20Free%20Software%20%20What%27s%20the%20Difference%20and%20Why%20Does%20It%20Matter_files/a_data/ads_data/ HTTP/1.1" 200 878
165.56.181.63 - - [24/Apr/2020:20:19:07 -0400] "GET /depository/free-soft/Open%20Source%20vs.%20Free%20Software%20%20What's%20the%20Difference%20and%20Why%20Does%20It%20Matter_files/a_data/ HTTP/1.1" 200 821
5.9.32.222 - - [24/Apr/2020:20:19:18 -0400] "GET /depository//////////newest_tech/http___www.computerworld.com_article_3182140_cw-50-the-data-storage-industry-comes-into-its-own_files/ADTECH HTTP/1.1" 200 910
165.56.181.63 - - [24/Apr/2020:20:19:23 -0400] "GET /depository/free-soft/Open%20Source%20vs.%20Free%20Software%20%20What's%20the%20Difference%20and%20Why%20Does%20It%20Matter_files/a_data/ HTTP/1.1" 200 821
82.145.211.221 - - [24/Apr/2020:20:19:26 -0400] "GET /2/28/corec_28.htm HTTP/1.0" 200 46718
5.9.32.222 - - [24/Apr/2020:20:19:28 -0400] "GET /depository//////////newest_tech/http___www.computerworld.com_article_3182140_cw-50-the-data-storage-industry-comes-into-its-own_files/FTScroller_plugins.js.%e7%e0%e3%f0%f3%e6%e5%ed%ee HTTP/1.1" 200 51183
5.9.32.222 - - [24/Apr/2020:20:19:31 -0400] "GET /depository//////////newest_tech/http___www.computerworld.com_article_3182140_cw-50-the-data-storage-industry-comes-into-its-own_files/ProfilesEngineServlet HTTP/1.1" 200 43
82.145.211.221 - - [24/Apr/2020:20:19:31 -0400] "GET /2/28/corec_28.htm HTTP/1.1" 304 -
17.58.97.137 - - [24/Apr/2020:20:19:32 -0400] "GET /4/44/icmp_444.htm HTTP/1.1" 200 22694
5.9.32.222 - - [24/Apr/2020:20:19:34 -0400] "GET /depository//////////newest_tech/http___www.computerworld.com_article_3182140_cw-50-the-data-storage-industry-comes-into-its-own_files/ProfilesEngineServlet.html HTTP/1.1" 200 182
5.9.32.222 - - [24/Apr/2020:20:19:40 -0400] "GET /depository//////////newest_tech/http___www.computerworld.com_article_3182140_cw-50-the-data-storage-industry-comes-into-its-own_files/acset.json HTTP/1.1" 200 72
5.9.32.222 - - [24/Apr/2020:20:19:42 -0400] "GET /depository//////////newest_tech/http___www.computerworld.com_article_3182140_cw-50-the-data-storage-industry-comes-into-its-own_files/ad HTTP/1.1" 200 1066
5.9.32.222 - - [24/Apr/2020:20:19:44 -0400] "GET /depository//////////newest_tech/http___www.computerworld.com_article_3182140_cw-50-the-data-storage-industry-comes-into-its-own_files/ad(1) HTTP/1.1" 200 -
5.9.32.222 - - [24/Apr/2020:20:19:45 -0400] "GET /depository//////////newest_tech/http___www.computerworld.com_article_3182140_cw-50-the-data-storage-industry-comes-into-its-own_files/ad_source.js.%e7%e0%e3%f0%f3%e6%e5%ed%ee HTTP/1.1" 200 70883
5.9.32.222 - - [24/Apr/2020:20:19:47 -0400] "GET /depository//////////newest_tech/http___www.computerworld.com_article_3182140_cw-50-the-data-storage-industry-comes-into-its-own_files/adaptvInfo.js.%e7%e0%e3%f0%f3%e6%e5%ed%ee HTTP/1.1" 200 48035
5.9.32.222 - - [24/Apr/2020:20:19:49 -0400] "GET /depository//////////newest_tech/http___www.computerworld.com_article_3182140_cw-50-the-data-storage-industry-comes-into-its-own_files/ads HTTP/1.1" 200 328
5.9.32.222 - - [24/Apr/2020:20:19:52 -0400] "GET /depository//////////newest_tech/http___www.computerworld.com_article_3182140_cw-50-the-data-storage-industry-comes-into-its-own_files/ads(1) HTTP/1.1" 200 328
114.119.163.92 - - [24/Apr/2020:20:20:18 -0400] "GET /4/7/ip_address_request.rtf HTTP/1.1" 200 98376
213.180.203.118 - - [24/Apr/2020:20:20:20 -0400] "GET /depository/rfcs/8500/rfc8569.txt HTTP/1.1" 200 96155
5.9.32.222 - - [24/Apr/2020:20:20:20 -0400] "GET /depository//////////newest_tech/http___www.computerworld.com_article_3182140_cw-50-the-data-storage-industry-comes-into-its-own_files/ads(2) HTTP/1.1" 200 32481
213.180.203.118 - - [24/Apr/2020:20:20:22 -0400] "GET /depository/rfcs/8500/rfc8549.txt HTTP/1.1" 200 43692
5.9.32.222 - - [24/Apr/2020:20:20:33 -0400] "GET /depository//////////newest_tech/http___www.computerworld.com_article_3182140_cw-50-the-data-storage-industry-comes-into-its-own_files/adsct HTTP/1.1" 200 31
51.77.44.2 - - [24/Apr/2020:20:20:38 -0400] "GET /6/defence.htm HTTP/1.1" 200 193079
95.163.255.196 - - [24/Apr/2020:20:20:48 -0400] "GET /depository/security/ransomware/What%20threat%20does%20the%20CrypVault%20ransomware%20attack%20pose_files/What-threat-does-the-CrypVault-ransomware-attack-pose_006.htm HTTP/1.1" 200 355
114.119.165.29 - - [24/Apr/2020:20:21:30 -0400] "GET /depository/quant_comp/IBM%20makes%20leap%20in%20quantum%20computing%20power%20%20ITworld_files/mouse_down.js HTTP/1.1" 200 269
5.9.32.222 - - [24/Apr/2020:20:21:31 -0400] "GET /depository//////////newest_tech/http___www.computerworld.com_article_3182140_cw-50-the-data-storage-industry-comes-into-its-own_files/adsct(1) HTTP/1.1" 200 31
46.229.168.152 - - [24/Apr/2020:20:21:40 -0400] "GET /depository/defence/Zero%20in%20on%20your%20zero-day%20vulnerabilities_files/a.htm HTTP/1.1" 200 108
136.243.95.186 - - [24/Apr/2020:20:22:13 -0400] "GET /4/43/sdh_436.htm HTTP/1.1" 200 22926
213.180.203.118 - - [24/Apr/2020:20:22:16 -0400] "GET /depository/EMP/New%20data%20center%20protects%20against%20solar%20storms%20and%20nuclear%20EMPs%20%20%20Computerworld_files/picture(2) HTTP/1.1" 200 3028
66.249.64.46 - - [24/Apr/2020:20:22:55 -0400] "GET /4/net_4.htm HTTP/1.1" 200 99981
5.9.32.222 - - [24/Apr/2020:20:23:00 -0400] "GET /depository//////////newest_tech/http___www.computerworld.com_article_3182140_cw-50-the-data-storage-industry-comes-into-its-own_files/alc_hashes.js.%e7%e0%e3%f0%f3%e6%e5%ed%ee HTTP/1.1" 200 24664
165.56.181.63 - - [24/Apr/2020:20:23:08 -0400] "GET /depository/free-soft/Open%20Source%20vs.%20Free%20Software%20%20What%27s%20the%20Difference%20and%20Why%20Does%20It%20Matter_files/a_data/ads_data/ads_data/ HTTP/1.1" 200 721
5.9.32.222 - - [24/Apr/2020:20:23:13 -0400] "GET /depository//////////newest_tech/http___www.computerworld.com_article_3182140_cw-50-the-data-storage-industry-comes-into-its-own_files/am.js.%e7%e0%e3%f0%f3%e6%e5%ed%ee HTTP/1.1" 200 9940
165.56.181.63 - - [24/Apr/2020:20:23:16 -0400] "GET /depository/free-soft/Open%20Source%20vs.%20Free%20Software%20%20What's%20the%20Difference%20and%20Why%20Does%20It%20Matter_files/a_data/ads_data/ HTTP/1.1" 200 878
5.9.32.222 - - [24/Apr/2020:20:23:16 -0400] "GET /depository//////////newest_tech/http___www.computerworld.com_article_3182140_cw-50-the-data-storage-industry-comes-into-its-own_files/analytics.js.%e7%e0%e3%f0%f3%e6%e5%ed%ee HTTP/1.1" 200 29455
66.249.64.46 - - [24/Apr/2020:20:23:21 -0400] "GET /depository/////TOR/Tor%20Project%20flags%20Russian%20'exit%20node'%20server%20for%20delivering%20malware%20%20%20Computerworld_files/cb=gapi.loaded_1 HTTP/1.1" 200 56879
66.249.64.46 - - [24/Apr/2020:20:23:22 -0400] "GET /depository/////TOR/Tor%20Project%20flags%20Russian%20'exit%20node'%20server%20for%20delivering%20malware%20%20%20Computerworld_files/cb=gapi.loaded_0 HTTP/1.1" 200 113588
66.249.64.46 - - [24/Apr/2020:20:23:22 -0400] "GET /depository/////TOR/Tor%20Project%20flags%20Russian%20'exit%20node'%20server%20for%20delivering%20malware%20%20%20Computerworld_files/optout_check HTTP/1.1" 200 90
66.249.64.46 - - [24/Apr/2020:20:23:23 -0400] "GET /depository/////TOR/Tor%20Project%20flags%20Russian%20'exit%20node'%20server%20for%20delivering%20malware%20%20%20Computerworld_files/gpt_includes.js HTTP/1.1" 200 43
66.249.64.48 - - [24/Apr/2020:20:23:23 -0400] "GET /depository/////TOR/Tor%20Project%20flags%20Russian%20'exit%20node'%20server%20for%20delivering%20malware%20%20%20Computerworld_files/ip.json HTTP/1.1" 200 552
66.249.64.46 - - [24/Apr/2020:20:23:24 -0400] "GET /depository/////TOR/Tor%20Project%20flags%20Russian%20'exit%20node'%20server%20for%20delivering%20malware%20%20%20Computerworld_files/cav2eef.js HTTP/1.1" 200 20698
66.249.64.46 - - [24/Apr/2020:20:23:24 -0400] "GET /depository/////TOR/Tor%20Project%20flags%20Russian%20'exit%20node'%20server%20for%20delivering%20malware%20%20%20Computerworld_files/modernizr.js HTTP/1.1" 200 9277
66.249.64.46 - - [24/Apr/2020:20:23:25 -0400] "GET /depository/////TOR/Tor%20Project%20flags%20Russian%20'exit%20node'%20server%20for%20delivering%20malware%20%20%20Computerworld_files/swfobject.js HTTP/1.1" 200 25560
66.249.64.46 - - [24/Apr/2020:20:23:26 -0400] "GET /depository/////TOR/Tor%20Project%20flags%20Russian%20'exit%20node'%20server%20for%20delivering%20malware%20%20%20Computerworld_files/elqCfg.js HTTP/1.1" 200 3033
66.249.64.46 - - [24/Apr/2020:20:23:26 -0400] "GET /depository/////TOR/Tor%20Project%20flags%20Russian%20'exit%20node'%20server%20for%20delivering%20malware%20%20%20Computerworld_files/elqImg.js HTTP/1.1" 200 881
66.249.64.46 - - [24/Apr/2020:20:23:27 -0400] "GET /depository/////TOR/Tor%20Project%20flags%20Russian%20'exit%20node'%20server%20for%20delivering%20malware%20%20%20Computerworld_files/thm_pre.js HTTP/1.1" 200 8794
66.249.64.46 - - [24/Apr/2020:20:23:28 -0400] "GET /depository/////TOR/Tor%20Project%20flags%20Russian%20'exit%20node'%20server%20for%20delivering%20malware%20%20%20Computerworld_files/jquery-1.10.2.min.js HTTP/1.1" 200 93107
66.249.64.46 - - [24/Apr/2020:20:23:28 -0400] "GET /depository/////TOR/Tor%20Project%20flags%20Russian%20'exit%20node'%20server%20for%20delivering%20malware%20%20%20Computerworld_files/elqFCS.js HTTP/1.1" 200 1414
66.249.64.46 - - [24/Apr/2020:20:23:29 -0400] "GET /depository/////TOR/Tor%20Project%20flags%20Russian%20'exit%20node'%20server%20for%20delivering%20malware%20%20%20Computerworld_files/demandbase.js HTTP/1.1" 200 43
66.249.64.46 - - [24/Apr/2020:20:23:30 -0400] "GET /depository/////TOR/Tor%20Project%20flags%20Russian%20'exit%20node'%20server%20for%20delivering%20malware%20%20%20Computerworld_files/BrightcoveExperiences.js HTTP/1.1" 200 33142
66.249.64.46 - - [24/Apr/2020:20:23:30 -0400] "GET /depository/////TOR/Tor%20Project%20flags%20Russian%20'exit%20node'%20server%20for%20delivering%20malware%20%20%20Computerworld_files/respond.min.js HTTP/1.1" 200 4047
66.249.64.46 - - [24/Apr/2020:20:23:31 -0400] "GET /depository/////TOR/Tor%20Project%20flags%20Russian%20'exit%20node'%20server%20for%20delivering%20malware%20%20%20Computerworld_files/secureAnonymousFramework HTTP/1.1" 200 164551
66.249.64.46 - - [24/Apr/2020:20:23:32 -0400] "GET /depository/////TOR/Tor%20Project%20flags%20Russian%20'exit%20node'%20server%20for%20delivering%20malware%20%20%20Computerworld_files/elqScr.js HTTP/1.1" 200 411
66.249.64.46 - - [24/Apr/2020:20:23:32 -0400] "GET /depository/////TOR/Tor%20Project%20flags%20Russian%20'exit%20node'%20server%20for%20delivering%20malware%20%20%20Computerworld_files/svrGP(1).aspx HTTP/1.1" 200 79
66.249.64.46 - - [24/Apr/2020:20:23:33 -0400] "GET /depository/////TOR/Tor%20Project%20flags%20Russian%20'exit%20node'%20server%20for%20delivering%20malware%20%20%20Computerworld_files/elqIDG.js HTTP/1.1" 200 1215
66.249.64.46 - - [24/Apr/2020:20:23:33 -0400] "GET /depository/////TOR/Tor%20Project%20flags%20Russian%20'exit%20node'%20server%20for%20delivering%20malware%20%20%20Computerworld_files/button3.js HTTP/1.1" 200 1110
66.249.64.46 - - [24/Apr/2020:20:23:34 -0400] "GET /depository/////TOR/Tor%20Project%20flags%20Russian%20'exit%20node'%20server%20for%20delivering%20malware%20%20%20Computerworld_files/challenge HTTP/1.1" 200 11957
66.249.64.46 - - [24/Apr/2020:20:23:35 -0400] "GET /depository/////TOR/Tor%20Project%20flags%20Russian%20'exit%20node'%20server%20for%20delivering%20malware%20%20%20Computerworld_files/recaptcha.js HTTP/1.1" 200 116264
66.249.64.46 - - [24/Apr/2020:20:23:36 -0400] "GET /depository/////TOR/Tor%20Project%20flags%20Russian%20'exit%20node'%20server%20for%20delivering%20malware%20%20%20Computerworld_files/socialize.js HTTP/1.1" 200 138937
81.18.141.175 - - [24/Apr/2020:20:23:36 -0400] "GET /3/optic_32.htm HTTP/1.1" 200 48761
66.249.64.46 - - [24/Apr/2020:20:23:36 -0400] "GET /depository/////TOR/Tor%20Project%20flags%20Russian%20'exit%20node'%20server%20for%20delivering%20malware%20%20%20Computerworld_files/jquery-ui.js HTTP/1.1" 200 450159
66.249.64.46 - - [24/Apr/2020:20:23:38 -0400] "GET /depository/////TOR/Tor%20Project%20flags%20Russian%20'exit%20node'%20server%20for%20delivering%20malware%20%20%20Computerworld_files/jquery.dfp.min.js HTTP/1.1" 200 4583
66.249.64.46 - - [24/Apr/2020:20:23:38 -0400] "GET /depository/////TOR/Tor%20Project%20flags%20Russian%20'exit%20node'%20server%20for%20delivering%20malware%20%20%20Computerworld_files/FTScroller_plugins.js HTTP/1.1" 200 114395
66.249.64.46 - - [24/Apr/2020:20:23:39 -0400] "GET /depository/////TOR/Tor%20Project%20flags%20Russian%20'exit%20node'%20server%20for%20delivering%20malware%20%20%20Computerworld_files/jt-scrollable.min.js HTTP/1.1" 200 6103
66.249.64.46 - - [24/Apr/2020:20:23:39 -0400] "GET /depository/////TOR/Tor%20Project%20flags%20Russian%20'exit%20node'%20server%20for%20delivering%20malware%20%20%20Computerworld_files/shortstack_nav.js HTTP/1.1" 200 2898
