5.9.32.222 - - [24/Apr/2020:16:20:57 -0400] "GET /depository//////////newest_tech/Magnetic%20smart%20fabrics%20will%20store%20data%20in%20clothes%20_%20Network%20World_files/sponsored-links.htm HTTP/1.1" 200 6511
83.102.218.187 - - [24/Apr/2020:16:20:59 -0400] "GET /4/44/udp_442 HTTP/1.1" 200 20746
195.211.23.207 - - [24/Apr/2020:16:21:02 -0400] "GET /4/44/icmp_444.htm HTTP/1.1" 200 22694
5.9.32.222 - - [24/Apr/2020:16:21:02 -0400] "GET /depository//////////newest_tech/Magnetic%20smart%20fabrics%20will%20store%20data%20in%20clothes%20_%20Network%20World_files/t HTTP/1.1" 200 83
5.9.32.222 - - [24/Apr/2020:16:21:04 -0400] "GET /depository//////////newest_tech/Magnetic%20smart%20fabrics%20will%20store%20data%20in%20clothes%20_%20Network%20World_files/tag.aspx HTTP/1.1" 200 24053
5.9.32.222 - - [24/Apr/2020:16:21:06 -0400] "GET /depository//////////newest_tech/Magnetic%20smart%20fabrics%20will%20store%20data%20in%20clothes%20_%20Network%20World_files/u HTTP/1.1" 200 13
66.249.64.46 - - [24/Apr/2020:16:21:26 -0400] "GET /depository/rfcs/8200/rfc8297.txt HTTP/1.1" 200 13304
5.9.32.222 - - [24/Apr/2020:16:21:53 -0400] "GET /depository//////////newest_tech/Magnetic%20smart%20fabrics%20will%20store%20data%20in%20clothes%20_%20Network%20World_files/xpQdfwcpJP8.htm HTTP/1.1" 200 73095
5.9.32.222 - - [24/Apr/2020:16:22:02 -0400] "GET /depository//////////newest_tech/Magnetic%20smart%20fabrics%20will%20store%20data%20in%20clothes%20_%20Network%20World_files/xpQdfwcpJP8_data/ HTTP/1.1" 200 958
5.9.32.222 - - [24/Apr/2020:16:22:04 -0400] "GET /depository//////////newest_tech/Microchip%20implants%20help%20employees%20access%20data;%20experts%20worry%20about%20'slippery%20slope'%20for%20privacy%20-%20TechRepublic_files/BannerServer.htm HTTP/1.1" 200 8346
79.135.238.252 - - [24/Apr/2020:16:22:05 -0400] "GET /4/44/udp_442.htm HTTP/1.1" 200 20746
5.9.32.222 - - [24/Apr/2020:16:22:07 -0400] "GET /depository//////////newest_tech/Microchip%20implants%20help%20employees%20access%20data;%20experts%20worry%20about%20'slippery%20slope'%20for%20privacy%20-%20TechRepublic_files/MzI1ODk0OjE5MWExZWJiLWI3YWUtNGMxNS05M2QzLWM0MzcwOTRkZGU4Mw.json HTTP/1.1" 200 197
213.180.203.118 - - [24/Apr/2020:16:22:14 -0400] "GET /depository/ethernet/Reversing%20course%20%96%20single-pair%20Ethernet%20cabling%20is%20the%20future%20%20%20Network%20World_files/reversing-course-single-pair-ethernet-cabling-is-the-future__007/reversing-course-single-pair-ethernet-cabling-is-the-future.htm HTTP/1.1" 200 657
5.9.32.222 - - [24/Apr/2020:16:22:33 -0400] "GET /depository//////////newest_tech/Microchip%20implants%20help%20employees%20access%20data;%20experts%20worry%20about%20'slippery%20slope'%20for%20privacy%20-%20TechRepublic_files/a HTTP/1.1" 200 71563
5.9.32.222 - - [24/Apr/2020:16:22:36 -0400] "GET /depository//////////newest_tech/Microchip%20implants%20help%20employees%20access%20data;%20experts%20worry%20about%20'slippery%20slope'%20for%20privacy%20-%20TechRepublic_files/a.htm HTTP/1.1" 200 249
5.9.32.222 - - [24/Apr/2020:16:22:40 -0400] "GET /depository//////////newest_tech/Microchip%20implants%20help%20employees%20access%20data;%20experts%20worry%20about%20'slippery%20slope'%20for%20privacy%20-%20TechRepublic_files/a_002.htm HTTP/1.1" 200 440
5.9.32.222 - - [24/Apr/2020:16:22:41 -0400] "GET /depository//////////newest_tech/Microchip%20implants%20help%20employees%20access%20data;%20experts%20worry%20about%20'slippery%20slope'%20for%20privacy%20-%20TechRepublic_files/a_003.htm HTTP/1.1" 200 19957
5.9.32.222 - - [24/Apr/2020:16:22:44 -0400] "GET /depository//////////newest_tech/Microchip%20implants%20help%20employees%20access%20data;%20experts%20worry%20about%20'slippery%20slope'%20for%20privacy%20-%20TechRepublic_files/a_004.htm HTTP/1.1" 200 31912
5.9.32.222 - - [24/Apr/2020:16:22:47 -0400] "GET /depository//////////newest_tech/Microchip%20implants%20help%20employees%20access%20data;%20experts%20worry%20about%20'slippery%20slope'%20for%20privacy%20-%20TechRepublic_files/a_005.htm HTTP/1.1" 200 23502
5.9.32.222 - - [24/Apr/2020:16:22:49 -0400] "GET /depository//////////newest_tech/Microchip%20implants%20help%20employees%20access%20data;%20experts%20worry%20about%20'slippery%20slope'%20for%20privacy%20-%20TechRepublic_files/a_006.htm HTTP/1.1" 200 19983
5.9.32.222 - - [24/Apr/2020:16:22:53 -0400] "GET /depository//////////newest_tech/Microchip%20implants%20help%20employees%20access%20data;%20experts%20worry%20about%20'slippery%20slope'%20for%20privacy%20-%20TechRepublic_files/a_007.htm HTTP/1.1" 200 19990
95.72.17.120 - - [24/Apr/2020:16:22:53 -0400] "GET /6/i2p/i2p3C.bmp HTTP/1.1" 200 534630
95.72.17.120 - - [24/Apr/2020:16:22:53 -0400] "GET /6/i2p/i2p3B.bmp HTTP/1.1" 200 317070
95.72.17.120 - - [24/Apr/2020:16:22:53 -0400] "GET /6/i2p/i2p3.bmp HTTP/1.1" 200 445830
95.72.17.120 - - [24/Apr/2020:16:22:53 -0400] "GET /6/i2p/i2p3A.bmp HTTP/1.1" 200 251802
5.9.32.222 - - [24/Apr/2020:16:22:55 -0400] "GET /depository//////////newest_tech/Microchip%20implants%20help%20employees%20access%20data;%20experts%20worry%20about%20'slippery%20slope'%20for%20privacy%20-%20TechRepublic_files/a_008.htm HTTP/1.1" 200 445
5.9.32.222 - - [24/Apr/2020:16:22:57 -0400] "GET /depository//////////newest_tech/Microchip%20implants%20help%20employees%20access%20data;%20experts%20worry%20about%20'slippery%20slope'%20for%20privacy%20-%20TechRepublic_files/a_009.htm HTTP/1.1" 200 38910
5.9.32.222 - - [24/Apr/2020:16:22:58 -0400] "GET /depository//////////newest_tech/Microchip%20implants%20help%20employees%20access%20data;%20experts%20worry%20about%20'slippery%20slope'%20for%20privacy%20-%20TechRepublic_files/a_010.htm HTTP/1.1" 200 25806
5.9.32.222 - - [24/Apr/2020:16:23:00 -0400] "GET /depository//////////newest_tech/Microchip%20implants%20help%20employees%20access%20data;%20experts%20worry%20about%20'slippery%20slope'%20for%20privacy%20-%20TechRepublic_files/a_011.htm HTTP/1.1" 200 32107
150.255.34.85 - - [24/Apr/2020:16:23:02 -0400] "GET /content/data_base/DB_Karpova.htm HTTP/1.1" 200 338425
95.72.17.120 - - [24/Apr/2020:16:23:06 -0400] "GET /search1.htm HTTP/1.1" 200 17379
5.9.32.222 - - [24/Apr/2020:16:23:08 -0400] "GET /depository//////////newest_tech/Microchip%20implants%20help%20employees%20access%20data;%20experts%20worry%20about%20'slippery%20slope'%20for%20privacy%20-%20TechRepublic_files/a_012.htm HTTP/1.1" 200 25888
5.9.32.222 - - [24/Apr/2020:16:23:10 -0400] "GET /depository//////////newest_tech/Microchip%20implants%20help%20employees%20access%20data;%20experts%20worry%20about%20'slippery%20slope'%20for%20privacy%20-%20TechRepublic_files/a_013.htm HTTP/1.1" 200 19966
5.9.32.222 - - [24/Apr/2020:16:23:12 -0400] "GET /depository//////////newest_tech/Microchip%20implants%20help%20employees%20access%20data;%20experts%20worry%20about%20'slippery%20slope'%20for%20privacy%20-%20TechRepublic_files/a_014.htm HTTP/1.1" 200 25808
5.9.32.222 - - [24/Apr/2020:16:23:16 -0400] "GET /depository//////////newest_tech/Microchip%20implants%20help%20employees%20access%20data;%20experts%20worry%20about%20'slippery%20slope'%20for%20privacy%20-%20TechRepublic_files/a_015.htm HTTP/1.1" 200 23572
5.9.32.222 - - [24/Apr/2020:16:23:29 -0400] "GET /depository//////////newest_tech/Microchip%20implants%20help%20employees%20access%20data;%20experts%20worry%20about%20'slippery%20slope'%20for%20privacy%20-%20TechRepublic_files/a_016.htm HTTP/1.1" 200 108
66.249.64.50 - - [24/Apr/2020:16:23:30 -0400] "GET /Mifi_chair_91.pdf HTTP/1.1" 304 -
5.9.32.222 - - [24/Apr/2020:16:23:31 -0400] "GET /depository//////////newest_tech/Microchip%20implants%20help%20employees%20access%20data;%20experts%20worry%20about%20'slippery%20slope'%20for%20privacy%20-%20TechRepublic_files/a_017.htm HTTP/1.1" 200 108
5.9.32.222 - - [24/Apr/2020:16:23:33 -0400] "GET /depository//////////newest_tech/Microchip%20implants%20help%20employees%20access%20data;%20experts%20worry%20about%20'slippery%20slope'%20for%20privacy%20-%20TechRepublic_files/a_018.htm HTTP/1.1" 200 1496
188.19.155.242 - - [24/Apr/2020:16:23:34 -0400] "GET /4/44/l2pr.htm HTTP/1.1" 200 142474
5.9.32.222 - - [24/Apr/2020:16:23:38 -0400] "GET /depository//////////newest_tech/Microchip%20implants%20help%20employees%20access%20data;%20experts%20worry%20about%20'slippery%20slope'%20for%20privacy%20-%20TechRepublic_files/a_019.htm HTTP/1.1" 200 108
5.9.32.222 - - [24/Apr/2020:16:23:40 -0400] "GET /depository//////////newest_tech/Microchip%20implants%20help%20employees%20access%20data;%20experts%20worry%20about%20'slippery%20slope'%20for%20privacy%20-%20TechRepublic_files/a_020.htm HTTP/1.1" 200 108
5.9.32.222 - - [24/Apr/2020:16:23:48 -0400] "GET /depository//////////newest_tech/Microchip%20implants%20help%20employees%20access%20data;%20experts%20worry%20about%20'slippery%20slope'%20for%20privacy%20-%20TechRepublic_files/a_021.htm HTTP/1.1" 200 108
5.9.32.222 - - [24/Apr/2020:16:23:52 -0400] "GET /depository//////////newest_tech/Microchip%20implants%20help%20employees%20access%20data;%20experts%20worry%20about%20'slippery%20slope'%20for%20privacy%20-%20TechRepublic_files/a_data/ HTTP/1.1" 200 819
176.118.166.51 - - [24/Apr/2020:16:23:54 -0400] "GET /4/44/tcp_443.htm HTTP/1.1" 200 61723
5.9.32.222 - - [24/Apr/2020:16:23:55 -0400] "GET /depository//////////newest_tech/Microchip%20implants%20help%20employees%20access%20data;%20experts%20worry%20about%20'slippery%20slope'%20for%20privacy%20-%20TechRepublic_files/a_data_002/ HTTP/1.1" 200 787
5.9.32.222 - - [24/Apr/2020:16:23:57 -0400] "GET /depository//////////newest_tech/Microchip%20implants%20help%20employees%20access%20data;%20experts%20worry%20about%20'slippery%20slope'%20for%20privacy%20-%20TechRepublic_files/a_data_003/ HTTP/1.1" 200 743
46.188.125.50 - - [24/Apr/2020:16:24:42 -0400] "GET /10/ascii.htm HTTP/1.1" 200 36979
5.142.8.46 - - [24/Apr/2020:16:24:44 -0400] "GET /4/44/icmp_444.htm HTTP/1.1" 200 22694
46.229.168.152 - - [24/Apr/2020:16:24:46 -0400] "GET /depository/analytics/8%20big%20trends%20in%20big%20data%20analytics%20_%20Computerworld_files/container_data_002/s.htm HTTP/1.1" 200 107
176.59.73.43 - - [24/Apr/2020:16:25:07 -0400] "GET /10/ascii.htm HTTP/1.1" 200 36979
95.85.39.110 - - [24/Apr/2020:16:25:13 -0400] "GET /depository/big_data/Growth_Challenges.pdf HTTP/1.1" 200 653382
82.194.37.50 - - [24/Apr/2020:16:25:13 -0400] "GET /depository/big_data/Growth_Challenges.pdf HTTP/1.1" 200 653382
95.72.17.120 - - [24/Apr/2020:16:25:14 -0400] "GET /2/26/comp_26.htm HTTP/1.1" 200 15588
95.72.17.120 - - [24/Apr/2020:16:25:17 -0400] "GET /2/26/fano_264.htm HTTP/1.1" 200 3723
5.129.211.30 - - [24/Apr/2020:16:25:21 -0400] "GET /10/ascii.htm HTTP/1.1" 200 36979
188.163.115.82 - - [24/Apr/2020:16:25:45 -0400] "GET /4/4/mime.htm HTTP/1.1" 200 218948
95.72.17.120 - - [24/Apr/2020:16:25:57 -0400] "GET /3/ppp_35.htm HTTP/1.1" 200 22561
95.72.17.120 - - [24/Apr/2020:16:26:13 -0400] "GET /4/44/m_polit.htm HTTP/1.1" 200 15196
178.66.230.172 - - [24/Apr/2020:16:26:43 -0400] "GET /4/44/udp_442.htm HTTP/1.1" 200 20746
95.72.17.120 - - [24/Apr/2020:16:26:44 -0400] "GET /10/sem_net.htm HTTP/1.1" 200 14579
213.180.203.118 - - [24/Apr/2020:16:26:44 -0400] "GET /depository/security/malware/Malware_trends_rise_of_cross-platform_malware_Information_Security.mht HTTP/1.1" 200 761317
114.119.160.250 - - [24/Apr/2020:16:27:21 -0400] "GET /depository/quant_comp/Here%27s%20why%20Microsoft%20is%20%27all-in%27%20on%20quantum%20computing%20-%20TechRepublic_files/a_data_007/a.htm HTTP/1.1" 200 108
95.72.17.120 - - [24/Apr/2020:16:27:22 -0400] "GET //gainsboro HTTP/1.1" 404 207
95.72.17.120 - - [24/Apr/2020:16:27:24 -0400] "GET /1/problems.htm HTTP/1.1" 200 15936
157.55.39.139 - - [24/Apr/2020:16:27:37 -0400] "GET /4/45/arch4513.htm HTTP/1.1" 200 21216
5.9.32.222 - - [24/Apr/2020:16:27:37 -0400] "GET /depository//////////newest_tech/Microchip%20implants%20help%20employees%20access%20data;%20experts%20worry%20about%20'slippery%20slope'%20for%20privacy%20-%20TechRepublic_files/a_data_004/ HTTP/1.1" 200 815
5.9.32.222 - - [24/Apr/2020:16:27:41 -0400] "GET /depository//////////newest_tech/Microchip%20implants%20help%20employees%20access%20data;%20experts%20worry%20about%20'slippery%20slope'%20for%20privacy%20-%20TechRepublic_files/a_data_005/ HTTP/1.1" 200 819
5.9.32.222 - - [24/Apr/2020:16:27:42 -0400] "GET /depository//////////newest_tech/Microchip%20implants%20help%20employees%20access%20data;%20experts%20worry%20about%20'slippery%20slope'%20for%20privacy%20-%20TechRepublic_files/a_data_006/ HTTP/1.1" 200 743
5.9.32.222 - - [24/Apr/2020:16:27:48 -0400] "GET /depository//////////newest_tech/Microchip%20implants%20help%20employees%20access%20data;%20experts%20worry%20about%20'slippery%20slope'%20for%20privacy%20-%20TechRepublic_files/a_data_007/ HTTP/1.1" 200 743
5.9.32.222 - - [24/Apr/2020:16:27:50 -0400] "GET /depository//////////newest_tech/Microchip%20implants%20help%20employees%20access%20data;%20experts%20worry%20about%20'slippery%20slope'%20for%20privacy%20-%20TechRepublic_files/a_data_008/ HTTP/1.1" 200 745
5.9.32.222 - - [24/Apr/2020:16:27:53 -0400] "GET /depository//////////newest_tech/Microchip%20implants%20help%20employees%20access%20data;%20experts%20worry%20about%20'slippery%20slope'%20for%20privacy%20-%20TechRepublic_files/a_data_009/ HTTP/1.1" 200 779
5.9.32.222 - - [24/Apr/2020:16:27:55 -0400] "GET /depository//////////newest_tech/Microchip%20implants%20help%20employees%20access%20data;%20experts%20worry%20about%20'slippery%20slope'%20for%20privacy%20-%20TechRepublic_files/a_data_010/ HTTP/1.1" 200 917
5.9.32.222 - - [24/Apr/2020:16:27:58 -0400] "GET /depository//////////newest_tech/Microchip%20implants%20help%20employees%20access%20data;%20experts%20worry%20about%20'slippery%20slope'%20for%20privacy%20-%20TechRepublic_files/a_data_011/ HTTP/1.1" 200 1029
5.9.32.222 - - [24/Apr/2020:16:28:01 -0400] "GET /depository//////////newest_tech/Microchip%20implants%20help%20employees%20access%20data;%20experts%20worry%20about%20'slippery%20slope'%20for%20privacy%20-%20TechRepublic_files/a_data_012/ HTTP/1.1" 200 1025
5.9.32.222 - - [24/Apr/2020:16:28:38 -0400] "GET /depository//////////newest_tech/Microchip%20implants%20help%20employees%20access%20data;%20experts%20worry%20about%20'slippery%20slope'%20for%20privacy%20-%20TechRepublic_files/a_data_013/ HTTP/1.1" 200 743
188.163.49.33 - - [24/Apr/2020:16:28:39 -0400] "GET /depository/blockchain/blockchain-by-melanie-swan.pdf HTTP/1.1" 200 3392796
5.9.32.222 - - [24/Apr/2020:16:28:53 -0400] "GET /depository//////////newest_tech/Microchip%20implants%20help%20employees%20access%20data;%20experts%20worry%20about%20'slippery%20slope'%20for%20privacy%20-%20TechRepublic_files/a_data_014/ HTTP/1.1" 200 1001
5.9.32.222 - - [24/Apr/2020:16:28:57 -0400] "GET /depository//////////newest_tech/Microchip%20implants%20help%20employees%20access%20data;%20experts%20worry%20about%20'slippery%20slope'%20for%20privacy%20-%20TechRepublic_files/a_data_015/ HTTP/1.1" 200 977
46.229.168.129 - - [24/Apr/2020:16:28:57 -0400] "GET /depository/newest_tech/2015_tech_trends_to_watch_Smartwatches_algorithms_glance_media_and_more.htm HTTP/1.1" 200 111571
41.223.118.70 - - [24/Apr/2020:16:29:14 -0400] "GET /depository/data_protection/AST-0147702_WP_TopTen_Database_Threats.pdf HTTP/1.1" 200 202837
82.79.232.17 - - [24/Apr/2020:16:29:48 -0400] "GET /depository/mobile/Mobile%20operators%20ready%20to%20embrace%20Wi-Fi.mht HTTP/1.1" 200 1239619
213.180.203.118 - - [24/Apr/2020:16:29:51 -0400] "GET / HTTP/1.1" 200 322
82.79.232.17 - - [24/Apr/2020:16:29:51 -0400] "POST /depository/mobile/Mobile%20operators%20ready%20to%20embrace%20Wi-Fi.mht/trackback/ HTTP/1.1" 404 270
178.154.200.190 - - [24/Apr/2020:16:29:52 -0400] "GET /1/intro1.htm HTTP/1.1" 200 77738
95.72.17.120 - - [24/Apr/2020:16:29:55 -0400] "GET //gainsboro HTTP/1.1" 404 207
5.9.32.222 - - [24/Apr/2020:16:30:00 -0400] "GET /depository//////////newest_tech/Microchip%20implants%20help%20employees%20access%20data;%20experts%20worry%20about%20'slippery%20slope'%20for%20privacy%20-%20TechRepublic_files/ads HTTP/1.1" 200 245717
5.9.32.222 - - [24/Apr/2020:16:30:09 -0400] "GET /depository//////////newest_tech/Microchip%20implants%20help%20employees%20access%20data;%20experts%20worry%20about%20'slippery%20slope'%20for%20privacy%20-%20TechRepublic_files/bridge3.htm HTTP/1.1" 200 544427
5.9.32.222 - - [24/Apr/2020:16:30:13 -0400] "GET /depository//////////newest_tech/Microchip%20implants%20help%20employees%20access%20data;%20experts%20worry%20about%20'slippery%20slope'%20for%20privacy%20-%20TechRepublic_files/bridge3_data/ HTTP/1.1" 200 883
46.229.168.135 - - [24/Apr/2020:16:30:14 -0400] "GET /depository/bitcoin/Russian%20hackers%20intercept%20Amazon%20DNS,%20steal%20$160K%20in%20cryptocurrency%20-%20TechRepublic_files/a_009.htm HTTP/1.1" 200 31018
5.9.32.222 - - [24/Apr/2020:16:30:15 -0400] "GET /depository//////////newest_tech/Microchip%20implants%20help%20employees%20access%20data;%20experts%20worry%20about%20'slippery%20slope'%20for%20privacy%20-%20TechRepublic_files/cygnus HTTP/1.1" 200 4072
5.9.32.222 - - [24/Apr/2020:16:30:17 -0400] "GET /depository//////////newest_tech/Microchip%20implants%20help%20employees%20access%20data;%20experts%20worry%20about%20'slippery%20slope'%20for%20privacy%20-%20TechRepublic_files/dest5.htm HTTP/1.1" 200 6954
5.9.32.222 - - [24/Apr/2020:16:30:19 -0400] "GET /depository//////////newest_tech/Microchip%20implants%20help%20employees%20access%20data;%20experts%20worry%20about%20'slippery%20slope'%20for%20privacy%20-%20TechRepublic_files/dest5_002.htm HTTP/1.1" 200 6954
5.9.32.222 - - [24/Apr/2020:16:30:22 -0400] "GET /depository//////////newest_tech/Microchip%20implants%20help%20employees%20access%20data;%20experts%20worry%20about%20'slippery%20slope'%20for%20privacy%20-%20TechRepublic_files/event HTTP/1.1" 200 1939
5.9.32.222 - - [24/Apr/2020:16:30:25 -0400] "GET /depository//////////newest_tech/Microchip%20implants%20help%20employees%20access%20data;%20experts%20worry%20about%20'slippery%20slope'%20for%20privacy%20-%20TechRepublic_files/event_002 HTTP/1.1" 200 1939
185.165.160.180 - - [24/Apr/2020:16:31:22 -0400] "GET /4/44/tcp_443.htm HTTP/1.1" 200 61723
37.21.201.8 - - [24/Apr/2020:16:31:37 -0400] "GET /10/ascii.htm HTTP/1.1" 200 36979
213.180.203.118 - - [24/Apr/2020:16:31:37 -0400] "GET /depository/annuals/The%20most%20innovative%20and%20damaging%20hacks%20of%202015%20_%20InfoWorld_files/twitter.svg HTTP/1.1" 200 1128
213.180.203.118 - - [24/Apr/2020:16:31:41 -0400] "GET /depository/i2p/Tunnel%20Implementation%20-%20I2P.mht HTTP/1.1" 200 98217
95.72.17.120 - - [24/Apr/2020:16:31:41 -0400] "GET /1/intro1.htm HTTP/1.1" 200 77738
95.72.17.120 - - [24/Apr/2020:16:31:42 -0400] "GET /1/intro1.htm HTTP/1.1" 200 77738
95.72.17.120 - - [24/Apr/2020:16:31:43 -0400] "GET /1/pict.1/ HTTP/1.1" 200 2688
95.72.17.120 - - [24/Apr/2020:16:31:43 -0400] "GET /1/problems.htm HTTP/1.1" 200 15936
95.72.17.120 - - [24/Apr/2020:16:31:43 -0400] "GET /1/subject.htm HTTP/1.1" 200 169503
95.72.17.120 - - [24/Apr/2020:16:31:43 -0400] "GET /1/it_history.htm HTTP/1.1" 200 21326
95.72.17.120 - - [24/Apr/2020:16:31:43 -0400] "GET /css/ HTTP/1.1" 200 394
95.72.17.120 - - [24/Apr/2020:16:31:43 -0400] "GET /1/intr_1.htm HTTP/1.1" 200 112611
95.72.17.120 - - [24/Apr/2020:16:31:43 -0400] "GET /1/deposi.htm HTTP/1.1" 200 28085
95.72.17.120 - - [24/Apr/2020:16:31:50 -0400] "GET /1/conf/ HTTP/1.1" 200 506
202.134.10.129 - - [24/Apr/2020:16:32:35 -0400] "GET /3/serial/ HTTP/1.1" 200 264
5.9.32.222 - - [24/Apr/2020:16:32:43 -0400] "GET /depository//////////newest_tech/Microchip%20implants%20help%20employees%20access%20data;%20experts%20worry%20about%20'slippery%20slope'%20for%20privacy%20-%20TechRepublic_files/event_002 HTTP/1.1" 200 1939
5.9.32.222 - - [24/Apr/2020:16:32:52 -0400] "GET /depository//////////newest_tech/Microchip%20implants%20help%20employees%20access%20data;%20experts%20worry%20about%20'slippery%20slope'%20for%20privacy%20-%20TechRepublic_files/event_002 HTTP/1.1" 200 1939
5.9.32.222 - - [24/Apr/2020:16:32:53 -0400] "GET /depository//////////newest_tech/Microchip%20implants%20help%20employees%20access%20data;%20experts%20worry%20about%20'slippery%20slope'%20for%20privacy%20-%20TechRepublic_files/id HTTP/1.1" 200 1842
5.9.32.222 - - [24/Apr/2020:16:32:54 -0400] "GET /depository//////////newest_tech/Microchip%20implants%20help%20employees%20access%20data;%20experts%20worry%20about%20'slippery%20slope'%20for%20privacy%20-%20TechRepublic_files/id_002 HTTP/1.1" 200 1841
5.9.32.222 - - [24/Apr/2020:16:32:55 -0400] "GET /depository//////////newest_tech/Microchip%20implants%20help%20employees%20access%20data;%20experts%20worry%20about%20'slippery%20slope'%20for%20privacy%20-%20TechRepublic_files/identity.htm HTTP/1.1" 200 8708
5.9.32.222 - - [24/Apr/2020:16:32:58 -0400] "GET /depository//////////newest_tech/Microchip%20implants%20help%20employees%20access%20data;%20experts%20worry%20about%20'slippery%20slope'%20for%20privacy%20-%20TechRepublic_files/identity_data/ HTTP/1.1" 200 759
5.9.32.222 - - [24/Apr/2020:16:32:59 -0400] "GET /depository//////////newest_tech/Microchip%20implants%20help%20employees%20access%20data;%20experts%20worry%20about%20'slippery%20slope'%20for%20privacy%20-%20TechRepublic_files/ls.htm HTTP/1.1" 200 7928
5.9.32.222 - - [24/Apr/2020:16:33:00 -0400] "GET /depository//////////newest_tech/Microchip%20implants%20help%20employees%20access%20data;%20experts%20worry%20about%20'slippery%20slope'%20for%20privacy%20-%20TechRepublic_files/tag.aspx HTTP/1.1" 200 24069
5.9.32.222 - - [24/Apr/2020:16:33:02 -0400] "GET /depository//////////newest_tech/Microchip%20implants%20help%20employees%20access%20data;%20experts%20worry%20about%20'slippery%20slope'%20for%20privacy%20-%20TechRepublic_files/tboptevent.htm HTTP/1.1" 200 3624
5.9.32.222 - - [24/Apr/2020:16:33:09 -0400] "GET /depository//////////newest_tech/Microchip%20implants%20help%20employees%20access%20data;%20experts%20worry%20about%20'slippery%20slope'%20for%20privacy%20-%20TechRepublic_files/tboptevent_002.htm HTTP/1.1" 200 3624
5.18.206.180 - - [24/Apr/2020:16:33:10 -0400] "GET /10/ascii.htm HTTP/1.1" 200 36979
213.180.203.118 - - [24/Apr/2020:16:33:11 -0400] "GET /4/44/nd/ipv6_ndet9.cdr HTTP/1.1" 200 16734
5.9.32.222 - - [24/Apr/2020:16:33:19 -0400] "GET /depository//////////newest_tech/Micron%20reveals%20marketing%20details%20about%203D%20XPoint%20memory%20QuantX%20%20Computerworld_files/container.htm HTTP/1.1" 200 4082
5.9.32.222 - - [24/Apr/2020:16:33:23 -0400] "GET /depository//////////newest_tech/Micron%20reveals%20marketing%20details%20about%203D%20XPoint%20memory%20QuantX%20%20Computerworld_files/container_files/ HTTP/1.1" 200 752
213.180.203.118 - - [24/Apr/2020:16:33:23 -0400] "GET /depository/rfcs/2300/rfc2374.txt HTTP/1.1" 200 25743
5.9.32.222 - - [24/Apr/2020:16:33:25 -0400] "GET /depository//////////newest_tech/Micron%20reveals%20marketing%20details%20about%203D%20XPoint%20memory%20QuantX%20%20Computerworld_files/template.htm HTTP/1.1" 200 370
178.155.6.106 - - [24/Apr/2020:16:33:29 -0400] "GET /4/net_4.htm HTTP/1.1" 200 99981
66.249.64.50 - - [24/Apr/2020:16:34:23 -0400] "GET /depository/rfcs/8200/rfc8256.txt HTTP/1.1" 200 34053
179.61.164.232 - - [24/Apr/2020:16:34:28 -0400] "GET /depository/mptcp/CAIA-TR-130424A.pdf HTTP/1.0" 200 382560
213.180.203.118 - - [24/Apr/2020:16:34:31 -0400] "GET /depository/recovery/Disaster_Recovery_Planning_3_of_3.htm HTTP/1.1" 200 12130
92.241.9.162 - - [24/Apr/2020:16:34:48 -0400] "GET /10/time1022.htm HTTP/1.1" 200 3267
5.9.32.222 - - [24/Apr/2020:16:34:58 -0400] "GET /depository//////////newest_tech/Micron%20ships%2016nm%20node%20SSDs,%20cheapest%20price%20yet%20%20Computerworld%20files/14339 HTTP/1.1" 200 43
5.9.32.222 - - [24/Apr/2020:16:35:07 -0400] "GET /depository//////////newest_tech/Micron%20ships%2016nm%20node%20SSDs,%20cheapest%20price%20yet%20%20Computerworld%20files/ZEbdHPQfV3x(1).htm HTTP/1.1" 200 27332
5.9.32.222 - - [24/Apr/2020:16:35:10 -0400] "GET /depository//////////newest_tech/Micron%20ships%2016nm%20node%20SSDs,%20cheapest%20price%20yet%20%20Computerworld%20files/ZEbdHPQfV3x.htm HTTP/1.1" 200 27308
5.9.32.222 - - [24/Apr/2020:16:35:15 -0400] "GET /depository//////////newest_tech/Micron%20ships%2016nm%20node%20SSDs,%20cheapest%20price%20yet%20%20Computerworld%20files/button3.htm HTTP/1.1" 200 8554
5.9.32.222 - - [24/Apr/2020:16:35:17 -0400] "GET /depository//////////newest_tech/Micron%20ships%2016nm%20node%20SSDs,%20cheapest%20price%20yet%20%20Computerworld%20files/cb=gapi.loaded_0 HTTP/1.1" 200 113219
5.9.32.222 - - [24/Apr/2020:16:35:26 -0400] "GET /depository//////////newest_tech/Micron%20ships%2016nm%20node%20SSDs,%20cheapest%20price%20yet%20%20Computerworld%20files/cb=gapi.loaded_1 HTTP/1.1" 200 54176
5.9.32.222 - - [24/Apr/2020:16:35:32 -0400] "GET /depository//////////newest_tech/Micron%20ships%2016nm%20node%20SSDs,%20cheapest%20price%20yet%20%20Computerworld%20files/controltag HTTP/1.1" 200 7794
5.9.32.222 - - [24/Apr/2020:16:35:34 -0400] "GET /depository//////////newest_tech/Micron%20ships%2016nm%20node%20SSDs,%20cheapest%20price%20yet%20%20Computerworld%20files/controltag.js.f99670595ccd46c65a517672ea749179 HTTP/1.1" 200 101482
5.9.32.222 - - [24/Apr/2020:16:35:36 -0400] "GET /depository//////////newest_tech/Micron%20ships%2016nm%20node%20SSDs,%20cheapest%20price%20yet%20%20Computerworld%20files/count.json HTTP/1.1" 200 150
5.9.32.222 - - [24/Apr/2020:16:35:39 -0400] "GET /depository//////////newest_tech/Micron%20ships%2016nm%20node%20SSDs,%20cheapest%20price%20yet%20%20Computerworld%20files/fastbutton.htm HTTP/1.1" 200 30857
207.46.13.25 - - [24/Apr/2020:16:35:49 -0400] "GET /4/41/i802_418.htm HTTP/1.1" 200 53634
5.9.32.222 - - [24/Apr/2020:16:35:50 -0400] "GET /depository//////////newest_tech/Micron%20ships%2016nm%20node%20SSDs,%20cheapest%20price%20yet%20%20Computerworld%20files/hub(1).htm HTTP/1.1" 200 26183
5.9.32.222 - - [24/Apr/2020:16:35:53 -0400] "GET /depository//////////newest_tech/Micron%20ships%2016nm%20node%20SSDs,%20cheapest%20price%20yet%20%20Computerworld%20files/hub.htm HTTP/1.1" 200 26182
5.9.32.222 - - [24/Apr/2020:16:35:56 -0400] "GET /depository//////////newest_tech/Micron%20ships%2016nm%20node%20SSDs,%20cheapest%20price%20yet%20%20Computerworld%20files/ip.json HTTP/1.1" 200 524
85.208.96.15 - - [24/Apr/2020:16:35:57 -0400] "GET /depository/security/meltdown/Patching_Windows_for_Spectre_and_Meltdown_A_complete_guide.htm HTTP/1.1" 200 238932
5.9.32.222 - - [24/Apr/2020:16:35:58 -0400] "GET /depository//////////newest_tech/Micron%20ships%2016nm%20node%20SSDs,%20cheapest%20price%20yet%20%20Computerworld%20files/like.htm HTTP/1.1" 200 19490
5.9.32.222 - - [24/Apr/2020:16:36:00 -0400] "GET /depository//////////newest_tech/Micron%20ships%2016nm%20node%20SSDs,%20cheapest%20price%20yet%20%20Computerworld%20files/optout_check HTTP/1.1" 200 90
5.9.32.222 - - [24/Apr/2020:16:36:03 -0400] "GET /depository//////////newest_tech/Micron%20ships%2016nm%20node%20SSDs,%20cheapest%20price%20yet%20%20Computerworld%20files/ping.htm HTTP/1.1" 200 2443
116.86.150.186 - - [24/Apr/2020:16:36:06 -0400] "GET /depository/open_flow/SDN%20in%202014%20%20A%20year%20of%20non-stop%20action%20%20%20ITworld_files/ HTTP/1.1" 200 5953
5.9.32.222 - - [24/Apr/2020:16:36:16 -0400] "GET /depository//////////newest_tech/Micron%20ships%2016nm%20node%20SSDs,%20cheapest%20price%20yet%20%20Computerworld%20files/postmessageRelay.htm HTTP/1.1" 200 706
5.9.32.222 - - [24/Apr/2020:16:36:19 -0400] "GET /depository//////////newest_tech/Micron%20ships%2016nm%20node%20SSDs,%20cheapest%20price%20yet%20%20Computerworld%20files/saved_resource HTTP/1.1" 200 14
5.101.18.242 - - [24/Apr/2020:16:36:19 -0400] "GET /10/ascii.htm HTTP/1.1" 200 36979
5.9.32.222 - - [24/Apr/2020:16:36:21 -0400] "GET /depository//////////newest_tech/Micron%20ships%2016nm%20node%20SSDs,%20cheapest%20price%20yet%20%20Computerworld%20files/saved_resource.htm HTTP/1.1" 200 1495
114.119.160.250 - - [24/Apr/2020:16:36:22 -0400] "GET /depository/quant_comp/Inside%20Microsoft%92s%20quantum%20computing%20world%20_%20InfoWorld_files/inside-microsofts-quantum-computing-world_data_005/format.js HTTP/1.1" 200 189122
5.9.32.222 - - [24/Apr/2020:16:36:24 -0400] "GET /depository//////////newest_tech/Micron%20ships%2016nm%20node%20SSDs,%20cheapest%20price%20yet%20%20Computerworld%20files/secureAnonymousFramework HTTP/1.1" 200 164551
5.9.32.222 - - [24/Apr/2020:16:36:33 -0400] "GET /depository//////////newest_tech/Micron%20ships%2016nm%20node%20SSDs,%20cheapest%20price%20yet%20%20Computerworld%20files/sso.htm HTTP/1.1" 200 10271
5.9.32.222 - - [24/Apr/2020:16:36:38 -0400] "GET /depository//////////newest_tech/Micron%20ships%2016nm%20node%20SSDs,%20cheapest%20price%20yet%20%20Computerworld%20files/svrGP(1).aspx HTTP/1.1" 200 79
5.9.32.222 - - [24/Apr/2020:16:36:39 -0400] "GET /depository//////////newest_tech/Micron%20ships%2016nm%20node%20SSDs,%20cheapest%20price%20yet%20%20Computerworld%20files/svrGP.aspx HTTP/1.1" 200 49
31.134.191.91 - - [24/Apr/2020:16:36:41 -0400] "GET /10/ascii.htm HTTP/1.1" 200 36979
5.9.32.222 - - [24/Apr/2020:16:36:41 -0400] "GET /depository//////////newest_tech/Micron%20ships%2016nm%20node%20SSDs,%20cheapest%20price%20yet%20%20Computerworld%20files/svrGP.htm HTTP/1.1" 200 454
5.9.32.222 - - [24/Apr/2020:16:36:43 -0400] "GET /depository//////////newest_tech/Micron%20ships%2016nm%20node%20SSDs,%20cheapest%20price%20yet%20%20Computerworld%20files/tweet_button.1410989646.htm HTTP/1.1" 200 72311
5.9.32.222 - - [24/Apr/2020:16:37:16 -0400] "GET /depository//////////newest_tech/Microsoft%20launches%20undersea,%20free-cooling%20data%20center%20%20%20Network%20World_files/1 HTTP/1.1" 200 60
5.9.32.222 - - [24/Apr/2020:16:37:18 -0400] "GET /depository//////////newest_tech/Microsoft%20launches%20undersea,%20free-cooling%20data%20center%20%20%20Network%20World_files/14351_data/ HTTP/1.1" 200 604
5.9.32.222 - - [24/Apr/2020:16:37:23 -0400] "GET /depository//////////newest_tech/Microsoft%20launches%20undersea,%20free-cooling%20data%20center%20%20%20Network%20World_files/ADTECH HTTP/1.1" 200 65
5.9.32.222 - - [24/Apr/2020:16:37:25 -0400] "GET /depository//////////newest_tech/Microsoft%20launches%20undersea,%20free-cooling%20data%20center%20%20%20Network%20World_files/ADTECH_002 HTTP/1.1" 200 63
5.9.32.222 - - [24/Apr/2020:16:37:29 -0400] "GET /depository//////////newest_tech/Microsoft%20launches%20undersea,%20free-cooling%20data%20center%20%20%20Network%20World_files/ADTECH_003 HTTP/1.1" 200 65
176.52.5.157 - - [24/Apr/2020:16:37:30 -0400] "GET /10/ascii.htm HTTP/1.1" 200 36979
5.9.32.222 - - [24/Apr/2020:16:37:34 -0400] "GET /depository//////////newest_tech/Microsoft%20launches%20undersea,%20free-cooling%20data%20center%20%20%20Network%20World_files/ADTECH_004 HTTP/1.1" 200 66
188.255.54.163 - - [24/Apr/2020:16:37:37 -0400] "GET /3/optic_32.htm HTTP/1.1" 200 48761
5.9.32.222 - - [24/Apr/2020:16:37:37 -0400] "GET /depository//////////newest_tech/Microsoft%20launches%20undersea,%20free-cooling%20data%20center%20%20%20Network%20World_files/ADTECH_005 HTTP/1.1" 200 65
5.9.32.222 - - [24/Apr/2020:16:37:38 -0400] "GET /depository//////////newest_tech/Microsoft%20launches%20undersea,%20free-cooling%20data%20center%20%20%20Network%20World_files/ADTECH_006 HTTP/1.1" 200 65
213.180.203.118 - - [24/Apr/2020:16:37:40 -0400] "GET /depository/rfcs/8300/rfc8338.txt HTTP/1.1" 200 40886
5.9.32.222 - - [24/Apr/2020:16:37:43 -0400] "GET /depository//////////newest_tech/Microsoft%20launches%20undersea,%20free-cooling%20data%20center%20%20%20Network%20World_files/ADTECH_007 HTTP/1.1" 200 66
5.9.32.222 - - [24/Apr/2020:16:37:45 -0400] "GET /depository//////////newest_tech/Microsoft%20launches%20undersea,%20free-cooling%20data%20center%20%20%20Network%20World_files/ADTECH_008 HTTP/1.1" 200 65
5.9.32.222 - - [24/Apr/2020:16:37:46 -0400] "GET /depository//////////newest_tech/Microsoft%20launches%20undersea,%20free-cooling%20data%20center%20%20%20Network%20World_files/ADTECH_009 HTTP/1.1" 200 66
5.9.32.222 - - [24/Apr/2020:16:37:47 -0400] "GET /depository//////////newest_tech/Microsoft%20launches%20undersea,%20free-cooling%20data%20center%20%20%20Network%20World_files/ADTECH_010 HTTP/1.1" 200 66
5.9.32.222 - - [24/Apr/2020:16:37:49 -0400] "GET /depository//////////newest_tech/Microsoft%20launches%20undersea,%20free-cooling%20data%20center%20%20%20Network%20World_files/ADTECH_011 HTTP/1.1" 200 66
5.9.32.222 - - [24/Apr/2020:16:37:51 -0400] "GET /depository//////////newest_tech/Microsoft%20launches%20undersea,%20free-cooling%20data%20center%20%20%20Network%20World_files/ADTECH_012 HTTP/1.1" 200 65
5.9.32.222 - - [24/Apr/2020:16:38:13 -0400] "GET /depository//////////newest_tech/Microsoft%20launches%20undersea,%20free-cooling%20data%20center%20%20%20Network%20World_files/ADTECH_013 HTTP/1.1" 200 66
5.9.32.222 - - [24/Apr/2020:16:38:16 -0400] "GET /depository//////////newest_tech/Microsoft%20launches%20undersea,%20free-cooling%20data%20center%20%20%20Network%20World_files/ADTECH_014 HTTP/1.1" 200 65
5.9.32.222 - - [24/Apr/2020:16:38:20 -0400] "GET /depository//////////newest_tech/Microsoft%20launches%20undersea,%20free-cooling%20data%20center%20%20%20Network%20World_files/ADTECH_015 HTTP/1.1" 200 65
5.199.200.215 - - [24/Apr/2020:16:38:21 -0400] "GET /4/4/dhcp.htm HTTP/1.1" 200 105914
5.9.32.222 - - [24/Apr/2020:16:38:23 -0400] "GET /depository//////////newest_tech/Microsoft%20launches%20undersea,%20free-cooling%20data%20center%20%20%20Network%20World_files/ADTECH_016 HTTP/1.1" 200 65
5.9.32.222 - - [24/Apr/2020:16:38:26 -0400] "GET /depository//////////newest_tech/Microsoft%20launches%20undersea,%20free-cooling%20data%20center%20%20%20Network%20World_files/ADTECH_017 HTTP/1.1" 200 65
109.252.114.42 - - [24/Apr/2020:16:39:08 -0400] "GET /4/45/mail4510.htm HTTP/1.1" 200 38979
185.138.230.33 - - [24/Apr/2020:16:39:10 -0400] "GET /4/7/parallel.htm HTTP/1.1" 200 18192
88.234.6.138 - - [24/Apr/2020:16:39:53 -0400] "GET /10/ascii.htm HTTP/1.1" 200 36979
5.9.32.222 - - [24/Apr/2020:16:40:34 -0400] "GET /depository//////////newest_tech/Microsoft%20launches%20undersea,%20free-cooling%20data%20center%20%20%20Network%20World_files/ADTECH_018 HTTP/1.1" 200 65
5.9.32.222 - - [24/Apr/2020:16:41:07 -0400] "GET /depository//////////newest_tech/Microsoft%20launches%20undersea,%20free-cooling%20data%20center%20%20%20Network%20World_files/ADTECH_019 HTTP/1.1" 200 66
213.180.203.118 - - [24/Apr/2020:16:41:09 -0400] "GET /depository/rfcs/1400/RFC1480.TXT HTTP/1.1" 200 103190
114.119.163.55 - - [24/Apr/2020:16:41:58 -0400] "GET /depository/quant_comp/D-Wave%20will%20ship%20a%202,000-qubit%20quantum%20computer%20next%20year%20_%20ITworld_files/oct.js HTTP/1.1" 200 5297
46.229.168.134 - - [24/Apr/2020:16:41:59 -0400] "GET /depository/cyberwar/Programmer%20tried%20to%20sell%20cyberweapon%20on%20dark%20web%20for%20$50M%20%20Reminder%20to%20secure%20employees%20-%20TechRepublic_files/ HTTP/1.1" 200 10126
5.9.32.222 - - [24/Apr/2020:16:42:01 -0400] "GET /depository//////////newest_tech/Microsoft%20launches%20undersea,%20free-cooling%20data%20center%20%20%20Network%20World_files/ADTECH_020 HTTP/1.1" 200 66
5.188.210.87 - - [24/Apr/2020:16:42:08 -0400] "GET /4/7/ HTTP/1.0" 200 6406
5.9.32.222 - - [24/Apr/2020:16:42:32 -0400] "GET /depository//////////newest_tech/Microsoft%20launches%20undersea,%20free-cooling%20data%20center%20%20%20Network%20World_files/ADTECH_021 HTTP/1.1" 200 66
114.119.162.158 - - [24/Apr/2020:16:43:04 -0400] "GET /depository/AI/Danger,%20danger%21%2010%20alarming%20examples%20of%20AI%20gone%20wild%20_%20ITworld_files/ADTECH HTTP/1.1" 200 2190
159.69.167.42 - - [24/Apr/2020:16:43:12 -0400] "HEAD /4/44/btp_4410.htm HTTP/1.1" 200 -
5.9.32.222 - - [24/Apr/2020:16:43:23 -0400] "GET /depository//////////newest_tech/Microsoft%20launches%20undersea,%20free-cooling%20data%20center%20%20%20Network%20World_files/ADTECH_022 HTTP/1.1" 200 66
157.55.39.139 - - [24/Apr/2020:16:43:28 -0400] "GET /6/ident.htm HTTP/1.1" 200 10900
66.249.64.50 - - [24/Apr/2020:16:43:30 -0400] "GET /depository/rfcs/8200/rfc8289.txt HTTP/1.1" 200 63404
5.9.32.222 - - [24/Apr/2020:16:43:30 -0400] "GET /depository//////////newest_tech/Microsoft%20launches%20undersea,%20free-cooling%20data%20center%20%20%20Network%20World_files/ADTECH_023 HTTP/1.1" 200 65
5.9.32.222 - - [24/Apr/2020:16:43:33 -0400] "GET /depository//////////newest_tech/Microsoft%20launches%20undersea,%20free-cooling%20data%20center%20%20%20Network%20World_files/ADTECH_024 HTTP/1.1" 200 65
5.9.32.222 - - [24/Apr/2020:16:43:35 -0400] "GET /depository//////////newest_tech/Microsoft%20launches%20undersea,%20free-cooling%20data%20center%20%20%20Network%20World_files/ADTECH_025 HTTP/1.1" 200 66
5.9.32.222 - - [24/Apr/2020:16:43:44 -0400] "GET /depository//////////newest_tech/Microsoft%20launches%20undersea,%20free-cooling%20data%20center%20%20%20Network%20World_files/ADTECH_026 HTTP/1.1" 200 66
5.9.32.222 - - [24/Apr/2020:16:43:47 -0400] "GET /depository//////////newest_tech/Microsoft%20launches%20undersea,%20free-cooling%20data%20center%20%20%20Network%20World_files/ADTECH_027 HTTP/1.1" 200 65
5.9.32.222 - - [24/Apr/2020:16:43:49 -0400] "GET /depository//////////newest_tech/Microsoft%20launches%20undersea,%20free-cooling%20data%20center%20%20%20Network%20World_files/ADTECH_028 HTTP/1.1" 200 66
66.249.64.48 - - [24/Apr/2020:16:43:51 -0400] "GET /4/43/sdh_436.htm HTTP/1.1" 304 -
66.249.64.48 - - [24/Apr/2020:16:43:52 -0400] "GET /10/symantec/ HTTP/1.1" 200 13023
213.180.203.118 - - [24/Apr/2020:16:44:22 -0400] "GET /depository/big_data/asus/AsusUpdate_V1.01.02/ImageResource/AsDMI.dll HTTP/1.1" 200 204800
5.9.32.222 - - [24/Apr/2020:16:44:23 -0400] "GET /depository//////////newest_tech/Microsoft%20launches%20undersea,%20free-cooling%20data%20center%20%20%20Network%20World_files/ADTECH_029 HTTP/1.1" 200 65
194.44.253.74 - - [24/Apr/2020:16:44:28 -0400] "GET /4/44/ip_441.htm HTTP/1.1" 200 35968
5.9.32.222 - - [24/Apr/2020:16:44:48 -0400] "GET /depository//////////newest_tech/Microsoft%20launches%20undersea,%20free-cooling%20data%20center%20%20%20Network%20World_files/ADTECH_030 HTTP/1.1" 200 66
5.9.32.222 - - [24/Apr/2020:16:44:51 -0400] "GET /depository//////////newest_tech/Microsoft%20launches%20undersea,%20free-cooling%20data%20center%20%20%20Network%20World_files/ADTECH_031 HTTP/1.1" 200 66
5.9.32.222 - - [24/Apr/2020:16:44:53 -0400] "GET /depository//////////newest_tech/Microsoft%20launches%20undersea,%20free-cooling%20data%20center%20%20%20Network%20World_files/ADTECH_032 HTTP/1.1" 200 66
185.234.217.175 - - [24/Apr/2020:16:44:56 -0400] "GET /depository/grid/Grid_Networks_Enabling.Grids.pdf HTTP/1.1" 200 4825670
5.9.32.222 - - [24/Apr/2020:16:45:07 -0400] "GET /depository//////////newest_tech/Microsoft%20launches%20undersea,%20free-cooling%20data%20center%20%20%20Network%20World_files/ADTECH_033 HTTP/1.1" 200 65
5.9.32.222 - - [24/Apr/2020:16:45:11 -0400] "GET /depository//////////newest_tech/Microsoft%20launches%20undersea,%20free-cooling%20data%20center%20%20%20Network%20World_files/WMVM8Q3R.htm HTTP/1.1" 200 81131
5.9.32.222 - - [24/Apr/2020:16:45:17 -0400] "GET /depository//////////newest_tech/Microsoft%20launches%20undersea,%20free-cooling%20data%20center%20%20%20Network%20World_files/a HTTP/1.1" 200 66
5.9.32.222 - - [24/Apr/2020:16:45:20 -0400] "GET /depository//////////newest_tech/Microsoft%20launches%20undersea,%20free-cooling%20data%20center%20%20%20Network%20World_files/adsct HTTP/1.1" 200 31
5.9.32.222 - - [24/Apr/2020:16:45:23 -0400] "GET /depository//////////newest_tech/Microsoft%20launches%20undersea,%20free-cooling%20data%20center%20%20%20Network%20World_files/adsct_002 HTTP/1.1" 200 31
5.9.32.222 - - [24/Apr/2020:16:45:26 -0400] "GET /depository//////////newest_tech/Microsoft%20launches%20undersea,%20free-cooling%20data%20center%20%20%20Network%20World_files/anchor_data/ HTTP/1.1" 200 686
5.9.32.222 - - [24/Apr/2020:16:45:28 -0400] "GET /depository//////////newest_tech/Microsoft%20launches%20undersea,%20free-cooling%20data%20center%20%20%20Network%20World_files/arj.json HTTP/1.1" 200 189
5.9.32.222 - - [24/Apr/2020:16:45:33 -0400] "GET /depository//////////newest_tech/Microsoft%20launches%20undersea,%20free-cooling%20data%20center%20%20%20Network%20World_files/arj_002.json HTTP/1.1" 200 190
5.9.32.222 - - [24/Apr/2020:16:45:44 -0400] "GET /depository//////////newest_tech/Microsoft%20launches%20undersea,%20free-cooling%20data%20center%20%20%20Network%20World_files/arj_003.json HTTP/1.1" 200 190
212.35.163.10 - - [24/Apr/2020:16:46:25 -0400] "GET /3/cabel_31.htm HTTP/1.1" 200 25085
114.119.160.250 - - [24/Apr/2020:16:46:27 -0400] "GET /depository/quant_comp/Which%20companies%20are%20leading%20the%20Quantum%20race%20%20%20%20IDG%20Connect_files/gtm.js HTTP/1.1" 200 38198
213.180.203.118 - - [24/Apr/2020:16:46:46 -0400] "GET /depository/i2p/I2NP%20Specification%20-%20I2P.mht HTTP/1.1" 200 72537
213.180.203.118 - - [24/Apr/2020:16:46:49 -0400] "GET /depository/newest_tech/Chemistry-based_data_storage_would_blow_Moor_Law_out_of_the_water.htm HTTP/1.1" 200 239040
178.234.108.85 - - [24/Apr/2020:16:46:58 -0400] "GET /4/44/mib44131.htm HTTP/1.1" 200 59871
37.45.226.60 - - [24/Apr/2020:16:47:12 -0400] "GET /1/intro1.htm HTTP/1.1" 200 77738
37.45.226.60 - - [24/Apr/2020:16:47:16 -0400] "GET /6/defence.htm HTTP/1.1" 200 193079
213.180.203.118 - - [24/Apr/2020:16:47:22 -0400] "GET /depository/intel/Intel%92s%20processor%20flaw%20is%20a%20virtualization%20nightmare%20_%20Network%20World_files/print.svg HTTP/1.1" 200 782
5.9.32.222 - - [24/Apr/2020:16:47:28 -0400] "GET /depository//////////newest_tech/Microsoft%20launches%20undersea,%20free-cooling%20data%20center%20%20%20Network%20World_files/arj_004.json HTTP/1.1" 200 190
46.229.168.144 - - [24/Apr/2020:16:47:30 -0400] "GET /depository/cyberwar/Cyberwar%20%20A%20guide%20to%20the%20frightening%20future%20of%20online%20conflict%20_%20ZDNet_files/a_data_006/ HTTP/1.1" 200 619
5.9.32.222 - - [24/Apr/2020:16:47:31 -0400] "GET /depository//////////newest_tech/Microsoft%20launches%20undersea,%20free-cooling%20data%20center%20%20%20Network%20World_files/arj_005.json HTTP/1.1" 200 190
114.119.166.3 - - [24/Apr/2020:16:47:33 -0400] "GET /depository/AI/Swarm%20AI%20predicts%20the%202016%20Kentucky%20Derby%20-%20TechRepublic_files/a_data_006/moatad.js HTTP/1.1" 200 163024
5.9.32.222 - - [24/Apr/2020:16:47:34 -0400] "GET /depository//////////newest_tech/Microsoft%20launches%20undersea,%20free-cooling%20data%20center%20%20%20Network%20World_files/arj_006.json HTTP/1.1" 200 190
5.9.32.222 - - [24/Apr/2020:16:47:43 -0400] "GET /depository//////////newest_tech/Microsoft%20launches%20undersea,%20free-cooling%20data%20center%20%20%20Network%20World_files/arj_007.json HTTP/1.1" 200 190
5.9.32.222 - - [24/Apr/2020:16:47:45 -0400] "GET /depository//////////newest_tech/Microsoft%20launches%20undersea,%20free-cooling%20data%20center%20%20%20Network%20World_files/arj_008.json HTTP/1.1" 200 190
51.77.44.2 - - [24/Apr/2020:16:47:45 -0400] "GET /depository/surveys/Kaspersky-Security-Bulletin-2014-RU.pdf HTTP/1.1" 200 7218486
5.9.32.222 - - [24/Apr/2020:16:47:48 -0400] "GET /depository//////////newest_tech/Microsoft%20launches%20undersea,%20free-cooling%20data%20center%20%20%20Network%20World_files/arj_009.json HTTP/1.1" 200 190
213.180.203.118 - - [24/Apr/2020:16:47:50 -0400] "GET /4/44/mib44131.htm HTTP/1.1" 200 59871
5.9.32.222 - - [24/Apr/2020:16:47:51 -0400] "GET /depository//////////newest_tech/Microsoft%20launches%20undersea,%20free-cooling%20data%20center%20%20%20Network%20World_files/arj_010.json HTTP/1.1" 200 189
5.9.32.222 - - [24/Apr/2020:16:47:52 -0400] "GET /depository//////////newest_tech/Microsoft%20launches%20undersea,%20free-cooling%20data%20center%20%20%20Network%20World_files/arj_011.json HTTP/1.1" 200 190
5.9.32.222 - - [24/Apr/2020:16:47:56 -0400] "GET /depository//////////newest_tech/Microsoft%20launches%20undersea,%20free-cooling%20data%20center%20%20%20Network%20World_files/arj_012.json HTTP/1.1" 200 190
5.9.32.222 - - [24/Apr/2020:16:48:00 -0400] "GET /depository//////////newest_tech/Microsoft%20launches%20undersea,%20free-cooling%20data%20center%20%20%20Network%20World_files/arj_013.json HTTP/1.1" 200 190
5.9.32.222 - - [24/Apr/2020:16:48:04 -0400] "GET /depository//////////newest_tech/Microsoft%20launches%20undersea,%20free-cooling%20data%20center%20%20%20Network%20World_files/arj_014.json HTTP/1.1" 200 190
5.9.32.222 - - [24/Apr/2020:16:48:06 -0400] "GET /depository//////////newest_tech/Microsoft%20launches%20undersea,%20free-cooling%20data%20center%20%20%20Network%20World_files/arj_015.json HTTP/1.1" 200 190
5.9.32.222 - - [24/Apr/2020:16:48:09 -0400] "GET /depository//////////newest_tech/Microsoft%20launches%20undersea,%20free-cooling%20data%20center%20%20%20Network%20World_files/arj_016.json HTTP/1.1" 200 190
5.9.32.222 - - [24/Apr/2020:16:48:12 -0400] "GET /depository//////////newest_tech/Microsoft%20launches%20undersea,%20free-cooling%20data%20center%20%20%20Network%20World_files/arj_017.json HTTP/1.1" 200 190
106.76.43.78 - - [24/Apr/2020:16:48:12 -0400] "GET /3/serial/ HTTP/1.1" 200 264
5.9.32.222 - - [24/Apr/2020:16:48:15 -0400] "GET /depository//////////newest_tech/Microsoft%20launches%20undersea,%20free-cooling%20data%20center%20%20%20Network%20World_files/arj_018.json HTTP/1.1" 200 189
106.76.43.78 - - [24/Apr/2020:16:48:16 -0400] "GET /3/ HTTP/1.1" 200 2372
5.9.32.222 - - [24/Apr/2020:16:48:18 -0400] "GET /depository//////////newest_tech/Microsoft%20launches%20undersea,%20free-cooling%20data%20center%20%20%20Network%20World_files/arj_019.json HTTP/1.1" 200 190
104.219.235.34 - - [24/Apr/2020:16:48:23 -0400] "GET / HTTP/1.1" 200 4805
207.46.13.74 - - [24/Apr/2020:16:48:46 -0400] "GET /10/grap1021.htm HTTP/1.1" 200 14883
5.9.32.222 - - [24/Apr/2020:16:48:48 -0400] "GET /depository//////////newest_tech/Microsoft%20launches%20undersea,%20free-cooling%20data%20center%20%20%20Network%20World_files/arj_020.json HTTP/1.1" 200 191
213.180.203.118 - - [24/Apr/2020:16:48:50 -0400] "GET /4/41/eth_4111.htm HTTP/1.1" 200 34903
5.9.32.222 - - [24/Apr/2020:16:49:04 -0400] "GET /depository//////////newest_tech/Microsoft%20launches%20undersea,%20free-cooling%20data%20center%20%20%20Network%20World_files/arj_021.json HTTP/1.1" 200 190
5.9.32.222 - - [24/Apr/2020:16:49:18 -0400] "GET /depository//////////newest_tech/Microsoft%20launches%20undersea,%20free-cooling%20data%20center%20%20%20Network%20World_files/arj_022.json HTTP/1.1" 200 190
5.9.32.222 - - [24/Apr/2020:16:49:29 -0400] "GET /depository//////////newest_tech/Microsoft%20launches%20undersea,%20free-cooling%20data%20center%20%20%20Network%20World_files/arj_023.json HTTP/1.1" 200 190
93.115.26.54 - - [24/Apr/2020:16:49:30 -0400] "GET /depository/blockchain/blockchain-by-melanie-swan.pdf HTTP/1.1" 200 3392796
93.125.107.5 - - [24/Apr/2020:16:49:38 -0400] "GET /10/ascii.htm HTTP/1.1" 200 36979
5.9.32.222 - - [24/Apr/2020:16:49:43 -0400] "GET /depository//////////newest_tech/Microsoft%20launches%20undersea,%20free-cooling%20data%20center%20%20%20Network%20World_files/arj_024.json HTTP/1.1" 200 190
114.119.161.23 - - [24/Apr/2020:16:49:47 -0400] "GET /depository/ethernet/Reversing%20course%20%96%20single-pair%20Ethernet%20cabling%20is%20the%20future%20%20%20Network%20World_files/acset.json HTTP/1.1" 200 72
89.113.138.209 - - [24/Apr/2020:16:49:48 -0400] "GET /10/ascii.htm HTTP/1.1" 200 36979
66.249.64.50 - - [24/Apr/2020:16:49:50 -0400] "GET /depository/rfcs/6200/rfc6200.txt HTTP/1.1" 404 230
5.9.32.222 - - [24/Apr/2020:16:49:51 -0400] "GET /depository//////////newest_tech/Microsoft%20launches%20undersea,%20free-cooling%20data%20center%20%20%20Network%20World_files/arj_025.json HTTP/1.1" 200 190
5.9.32.222 - - [24/Apr/2020:16:49:52 -0400] "GET /depository//////////newest_tech/Microsoft%20launches%20undersea,%20free-cooling%20data%20center%20%20%20Network%20World_files/arj_026.json HTTP/1.1" 200 190
5.9.32.222 - - [24/Apr/2020:16:49:54 -0400] "GET /depository//////////newest_tech/Microsoft%20launches%20undersea,%20free-cooling%20data%20center%20%20%20Network%20World_files/arj_027.json HTTP/1.1" 200 191
5.9.32.222 - - [24/Apr/2020:16:49:56 -0400] "GET /depository//////////newest_tech/Microsoft%20launches%20undersea,%20free-cooling%20data%20center%20%20%20Network%20World_files/arj_028.json HTTP/1.1" 200 190
5.9.32.222 - - [24/Apr/2020:16:49:58 -0400] "GET /depository//////////newest_tech/Microsoft%20launches%20undersea,%20free-cooling%20data%20center%20%20%20Network%20World_files/arj_029.json HTTP/1.1" 200 190
5.9.32.222 - - [24/Apr/2020:16:49:59 -0400] "GET /depository//////////newest_tech/Microsoft%20launches%20undersea,%20free-cooling%20data%20center%20%20%20Network%20World_files/arj_030.json HTTP/1.1" 200 188
5.9.32.222 - - [24/Apr/2020:16:50:02 -0400] "GET /depository//////////newest_tech/Microsoft%20launches%20undersea,%20free-cooling%20data%20center%20%20%20Network%20World_files/async_usersync_data/ HTTP/1.1" 200 850
5.9.32.222 - - [24/Apr/2020:16:50:04 -0400] "GET /depository//////////newest_tech/Microsoft%20launches%20undersea,%20free-cooling%20data%20center%20%20%20Network%20World_files/auction HTTP/1.1" 200 63
5.9.32.222 - - [24/Apr/2020:16:50:09 -0400] "GET /depository//////////newest_tech/Microsoft%20launches%20undersea,%20free-cooling%20data%20center%20%20%20Network%20World_files/auction_002 HTTP/1.1" 200 62
213.180.203.118 - - [24/Apr/2020:16:50:12 -0400] "GET /depository/IT_busines/CW500%20%20IT%20infrastructure%20for%20data%20protection_files/atc4.computerweekly HTTP/1.1" 200 42
66.249.64.48 - - [24/Apr/2020:16:50:49 -0400] "GET /depository/cyberwar/1308129610.pdf HTTP/1.1" 200 302270
5.9.32.222 - - [24/Apr/2020:16:51:00 -0400] "GET /depository//////////newest_tech/Microsoft%20launches%20undersea,%20free-cooling%20data%20center%20%20%20Network%20World_files/auction_003 HTTP/1.1" 200 63
