17.58.97.137 - - [24/Apr/2020:12:20:04 -0400] "GET /4/45/who_4581.htm HTTP/1.1" 200 12044
66.249.64.46 - - [24/Apr/2020:12:20:05 -0400] "GET /depository/quant_comp/Quantum%20Computers%20%20The%20End%20of%20Cryptography_files/ca-pub-9894449314507324.js HTTP/1.1" 200 133
66.249.64.46 - - [24/Apr/2020:12:20:06 -0400] "GET /depository/quant_comp/Quantum%20Computers%20%20The%20End%20of%20Cryptography_files/ads_006 HTTP/1.1" 200 85871
66.249.64.46 - - [24/Apr/2020:12:20:08 -0400] "GET /depository/quant_comp/Quantum%20Computers%20%20The%20End%20of%20Cryptography_files/ads_005 HTTP/1.1" 200 73263
66.249.64.46 - - [24/Apr/2020:12:20:09 -0400] "GET /depository/quant_comp/Quantum%20Computers%20%20The%20End%20of%20Cryptography_files/ads HTTP/1.1" 200 125590
66.249.64.46 - - [24/Apr/2020:12:20:10 -0400] "GET /depository/quant_comp/Quantum%20Computers%20%20The%20End%20of%20Cryptography_files/onejs HTTP/1.1" 200 23090
66.249.64.46 - - [24/Apr/2020:12:20:11 -0400] "GET /depository/quant_comp/Quantum%20Computers%20%20The%20End%20of%20Cryptography_files/chartbeat.js HTTP/1.1" 200 33343
66.249.64.46 - - [24/Apr/2020:12:20:12 -0400] "GET /depository/quant_comp/Quantum%20Computers%20%20The%20End%20of%20Cryptography_files/jpt HTTP/1.1" 200 6483
66.249.64.46 - - [24/Apr/2020:12:20:13 -0400] "GET /depository/quant_comp/Quantum%20Computers%20%20The%20End%20of%20Cryptography_files/cygnus_002 HTTP/1.1" 200 10037
66.249.64.46 - - [24/Apr/2020:12:20:14 -0400] "GET /depository/quant_comp/Quantum%20Computers%20%20The%20End%20of%20Cryptography_files/sws-hb-analytics.js HTTP/1.1" 200 7499
66.249.64.46 - - [24/Apr/2020:12:20:15 -0400] "GET /depository/quant_comp/Quantum%20Computers%20%20The%20End%20of%20Cryptography_files/jpt_002 HTTP/1.1" 200 1334
66.249.64.46 - - [24/Apr/2020:12:20:16 -0400] "GET /depository/quant_comp/Quantum%20Computers%20%20The%20End%20of%20Cryptography_files/bid_002.js HTTP/1.1" 200 76
66.249.64.46 - - [24/Apr/2020:12:20:17 -0400] "GET /depository/quant_comp/Quantum%20Computers%20%20The%20End%20of%20Cryptography_files/cygnus HTTP/1.1" 200 6635
66.249.64.46 - - [24/Apr/2020:12:20:18 -0400] "GET /depository/quant_comp/Quantum%20Computers%20%20The%20End%20of%20Cryptography_files/gpt.js HTTP/1.1" 200 2958
66.249.64.46 - - [24/Apr/2020:12:20:19 -0400] "GET /depository/quant_comp/Quantum%20Computers%20%20The%20End%20of%20Cryptography_files/embed.js HTTP/1.1" 200 2508
66.249.64.46 - - [24/Apr/2020:12:20:20 -0400] "GET /depository/quant_comp/Quantum%20Computers%20%20The%20End%20of%20Cryptography_files/vglnk.js HTTP/1.1" 200 79218
66.249.64.46 - - [24/Apr/2020:12:20:21 -0400] "GET /depository/quant_comp/Quantum%20Computers%20%20The%20End%20of%20Cryptography_files/itunes_autolinkmaker.js HTTP/1.1" 200 15150
66.249.64.46 - - [24/Apr/2020:12:20:22 -0400] "GET /depository/quant_comp/Quantum%20Computers%20%20The%20End%20of%20Cryptography_files/currencyExchangeRates.js HTTP/1.1" 200 200
66.249.64.46 - - [24/Apr/2020:12:20:23 -0400] "GET /depository/quant_comp/Quantum%20Computers%20%20The%20End%20of%20Cryptography_files/prebid.js HTTP/1.1" 200 120459
66.249.64.46 - - [24/Apr/2020:12:20:24 -0400] "GET /depository/quant_comp/Quantum%20Computers%20%20The%20End%20of%20Cryptography_files/1039155796172671.js HTTP/1.1" 200 26504
66.249.64.46 - - [24/Apr/2020:12:20:25 -0400] "GET /depository/quant_comp/Quantum%20Computers%20%20The%20End%20of%20Cryptography_files/fbevents.js HTTP/1.1" 200 33080
66.249.64.46 - - [24/Apr/2020:12:20:26 -0400] "GET /depository/quant_comp/Quantum%20Computers%20%20The%20End%20of%20Cryptography_files/scripts.js HTTP/1.1" 200 190910
66.249.64.46 - - [24/Apr/2020:12:20:27 -0400] "GET /depository/quant_comp/Quantum%20Computers%20%20The%20End%20of%20Cryptography_files/a_016.htm HTTP/1.1" 200 8678
66.249.64.46 - - [24/Apr/2020:12:20:28 -0400] "GET /depository/quant_comp/Quantum%20Computers%20%20The%20End%20of%20Cryptography_files/adsbygoogle.js HTTP/1.1" 200 56921
66.249.64.46 - - [24/Apr/2020:12:20:29 -0400] "GET /depository/quant_comp/Quantum%20Computers%20%20The%20End%20of%20Cryptography_files/container.htm HTTP/1.1" 200 40284
66.249.64.46 - - [24/Apr/2020:12:20:30 -0400] "GET /depository/quant_comp/Quantum%20Computers%20%20The%20End%20of%20Cryptography_files/a_data_010/a_data/ads_data/m_js_controller.js HTTP/1.1" 200 63940
66.249.64.46 - - [24/Apr/2020:12:20:30 -0400] "GET /depository/quant_comp/Quantum%20Computers%20%20The%20End%20of%20Cryptography_files/a_data_014/a_data/a_data/ads_data/abg.js HTTP/1.1" 200 68859
66.249.64.46 - - [24/Apr/2020:12:20:31 -0400] "GET /depository/quant_comp/Quantum%20Computers%20%20The%20End%20of%20Cryptography_files/a_data_014/osd_listener.js HTTP/1.1" 200 24816
66.249.64.46 - - [24/Apr/2020:12:20:32 -0400] "GET /depository/quant_comp/Quantum%20Computers%20%20The%20End%20of%20Cryptography_files/a_data_014/a_data/a_data/ads_data/m_window_focus_non_hydra.js HTTP/1.1" 200 4919
66.249.64.46 - - [24/Apr/2020:12:20:33 -0400] "GET /depository/quant_comp/Quantum%20Computers%20%20The%20End%20of%20Cryptography_files/container_data/re.htm HTTP/1.1" 200 107
66.249.64.46 - - [24/Apr/2020:12:20:34 -0400] "GET /depository/quant_comp/Quantum%20Computers%20%20The%20End%20of%20Cryptography_files/container_data/re.htm HTTP/1.1" 200 107
66.249.64.48 - - [24/Apr/2020:12:20:35 -0400] "GET /depository/quant_comp/Quantum%20Computers%20%20The%20End%20of%20Cryptography_files/a_data_005/a_data/ads_data/push.htm HTTP/1.1" 200 143
66.249.64.46 - - [24/Apr/2020:12:20:36 -0400] "GET /depository/quant_comp/Quantum%20Computers%20%20The%20End%20of%20Cryptography_files/container_data/re.htm HTTP/1.1" 200 107
66.249.64.46 - - [24/Apr/2020:12:20:37 -0400] "GET /depository/quant_comp/Quantum%20Computers%20%20The%20End%20of%20Cryptography_files/a_data_005/a_data/ads_data/push.htm HTTP/1.1" 200 143
66.249.64.48 - - [24/Apr/2020:12:20:38 -0400] "GET /depository/quant_comp/Quantum%20Computers%20%20The%20End%20of%20Cryptography_files/pd.htm HTTP/1.1" 200 344
66.249.64.46 - - [24/Apr/2020:12:20:39 -0400] "GET /depository/quant_comp/Quantum%20Computers%20%20The%20End%20of%20Cryptography_files/async_usersync.htm HTTP/1.1" 200 2076
66.249.64.48 - - [24/Apr/2020:12:20:39 -0400] "GET /depository/quant_comp/Quantum%20Computers%20%20The%20End%20of%20Cryptography_files/async_usersync_data/async_usersync HTTP/1.1" 200 1267
213.180.203.118 - - [24/Apr/2020:12:20:45 -0400] "GET /depository/forecasts/IDG%20Connect%20%96%20What%20Will%20Be%20Hot%20and%20What%20Will%20Not%20in%202015%20Tech%20Trends_files/simple_captcha HTTP/1.1" 200 1852
95.216.33.155 - - [24/Apr/2020:12:20:48 -0400] "GET /4/45/html4562.htm HTTP/1.1" 200 431918
161.35.68.208 - - [24/Apr/2020:12:20:53 -0400] "GET /WSMAN HTTP/1.1" 404 203
213.180.203.118 - - [24/Apr/2020:12:21:32 -0400] "GET /4/44/igp44113.htm HTTP/1.1" 200 21631
5.9.32.222 - - [24/Apr/2020:12:21:34 -0400] "GET /depository//////////newest_tech/AMD's%20new%207th%20Generation%20laptop%20chips%20will%20take%20on%20Intel's%20Skylake%20_%20ITworld_files/a_004.htm HTTP/1.1" 200 108
5.9.32.222 - - [24/Apr/2020:12:21:36 -0400] "GET /depository//////////newest_tech/AMD's%20new%207th%20Generation%20laptop%20chips%20will%20take%20on%20Intel's%20Skylake%20_%20ITworld_files/a_data_002/ HTTP/1.1" 200 593
91.205.168.61 - - [24/Apr/2020:12:21:36 -0400] "GET /10/ascii.htm HTTP/1.1" 200 36979
5.9.32.222 - - [24/Apr/2020:12:21:40 -0400] "GET /depository//////////newest_tech/AMD's%20new%207th%20Generation%20laptop%20chips%20will%20take%20on%20Intel's%20Skylake%20_%20ITworld_files/amds-new-7th-generation-laptop-chips-will-take-on-intels-sky.htm HTTP/1.1" 200 408
5.9.32.222 - - [24/Apr/2020:12:21:42 -0400] "GET /depository//////////newest_tech/AMD's%20new%207th%20Generation%20laptop%20chips%20will%20take%20on%20Intel's%20Skylake%20_%20ITworld_files/amds-new-7th-generation-laptop-chips-will-take-on-intels-skylake/ HTTP/1.1" 200 741
5.9.32.222 - - [24/Apr/2020:12:21:43 -0400] "GET /depository//////////newest_tech/AMD's%20new%207th%20Generation%20laptop%20chips%20will%20take%20on%20Intel's%20Skylake%20_%20ITworld_files/amds-new-7th-generation-laptop-chips-will-take-on-intels_002.htm HTTP/1.1" 200 1496
37.115.194.222 - - [24/Apr/2020:12:22:03 -0400] "GET /10/2014.htm HTTP/1.0" 200 232322
5.9.32.222 - - [24/Apr/2020:12:22:07 -0400] "GET /depository//////////newest_tech/AMD's%20new%207th%20Generation%20laptop%20chips%20will%20take%20on%20Intel's%20Skylake%20_%20ITworld_files/challenge HTTP/1.1" 200 8130
5.9.32.222 - - [24/Apr/2020:12:22:09 -0400] "GET /depository//////////newest_tech/AMD's%20new%207th%20Generation%20laptop%20chips%20will%20take%20on%20Intel's%20Skylake%20_%20ITworld_files/itworld.com HTTP/1.1" 200 366
5.9.32.222 - - [24/Apr/2020:12:22:10 -0400] "GET /depository//////////newest_tech/AMD's%20new%207th%20Generation%20laptop%20chips%20will%20take%20on%20Intel's%20Skylake%20_%20ITworld_files/reload HTTP/1.1" 200 362
46.229.168.132 - - [24/Apr/2020:12:22:35 -0400] "GET /depository/newest_tech/A%20radical%20innovation%20that%20could%20reduce%20data%20density%20by%2050%25%20_%20Network%20World_files/saved_resource(8).html HTTP/1.1" 200 14534
5.9.32.222 - - [24/Apr/2020:12:22:43 -0400] "GET /depository//////////newest_tech/AMD's%20new%207th%20Generation%20laptop%20chips%20will%20take%20on%20Intel's%20Skylake%20_%20ITworld_files/svrGP.aspx HTTP/1.1" 200 79
5.9.32.222 - - [24/Apr/2020:12:22:45 -0400] "GET /depository//////////newest_tech/AMD's%20new%207th%20Generation%20laptop%20chips%20will%20take%20on%20Intel's%20Skylake%20_%20ITworld_files/svrGP.htm HTTP/1.1" 200 1001
95.53.16.185 - - [24/Apr/2020:12:23:21 -0400] "GET /4/41/pon.htm HTTP/1.1" 200 52444
160.83.30.211 - - [24/Apr/2020:12:24:13 -0400] "GET /10/ascii.htm HTTP/1.1" 304 -
66.249.64.48 - - [24/Apr/2020:12:24:46 -0400] "GET /depository//iot/CIA_Europol_on_Alert_for_Internet_of_Things_Security_Storm.htm HTTP/1.1" 200 120629
66.249.64.50 - - [24/Apr/2020:12:24:55 -0400] "GET /depository//iot/IDG%20Connect%20%D0%B2%D0%82%E2%80%9C%20CIA,%20Europol%20on%20Alert%20for%20Internet%20of%20Things%20Security%20Storm_files/cb=gapi.loaded_1 HTTP/1.1" 404 316
66.249.64.50 - - [24/Apr/2020:12:24:55 -0400] "GET /depository//iot/IDG%20Connect%20%D0%B2%D0%82%E2%80%9C%20CIA,%20Europol%20on%20Alert%20for%20Internet%20of%20Things%20Security%20Storm_files/all.js HTTP/1.1" 404 306
66.249.64.50 - - [24/Apr/2020:12:24:56 -0400] "GET /depository//iot/IDG%20Connect%20%D0%B2%D0%82%E2%80%9C%20CIA,%20Europol%20on%20Alert%20for%20Internet%20of%20Things%20Security%20Storm_files/cb=gapi.loaded_0 HTTP/1.1" 404 316
66.249.64.50 - - [24/Apr/2020:12:24:57 -0400] "GET /depository//iot/IDG%20Connect%20%D0%B2%D0%82%E2%80%9C%20CIA,%20Europol%20on%20Alert%20for%20Internet%20of%20Things%20Security%20Storm_files/widgets.js HTTP/1.1" 404 310
66.249.64.48 - - [24/Apr/2020:12:24:58 -0400] "GET /depository//iot/IDG%20Connect%20%D0%B2%D0%82%E2%80%9C%20CIA,%20Europol%20on%20Alert%20for%20Internet%20of%20Things%20Security%20Storm_files/ios-bug.js HTTP/1.1" 404 310
115.79.196.85 - - [24/Apr/2020:12:24:58 -0400] "GET /depository/terabit/400GbE_Terabit_Ethernet.mht HTTP/1.0" 200 876822
5.188.84.149 - - [24/Apr/2020:12:24:59 -0400] "GET /10/html1019.htm HTTP/1.1" 200 176411
66.249.64.48 - - [24/Apr/2020:12:24:59 -0400] "GET /depository//iot/IDG%20Connect%20%D0%B2%D0%82%E2%80%9C%20CIA,%20Europol%20on%20Alert%20for%20Internet%20of%20Things%20Security%20Storm_files/secureAnonymousFramework HTTP/1.1" 404 324
66.249.64.48 - - [24/Apr/2020:12:25:00 -0400] "GET /depository//iot/IDG%20Connect%20%D0%B2%D0%82%E2%80%9C%20CIA,%20Europol%20on%20Alert%20for%20Internet%20of%20Things%20Security%20Storm_files/in.js HTTP/1.1" 404 305
66.249.64.46 - - [24/Apr/2020:12:25:01 -0400] "GET /depository//iot/IDG%20Connect%20%D0%B2%D0%82%E2%80%9C%20CIA,%20Europol%20on%20Alert%20for%20Internet%20of%20Things%20Security%20Storm_files/globaljavascripts.js HTTP/1.1" 404 320
66.249.64.46 - - [24/Apr/2020:12:25:02 -0400] "GET /depository//iot/IDG%20Connect%20%D0%B2%D0%82%E2%80%9C%20CIA,%20Europol%20on%20Alert%20for%20Internet%20of%20Things%20Security%20Storm_files/ios-bug.js HTTP/1.1" 404 310
66.249.64.46 - - [24/Apr/2020:12:25:02 -0400] "GET /depository//iot/IDG%20Connect%20%D0%B2%D0%82%E2%80%9C%20CIA,%20Europol%20on%20Alert%20for%20Internet%20of%20Things%20Security%20Storm_files/jquery.browser.js HTTP/1.1" 404 317
5.9.32.222 - - [24/Apr/2020:12:25:03 -0400] "GET /depository//////////newest_tech/AMD's%20new%207th%20Generation%20laptop%20chips%20will%20take%20on%20Intel's%20Skylake%20_%20ITworld_files/svrGP_data/ HTTP/1.1" 200 633
54.245.222.24 - - [24/Apr/2020:12:25:03 -0400] "GET /4/4/rfc4761.htm HTTP/1.1" 200 55106
66.249.64.46 - - [24/Apr/2020:12:25:03 -0400] "GET /depository//iot/IDG%20Connect%20%D0%B2%D0%82%E2%80%9C%20CIA,%20Europol%20on%20Alert%20for%20Internet%20of%20Things%20Security%20Storm_files/jquery_tabslider.js HTTP/1.1" 404 319
66.249.64.46 - - [24/Apr/2020:12:25:04 -0400] "GET /depository//iot/IDG%20Connect%20%D0%B2%D0%82%E2%80%9C%20CIA,%20Europol%20on%20Alert%20for%20Internet%20of%20Things%20Security%20Storm_files/jquery.vticker-min.js HTTP/1.1" 404 321
115.79.196.85 - - [24/Apr/2020:12:25:05 -0400] "POST /depository/terabit/400GbE_Terabit_Ethernet.mht HTTP/1.0" 200 876822
5.9.32.222 - - [24/Apr/2020:12:25:05 -0400] "GET /depository//////////newest_tech/AMD's%20new%207th%20Generation%20laptop%20chips%20will%20take%20on%20Intel's%20Skylake%20_%20ITworld_files/t HTTP/1.1" 200 1257
66.249.64.46 - - [24/Apr/2020:12:25:05 -0400] "GET /depository//iot/IDG%20Connect%20%D0%B2%D0%82%E2%80%9C%20CIA,%20Europol%20on%20Alert%20for%20Internet%20of%20Things%20Security%20Storm_files/saved_resource HTTP/1.1" 404 314
66.249.64.46 - - [24/Apr/2020:12:25:05 -0400] "GET /depository//iot/IDG%20Connect%20%D0%B2%D0%82%E2%80%9C%20CIA,%20Europol%20on%20Alert%20for%20Internet%20of%20Things%20Security%20Storm_files/plusone.js HTTP/1.1" 404 310
54.244.170.200 - - [24/Apr/2020:12:25:06 -0400] "GET /4/4/rfc3473.htm HTTP/1.1" 200 73128
66.249.64.46 - - [24/Apr/2020:12:25:06 -0400] "GET /depository//iot/IDG%20Connect%20%D0%B2%D0%82%E2%80%9C%20CIA,%20Europol%20on%20Alert%20for%20Internet%20of%20Things%20Security%20Storm_files/analytics.js HTTP/1.1" 404 312
66.249.64.46 - - [24/Apr/2020:12:25:07 -0400] "GET /depository//iot/IDG%20Connect%20%D0%B2%D0%82%E2%80%9C%20CIA,%20Europol%20on%20Alert%20for%20Internet%20of%20Things%20Security%20Storm_files/tweet_button.d58098f8a7f0ff5a206e7f15442a6b30.en.htm HTTP/1.1" 404 352
66.249.64.46 - - [24/Apr/2020:12:25:08 -0400] "GET /depository//iot/IDG%20Connect%20%D0%B2%D0%82%E2%80%9C%20CIA,%20Europol%20on%20Alert%20for%20Internet%20of%20Things%20Security%20Storm_files/ehazDpFPEnK(1).htm HTTP/1.1" 404 318
52.12.138.36 - - [24/Apr/2020:12:25:08 -0400] "GET /4/4/rfc3471.htm HTTP/1.1" 200 59911
66.249.64.46 - - [24/Apr/2020:12:25:08 -0400] "GET /depository//iot/IDG%20Connect%20%D0%B2%D0%82%E2%80%9C%20CIA,%20Europol%20on%20Alert%20for%20Internet%20of%20Things%20Security%20Storm_files/fastbutton.htm HTTP/1.1" 404 314
66.249.64.46 - - [24/Apr/2020:12:25:09 -0400] "GET /depository//iot/IDG%20Connect%20%D0%B2%D0%82%E2%80%9C%20CIA,%20Europol%20on%20Alert%20for%20Internet%20of%20Things%20Security%20Storm_files/like.htm HTTP/1.1" 404 308
66.249.64.46 - - [24/Apr/2020:12:25:10 -0400] "GET /depository//iot/IDG%20Connect%20%D0%B2%D0%82%E2%80%9C%20CIA,%20Europol%20on%20Alert%20for%20Internet%20of%20Things%20Security%20Storm_files/postmessageRelay.htm HTTP/1.1" 404 320
66.249.64.46 - - [24/Apr/2020:12:25:10 -0400] "GET /depository//iot/IDG%20Connect%20%D0%B2%D0%82%E2%80%9C%20CIA,%20Europol%20on%20Alert%20for%20Internet%20of%20Things%20Security%20Storm_files/ehazDpFPEnK.htm HTTP/1.1" 404 315
5.9.32.222 - - [24/Apr/2020:12:25:12 -0400] "GET /depository//////////newest_tech/AMD's%20new%207th%20Generation%20laptop%20chips%20will%20take%20on%20Intel's%20Skylake%20_%20ITworld_files/tboptevent.htm HTTP/1.1" 200 4500
5.9.32.222 - - [24/Apr/2020:12:25:24 -0400] "GET /depository//////////newest_tech/AMD's%20new%207th%20Generation%20laptop%20chips%20will%20take%20on%20Intel's%20Skylake%20_%20ITworld_files/tboptevent_data/ HTTP/1.1" 200 643
5.9.32.222 - - [24/Apr/2020:12:25:27 -0400] "GET /depository//////////newest_tech/Amazon%20Dash%20Replenishment%20means%20your%20printer%20can%20reorder%20its%20own%20ink%20before%20it%20runs%20out%20-%20TechRepublic_files/Asset.php HTTP/1.1" 200 55760
5.9.32.222 - - [24/Apr/2020:12:25:33 -0400] "GET /depository//////////newest_tech/Amazon%20Dash%20Replenishment%20means%20your%20printer%20can%20reorder%20its%20own%20ink%20before%20it%20runs%20out%20-%20TechRepublic_files/Asset_002.php HTTP/1.1" 200 23216
5.9.32.222 - - [24/Apr/2020:12:25:35 -0400] "GET /depository//////////newest_tech/Amazon%20Dash%20Replenishment%20means%20your%20printer%20can%20reorder%20its%20own%20ink%20before%20it%20runs%20out%20-%20TechRepublic_files/Asset_003.php HTTP/1.1" 200 7649
5.9.32.222 - - [24/Apr/2020:12:25:53 -0400] "GET /depository//////////newest_tech/Amazon%20Dash%20Replenishment%20means%20your%20printer%20can%20reorder%20its%20own%20ink%20before%20it%20runs%20out%20-%20TechRepublic_files/BannerServer.htm HTTP/1.1" 200 8351
5.9.32.222 - - [24/Apr/2020:12:25:58 -0400] "GET /depository//////////newest_tech/Amazon%20Dash%20Replenishment%20means%20your%20printer%20can%20reorder%20its%20own%20ink%20before%20it%20runs%20out%20-%20TechRepublic_files/a HTTP/1.1" 200 44552
5.9.32.222 - - [24/Apr/2020:12:26:06 -0400] "GET /depository//////////newest_tech/Amazon%20Dash%20Replenishment%20means%20your%20printer%20can%20reorder%20its%20own%20ink%20before%20it%20runs%20out%20-%20TechRepublic_files/a.htm HTTP/1.1" 200 249
5.9.32.222 - - [24/Apr/2020:12:26:08 -0400] "GET /depository//////////newest_tech/Amazon%20Dash%20Replenishment%20means%20your%20printer%20can%20reorder%20its%20own%20ink%20before%20it%20runs%20out%20-%20TechRepublic_files/a328981956.htm HTTP/1.1" 200 1489
5.9.32.222 - - [24/Apr/2020:12:26:10 -0400] "GET /depository//////////newest_tech/Amazon%20Dash%20Replenishment%20means%20your%20printer%20can%20reorder%20its%20own%20ink%20before%20it%20runs%20out%20-%20TechRepublic_files/a_002.htm HTTP/1.1" 200 441
213.180.203.118 - - [24/Apr/2020:12:26:11 -0400] "GET /depository/driverless_car/IDG%20Connect%20%96%20Cars%20of%20the%20Future%20Revved%20at%20Tokyo%20Motor%20Show_files/brocade-jpeg2855-120x74.JPG HTTP/1.1" 200 1704
5.9.32.222 - - [24/Apr/2020:12:26:19 -0400] "GET /depository//////////newest_tech/Amazon%20Dash%20Replenishment%20means%20your%20printer%20can%20reorder%20its%20own%20ink%20before%20it%20runs%20out%20-%20TechRepublic_files/a_003.htm HTTP/1.1" 200 15149
197.232.1.182 - - [24/Apr/2020:12:26:25 -0400] "GET /manager/html HTTP/1.1" 404 210
46.229.168.141 - - [24/Apr/2020:12:26:32 -0400] "GET /video_2006.htm HTTP/1.1" 200 14449
5.9.32.222 - - [24/Apr/2020:12:26:35 -0400] "GET /depository//////////newest_tech/Amazon%20Dash%20Replenishment%20means%20your%20printer%20can%20reorder%20its%20own%20ink%20before%20it%20runs%20out%20-%20TechRepublic_files/a_004.htm HTTP/1.1" 200 108
207.46.13.25 - - [24/Apr/2020:12:26:40 -0400] "GET /depository/driverless_car/IDG%20Connect%20%E2%80%93%20Cars%20of%20the%20Future%20Revved%20at%20Tokyo%20Motor%20Show_files/IDG%20Connect%20%E2%80%93%20Cars%20of%20the%20Future%20Revved%20at%20Tokyo%20Motor%20Show.htm HTTP/1.1" 404 357
5.9.32.222 - - [24/Apr/2020:12:26:46 -0400] "GET /depository//////////newest_tech/Amazon%20Dash%20Replenishment%20means%20your%20printer%20can%20reorder%20its%20own%20ink%20before%20it%20runs%20out%20-%20TechRepublic_files/a_005.htm HTTP/1.1" 200 15228
46.229.168.130 - - [24/Apr/2020:12:27:01 -0400] "GET /depository/3D-print/How%20GE%20is%20using%203D%20printing%20to%20unleash%20the%20biggest%20revolution%20in%20large-scale%20manufacturing%20in%20over%20a%20century%20-%20TechRepublic_files/a_006.htm HTTP/1.1" 200 5480
5.9.32.222 - - [24/Apr/2020:12:27:15 -0400] "GET /depository//////////newest_tech/Amazon%20Dash%20Replenishment%20means%20your%20printer%20can%20reorder%20its%20own%20ink%20before%20it%20runs%20out%20-%20TechRepublic_files/a_006.htm HTTP/1.1" 200 12456
5.9.32.222 - - [24/Apr/2020:12:27:17 -0400] "GET /depository//////////newest_tech/Amazon%20Dash%20Replenishment%20means%20your%20printer%20can%20reorder%20its%20own%20ink%20before%20it%20runs%20out%20-%20TechRepublic_files/a_007.htm HTTP/1.1" 200 28021
5.9.32.222 - - [24/Apr/2020:12:27:30 -0400] "GET /depository//////////newest_tech/Amazon%20Dash%20Replenishment%20means%20your%20printer%20can%20reorder%20its%20own%20ink%20before%20it%20runs%20out%20-%20TechRepublic_files/a_008.htm HTTP/1.1" 200 355
5.9.32.222 - - [24/Apr/2020:12:27:32 -0400] "GET /depository//////////newest_tech/Amazon%20Dash%20Replenishment%20means%20your%20printer%20can%20reorder%20its%20own%20ink%20before%20it%20runs%20out%20-%20TechRepublic_files/a_009.htm HTTP/1.1" 200 355
213.180.203.118 - - [24/Apr/2020:12:28:00 -0400] "GET /depository/rfcs/2400/rfc2435.txt HTTP/1.1" 200 55688
82.79.232.17 - - [24/Apr/2020:12:28:18 -0400] "GET /depository/data_protection/Encrypt%20(almost)%20anything%20-%20Computerworld.mht HTTP/1.1" 200 1030083
82.79.232.17 - - [24/Apr/2020:12:28:18 -0400] "GET /depository/data_anunturi-parbrize.ro%2Fluneta-audi-4.html/Encrypt%20(almost)%20anything%20-%20Computerworld.mht HTTP/1.1" 404 299
82.79.232.17 - - [24/Apr/2020:12:28:38 -0400] "GET /depository/data_protection/3Dhttp://itjobs.computerworld.com/a/all-jobs/search?comment=I+believe+that+is+one+of+the+most+vital+information+for+me.+And+i%27m+satisfied+reading+your+article.+However+wanna+statement+on+few+normal+issues%2C+The+web+site+taste+is+ideal%2C+the+articles+is+in+point++of+fact+great+%3A+D.+Excellent+task%2C+cheers+https%3A%2F%2Fanunturi-parbrize.ro%2Fluneta-audi-4.html+ HTTP/1.1" 404 276
213.180.203.118 - - [24/Apr/2020:12:29:02 -0400] "GET /depository/rfcs/1400/RFC1432.TXT HTTP/1.1" 200 27933
180.69.123.27 - - [24/Apr/2020:12:29:08 -0400] "GET /depository/backup/Data-Domain-Symantec-NetBackup-Best-Practices.pdf HTTP/1.1" 200 1856306
180.69.123.27 - - [24/Apr/2020:12:29:09 -0400] "GET /depository/backup/data-domain-symantec-netbackup-best-practices.pdf HTTP/1.1" 404 265
213.180.203.118 - - [24/Apr/2020:12:29:38 -0400] "GET /depository/AI/AI%20tools%20came%20out%20of%20the%20lab%20in%202016%20_%20ITworld_files/jpt_003 HTTP/1.1" 200 1770
213.180.203.118 - - [24/Apr/2020:12:29:48 -0400] "GET /4/7/website_count_history HTTP/1.1" 200 6564
5.9.32.222 - - [24/Apr/2020:12:30:00 -0400] "GET /depository//////////newest_tech/Amazon%20Dash%20Replenishment%20means%20your%20printer%20can%20reorder%20its%20own%20ink%20before%20it%20runs%20out%20-%20TechRepublic_files/a_010.htm HTTP/1.1" 200 15160
5.9.32.222 - - [24/Apr/2020:12:30:02 -0400] "GET /depository//////////newest_tech/Amazon%20Dash%20Replenishment%20means%20your%20printer%20can%20reorder%20its%20own%20ink%20before%20it%20runs%20out%20-%20TechRepublic_files/a_011.htm HTTP/1.1" 200 15840
5.9.32.222 - - [24/Apr/2020:12:30:04 -0400] "GET /depository//////////newest_tech/Amazon%20Dash%20Replenishment%20means%20your%20printer%20can%20reorder%20its%20own%20ink%20before%20it%20runs%20out%20-%20TechRepublic_files/a_012.htm HTTP/1.1" 200 27882
213.180.203.118 - - [24/Apr/2020:12:30:08 -0400] "GET /depository/byod/?C=N;O=D HTTP/1.1" 200 953
213.180.203.118 - - [24/Apr/2020:12:30:15 -0400] "GET /depository/rfcs/1100/rfc1100.txt HTTP/1.1" 200 29315
114.119.160.250 - - [24/Apr/2020:12:30:25 -0400] "GET /depository/rfcs/1400/RFC1477.TXT HTTP/1.1" 200 32968
95.163.255.158 - - [24/Apr/2020:12:30:39 -0400] "GET /depository/backup/Tape%20vs.%20disk%20storage%20%20Why%20isn%E2%80%99t%20tape%20dead%20yet%20%20%20%20Network%20World_files/mail.svg HTTP/1.1" 404 296
5.9.32.222 - - [24/Apr/2020:12:30:49 -0400] "GET /depository//////////newest_tech/Amazon%20Dash%20Replenishment%20means%20your%20printer%20can%20reorder%20its%20own%20ink%20before%20it%20runs%20out%20-%20TechRepublic_files/a_013.htm HTTP/1.1" 200 15839
46.229.168.153 - - [24/Apr/2020:12:30:51 -0400] "GET /depository/annuals/Cybersecurity%20in%202016%20%20Real%20change%20or%20more%20of%20the%20same%20%20--%20GCN_files/a_009 HTTP/1.1" 200 19
5.9.32.222 - - [24/Apr/2020:12:30:53 -0400] "GET /depository//////////newest_tech/Amazon%20Dash%20Replenishment%20means%20your%20printer%20can%20reorder%20its%20own%20ink%20before%20it%20runs%20out%20-%20TechRepublic_files/a_014.htm HTTP/1.1" 200 15150
5.9.32.222 - - [24/Apr/2020:12:30:55 -0400] "GET /depository//////////newest_tech/Amazon%20Dash%20Replenishment%20means%20your%20printer%20can%20reorder%20its%20own%20ink%20before%20it%20runs%20out%20-%20TechRepublic_files/a_015.htm HTTP/1.1" 200 554
5.9.32.222 - - [24/Apr/2020:12:30:57 -0400] "GET /depository//////////newest_tech/Amazon%20Dash%20Replenishment%20means%20your%20printer%20can%20reorder%20its%20own%20ink%20before%20it%20runs%20out%20-%20TechRepublic_files/a_016.htm HTTP/1.1" 200 108
157.55.39.139 - - [24/Apr/2020:12:31:05 -0400] "GET /depository/threat_hunt/ HTTP/1.1" 200 369
5.9.32.222 - - [24/Apr/2020:12:31:08 -0400] "GET /depository//////////newest_tech/Amazon%20Dash%20Replenishment%20means%20your%20printer%20can%20reorder%20its%20own%20ink%20before%20it%20runs%20out%20-%20TechRepublic_files/a_017.htm HTTP/1.1" 200 108
5.9.32.222 - - [24/Apr/2020:12:31:10 -0400] "GET /depository//////////newest_tech/Amazon%20Dash%20Replenishment%20means%20your%20printer%20can%20reorder%20its%20own%20ink%20before%20it%20runs%20out%20-%20TechRepublic_files/a_018.htm HTTP/1.1" 200 1496
5.9.32.222 - - [24/Apr/2020:12:31:14 -0400] "GET /depository//////////newest_tech/Amazon%20Dash%20Replenishment%20means%20your%20printer%20can%20reorder%20its%20own%20ink%20before%20it%20runs%20out%20-%20TechRepublic_files/a_data/ HTTP/1.1" 200 799
5.9.32.222 - - [24/Apr/2020:12:31:16 -0400] "GET /depository//////////newest_tech/Amazon%20Dash%20Replenishment%20means%20your%20printer%20can%20reorder%20its%20own%20ink%20before%20it%20runs%20out%20-%20TechRepublic_files/a_data_002/ HTTP/1.1" 200 767
5.9.32.222 - - [24/Apr/2020:12:31:17 -0400] "GET /depository//////////newest_tech/Amazon%20Dash%20Replenishment%20means%20your%20printer%20can%20reorder%20its%20own%20ink%20before%20it%20runs%20out%20-%20TechRepublic_files/a_data_003/ HTTP/1.1" 200 723
213.180.203.118 - - [24/Apr/2020:12:31:40 -0400] "GET /depository/cloud/BuildingCloudReady.pdf HTTP/1.1" 200 429706
213.180.203.118 - - [24/Apr/2020:12:31:57 -0400] "GET /depository/rfcs/1400/RFC1403.TXT HTTP/1.1" 200 37129
213.180.203.118 - - [24/Apr/2020:12:32:26 -0400] "GET /depository/rfcs/1400/RFC1487.TXT HTTP/1.1" 200 46128
35.188.127.235 - - [24/Apr/2020:12:32:53 -0400] "GET /1/intro1.htm HTTP/1.1" 200 77738
31.173.83.131 - - [24/Apr/2020:12:33:54 -0400] "GET /2/28/corec_28.htm HTTP/1.1" 200 46718
5.9.97.200 - - [24/Apr/2020:12:34:02 -0400] "GET /depository/antimalware.htm HTTP/1.1" 200 1838
5.9.97.200 - - [24/Apr/2020:12:34:04 -0400] "GET /depository/apt.htm HTTP/1.1" 200 5601
5.9.97.200 - - [24/Apr/2020:12:34:06 -0400] "GET /depository/backup/?C=D;O=A HTTP/1.1" 200 4143
213.180.203.118 - - [24/Apr/2020:12:34:06 -0400] "GET /2/25/mpeg-4R.htm HTTP/1.1" 200 184621
5.9.97.200 - - [24/Apr/2020:12:34:07 -0400] "GET /depository/backup/?C=D;O=D HTTP/1.1" 200 4143
5.9.97.200 - - [24/Apr/2020:12:34:11 -0400] "GET /depository/backup/?C=M;O=A HTTP/1.1" 200 4143
5.9.97.200 - - [24/Apr/2020:12:34:14 -0400] "GET /depository/backup/?C=M;O=D HTTP/1.1" 200 4143
5.9.97.200 - - [24/Apr/2020:12:34:17 -0400] "GET /depository/backup/?C=N;O=A HTTP/1.1" 200 4143
188.162.65.208 - - [24/Apr/2020:12:34:18 -0400] "GET /4/43/x25_432.htm HTTP/1.1" 200 44127
5.9.97.200 - - [24/Apr/2020:12:34:21 -0400] "GET /depository/backup/?C=N;O=D HTTP/1.1" 200 4143
5.9.97.200 - - [24/Apr/2020:12:34:26 -0400] "GET /depository/backup/?C=S;O=A HTTP/1.1" 200 4143
5.9.97.200 - - [24/Apr/2020:12:34:31 -0400] "GET /depository/backup/?C=S;O=D HTTP/1.1" 200 4143
5.9.97.200 - - [24/Apr/2020:12:34:33 -0400] "GET /depository/backup/Backup_Security.htm HTTP/1.1" 200 729
5.9.97.200 - - [24/Apr/2020:12:34:35 -0400] "GET /depository/backup/Why%20disk%20beat%20tape%20in%20the%20backup%20wars%20_%20Network%20World_files/1021 HTTP/1.1" 200 43
178.64.29.215 - - [24/Apr/2020:12:34:36 -0400] "GET /10/ascii.htm HTTP/1.1" 200 36979
5.9.97.200 - - [24/Apr/2020:12:34:37 -0400] "GET /depository/backup/Why%20disk%20beat%20tape%20in%20the%20backup%20wars%20_%20Network%20World_files/1021.html HTTP/1.1" 200 423
5.9.97.200 - - [24/Apr/2020:12:34:40 -0400] "GET /depository/backup/Why%20disk%20beat%20tape%20in%20the%20backup%20wars%20_%20Network%20World_files/21D52196-6DE0-48E3-9657-651C402406E7 HTTP/1.1" 200 43
5.9.97.200 - - [24/Apr/2020:12:34:42 -0400] "GET /depository/backup/Why%20disk%20beat%20tape%20in%20the%20backup%20wars%20_%20Network%20World_files/528995260596026 HTTP/1.1" 200 182854
5.9.97.200 - - [24/Apr/2020:12:34:45 -0400] "GET /depository/backup/Why%20disk%20beat%20tape%20in%20the%20backup%20wars%20_%20Network%20World_files/6uQTKQJz.html HTTP/1.1" 200 19459
5.9.97.200 - - [24/Apr/2020:12:34:47 -0400] "GET /depository/backup/Why%20disk%20beat%20tape%20in%20the%20backup%20wars%20_%20Network%20World_files/?C=D;O=A HTTP/1.1" 200 14494
5.9.97.200 - - [24/Apr/2020:12:34:49 -0400] "GET /depository/backup/Why%20disk%20beat%20tape%20in%20the%20backup%20wars%20_%20Network%20World_files/?C=D;O=D HTTP/1.1" 200 14494
5.9.97.200 - - [24/Apr/2020:12:34:52 -0400] "GET /depository/backup/Why%20disk%20beat%20tape%20in%20the%20backup%20wars%20_%20Network%20World_files/?C=M;O=A HTTP/1.1" 200 14494
5.9.97.200 - - [24/Apr/2020:12:34:54 -0400] "GET /depository/backup/Why%20disk%20beat%20tape%20in%20the%20backup%20wars%20_%20Network%20World_files/?C=M;O=D HTTP/1.1" 200 14494
5.9.97.200 - - [24/Apr/2020:12:34:56 -0400] "GET /depository/backup/Why%20disk%20beat%20tape%20in%20the%20backup%20wars%20_%20Network%20World_files/?C=N;O=A HTTP/1.1" 200 14494
5.9.97.200 - - [24/Apr/2020:12:34:57 -0400] "GET /depository/backup/Why%20disk%20beat%20tape%20in%20the%20backup%20wars%20_%20Network%20World_files/?C=N;O=D HTTP/1.1" 200 14494
5.9.97.200 - - [24/Apr/2020:12:34:59 -0400] "GET /depository/backup/Why%20disk%20beat%20tape%20in%20the%20backup%20wars%20_%20Network%20World_files/?C=S;O=A HTTP/1.1" 200 14494
178.95.88.138 - - [24/Apr/2020:12:35:00 -0400] "GET /4/41/pon.htm HTTP/1.1" 200 52444
5.9.97.200 - - [24/Apr/2020:12:35:01 -0400] "GET /depository/backup/Why%20disk%20beat%20tape%20in%20the%20backup%20wars%20_%20Network%20World_files/?C=S;O=D HTTP/1.1" 200 14494
5.9.97.200 - - [24/Apr/2020:12:35:03 -0400] "GET /depository/backup/Why%20disk%20beat%20tape%20in%20the%20backup%20wars%20_%20Network%20World_files/Pug HTTP/1.1" 200 1
5.9.97.200 - - [24/Apr/2020:12:35:04 -0400] "GET /depository/backup/Why%20disk%20beat%20tape%20in%20the%20backup%20wars%20_%20Network%20World_files/Pug(3) HTTP/1.1" 200 42
5.9.97.200 - - [24/Apr/2020:12:35:06 -0400] "GET /depository/backup/Why%20disk%20beat%20tape%20in%20the%20backup%20wars%20_%20Network%20World_files/Pug(4) HTTP/1.1" 200 42
5.9.97.200 - - [24/Apr/2020:12:35:08 -0400] "GET /depository/backup/Why%20disk%20beat%20tape%20in%20the%20backup%20wars%20_%20Network%20World_files/PugMaster HTTP/1.1" 200 47
5.9.97.200 - - [24/Apr/2020:12:35:10 -0400] "GET /depository/backup/Why%20disk%20beat%20tape%20in%20the%20backup%20wars%20_%20Network%20World_files/SPug HTTP/1.1" 200 -
5.9.97.200 - - [24/Apr/2020:12:35:12 -0400] "GET /depository/backup/Why%20disk%20beat%20tape%20in%20the%20backup%20wars%20_%20Network%20World_files/apn.html HTTP/1.1" 200 466
5.9.97.200 - - [24/Apr/2020:12:35:17 -0400] "GET /depository/backup/Why%20disk%20beat%20tape%20in%20the%20backup%20wars%20_%20Network%20World_files/bframe.html HTTP/1.1" 200 149
5.9.97.200 - - [24/Apr/2020:12:35:19 -0400] "GET /depository/backup/Why%20disk%20beat%20tape%20in%20the%20backup%20wars%20_%20Network%20World_files/css HTTP/1.1" 200 10459
5.9.97.200 - - [24/Apr/2020:12:35:20 -0400] "GET /depository/backup/Why%20disk%20beat%20tape%20in%20the%20backup%20wars%20_%20Network%20World_files/dqv0ur5V4Cs-sdDE9H9bsP3WgC1LlBx8HZFjFi_JvbuKw3CM9LpqFxmZt5HhSWsA2Uldg HTTP/1.1" 200 81772
5.9.97.200 - - [24/Apr/2020:12:35:22 -0400] "GET /depository/backup/Why%20disk%20beat%20tape%20in%20the%20backup%20wars%20_%20Network%20World_files/dt.html HTTP/1.1" 200 4309
5.9.97.200 - - [24/Apr/2020:12:35:24 -0400] "GET /depository/backup/Why%20disk%20beat%20tape%20in%20the%20backup%20wars%20_%20Network%20World_files/elqBlank.html HTTP/1.1" 200 398
5.9.97.200 - - [24/Apr/2020:12:35:25 -0400] "GET /depository/backup/Why%20disk%20beat%20tape%20in%20the%20backup%20wars%20_%20Network%20World_files/f(1).txt HTTP/1.1" 200 121
5.9.32.222 - - [24/Apr/2020:12:35:25 -0400] "GET /depository//////////newest_tech/Amazon%20Dash%20Replenishment%20means%20your%20printer%20can%20reorder%20its%20own%20ink%20before%20it%20runs%20out%20-%20TechRepublic_files/a_data_005/ HTTP/1.1" 200 759
5.9.97.200 - - [24/Apr/2020:12:35:27 -0400] "GET /depository/backup/Why%20disk%20beat%20tape%20in%20the%20backup%20wars%20_%20Network%20World_files/f(2).txt HTTP/1.1" 200 109
5.9.97.200 - - [24/Apr/2020:12:35:28 -0400] "GET /depository/backup/Why%20disk%20beat%20tape%20in%20the%20backup%20wars%20_%20Network%20World_files/f(3).txt HTTP/1.1" 200 77268
5.9.97.200 - - [24/Apr/2020:12:35:32 -0400] "GET /depository/backup/Why%20disk%20beat%20tape%20in%20the%20backup%20wars%20_%20Network%20World_files/obUserSync.html HTTP/1.1" 200 8550
5.9.97.200 - - [24/Apr/2020:12:35:33 -0400] "GET /depository/backup/Why%20disk%20beat%20tape%20in%20the%20backup%20wars%20_%20Network%20World_files/p41 HTTP/1.1" 200 43
5.9.97.200 - - [24/Apr/2020:12:35:36 -0400] "GET /depository/backup/Why%20disk%20beat%20tape%20in%20the%20backup%20wars%20_%20Network%20World_files/rtset.html HTTP/1.1" 200 317
5.9.97.200 - - [24/Apr/2020:12:35:38 -0400] "GET /depository/bgan/Possibilities_BGAN.mht HTTP/1.1" 200 93858
5.9.97.200 - - [24/Apr/2020:12:35:40 -0400] "GET /depository/bgan/Princip_of_operation_BGAN.mht HTTP/1.1" 200 180295
5.9.97.200 - - [24/Apr/2020:12:35:42 -0400] "GET /depository/big_data/5%20big%20data%20technology%20predictions%20for%202015%20%20%20ITworld_files/14347 HTTP/1.1" 200 43
5.9.97.200 - - [24/Apr/2020:12:35:43 -0400] "GET /depository/big_data/5%20big%20data%20technology%20predictions%20for%202015%20%20%20ITworld_files/?C=D;O=A HTTP/1.1" 200 6010
5.9.97.200 - - [24/Apr/2020:12:35:45 -0400] "GET /depository/big_data/5%20big%20data%20technology%20predictions%20for%202015%20%20%20ITworld_files/?C=D;O=D HTTP/1.1" 200 6010
5.9.97.200 - - [24/Apr/2020:12:35:47 -0400] "GET /depository/big_data/5%20big%20data%20technology%20predictions%20for%202015%20%20%20ITworld_files/?C=M;O=A HTTP/1.1" 200 6010
5.9.97.200 - - [24/Apr/2020:12:35:48 -0400] "GET /depository/big_data/5%20big%20data%20technology%20predictions%20for%202015%20%20%20ITworld_files/?C=M;O=D HTTP/1.1" 200 6010
5.9.97.200 - - [24/Apr/2020:12:35:50 -0400] "GET /depository/big_data/5%20big%20data%20technology%20predictions%20for%202015%20%20%20ITworld_files/?C=N;O=A HTTP/1.1" 200 6010
5.9.97.200 - - [24/Apr/2020:12:35:51 -0400] "GET /depository/big_data/5%20big%20data%20technology%20predictions%20for%202015%20%20%20ITworld_files/?C=N;O=D HTTP/1.1" 200 6010
5.9.97.200 - - [24/Apr/2020:12:35:53 -0400] "GET /depository/big_data/5%20big%20data%20technology%20predictions%20for%202015%20%20%20ITworld_files/?C=S;O=A HTTP/1.1" 200 6010
5.9.97.200 - - [24/Apr/2020:12:35:55 -0400] "GET /depository/big_data/5%20big%20data%20technology%20predictions%20for%202015%20%20%20ITworld_files/?C=S;O=D HTTP/1.1" 200 6010
5.9.97.200 - - [24/Apr/2020:12:35:58 -0400] "GET /depository/big_data/5%20big%20data%20technology%20predictions%20for%202015%20%20%20ITworld_files/cb=gapi.loaded_0 HTTP/1.1" 200 113171
5.9.97.200 - - [24/Apr/2020:12:36:00 -0400] "GET /depository/big_data/5%20big%20data%20technology%20predictions%20for%202015%20%20%20ITworld_files/cb=gapi.loaded_1 HTTP/1.1" 200 59482
5.9.97.200 - - [24/Apr/2020:12:36:01 -0400] "GET /depository/big_data/5%20big%20data%20technology%20predictions%20for%202015%20%20%20ITworld_files/challenge HTTP/1.1" 200 9256
5.9.97.200 - - [24/Apr/2020:12:36:03 -0400] "GET /depository/big_data/5%20big%20data%20technology%20predictions%20for%202015%20%20%20ITworld_files/controltag HTTP/1.1" 200 7536
5.9.97.200 - - [24/Apr/2020:12:36:05 -0400] "GET /depository/big_data/5%20big%20data%20technology%20predictions%20for%202015%20%20%20ITworld_files/fastbutton.htm HTTP/1.1" 200 33103
5.9.97.200 - - [24/Apr/2020:12:36:06 -0400] "GET /depository/big_data/5%20big%20data%20technology%20predictions%20for%202015%20%20%20ITworld_files/hub.fe4e93d64f1afc988e99833088f71057(1).htm HTTP/1.1" 200 21672
5.9.97.200 - - [24/Apr/2020:12:36:08 -0400] "GET /depository/big_data/5%20big%20data%20technology%20predictions%20for%202015%20%20%20ITworld_files/hub.fe4e93d64f1afc988e99833088f71057.htm HTTP/1.1" 200 21671
188.163.32.166 - - [24/Apr/2020:12:36:08 -0400] "GET /10/ascii.htm HTTP/1.1" 200 36979
5.9.97.200 - - [24/Apr/2020:12:36:09 -0400] "GET /depository/big_data/5%20big%20data%20technology%20predictions%20for%202015%20%20%20ITworld_files/optout_check HTTP/1.1" 200 90
5.9.32.222 - - [24/Apr/2020:12:36:10 -0400] "GET /depository//////////newest_tech/Amazon%20Dash%20Replenishment%20means%20your%20printer%20can%20reorder%20its%20own%20ink%20before%20it%20runs%20out%20-%20TechRepublic_files/a_data_006/ HTTP/1.1" 200 755
5.9.97.200 - - [24/Apr/2020:12:36:11 -0400] "GET /depository/big_data/5%20big%20data%20technology%20predictions%20for%202015%20%20%20ITworld_files/ping.htm HTTP/1.1" 200 2425
5.9.32.222 - - [24/Apr/2020:12:36:14 -0400] "GET /depository//////////newest_tech/Amazon%20Dash%20Replenishment%20means%20your%20printer%20can%20reorder%20its%20own%20ink%20before%20it%20runs%20out%20-%20TechRepublic_files/a_data_007/ HTTP/1.1" 200 1559
5.9.97.200 - - [24/Apr/2020:12:36:14 -0400] "GET /depository/big_data/5%20big%20data%20technology%20predictions%20for%202015%20%20%20ITworld_files/postmessageRelay.htm HTTP/1.1" 200 676
217.17.162.22 - - [24/Apr/2020:12:36:16 -0400] "GET /3/optic_32.htm HTTP/1.1" 200 48761
5.9.97.200 - - [24/Apr/2020:12:36:19 -0400] "GET /depository/big_data/5%20big%20data%20technology%20predictions%20for%202015%20%20%20ITworld_files/secureAnonymousFramework HTTP/1.1" 200 164588
5.9.97.200 - - [24/Apr/2020:12:36:22 -0400] "GET /depository/big_data/5%20big%20data%20technology%20predictions%20for%202015%20%20%20ITworld_files/sso.htm HTTP/1.1" 200 10477
5.9.97.200 - - [24/Apr/2020:12:36:25 -0400] "GET /depository/big_data/5%20big%20data%20technology%20predictions%20for%202015%20%20%20ITworld_files/svrGP(1).aspx HTTP/1.1" 200 79
5.9.32.222 - - [24/Apr/2020:12:36:28 -0400] "GET /depository//////////newest_tech/Amazon%20Dash%20Replenishment%20means%20your%20printer%20can%20reorder%20its%20own%20ink%20before%20it%20runs%20out%20-%20TechRepublic_files/a_data_009/ HTTP/1.1" 200 729
5.9.97.200 - - [24/Apr/2020:12:36:29 -0400] "GET /depository/big_data/5%20big%20data%20technology%20predictions%20for%202015%20%20%20ITworld_files/svrGP.aspx HTTP/1.1" 200 49
5.9.97.200 - - [24/Apr/2020:12:36:31 -0400] "GET /depository/big_data/5%20big%20data%20technology%20predictions%20for%202015%20%20%20ITworld_files/svrGP.htm HTTP/1.1" 200 501
5.9.97.200 - - [24/Apr/2020:12:36:34 -0400] "GET /depository/big_data/8%20big%20trends%20in%20big%20data%20analytics%20%20%20Computerworld_files/14339 HTTP/1.1" 200 43
5.9.97.200 - - [24/Apr/2020:12:36:36 -0400] "GET /depository/big_data/8%20big%20trends%20in%20big%20data%20analytics%20%20%20Computerworld_files/?C=D;O=A HTTP/1.1" 200 6280
5.9.97.200 - - [24/Apr/2020:12:36:38 -0400] "GET /depository/big_data/8%20big%20trends%20in%20big%20data%20analytics%20%20%20Computerworld_files/?C=D;O=D HTTP/1.1" 200 6280
213.180.203.118 - - [24/Apr/2020:12:36:39 -0400] "GET /depository/blockchain/%C1%EB%EE%EA%F7%E5%E9%ED_%20%EA%F3%E4%E0%20%EF%F0%E8%E2%E5%E4%E5%F2%20%EC%E8%F0%20%ED%EE%E2%E0%FF%20%F2%E5%F5%ED%EE%EB%EE%E3%E8%FF%20_%20%D0%E0%F1%F8%E8%F0%FF%E5%EC%20%EA%F0%F3%E3%EE%E7%EE%F0%20_%20%C4%E8%F1%EA%F3%F1%F1%E8%E8%20_%20Global%20CIO.%20%CE%F4%E8%F6%E8%E0%EB%FC%ED%FB%E9%20%EF%EE%F0%F2%E0%EB%20%C8%D2-%E4%E8%F0%E5%EA%F2%EE%F0%EE%E2_files/3394734672-postmessagerelay.js.%E7%E0%E3%F0%F3%E6%E5%ED%EE HTTP/1.1" 200 10536
5.9.97.200 - - [24/Apr/2020:12:36:40 -0400] "GET /depository/big_data/8%20big%20trends%20in%20big%20data%20analytics%20%20%20Computerworld_files/?C=M;O=A HTTP/1.1" 200 6280
5.9.97.200 - - [24/Apr/2020:12:36:42 -0400] "GET /depository/big_data/8%20big%20trends%20in%20big%20data%20analytics%20%20%20Computerworld_files/?C=M;O=D HTTP/1.1" 200 6280
5.9.97.200 - - [24/Apr/2020:12:36:44 -0400] "GET /depository/big_data/8%20big%20trends%20in%20big%20data%20analytics%20%20%20Computerworld_files/?C=N;O=A HTTP/1.1" 200 6280
5.9.97.200 - - [24/Apr/2020:12:36:45 -0400] "GET /depository/big_data/8%20big%20trends%20in%20big%20data%20analytics%20%20%20Computerworld_files/?C=N;O=D HTTP/1.1" 200 6280
5.9.97.200 - - [24/Apr/2020:12:36:47 -0400] "GET /depository/big_data/8%20big%20trends%20in%20big%20data%20analytics%20%20%20Computerworld_files/?C=S;O=A HTTP/1.1" 200 6280
5.9.97.200 - - [24/Apr/2020:12:36:49 -0400] "GET /depository/big_data/8%20big%20trends%20in%20big%20data%20analytics%20%20%20Computerworld_files/?C=S;O=D HTTP/1.1" 200 6280
5.9.97.200 - - [24/Apr/2020:12:36:52 -0400] "GET /depository/big_data/Apache%20Spark%20%20100%20terabytes%20(TB)%20of%20data%20sorted%20in%2023%20minutes%20%20%20Opensource.com_files/?C=D;O=A HTTP/1.1" 200 5238
5.9.97.200 - - [24/Apr/2020:12:36:54 -0400] "GET /depository/big_data/Apache%20Spark%20%20100%20terabytes%20(TB)%20of%20data%20sorted%20in%2023%20minutes%20%20%20Opensource.com_files/?C=M;O=A HTTP/1.1" 200 5238
188.170.75.104 - - [24/Apr/2020:12:36:59 -0400] "GET /3/optic_32.htm HTTP/1.1" 200 48761
5.9.97.200 - - [24/Apr/2020:12:37:02 -0400] "GET /depository/big_data/Big%20data%20needs%20big%20security%20changes%20_%20InfoWorld_files/svrGP.aspx HTTP/1.1" 200 79
5.9.97.200 - - [24/Apr/2020:12:37:04 -0400] "GET /depository/big_data/Big%20data%20shines%20at%20Demo%202012%20%20Business%20Intelligence%20-%20InfoWorld.files/?C=D;O=A HTTP/1.1" 200 3632
192.40.93.78 - - [24/Apr/2020:12:37:04 -0400] "GET /depository/SSD/Crucial_M4_(512GB)_fast-reading_slow-writing_high-capacity_SSD.mht HTTP/1.0" 200 1043717
5.9.97.200 - - [24/Apr/2020:12:37:06 -0400] "GET /depository/big_data/Big_data_analytics_CloudStack_top_hot_cloud_computing_trends_in_2013.mht HTTP/1.1" 200 794691
192.40.93.78 - - [24/Apr/2020:12:37:07 -0400] "POST /depository/SSD/Crucial_M4_(512GB)_fast-reading_slow-writing_high-capacity_SSD.mht/trackback/ HTTP/1.1" 404 290
5.9.97.200 - - [24/Apr/2020:12:37:08 -0400] "GET /depository/security/APT/Stuxnet-like%20malware%20highlights%20need%20for%20skills%20and%20vigilance_files/1068cf12f6 HTTP/1.1" 200 25
5.9.97.200 - - [24/Apr/2020:12:37:10 -0400] "GET /depository/security/APT/Stuxnet-like%20malware%20highlights%20need%20for%20skills%20and%20vigilance_files/?C=D;O=A HTTP/1.1" 200 5362
5.9.97.200 - - [24/Apr/2020:12:37:11 -0400] "GET /depository/security/APT/Stuxnet-like%20malware%20highlights%20need%20for%20skills%20and%20vigilance_files/?C=D;O=D HTTP/1.1" 200 5362
5.9.97.200 - - [24/Apr/2020:12:37:13 -0400] "GET /depository/security/APT/Stuxnet-like%20malware%20highlights%20need%20for%20skills%20and%20vigilance_files/?C=M;O=A HTTP/1.1" 200 5362
5.9.97.200 - - [24/Apr/2020:12:37:15 -0400] "GET /depository/security/APT/Stuxnet-like%20malware%20highlights%20need%20for%20skills%20and%20vigilance_files/?C=M;O=D HTTP/1.1" 200 5362
5.9.97.200 - - [24/Apr/2020:12:37:16 -0400] "GET /depository/security/APT/Stuxnet-like%20malware%20highlights%20need%20for%20skills%20and%20vigilance_files/?C=N;O=A HTTP/1.1" 200 5362
5.9.97.200 - - [24/Apr/2020:12:37:18 -0400] "GET /depository/security/APT/Stuxnet-like%20malware%20highlights%20need%20for%20skills%20and%20vigilance_files/?C=N;O=D HTTP/1.1" 200 5362
62.80.183.130 - - [24/Apr/2020:12:37:18 -0400] "GET /10/ascii.htm HTTP/1.1" 200 36979
5.9.97.200 - - [24/Apr/2020:12:37:20 -0400] "GET /depository/security/APT/Stuxnet-like%20malware%20highlights%20need%20for%20skills%20and%20vigilance_files/?C=S;O=A HTTP/1.1" 200 5362
5.9.97.200 - - [24/Apr/2020:12:37:21 -0400] "GET /depository/security/APT/Stuxnet-like%20malware%20highlights%20need%20for%20skills%20and%20vigilance_files/?C=S;O=D HTTP/1.1" 200 5362
5.9.97.200 - - [24/Apr/2020:12:37:23 -0400] "GET /depository/security/APT/Stuxnet-like%20malware%20highlights%20need%20for%20skills%20and%20vigilance_files/actvt HTTP/1.1" 200 -
5.9.97.200 - - [24/Apr/2020:12:37:25 -0400] "GET /depository/security/APT/Stuxnet-like%20malware%20highlights%20need%20for%20skills%20and%20vigilance_files/atc4.computerweekly HTTP/1.1" 200 42
5.9.97.200 - - [24/Apr/2020:12:37:26 -0400] "GET /depository/security/APT/Stuxnet-like%20malware%20highlights%20need%20for%20skills%20and%20vigilance_files/cb=gapi.loaded_0 HTTP/1.1" 200 113949
66.249.64.46 - - [24/Apr/2020:12:37:27 -0400] "GET /depository//iot/Microsoft_adds_IoT_big_data_orchestration_services_to_Azure.htm HTTP/1.1" 200 219347
66.249.64.48 - - [24/Apr/2020:12:37:30 -0400] "GET /depository//iot/Microsoft%20adds%20IoT,%20big%20data%20orchestration%20services%20to%20Azure%20%20%20ITworld_files/optout_check HTTP/1.1" 200 90
66.249.64.48 - - [24/Apr/2020:12:37:31 -0400] "GET /depository//iot/Microsoft%20adds%20IoT,%20big%20data%20orchestration%20services%20to%20Azure%20%20%20ITworld_files/reload HTTP/1.1" 200 383
66.249.64.46 - - [24/Apr/2020:12:37:31 -0400] "GET /depository//iot/Microsoft%20adds%20IoT,%20big%20data%20orchestration%20services%20to%20Azure%20%20%20ITworld_files/demandbase.js HTTP/1.1" 200 43
66.249.64.46 - - [24/Apr/2020:12:37:32 -0400] "GET /depository//iot/Microsoft%20adds%20IoT,%20big%20data%20orchestration%20services%20to%20Azure%20%20%20ITworld_files/modernizr.js HTTP/1.1" 200 9277
66.249.64.48 - - [24/Apr/2020:12:37:33 -0400] "GET /depository//iot/Microsoft%20adds%20IoT,%20big%20data%20orchestration%20services%20to%20Azure%20%20%20ITworld_files/ylv4wjj.js HTTP/1.1" 200 20579
66.249.64.46 - - [24/Apr/2020:12:37:34 -0400] "GET /depository//iot/Microsoft%20adds%20IoT,%20big%20data%20orchestration%20services%20to%20Azure%20%20%20ITworld_files/elqImg.js HTTP/1.1" 200 881
66.249.64.48 - - [24/Apr/2020:12:37:34 -0400] "GET /depository//iot/Microsoft%20adds%20IoT,%20big%20data%20orchestration%20services%20to%20Azure%20%20%20ITworld_files/cb=gapi.loaded_0 HTTP/1.1" 200 113606
66.249.64.48 - - [24/Apr/2020:12:37:35 -0400] "GET /depository//iot/Microsoft%20adds%20IoT,%20big%20data%20orchestration%20services%20to%20Azure%20%20%20ITworld_files/thm_pre.js HTTP/1.1" 200 8794
85.174.204.158 - - [24/Apr/2020:12:37:35 -0400] "GET /10/ascii.htm HTTP/1.1" 200 36979
66.249.64.46 - - [24/Apr/2020:12:37:36 -0400] "GET /depository//iot/Microsoft%20adds%20IoT,%20big%20data%20orchestration%20services%20to%20Azure%20%20%20ITworld_files/ViXvvn6WvGm7h5LRRVPURJjrzxLS8DBt5ZKDB-JaL0A.js HTTP/1.1" 200 9400
66.249.64.46 - - [24/Apr/2020:12:37:37 -0400] "GET /depository//iot/Microsoft%20adds%20IoT,%20big%20data%20orchestration%20services%20to%20Azure%20%20%20ITworld_files/elqCfg.js HTTP/1.1" 200 3033
66.249.64.46 - - [24/Apr/2020:12:37:38 -0400] "GET /depository//iot/Microsoft%20adds%20IoT,%20big%20data%20orchestration%20services%20to%20Azure%20%20%20ITworld_files/ip.json HTTP/1.1" 200 552
66.249.64.46 - - [24/Apr/2020:12:37:38 -0400] "GET /depository//iot/Microsoft%20adds%20IoT,%20big%20data%20orchestration%20services%20to%20Azure%20%20%20ITworld_files/jquery-1.10.2.min.js HTTP/1.1" 200 93107
66.249.64.46 - - [24/Apr/2020:12:37:39 -0400] "GET /depository//iot/Microsoft%20adds%20IoT,%20big%20data%20orchestration%20services%20to%20Azure%20%20%20ITworld_files/gpt_includes.js HTTP/1.1" 200 43
66.249.64.46 - - [24/Apr/2020:12:37:40 -0400] "GET /depository//iot/Microsoft%20adds%20IoT,%20big%20data%20orchestration%20services%20to%20Azure%20%20%20ITworld_files/respond.min.js HTTP/1.1" 200 4047
66.249.64.46 - - [24/Apr/2020:12:37:41 -0400] "GET /depository//iot/Microsoft%20adds%20IoT,%20big%20data%20orchestration%20services%20to%20Azure%20%20%20ITworld_files/secureAnonymousFramework HTTP/1.1" 200 164551
66.249.64.46 - - [24/Apr/2020:12:37:42 -0400] "GET /depository//iot/Microsoft%20adds%20IoT,%20big%20data%20orchestration%20services%20to%20Azure%20%20%20ITworld_files/swfobject.js HTTP/1.1" 200 25560
66.249.64.46 - - [24/Apr/2020:12:37:42 -0400] "GET /depository//iot/Microsoft%20adds%20IoT,%20big%20data%20orchestration%20services%20to%20Azure%20%20%20ITworld_files/cb=gapi.loaded_1 HTTP/1.1" 200 56879
66.249.64.46 - - [24/Apr/2020:12:37:43 -0400] "GET /depository//iot/Microsoft%20adds%20IoT,%20big%20data%20orchestration%20services%20to%20Azure%20%20%20ITworld_files/elqFCS.js HTTP/1.1" 200 1414
66.249.64.46 - - [24/Apr/2020:12:37:44 -0400] "GET /depository//iot/Microsoft%20adds%20IoT,%20big%20data%20orchestration%20services%20to%20Azure%20%20%20ITworld_files/elqScr.js HTTP/1.1" 200 411
66.249.64.46 - - [24/Apr/2020:12:37:44 -0400] "GET /depository//iot/Microsoft%20adds%20IoT,%20big%20data%20orchestration%20services%20to%20Azure%20%20%20ITworld_files/svrGP(1).aspx HTTP/1.1" 200 79
66.249.64.46 - - [24/Apr/2020:12:37:45 -0400] "GET /depository//iot/Microsoft%20adds%20IoT,%20big%20data%20orchestration%20services%20to%20Azure%20%20%20ITworld_files/elqIDG.js HTTP/1.1" 200 1215
66.249.64.46 - - [24/Apr/2020:12:37:46 -0400] "GET /depository//iot/Microsoft%20adds%20IoT,%20big%20data%20orchestration%20services%20to%20Azure%20%20%20ITworld_files/button3.js HTTP/1.1" 200 1110
66.249.64.46 - - [24/Apr/2020:12:37:47 -0400] "GET /depository//iot/Microsoft%20adds%20IoT,%20big%20data%20orchestration%20services%20to%20Azure%20%20%20ITworld_files/challenge HTTP/1.1" 200 11880
